-- https://www.phpmyadmin.net/
--

START TRANSACTION;



--
-- Database: `projectsdemo_aurobees23`
--

-- --------------------------------------------------------

--
-- Table structure for table `blog_categories`
--

CREATE TABLE `blog_categories` (
  `id` bigint UNSIGNED NOT NULL,
  `type` varchar(255) CHARACTER SET utf8mb4 COLLATE utf8mb4_unicode_ci DEFAULT NULL,
  `default_language_page` bigint DEFAULT NULL,
  `slug` varchar(255) CHARACTER SET utf8mb4 COLLATE utf8mb4_unicode_ci DEFAULT NULL,
  `name` varchar(255) CHARACTER SET utf8mb4 COLLATE utf8mb4_unicode_ci DEFAULT NULL,
  `image` varchar(255) CHARACTER SET utf8mb4 COLLATE utf8mb4_unicode_ci DEFAULT NULL,
  `description` longtext CHARACTER SET utf8mb4 COLLATE utf8mb4_unicode_ci,
  `language` varchar(255) CHARACTER SET utf8mb4 COLLATE utf8mb4_unicode_ci DEFAULT NULL,
  `meta_title` varchar(255) CHARACTER SET utf8mb4 COLLATE utf8mb4_unicode_ci DEFAULT NULL,
  `meta_key` varchar(255) CHARACTER SET utf8mb4 COLLATE utf8mb4_unicode_ci DEFAULT NULL,
  `meta_description` longtext CHARACTER SET utf8mb4 COLLATE utf8mb4_unicode_ci,
  `status` enum('Published','Draft','Trash') CHARACTER SET utf8mb4 COLLATE utf8mb4_unicode_ci NOT NULL DEFAULT 'Published',
  `created_by` int DEFAULT NULL,
  `updated_by` int DEFAULT NULL,
  `created_at` timestamp NULL DEFAULT NULL,
  `updated_at` timestamp NULL DEFAULT NULL
) ENGINE=InnoDB DEFAULT CHARSET=utf8mb4 COLLATE=utf8mb4_unicode_ci;

--
-- Dumping data for table `blog_categories`
--

INSERT INTO `blog_categories` (`id`, `type`, `default_language_page`, `slug`, `name`, `image`, `description`, `language`, `meta_title`, `meta_key`, `meta_description`, `status`, `created_by`, `updated_by`, `created_at`, `updated_at`) VALUES
(1, 'post', NULL, 'uncategorized', 'Uncategorized', 'upload/blog_category/1758720811936352.jpg', '<p>fghgfdhgfh</p>', 'hi', 'Uncategorized', 'Uncategorized', 'Uncategorized', 'Published', 1, 1, '2023-02-24 13:54:28', '2023-06-28 11:48:16'),
(2, 'post', NULL, 'logistic-services', 'Logistic Services', 'upload/blog_category/1762147128501429.jpeg', '<p><strong>This is test content</strong></p>\r\n\r\n<p>This is test content,&nbsp;This is test content,&nbsp;This is test content,&nbsp;This is test content,&nbsp;This is test content,&nbsp;This is test content,&nbsp;This is test content,&nbsp;This is test content,&nbsp;This is test content,&nbsp;This is test content,&nbsp;This is test content,&nbsp;This is test content,&nbsp;This is test content,&nbsp;This is test content,&nbsp;This is test content,&nbsp;This is test content,&nbsp;This is test content,&nbsp;This is test content,&nbsp;This is test content,&nbsp;This is test content,&nbsp;This is test content,&nbsp;This is test content,&nbsp;This is test content,&nbsp;This is test content,&nbsp;This is test content,&nbsp;This is test content,&nbsp;This is test content,&nbsp;This is test content,&nbsp;This is test content,&nbsp;This is test content,&nbsp;This is test content,&nbsp;This is test content,&nbsp;This is test content,&nbsp;This is test content,&nbsp;This is test content,&nbsp;This is test content,&nbsp;This is test content,&nbsp;</p>\r\n\r\n<p>This is test content,&nbsp;This is test content,&nbsp;This is test content,&nbsp;This is test content,&nbsp;This is test content,&nbsp;This is test content,&nbsp;This is test content,&nbsp;This is test content,&nbsp;This is test content,&nbsp;This is test content,&nbsp;This is test content,&nbsp;This is test content,&nbsp;This is test content,&nbsp;This is test content,&nbsp;This is test content,&nbsp;This is test content,&nbsp;This is test content,&nbsp;This is test content,&nbsp;This is test content,&nbsp;This is test content,&nbsp;This is test content,&nbsp;</p>\r\n\r\n<p>&nbsp;</p>\r\n\r\n<p>This is test content,&nbsp;This is test content,&nbsp;This is test content,&nbsp;This is test content,&nbsp;This is test content,&nbsp;This is test content,&nbsp;This is test content,&nbsp;This is test content,&nbsp;This is test content,&nbsp;This is test content,&nbsp;This is test content,&nbsp;This is test content,&nbsp;This is test content,&nbsp;This is test content,&nbsp;This is test content,&nbsp;This is test content,&nbsp;This is test content,&nbsp;This is test content,&nbsp;This is test content,&nbsp;This is test content,&nbsp;This is test content,&nbsp;This is test content,&nbsp;This is test content,&nbsp;This is test content,&nbsp;This is test content,&nbsp;This is test content,&nbsp;This is test content,&nbsp;This is test content,&nbsp;This is test content,&nbsp;This is test content,&nbsp;This is test content,&nbsp;This is test content,&nbsp;This is test content,&nbsp;This is test content,&nbsp;This is test content,&nbsp;This is test content,&nbsp;This is test content,&nbsp;</p>\r\n\r\n<p>This is test content,&nbsp;This is test content,&nbsp;This is test content,&nbsp;This is test content,&nbsp;This is test content,&nbsp;This is test content,&nbsp;This is test content,&nbsp;This is test content,&nbsp;This is test content,&nbsp;This is test content,&nbsp;This is test content,&nbsp;This is test content,&nbsp;This is test content,&nbsp;This is test content,&nbsp;This is test content,&nbsp;This is test content,&nbsp;This is test content,&nbsp;This is test content,&nbsp;This is test content,&nbsp;This is test content,&nbsp;This is test content,&nbsp;</p>', 'en', 'Logistic Services Title', 'Logistic Services Key', 'Logistic Services Description', 'Published', 1, 1, '2023-04-03 09:34:18', '2023-06-28 11:50:55'),
(3, 'news', NULL, 'news-category-1', 'News Category 1', 'upload/blog_category/1789864605505708.jpg', '<p>News Category 1</p>', 'en', 'News Category 1', 'News Category 1', 'News Category 1', 'Published', 1, 1, '2023-06-28 11:09:21', '2024-02-03 18:41:44');

-- --------------------------------------------------------

--
-- Table structure for table `calling_codes`
--

CREATE TABLE `calling_codes` (
  `id` bigint UNSIGNED NOT NULL,
  `code` int NOT NULL,
  `country_code` varchar(255) CHARACTER SET utf8mb4 COLLATE utf8mb4_unicode_ci NOT NULL,
  `name` varchar(255) CHARACTER SET utf8mb4 COLLATE utf8mb4_unicode_ci NOT NULL,
  `created_at` timestamp NULL DEFAULT NULL,
  `updated_at` timestamp NULL DEFAULT NULL
) ENGINE=InnoDB DEFAULT CHARSET=utf8mb4 COLLATE=utf8mb4_unicode_ci;

--
-- Dumping data for table `calling_codes`
--

INSERT INTO `calling_codes` (`id`, `code`, `country_code`, `name`, `created_at`, `updated_at`) VALUES
(3, 93, 'af', 'Afghanistan (‫افغانستان‬‎)(+93)', NULL, NULL),
(4, 355, 'al', 'Albania (Shqipëri)(+355)', NULL, NULL),
(5, 213, 'dz', 'Algeria (‫الجزائر‬‎)(+213)', NULL, NULL),
(6, 1, 'as', 'American Samoa(+1)', NULL, NULL),
(7, 376, 'ad', 'Andorra(+376)', NULL, NULL),
(8, 244, 'ao', 'Angola(+244)', NULL, NULL),
(9, 1, 'ai', 'Anguilla(+1)', NULL, NULL),
(10, 1, 'ag', 'Antigua and Barbuda(+1)', NULL, NULL),
(11, 54, 'ar', 'Argentina(+54)', NULL, NULL),
(12, 374, 'am', 'Armenia (Հայաստան)(+374)', NULL, NULL),
(13, 297, 'aw', 'Aruba(+297)', NULL, NULL),
(14, 247, 'ac', 'Ascension Island(+247)', NULL, NULL),
(15, 61, 'au', 'Australia(+61)', NULL, NULL),
(16, 43, 'at', 'Austria (Österreich)(+43)', NULL, NULL),
(17, 994, 'az', 'Azerbaijan (Azərbaycan)(+994)', NULL, NULL),
(18, 1, 'bs', 'Bahamas(+1)', NULL, NULL),
(19, 973, 'bh', 'Bahrain (‫البحرين‬‎)(+973)', NULL, NULL),
(20, 880, 'bd', 'Bangladesh (বাংলাদেশ)(+880)', NULL, NULL),
(21, 1, 'bb', 'Barbados(+1)', NULL, NULL),
(22, 375, 'by', 'Belarus (Беларусь)(+375)', NULL, NULL),
(23, 32, 'be', 'Belgium (België)(+32)', NULL, NULL),
(24, 501, 'bz', 'Belize(+501)', NULL, NULL),
(25, 229, 'bj', 'Benin (Bénin)(+229)', NULL, NULL),
(26, 1, 'bm', 'Bermuda(+1)', NULL, NULL),
(27, 975, 'bt', 'Bhutan (འབྲུག)(+975)', NULL, NULL),
(28, 591, 'bo', 'Bolivia(+591)', NULL, NULL),
(29, 387, 'ba', 'Bosnia and Herzegovina (Босна и Херцеговина)(+387)', NULL, NULL),
(30, 267, 'bw', 'Botswana(+267)', NULL, NULL),
(31, 55, 'br', 'Brazil (Brasil)(+55)', NULL, NULL),
(32, 246, 'io', 'British Indian Ocean Territory(+246)', NULL, NULL),
(33, 1, 'vg', 'British Virgin Islands(+1)', NULL, NULL),
(34, 673, 'bn', 'Brunei(+673)', NULL, NULL),
(35, 359, 'bg', 'Bulgaria (България)(+359)', NULL, NULL),
(36, 226, 'bf', 'Burkina Faso(+226)', NULL, NULL),
(37, 257, 'bi', 'Burundi (Uburundi)(+257)', NULL, NULL),
(38, 855, 'kh', 'Cambodia (កម្ពុជា)(+855)', NULL, NULL),
(39, 237, 'cm', 'Cameroon (Cameroun)(+237)', NULL, NULL),
(40, 1, 'ca', 'Canada(+1)', NULL, NULL),
(41, 238, 'cv', 'Cape Verde (Kabu Verdi)(+238)', NULL, NULL),
(42, 599, 'bq', 'Caribbean Netherlands(+599)', NULL, NULL),
(43, 1, 'ky', 'Cayman Islands(+1)', NULL, NULL),
(44, 236, 'cf', 'Central African Republic (République centrafricaine)(+236)', NULL, NULL),
(45, 235, 'td', 'Chad (Tchad)(+235)', NULL, NULL),
(46, 56, 'cl', 'Chile(+56)', NULL, NULL),
(47, 86, 'cn', 'China (中国)(+86)', NULL, NULL),
(48, 61, 'cx', 'Christmas Island(+61)', NULL, NULL),
(49, 61, 'cc', 'Cocos (Keeling) Islands(+61)', NULL, NULL),
(50, 57, 'co', 'Colombia(+57)', NULL, NULL),
(51, 269, 'km', 'Comoros (‫جزر القمر‬‎)(+269)', NULL, NULL),
(52, 243, 'cd', 'Congo (DRC) (Jamhuri ya Kidemokrasia ya Kongo)(+243)', NULL, NULL),
(53, 242, 'cg', 'Congo (Republic) (Congo-Brazzaville)(+242)', NULL, NULL),
(54, 682, 'ck', 'Cook Islands(+682)', NULL, NULL),
(55, 506, 'cr', 'Costa Rica(+506)', NULL, NULL),
(56, 225, 'ci', 'Côte d’Ivoire(+225)', NULL, NULL),
(57, 385, 'hr', 'Croatia (Hrvatska)(+385)', NULL, NULL),
(58, 53, 'cu', 'Cuba(+53)', NULL, NULL),
(59, 599, 'cw', 'Curaçao(+599)', NULL, NULL),
(60, 357, 'cy', 'Cyprus (Κύπρος)(+357)', NULL, NULL),
(61, 420, 'cz', 'Czech Republic (Česká republika)(+420)', NULL, NULL),
(62, 45, 'dk', 'Denmark (Danmark)(+45)', NULL, NULL),
(63, 253, 'dj', 'Djibouti(+253)', NULL, NULL),
(64, 1, 'dm', 'Dominica(+1)', NULL, NULL),
(65, 1, 'do', 'Dominican Republic (República Dominicana)(+1)', NULL, NULL),
(66, 593, 'ec', 'Ecuador(+593)', NULL, NULL),
(67, 20, 'eg', 'Egypt (‫مصر‬‎)(+20)', NULL, NULL),
(68, 503, 'sv', 'El Salvador(+503)', NULL, NULL),
(69, 240, 'gq', 'Equatorial Guinea (Guinea Ecuatorial)(+240)', NULL, NULL),
(70, 291, 'er', 'Eritrea(+291)', NULL, NULL),
(71, 372, 'ee', 'Estonia (Eesti)(+372)', NULL, NULL),
(72, 268, 'sz', 'Eswatini(+268)', NULL, NULL),
(73, 251, 'et', 'Ethiopia(+251)', NULL, NULL),
(74, 500, 'fk', 'Falkland Islands (Islas Malvinas)(+500)', NULL, NULL),
(75, 298, 'fo', 'Faroe Islands (Føroyar)(+298)', NULL, NULL),
(76, 679, 'fj', 'Fiji(+679)', NULL, NULL),
(77, 358, 'fi', 'Finland (Suomi)(+358)', NULL, NULL),
(78, 33, 'fr', 'France(+33)', NULL, NULL),
(79, 594, 'gf', 'French Guiana (Guyane française)(+594)', NULL, NULL),
(80, 689, 'pf', 'French Polynesia (Polynésie française)(+689)', NULL, NULL),
(81, 241, 'ga', 'Gabon(+241)', NULL, NULL),
(82, 220, 'gm', 'Gambia(+220)', NULL, NULL),
(83, 995, 'ge', 'Georgia (საქართველო)(+995)', NULL, NULL),
(84, 49, 'de', 'Germany (Deutschland)(+49)', NULL, NULL),
(85, 233, 'gh', 'Ghana (Gaana)(+233)', NULL, NULL),
(86, 350, 'gi', 'Gibraltar(+350)', NULL, NULL),
(87, 30, 'gr', 'Greece (Ελλάδα)(+30)', NULL, NULL),
(88, 299, 'gl', 'Greenland (Kalaallit Nunaat)(+299)', NULL, NULL),
(89, 1, 'gd', 'Grenada(+1)', NULL, NULL),
(90, 590, 'gp', 'Guadeloupe(+590)', NULL, NULL),
(91, 1, 'gu', 'Guam(+1)', NULL, NULL),
(92, 502, 'gt', 'Guatemala(+502)', NULL, NULL),
(93, 44, 'gg', 'Guernsey(+44)', NULL, NULL),
(94, 224, 'gn', 'Guinea (Guinée)(+224)', NULL, NULL),
(95, 245, 'gw', 'Guinea-Bissau (Guiné Bissau)(+245)', NULL, NULL),
(96, 592, 'gy', 'Guyana(+592)', NULL, NULL),
(97, 509, 'ht', 'Haiti(+509)', NULL, NULL),
(98, 504, 'hn', 'Honduras(+504)', NULL, NULL),
(99, 852, 'hk', 'Hong Kong (香港)(+852)', NULL, NULL),
(100, 36, 'hu', 'Hungary (Magyarország)(+36)', NULL, NULL),
(101, 354, 'is', 'Iceland (Ísland)(+354)', NULL, NULL),
(102, 91, 'in', 'India (भारत)(+91)', NULL, NULL),
(103, 62, 'id', 'Indonesia(+62)', NULL, NULL),
(104, 98, 'ir', 'Iran (‫ایران‬‎)(+98)', NULL, NULL),
(105, 964, 'iq', 'Iraq (‫العراق‬‎)(+964)', NULL, NULL),
(106, 353, 'ie', 'Ireland(+353)', NULL, NULL),
(107, 44, 'im', 'Isle of Man(+44)', NULL, NULL),
(108, 972, 'il', 'Israel (‫ישראל‬‎)(+972)', NULL, NULL),
(109, 39, 'it', 'Italy (Italia)(+39)', NULL, NULL),
(110, 1, 'jm', 'Jamaica(+1)', NULL, NULL),
(111, 81, 'jp', 'Japan (日本)(+81)', NULL, NULL),
(112, 44, 'je', 'Jersey(+44)', NULL, NULL),
(113, 962, 'jo', 'Jordan (‫الأردن‬‎)(+962)', NULL, NULL),
(114, 7, 'kz', 'Kazakhstan (Казахстан)(+7)', NULL, NULL),
(115, 254, 'ke', 'Kenya(+254)', NULL, NULL),
(116, 686, 'ki', 'Kiribati(+686)', NULL, NULL),
(117, 383, 'xk', 'Kosovo(+383)', NULL, NULL),
(118, 965, 'kw', 'Kuwait (‫الكويت‬‎)(+965)', NULL, NULL),
(119, 996, 'kg', 'Kyrgyzstan (Кыргызстан)(+996)', NULL, NULL),
(120, 856, 'la', 'Laos (ລາວ)(+856)', NULL, NULL),
(121, 371, 'lv', 'Latvia (Latvija)(+371)', NULL, NULL),
(122, 961, 'lb', 'Lebanon (‫لبنان‬‎)(+961)', NULL, NULL),
(123, 266, 'ls', 'Lesotho(+266)', NULL, NULL),
(124, 231, 'lr', 'Liberia(+231)', NULL, NULL),
(125, 218, 'ly', 'Libya (‫ليبيا‬‎)(+218)', NULL, NULL),
(126, 423, 'li', 'Liechtenstein(+423)', NULL, NULL),
(127, 370, 'lt', 'Lithuania (Lietuva)(+370)', NULL, NULL),
(128, 352, 'lu', 'Luxembourg(+352)', NULL, NULL),
(129, 853, 'mo', 'Macau (澳門)(+853)', NULL, NULL),
(130, 389, 'mk', 'Macedonia (FYROM) (Македонија)(+389)', NULL, NULL),
(131, 261, 'mg', 'Madagascar (Madagasikara)(+261)', NULL, NULL),
(132, 265, 'mw', 'Malawi(+265)', NULL, NULL),
(133, 60, 'my', 'Malaysia(+60)', NULL, NULL),
(134, 960, 'mv', 'Maldives(+960)', NULL, NULL),
(135, 223, 'ml', 'Mali(+223)', NULL, NULL),
(136, 356, 'mt', 'Malta(+356)', NULL, NULL),
(137, 692, 'mh', 'Marshall Islands(+692)', NULL, NULL),
(138, 596, 'mq', 'Martinique(+596)', NULL, NULL),
(139, 222, 'mr', 'Mauritania (‫موريتانيا‬‎)(+222)', NULL, NULL),
(140, 230, 'mu', 'Mauritius (Moris)(+230)', NULL, NULL),
(141, 262, 'yt', 'Mayotte(+262)', NULL, NULL),
(142, 52, 'mx', 'Mexico (México)(+52)', NULL, NULL),
(143, 691, 'fm', 'Micronesia(+691)', NULL, NULL),
(144, 373, 'md', 'Moldova (Republica Moldova)(+373)', NULL, NULL),
(145, 377, 'mc', 'Monaco(+377)', NULL, NULL),
(146, 976, 'mn', 'Mongolia (Монгол)(+976)', NULL, NULL),
(147, 382, 'me', 'Montenegro (Crna Gora)(+382)', NULL, NULL),
(148, 1, 'ms', 'Montserrat(+1)', NULL, NULL),
(149, 212, 'ma', 'Morocco (‫المغرب‬‎)(+212)', NULL, NULL),
(150, 258, 'mz', 'Mozambique (Moçambique)(+258)', NULL, NULL),
(151, 95, 'mm', 'Myanmar (Burma) (မြန်မာ)(+95)', NULL, NULL),
(152, 264, 'na', 'Namibia (Namibië)(+264)', NULL, NULL),
(153, 674, 'nr', 'Nauru(+674)', NULL, NULL),
(154, 977, 'np', 'Nepal (नेपाल)(+977)', NULL, NULL),
(155, 31, 'nl', 'Netherlands (Nederland)(+31)', NULL, NULL),
(156, 687, 'nc', 'New Caledonia (Nouvelle-Calédonie)(+687)', NULL, NULL),
(157, 64, 'nz', 'New Zealand(+64)', NULL, NULL),
(158, 505, 'ni', 'Nicaragua(+505)', NULL, NULL),
(159, 227, 'ne', 'Niger (Nijar)(+227)', NULL, NULL),
(160, 234, 'ng', 'Nigeria(+234)', NULL, NULL),
(161, 683, 'nu', 'Niue(+683)', NULL, NULL),
(162, 672, 'nf', 'Norfolk Island(+672)', NULL, NULL),
(163, 850, 'kp', 'North Korea (조선 민주주의 인민 공화국)(+850)', NULL, NULL),
(164, 1, 'mp', 'Northern Mariana Islands(+1)', NULL, NULL),
(165, 47, 'no', 'Norway (Norge)(+47)', NULL, NULL),
(166, 968, 'om', 'Oman (‫عُمان‬‎)(+968)', NULL, NULL),
(167, 92, 'pk', 'Pakistan (‫پاکستان‬‎)(+92)', NULL, NULL),
(168, 680, 'pw', 'Palau(+680)', NULL, NULL),
(169, 970, 'ps', 'Palestine (‫فلسطين‬‎)(+970)', NULL, NULL),
(170, 507, 'pa', 'Panama (Panamá)(+507)', NULL, NULL),
(171, 675, 'pg', 'Papua New Guinea(+675)', NULL, NULL),
(172, 595, 'py', 'Paraguay(+595)', NULL, NULL),
(173, 51, 'pe', 'Peru (Perú)(+51)', NULL, NULL),
(174, 63, 'ph', 'Philippines(+63)', NULL, NULL),
(175, 48, 'pl', 'Poland (Polska)(+48)', NULL, NULL),
(176, 351, 'pt', 'Portugal(+351)', NULL, NULL),
(177, 1, 'pr', 'Puerto Rico(+1)', NULL, NULL),
(178, 974, 'qa', 'Qatar (‫قطر‬‎)(+974)', NULL, NULL),
(179, 262, 're', 'Réunion (La Réunion)(+262)', NULL, NULL),
(180, 40, 'ro', 'Romania (România)(+40)', NULL, NULL),
(181, 7, 'ru', 'Russia (Россия)(+7)', NULL, NULL),
(182, 250, 'rw', 'Rwanda(+250)', NULL, NULL),
(183, 590, 'bl', 'Saint Barthélemy(+590)', NULL, NULL),
(184, 290, 'sh', 'Saint Helena(+290)', NULL, NULL),
(185, 1, 'kn', 'Saint Kitts and Nevis(+1)', NULL, NULL),
(186, 1, 'lc', 'Saint Lucia(+1)', NULL, NULL),
(187, 590, 'mf', 'Saint Martin (Saint-Martin (partie française))(+590)', NULL, NULL),
(188, 508, 'pm', 'Saint Pierre and Miquelon (Saint-Pierre-et-Miquelon)(+508)', NULL, NULL),
(189, 1, 'vc', 'Saint Vincent and the Grenadines(+1)', NULL, NULL),
(190, 685, 'ws', 'Samoa(+685)', NULL, NULL),
(191, 378, 'sm', 'San Marino(+378)', NULL, NULL),
(192, 239, 'st', 'São Tomé and Príncipe (São Tomé e Príncipe)(+239)', NULL, NULL),
(193, 966, 'sa', 'Saudi Arabia (‫المملكة العربية السعودية‬‎)(+966)', NULL, NULL),
(194, 221, 'sn', 'Senegal (Sénégal)(+221)', NULL, NULL),
(195, 381, 'rs', 'Serbia (Србија)(+381)', NULL, NULL),
(196, 248, 'sc', 'Seychelles(+248)', NULL, NULL),
(197, 232, 'sl', 'Sierra Leone(+232)', NULL, NULL),
(198, 65, 'sg', 'Singapore(+65)', NULL, NULL),
(199, 1, 'sx', 'Sint Maarten(+1)', NULL, NULL),
(200, 421, 'sk', 'Slovakia (Slovensko)(+421)', NULL, NULL),
(201, 386, 'si', 'Slovenia (Slovenija)(+386)', NULL, NULL),
(202, 677, 'sb', 'Solomon Islands(+677)', NULL, NULL),
(203, 252, 'so', 'Somalia (Soomaaliya)(+252)', NULL, NULL),
(204, 27, 'za', 'South Africa(+27)', NULL, NULL),
(205, 82, 'kr', 'South Korea (대한민국)(+82)', NULL, NULL),
(206, 211, 'ss', 'South Sudan (‫جنوب السودان‬‎)(+211)', NULL, NULL),
(207, 34, 'es', 'Spain (España)(+34)', NULL, NULL),
(208, 94, 'lk', 'Sri Lanka (ශ්‍රී ලංකාව)(+94)', NULL, NULL),
(209, 249, 'sd', 'Sudan (‫السودان‬‎)(+249)', NULL, NULL),
(210, 597, 'sr', 'Suriname(+597)', NULL, NULL),
(211, 47, 'sj', 'Svalbard and Jan Mayen(+47)', NULL, NULL),
(212, 46, 'se', 'Sweden (Sverige)(+46)', NULL, NULL),
(213, 41, 'ch', 'Switzerland (Schweiz)(+41)', NULL, NULL),
(214, 963, 'sy', 'Syria (‫سوريا‬‎)(+963)', NULL, NULL),
(215, 886, 'tw', 'Taiwan (台灣)(+886)', NULL, NULL),
(216, 992, 'tj', 'Tajikistan(+992)', NULL, NULL),
(217, 255, 'tz', 'Tanzania(+255)', NULL, NULL),
(218, 66, 'th', 'Thailand (ไทย)(+66)', NULL, NULL),
(219, 670, 'tl', 'Timor-Leste(+670)', NULL, NULL),
(220, 228, 'tg', 'Togo(+228)', NULL, NULL),
(221, 690, 'tk', 'Tokelau(+690)', NULL, NULL),
(222, 676, 'to', 'Tonga(+676)', NULL, NULL),
(223, 1, 'tt', 'Trinidad and Tobago(+1)', NULL, NULL),
(224, 216, 'tn', 'Tunisia (‫تونس‬‎)(+216)', NULL, NULL),
(225, 90, 'tr', 'Turkey (Türkiye)(+90)', NULL, NULL),
(226, 993, 'tm', 'Turkmenistan(+993)', NULL, NULL),
(227, 1, 'tc', 'Turks and Caicos Islands(+1)', NULL, NULL),
(228, 688, 'tv', 'Tuvalu(+688)', NULL, NULL),
(229, 1, 'vi', 'U.S. Virgin Islands(+1)', NULL, NULL),
(230, 256, 'ug', 'Uganda(+256)', NULL, NULL),
(231, 380, 'ua', 'Ukraine (Україна)(+380)', NULL, NULL),
(232, 971, 'ae', 'United Arab Emirates (‫الإمارات العربية المتحدة‬‎)(+971)', NULL, NULL),
(233, 44, 'gb', 'United Kingdom(+44)', NULL, NULL),
(234, 1, 'us', 'United States(+1)', NULL, NULL),
(235, 598, 'uy', 'Uruguay(+598)', NULL, NULL),
(236, 998, 'uz', 'Uzbekistan (Oʻzbekiston)(+998)', NULL, NULL),
(237, 678, 'vu', 'Vanuatu(+678)', NULL, NULL),
(238, 39, 'va', 'Vatican City (Città del Vaticano)(+39)', NULL, NULL),
(239, 58, 've', 'Venezuela(+58)', NULL, NULL),
(240, 84, 'vn', 'Vietnam (Việt Nam)(+84)', NULL, NULL),
(241, 681, 'wf', 'Wallis and Futuna (Wallis-et-Futuna)(+681)', NULL, NULL),
(242, 212, 'eh', 'Western Sahara (‫الصحراء الغربية‬‎)(+212)', NULL, NULL),
(243, 967, 'ye', 'Yemen (‫اليمن‬‎)(+967)', NULL, NULL),
(244, 260, 'zm', 'Zambia(+260)', NULL, NULL),
(245, 263, 'zw', 'Zimbabwe(+263)', NULL, NULL),
(246, 358, 'ax', 'Åland Islands(+358)', NULL, NULL);

-- --------------------------------------------------------

--
-- Table structure for table `contacts`
--

CREATE TABLE `contacts` (
  `id` bigint UNSIGNED NOT NULL,
  `title` varchar(255) CHARACTER SET utf8mb4 COLLATE utf8mb4_unicode_ci DEFAULT NULL,
  `image` varchar(255) CHARACTER SET utf8mb4 COLLATE utf8mb4_unicode_ci DEFAULT NULL,
  `description` longtext CHARACTER SET utf8mb4 COLLATE utf8mb4_unicode_ci,
  `language` varchar(255) CHARACTER SET utf8mb4 COLLATE utf8mb4_unicode_ci DEFAULT NULL,
  `meta_title` varchar(255) CHARACTER SET utf8mb4 COLLATE utf8mb4_unicode_ci DEFAULT NULL,
  `meta_key` varchar(255) CHARACTER SET utf8mb4 COLLATE utf8mb4_unicode_ci DEFAULT NULL,
  `meta_description` longtext CHARACTER SET utf8mb4 COLLATE utf8mb4_unicode_ci,
  `created_by` int DEFAULT NULL,
  `updated_by` int DEFAULT NULL,
  `created_at` timestamp NULL DEFAULT NULL,
  `updated_at` timestamp NULL DEFAULT NULL
) ENGINE=InnoDB DEFAULT CHARSET=utf8mb4 COLLATE=utf8mb4_unicode_ci;

-- --------------------------------------------------------

--
-- Table structure for table `contact_us`
--

CREATE TABLE `contact_us` (
  `id` bigint UNSIGNED NOT NULL,
  `title` varchar(255) CHARACTER SET utf8mb4 COLLATE utf8mb4_unicode_ci NOT NULL,
  `slug` varchar(255) CHARACTER SET utf8mb4 COLLATE utf8mb4_unicode_ci NOT NULL,
  `banner_image` varchar(255) CHARACTER SET utf8mb4 COLLATE utf8mb4_unicode_ci DEFAULT NULL,
  `map` longtext CHARACTER SET utf8mb4 COLLATE utf8mb4_unicode_ci,
  `lets_connect_text` varchar(255) CHARACTER SET utf8mb4 COLLATE utf8mb4_unicode_ci DEFAULT NULL,
  `first_name_text` varchar(255) CHARACTER SET utf8mb4 COLLATE utf8mb4_unicode_ci DEFAULT NULL,
  `last_name_text` varchar(255) CHARACTER SET utf8mb4 COLLATE utf8mb4_unicode_ci DEFAULT NULL,
  `email_text` varchar(255) CHARACTER SET utf8mb4 COLLATE utf8mb4_unicode_ci DEFAULT NULL,
  `phone_text` varchar(255) CHARACTER SET utf8mb4 COLLATE utf8mb4_unicode_ci DEFAULT NULL,
  `corporate_headquarters_text` varchar(255) CHARACTER SET utf8mb4 COLLATE utf8mb4_unicode_ci DEFAULT NULL,
  `link_text` varchar(255) CHARACTER SET utf8mb4 COLLATE utf8mb4_unicode_ci DEFAULT NULL,
  `link_link` varchar(255) CHARACTER SET utf8mb4 COLLATE utf8mb4_unicode_ci DEFAULT NULL,
  `address` longtext CHARACTER SET utf8mb4 COLLATE utf8mb4_unicode_ci,
  `global_offices_text` varchar(255) CHARACTER SET utf8mb4 COLLATE utf8mb4_unicode_ci DEFAULT NULL,
  `language` varchar(255) CHARACTER SET utf8mb4 COLLATE utf8mb4_unicode_ci NOT NULL DEFAULT 'en',
  `meta_key` varchar(255) CHARACTER SET utf8mb4 COLLATE utf8mb4_unicode_ci DEFAULT NULL,
  `meta_title` varchar(255) CHARACTER SET utf8mb4 COLLATE utf8mb4_unicode_ci DEFAULT NULL,
  `meta_description` longtext CHARACTER SET utf8mb4 COLLATE utf8mb4_unicode_ci,
  `status` enum('Published','Draft','Trash') CHARACTER SET utf8mb4 COLLATE utf8mb4_unicode_ci NOT NULL DEFAULT 'Published',
  `created_by` int DEFAULT NULL,
  `updated_by` int DEFAULT NULL,
  `created_at` timestamp NULL DEFAULT NULL,
  `updated_at` timestamp NULL DEFAULT NULL
) ENGINE=InnoDB DEFAULT CHARSET=utf8mb4 COLLATE=utf8mb4_unicode_ci;

--
-- Dumping data for table `contact_us`
--

INSERT INTO `contact_us` (`id`, `title`, `slug`, `banner_image`, `map`, `lets_connect_text`, `first_name_text`, `last_name_text`, `email_text`, `phone_text`, `corporate_headquarters_text`, `link_text`, `link_link`, `address`, `global_offices_text`, `language`, `meta_key`, `meta_title`, `meta_description`, `status`, `created_by`, `updated_by`, `created_at`, `updated_at`) VALUES
(1, 'Contact US', 'contact-us', 'upload/contact/1780373210539512.jpg', 'upload/contact/1780373210671096.png', 'Let’s Connect', 'First Name', 'Last Name', 'Email', 'Contact Number', 'Corporate Headquarters', 'Aurionpro Solutions Limited', 'https://aurobees.projectsdemo.biz/', '<p>Synergia IT Park, Plot No-R-270, T.T.C.,<br />\r\nIndustrial Estate, Near Rabale Police Station,<br />\r\nRabale, Navi Mumbai-400701</p>\r\n\r\n<p>Phone: +91-22-4040 7070<br />\r\nFax: +91-22-4040 7080</p>\r\n\r\n<p>Email:&nbsp;<a href=\"mailto:info@aurionpro.com\">info@aurionpro.com</a></p>', 'Global Offices', 'en', 'Contact US', 'Contact US', 'Contact US', 'Published', 1, 1, '2023-06-01 12:34:36', '2025-02-05 05:27:38'),
(2, 'Contact US', 'contact-us', 'upload/contact/1801921421730295.jpg', 'upload/contact/1801921421850346.png', 'Let’s Connect', 'First Name', 'Last Name', 'Email', 'Contact Number', 'Corporate Headquarters', 'Aurionpro Solutions Limited', 'https://aurobees.projectsdemo.biz/', '<p>Synergia IT Park, Plot No-R-270, T.T.C.,<br />\r\nIndustrial Estate, Near Rabale Police Station,<br />\r\nRabale, Navi Mumbai-400701</p>', 'Global Offices', 'hi', 'Contact US', 'Contact US', 'Contact US', 'Published', 1, NULL, '2024-06-15 19:39:40', '2024-06-15 19:39:40');

-- --------------------------------------------------------

--
-- Table structure for table `contact_us_form_data`
--

CREATE TABLE `contact_us_form_data` (
  `id` bigint UNSIGNED NOT NULL,
  `f_name` varchar(255) CHARACTER SET utf8mb4 COLLATE utf8mb4_unicode_ci DEFAULT NULL,
  `l_name` varchar(255) CHARACTER SET utf8mb4 COLLATE utf8mb4_unicode_ci DEFAULT NULL,
  `email` varchar(255) CHARACTER SET utf8mb4 COLLATE utf8mb4_unicode_ci DEFAULT NULL,
  `calling_code` varchar(255) CHARACTER SET utf8mb4 COLLATE utf8mb4_unicode_ci DEFAULT NULL,
  `phone` varchar(255) CHARACTER SET utf8mb4 COLLATE utf8mb4_unicode_ci DEFAULT NULL,
  `created_at` timestamp NULL DEFAULT NULL,
  `updated_at` timestamp NULL DEFAULT NULL
) ENGINE=InnoDB DEFAULT CHARSET=utf8mb4 COLLATE=utf8mb4_unicode_ci;

--
-- Dumping data for table `contact_us_form_data`
--

INSERT INTO `contact_us_form_data` (`id`, `f_name`, `l_name`, `email`, `calling_code`, `phone`, `created_at`, `updated_at`) VALUES
(1, 'Hitesh', 'Chaudahri', 'hiteshschaudhari27@gmail.com', '91', '7719980230', '2025-01-09 05:40:41', '2025-01-09 05:40:41');

-- --------------------------------------------------------

--
-- Table structure for table `contact_us_global_offices`
--

CREATE TABLE `contact_us_global_offices` (
  `id` bigint UNSIGNED NOT NULL,
  `contact_us_id` int NOT NULL COMMENT 'Table (contact_us) id',
  `title` varchar(255) CHARACTER SET utf8mb4 COLLATE utf8mb4_unicode_ci DEFAULT NULL,
  `status` enum('Published','Draft','Trash') CHARACTER SET utf8mb4 COLLATE utf8mb4_unicode_ci NOT NULL DEFAULT 'Published',
  `created_by` int DEFAULT NULL,
  `updated_by` int DEFAULT NULL,
  `created_at` timestamp NULL DEFAULT NULL,
  `updated_at` timestamp NULL DEFAULT NULL
) ENGINE=InnoDB DEFAULT CHARSET=utf8mb4 COLLATE=utf8mb4_unicode_ci;

--
-- Dumping data for table `contact_us_global_offices`
--

INSERT INTO `contact_us_global_offices` (`id`, `contact_us_id`, `title`, `status`, `created_by`, `updated_by`, `created_at`, `updated_at`) VALUES
(1, 1, 'INDIA', 'Published', 1, 1, '2023-06-02 09:32:44', '2023-06-02 09:46:45'),
(2, 1, 'EMEA', 'Published', 1, 1, '2023-06-02 09:35:50', '2023-07-01 12:24:51'),
(3, 1, 'APAC', 'Published', 1, 1, '2023-06-02 09:36:12', '2023-07-01 12:25:05'),
(4, 2, 'INDIA', 'Published', 1, NULL, '2024-06-15 19:41:21', '2024-06-15 19:41:21'),
(5, 2, 'EMEA', 'Published', 1, NULL, '2024-06-15 19:44:44', '2024-06-15 19:44:44');

-- --------------------------------------------------------

--
-- Table structure for table `contact_us_global_offices_addresses`
--

CREATE TABLE `contact_us_global_offices_addresses` (
  `id` bigint UNSIGNED NOT NULL,
  `contact_us_id` int NOT NULL COMMENT 'Table (contact_us) id',
  `contact_us_global_office_id` int NOT NULL COMMENT 'Table(contact_us_global_office) id',
  `title` varchar(255) CHARACTER SET utf8mb4 COLLATE utf8mb4_unicode_ci DEFAULT NULL,
  `link` varchar(255) CHARACTER SET utf8mb4 COLLATE utf8mb4_unicode_ci DEFAULT NULL,
  `description` longtext CHARACTER SET utf8mb4 COLLATE utf8mb4_unicode_ci,
  `image` longtext CHARACTER SET utf8mb4 COLLATE utf8mb4_unicode_ci,
  `created_by` int DEFAULT NULL,
  `updated_by` int DEFAULT NULL,
  `created_at` timestamp NULL DEFAULT NULL,
  `updated_at` timestamp NULL DEFAULT NULL
) ENGINE=InnoDB DEFAULT CHARSET=utf8mb4 COLLATE=utf8mb4_unicode_ci;

--
-- Dumping data for table `contact_us_global_offices_addresses`
--

INSERT INTO `contact_us_global_offices_addresses` (`id`, `contact_us_id`, `contact_us_global_office_id`, `title`, `link`, `description`, `image`, `created_by`, `updated_by`, `created_at`, `updated_at`) VALUES
(1, 1, 1, 'New Delhi', 'http://localhost/www/aurobees/page/contact-us', '<p>405-406, World Trade Center, The Lalit Hotel Complex, Babar Road, Connaught Place, New Delhi- 110001, India. Email:&nbsp;<a href=\"mailto:info@aurionpro.com\">info@aurionpro.com</a></p>', 'upload/contact/1780373518116873.png', 1, 1, '2023-06-02 10:25:20', '2025-02-05 05:11:27'),
(2, 1, 1, 'Mumbai', 'http://localhost/www/aurobees/page/contact-us', '<p>Unit No. 603, Sigma IT Park, Plot No. R-203, R-204,<br />\r\nT.T.C. Industrial Estate, Thane Belapur Road, Rabale,<br />\r\nNavi Mumbai - 400701, Maharashtra, India.<br />\r\nPhone: <a href=\"tel:+91-22-4040-8080\">+91-22-4040-8080</a><br />\r\nFax: +91-22-4040 8081<br />\r\nEmail: <a href=\"mailto: ce.enquiries@aurionpro.com\">ce.enquiries@aurionpro.com</a></p>', 'upload/contact/1780373518534010.png', 1, 1, '2023-06-02 10:27:17', '2025-02-05 05:20:36'),
(3, 1, 1, 'Kolkata', NULL, '<p>1/298 Baishnabghata Patuli Township, Block S, Kolkata &ndash; 700094, West Bengal,&nbsp;India.<br />\r\nPhone: 40086087<br />\r\nEmail:&nbsp;<a href=\"mailto:info@aurionpro.com\">info@aurionpro.com</a></p>', 'upload/contact/1780373518887150.png', 1, 1, '2023-07-01 12:23:10', '2025-02-05 05:20:36'),
(4, 1, 1, 'Pune', NULL, '<p>6th Floor, IT 5, Qubix Business Park Pvt Ltd.,Neopro SEZ, Rajiv Gandhi Infotech Park Phase-I, Hinjewadi, Pune&ndash; 411057, Maharashtra, India.<br />\r\nPhone: +91-20-6676 6700<br />\r\nFax: +91-20-6676 6701<br />\r\nEmail:&nbsp;<a href=\"mailto:info@aurionpro.com\">info@aurionpro.com</a></p>', 'upload/contact/1780373519394084.png', 1, 1, '2023-07-01 12:23:10', '2025-02-05 05:12:58'),
(5, 1, 1, 'Jaipur', NULL, '<p>Ambition Tower, 607-608, 6th floor, Agrasen Circle, Malan Ka Chauraha, Subhash Marg, C- Scheme, Jaipur- 302001, Rajasthan, India.<br />\r\nEmail:&nbsp;<a href=\"mailto:info@aurionpro.com\">info@aurionpro.com</a></p>', 'upload/contact/1780373519830106.png', 1, 1, '2023-07-01 12:23:10', '2025-02-05 05:12:58'),
(7, 1, 2, 'Nairobi, Kenya', NULL, '<p>2nd Floor, Mara 3, Eldama Park, Eldama Ravine Drive, Westlands, P O Box 2459-00100, Nairobi, Kenya.<br />\r\nPhone: +254 733 279 279, +254 722 72 72 19<br />\r\nEmail:&nbsp;<a href=\"mailto:info@aurionpro.com\">info@aurionpro.com</a></p>', 'upload/contact/1780373591852462.png', 1, 1, '2023-07-01 12:28:02', '2025-02-05 05:33:51'),
(9, 1, 3, 'Singapore', NULL, '<p>438B Alexandra Road, Alexandra Technopark, #05-11 Singapore 119968.<br />\r\nPhone: +65 6536 4852<br />\r\nFax: +65 6536 4864<br />\r\nEmail:&nbsp;<a href=\"mailto:info-sg@aurionpro.com\">info-sg@aurionpro.com</a></p>', 'upload/contact/1780373676063063.png', 1, 1, '2023-07-01 12:32:51', '2024-06-03 15:18:50'),
(10, 1, 3, 'Indonesia', NULL, '<p>Menara Rajawali Unit #221 Go-Work, Jl. DR. Ide Anak Agung Gde Agung RT.5/RW.2 Jakarta 12950<br />\r\nPhone: +62212512521<br />\r\nEmail:&nbsp;<a href=\"mailto:info-sg@aurionpro.com\">info-sg@aurionpro.com</a></p>', 'upload/contact/1780373676805773.png', 1, 1, '2023-07-01 12:32:51', '2024-06-03 15:18:50'),
(11, 1, 3, 'Hong Kong', NULL, '<p>20/F., Champion Building, 287-291 Des Voeux Road Central Sheung Wan, Hong Kong<br />\r\nPhone: (852) 2854-2812<br />\r\nFax: (852) 2544-6452<br />\r\nEmail:&nbsp;<a href=\"mailto:info-sg@aurionpro.com\">info-sg@aurionpro.com</a></p>', 'upload/contact/1780373677350663.png', 1, 1, '2023-07-01 12:32:51', '2025-02-05 05:34:16'),
(12, 1, 3, 'Thailand', NULL, '<p>30th Floor, Singha Complex, Unit 3001-3003,3009-3014, Office no. 3006, 1788 New Petchaburi Road, Bangkapi, Huai Kwang, Bangkok 10310, Thailand.<br />\r\nPhone: +66 0 2 088 3617<br />\r\nEmail:&nbsp;<a href=\"mailto:info-sg@aurionpro.com\">info-sg@aurionpro.com</a></p>', 'upload/contact/1780373677809567.png', 1, 1, '2023-07-01 12:32:52', '2024-06-03 15:18:50'),
(13, 1, 3, 'Malaysia', NULL, '<p>2B-21-3 Plaza Sental,Jalan Stesen Sentral 5,KL Sentral, 50470Kuala Lumpur.<br />\r\nPhone: +603- 27704847<br />\r\nEmail:&nbsp;<a href=\"mailto:info-sg@aurionpro.com\">info-sg@aurionpro.com</a></p>', 'upload/contact/1780373678267923.png', 1, 1, '2023-07-01 12:32:52', '2024-06-03 15:18:50'),
(14, 1, 3, 'Philippines', NULL, '<p>41st Floor, GT Tower International 6813, Ayala Avenue Cor, H.V. Dela Costa, St, Makati City, Philippines<br />\r\nPhone: +632 88406614<br />\r\nEmail:&nbsp;<a href=\"mailto:info@aurionpro.com\">info@aurionpro.com</a></p>', 'upload/contact/1780373678652149.png', 1, 1, '2023-07-01 12:32:52', '2024-06-03 15:18:50'),
(15, 2, 4, 'New Delhi', NULL, '<p>Unit No. 603, Sigma IT Park, Plot No. R-203, R-204,<br />\r\nT.T.C. Industrial Estate, Thane Belapur Road, Rabale,<br />\r\nNavi Mumbai - 400701, Maharashtra<br />\r\nPhone: <a href=\"tel:+91-22-4040-8080\">+91-22-4040-8080</a><br />\r\nFax: +91-22-4040 8081<br />\r\nEmail: <a href=\"mailto: ce.enquiries@aurionpro.com\">ce.enquiries@aurionpro.com</a></p>\r\n\r\n<p>Synergia IT Park, Plot No-R-270, T.T.C. Industrial Estate, Near Rabale Police Station, Rabale, Navi Mumbai - 400701, Maharashtra<br />\r\nPhone: <a href=\"tel:+91-22-4040 7070\">+91-22-4040 7070</a> Fax: +91-22-4040 7080<br />\r\nEmail: <a href=\"mailto:info@aurionpro.com\">info@aurionpro.com</a></p>', 'upload/contact/1801921599997902.png', 1, 1, '2024-06-15 19:42:30', '2024-06-15 19:48:06'),
(16, 2, 5, 'Nairobi, kenya', NULL, '<p>2nd Floor, Mara 3, Eldama Park, Eldama Ravine Drive, Westlands, P O Box 2459-00100, Nairobi, Kenya.<br />\r\nPhone: +254 733 279 279, +254 722 72 72 19<br />\r\nEmail:&nbsp;<a href=\"mailto:info@aurionpro.com\">info@aurionpro.com</a></p>', 'upload/contact/1801921885539890.png', 1, NULL, '2024-06-15 19:47:02', '2024-06-15 19:47:02'),
(17, 2, 4, 'Mumbai', NULL, '<p>Unit No. 603, Sigma IT Park, Plot No. R-203, R-204,<br />\r\nT.T.C. Industrial Estate, Thane Belapur Road, Rabale,<br />\r\nNavi Mumbai - 400701, Maharashtra<br />\r\nPhone: <a href=\"tel:+91-22-4040-8080\">+91-22-4040-8080</a><br />\r\nFax: +91-22-4040 8081<br />\r\nEmail: <a href=\"mailto: ce.enquiries@aurionpro.com\">ce.enquiries@aurionpro.com</a></p>\r\n\r\n<p>Synergia IT Park,<br />\r\nRabale, Navi Mumbai,<br />\r\nMaharashtra &ndash; 400 701<br />\r\nIndia<br />\r\nPhone: +91-22-4040 7070<br />\r\nFax: +91-22-4040 7080<br />\r\nEmail:&nbsp;<a href=\"mailto:info@aurionpro.com\">info@aurionpro.com</a></p>', 'upload/contact/1801921952711677.png', 1, 1, '2024-06-15 19:48:06', '2024-06-15 19:49:14'),
(18, 2, 4, 'Kolkata', NULL, '<p>1/298 Baishnabghata Patuli Township, Block S, Kolkata, West Bengal &ndash; 700094.<br />\r\nPhone: 40086087<br />\r\nEmail:&nbsp;<a href=\"mailto:info@aurionpro.com\">info@aurionpro.com</a></p>', 'upload/contact/1801922099354735.png', 1, 1, '2024-06-15 19:49:14', '2024-06-15 19:50:26'),
(19, 1, 2, 'Dubai, UAE', NULL, '<p>INTELLVISIONS SOFTWARE LLC<br />\r\nShoba Ivory I, Office 707, 32A, Marasi Drive Street, Business Bay, PO Box 114513, Dubai, United Arab Emirates.<br />\r\nPhone: +971-4-386-2750<br />\r\nFax: +971-4-386-2760<br />\r\nEmail:&nbsp;<a href=\"mailto:ce.enquiries@aurionpro.com\">ce.enquiries@aurionpro.com</a></p>', 'upload/contact/1802813282901960.png', 1, 1, '2024-06-25 15:55:25', '2025-02-05 05:33:51');

-- --------------------------------------------------------

--
-- Table structure for table `country_lists`
--

CREATE TABLE `country_lists` (
  `id` bigint UNSIGNED NOT NULL,
  `code` varchar(255) CHARACTER SET utf8mb4 COLLATE utf8mb4_unicode_ci NOT NULL,
  `name` text CHARACTER SET utf8mb4 COLLATE utf8mb4_unicode_ci,
  `created_at` timestamp NULL DEFAULT NULL,
  `updated_at` timestamp NULL DEFAULT NULL
) ENGINE=InnoDB DEFAULT CHARSET=utf8mb4 COLLATE=utf8mb4_unicode_ci;

--
-- Dumping data for table `country_lists`
--

INSERT INTO `country_lists` (`id`, `code`, `name`, `created_at`, `updated_at`) VALUES
(1, 'IN', 'India', NULL, NULL),
(2, 'AF', 'Afghanistan', NULL, NULL),
(3, 'AX', 'Aland Islands', NULL, NULL),
(4, 'AL', 'Albania', NULL, NULL),
(5, 'DZ', 'Algeria', NULL, NULL),
(6, 'AS', 'American Samoa', NULL, NULL),
(7, 'AD', 'Andorra', NULL, NULL),
(8, 'AO', 'Angola', NULL, NULL),
(9, 'AI', 'Anguilla', NULL, NULL),
(10, 'AQ', 'Antarctica', NULL, NULL),
(11, 'AG', 'Antigua And Barbuda', NULL, NULL),
(12, 'AR', 'Argentina', NULL, NULL),
(13, 'AM', 'Armenia', NULL, NULL),
(14, 'AW', 'Aruba', NULL, NULL),
(15, 'AU', 'Australia', NULL, NULL),
(16, 'AT', 'Austria', NULL, NULL),
(17, 'AZ', 'Azerbaijan', NULL, NULL),
(18, 'BS', 'Bahamas', NULL, NULL),
(19, 'BH', 'Bahrain', NULL, NULL),
(20, 'BD', 'Bangladesh', NULL, NULL),
(21, 'BB', 'Barbados', NULL, NULL),
(22, 'BY', 'Belarus', NULL, NULL),
(23, 'BE', 'Belgium', NULL, NULL),
(24, 'BZ', 'Belize', NULL, NULL),
(25, 'BJ', 'Benin', NULL, NULL),
(26, 'BM', 'Bermuda', NULL, NULL),
(27, 'BT', 'Bhutan', NULL, NULL),
(28, 'BO', 'Bolivia', NULL, NULL),
(29, 'BA', 'Bosnia And Herzegovina', NULL, NULL),
(30, 'BW', 'Botswana', NULL, NULL),
(31, 'BV', 'Bouvet Island', NULL, NULL),
(32, 'BR', 'Brazil', NULL, NULL),
(33, 'IO', 'British Indian Ocean Territory', NULL, NULL),
(34, 'BN', 'Brunei Darussalam', NULL, NULL),
(35, 'BG', 'Bulgaria', NULL, NULL),
(36, 'BF', 'Burkina Faso', NULL, NULL),
(37, 'BI', 'Burundi', NULL, NULL),
(38, 'KH', 'Cambodia', NULL, NULL),
(39, 'CM', 'Cameroon', NULL, NULL),
(40, 'CA', 'Canada', NULL, NULL),
(41, 'CV', 'Cape Verde', NULL, NULL),
(42, 'KY', 'Cayman Islands', NULL, NULL),
(43, 'CF', 'Central African Republic', NULL, NULL),
(44, 'TD', 'Chad', NULL, NULL),
(45, 'CL', 'Chile', NULL, NULL),
(46, 'CN', 'China', NULL, NULL),
(47, 'CX', 'Christmas Island', NULL, NULL),
(48, 'CC', 'Cocos (Keeling) Islands', NULL, NULL),
(49, 'CO', 'Colombia', NULL, NULL),
(50, 'KM', 'Comoros', NULL, NULL),
(51, 'CG', 'Congo', NULL, NULL),
(52, 'CD', 'Congo, Democratic Republic', NULL, NULL),
(53, 'CK', 'Cook Islands', NULL, NULL),
(54, 'CR', 'Costa Rica', NULL, NULL),
(55, 'CI', 'Cote DIvoire', NULL, NULL),
(56, 'HR', 'Croatia', NULL, NULL),
(57, 'CU', 'Cuba', NULL, NULL),
(58, 'CY', 'Cyprus', NULL, NULL),
(59, 'CZ', 'Czech Republic', NULL, NULL),
(60, 'DK', 'Denmark', NULL, NULL),
(61, 'DJ', 'Djibouti', NULL, NULL),
(62, 'DM', 'Dominica', NULL, NULL),
(63, 'DO', 'Dominican Republic', NULL, NULL),
(64, 'EC', 'Ecuador', NULL, NULL),
(65, 'EG', 'Egypt', NULL, NULL),
(66, 'SV', 'El Salvador', NULL, NULL),
(67, 'GQ', 'Equatorial Guinea', NULL, NULL),
(68, 'ER', 'Eritrea', NULL, NULL),
(69, 'EE', 'Estonia', NULL, NULL),
(70, 'ET', 'Ethiopia', NULL, NULL),
(71, 'FK', 'Falkland Islands (Malvinas)', NULL, NULL),
(72, 'FO', 'Faroe Islands', NULL, NULL),
(73, 'FJ', 'Fiji', NULL, NULL),
(74, 'FI', 'Finland', NULL, NULL),
(75, 'FR', 'France', NULL, NULL),
(76, 'GF', 'French Guiana', NULL, NULL),
(77, 'PF', 'French Polynesia', NULL, NULL),
(78, 'TF', 'French Southern Territories', NULL, NULL),
(79, 'GA', 'Gabon', NULL, NULL),
(80, 'GM', 'Gambia', NULL, NULL),
(81, 'GE', 'Georgia', NULL, NULL),
(82, 'DE', 'Germany', NULL, NULL),
(83, 'GH', 'Ghana', NULL, NULL),
(84, 'GI', 'Gibraltar', NULL, NULL),
(85, 'GR', 'Greece', NULL, NULL),
(86, 'GL', 'Greenland', NULL, NULL),
(87, 'GD', 'Grenada', NULL, NULL),
(88, 'GP', 'Guadeloupe', NULL, NULL),
(89, 'GU', 'Guam', NULL, NULL),
(90, 'GT', 'Guatemala', NULL, NULL),
(91, 'GG', 'Guernsey', NULL, NULL),
(92, 'GN', 'Guinea', NULL, NULL),
(93, 'GW', 'Guinea-Bissau', NULL, NULL),
(94, 'GY', 'Guyana', NULL, NULL),
(95, 'HT', 'Haiti', NULL, NULL),
(96, 'HM', 'Heard Island &amp; Mcdonald Islands', NULL, NULL),
(97, 'VA', 'Holy See (Vatican City State)', NULL, NULL),
(98, 'HN', 'Honduras', NULL, NULL),
(99, 'HK', 'Hong Kong', NULL, NULL),
(100, 'HU', 'Hungary', NULL, NULL),
(101, 'IS', 'Iceland', NULL, NULL),
(102, 'ID', 'Indonesia', NULL, NULL),
(103, 'IR', 'Iran, Islamic Republic Of', NULL, NULL),
(104, 'IQ', 'Iraq', NULL, NULL),
(105, 'IE', 'Ireland', NULL, NULL),
(106, 'IM', 'Isle Of Man', NULL, NULL),
(107, 'IL', 'Israel', NULL, NULL),
(108, 'IT', 'Italy', NULL, NULL),
(109, 'JM', 'Jamaica', NULL, NULL),
(110, 'JP', 'Japan', NULL, NULL),
(111, 'JE', 'Jersey', NULL, NULL),
(112, 'JO', 'Jordan', NULL, NULL),
(113, 'KZ', 'Kazakhstan', NULL, NULL),
(114, 'KE', 'Kenya', NULL, NULL),
(115, 'KI', 'Kiribati', NULL, NULL),
(116, 'KR', 'Korea', NULL, NULL),
(117, 'KW', 'Kuwait', NULL, NULL),
(118, 'KG', 'Kyrgyzstan', NULL, NULL),
(119, 'LA', 'Lao Peoples Democratic Republic', NULL, NULL),
(120, 'LV', 'Latvia', NULL, NULL),
(121, 'LB', 'Lebanon', NULL, NULL),
(122, 'LS', 'Lesotho', NULL, NULL),
(123, 'LR', 'Liberia', NULL, NULL),
(124, 'LY', 'Libyan Arab Jamahiriya', NULL, NULL),
(125, 'LI', 'Liechtenstein', NULL, NULL),
(126, 'LT', 'Lithuania', NULL, NULL),
(127, 'LU', 'Luxembourg', NULL, NULL),
(128, 'MO', 'Macao', NULL, NULL),
(129, 'MK', 'Macedonia', NULL, NULL),
(130, 'MG', 'Madagascar', NULL, NULL),
(131, 'MW', 'Malawi', NULL, NULL),
(132, 'MY', 'Malaysia', NULL, NULL),
(133, 'MV', 'Maldives', NULL, NULL),
(134, 'ML', 'Mali', NULL, NULL),
(135, 'MT', 'Malta', NULL, NULL),
(136, 'MH', 'Marshall Islands', NULL, NULL),
(137, 'MQ', 'Martinique', NULL, NULL),
(138, 'MR', 'Mauritania', NULL, NULL),
(139, 'MU', 'Mauritius', NULL, NULL),
(140, 'YT', 'Mayotte', NULL, NULL),
(141, 'MX', 'Mexico', NULL, NULL),
(142, 'FM', 'Micronesia, Federated States Of', NULL, NULL),
(143, 'MD', 'Moldova', NULL, NULL),
(144, 'MC', 'Monaco', NULL, NULL),
(145, 'MN', 'Mongolia', NULL, NULL),
(146, 'ME', 'Montenegro', NULL, NULL),
(147, 'MS', 'Montserrat', NULL, NULL),
(148, 'MA', 'Morocco', NULL, NULL),
(149, 'MZ', 'Mozambique', NULL, NULL),
(150, 'MM', 'Myanmar', NULL, NULL),
(151, 'NA', 'Namibia', NULL, NULL),
(152, 'NR', 'Nauru', NULL, NULL),
(153, 'NP', 'Nepal', NULL, NULL),
(154, 'NL', 'Netherlands', NULL, NULL),
(155, 'AN', 'Netherlands Antilles', NULL, NULL),
(156, 'NC', 'New Caledonia', NULL, NULL),
(157, 'NZ', 'New Zealand', NULL, NULL),
(158, 'NI', 'Nicaragua', NULL, NULL),
(159, 'NE', 'Niger', NULL, NULL),
(160, 'NG', 'Nigeria', NULL, NULL),
(161, 'NU', 'Niue', NULL, NULL),
(162, 'NF', 'Norfolk Island', NULL, NULL),
(163, 'MP', 'Northern Mariana Islands', NULL, NULL),
(164, 'NO', 'Norway', NULL, NULL),
(165, 'OM', 'Oman', NULL, NULL),
(166, 'PK', 'Pakistan', NULL, NULL),
(167, 'PW', 'Palau', NULL, NULL),
(168, 'PS', 'Palestinian Territory, Occupied', NULL, NULL),
(169, 'PA', 'Panama', NULL, NULL),
(170, 'PG', 'Papua New Guinea', NULL, NULL),
(171, 'PY', 'Paraguay', NULL, NULL),
(172, 'PE', 'Peru', NULL, NULL),
(173, 'PH', 'Philippines', NULL, NULL),
(174, 'PN', 'Pitcairn', NULL, NULL),
(175, 'PL', 'Poland', NULL, NULL),
(176, 'PT', 'Portugal', NULL, NULL),
(177, 'PR', 'Puerto Rico', NULL, NULL),
(178, 'QA', 'Qatar', NULL, NULL),
(179, 'RE', 'Reunion', NULL, NULL),
(180, 'RO', 'Romania', NULL, NULL),
(181, 'RU', 'Russian Federation', NULL, NULL),
(182, 'RW', 'Rwanda', NULL, NULL),
(183, 'BL', 'Saint Barthelemy', NULL, NULL),
(184, 'SH', 'Saint Helena', NULL, NULL),
(185, 'KN', 'Saint Kitts And Nevis', NULL, NULL),
(186, 'LC', 'Saint Lucia', NULL, NULL),
(187, 'MF', 'Saint Martin', NULL, NULL),
(188, 'PM', 'Saint Pierre And Miquelon', NULL, NULL),
(189, 'VC', 'Saint Vincent And Grenadines', NULL, NULL),
(190, 'WS', 'Samoa', NULL, NULL),
(191, 'SM', 'San Marino', NULL, NULL),
(192, 'ST', 'Sao Tome And Principe', NULL, NULL),
(193, 'SA', 'Saudi Arabia', NULL, NULL),
(194, 'SN', 'Senegal', NULL, NULL),
(195, 'RS', 'Serbia', NULL, NULL),
(196, 'SC', 'Seychelles', NULL, NULL),
(197, 'SL', 'Sierra Leone', NULL, NULL),
(198, 'SG', 'Singapore', NULL, NULL),
(199, 'SK', 'Slovakia', NULL, NULL),
(200, 'SI', 'Slovenia', NULL, NULL),
(201, 'SB', 'Solomon Islands', NULL, NULL),
(202, 'SO', 'Somalia', NULL, NULL),
(203, 'ZA', 'South Africa', NULL, NULL),
(204, 'GS', 'South Georgia And Sandwich Isl.', NULL, NULL),
(205, 'ES', 'Spain', NULL, NULL),
(206, 'LK', 'Sri Lanka', NULL, NULL),
(207, 'SD', 'Sudan', NULL, NULL),
(208, 'SR', 'Suriname', NULL, NULL),
(209, 'SJ', 'Svalbard And Jan Mayen', NULL, NULL),
(210, 'SZ', 'Swaziland', NULL, NULL),
(211, 'SE', 'Sweden', NULL, NULL),
(212, 'CH', 'Switzerland', NULL, NULL),
(213, 'SY', 'Syrian Arab Republic', NULL, NULL),
(214, 'TW', 'Taiwan', NULL, NULL),
(215, 'TJ', 'Tajikistan', NULL, NULL),
(216, 'TZ', 'Tanzania', NULL, NULL),
(217, 'TH', 'Thailand', NULL, NULL),
(218, 'TL', 'Timor-Leste', NULL, NULL),
(219, 'TG', 'Togo', NULL, NULL),
(220, 'TK', 'Tokelau', NULL, NULL),
(221, 'TO', 'Tonga', NULL, NULL),
(222, 'TT', 'Trinidad And Tobago', NULL, NULL),
(223, 'TN', 'Tunisia', NULL, NULL),
(224, 'TR', 'Turkey', NULL, NULL),
(225, 'TM', 'Turkmenistan', NULL, NULL),
(226, 'TC', 'Turks And Caicos Islands', NULL, NULL),
(227, 'TV', 'Tuvalu', NULL, NULL),
(228, 'UG', 'Uganda', NULL, NULL),
(229, 'UA', 'Ukraine', NULL, NULL),
(230, 'AE', 'United Arab Emirates', NULL, NULL),
(231, 'GB', 'United Kingdom', NULL, NULL),
(232, 'US', 'United States', NULL, NULL),
(233, 'UM', 'United States Outlying Islands', NULL, NULL),
(234, 'UY', 'Uruguay', NULL, NULL),
(235, 'UZ', 'Uzbekistan', NULL, NULL),
(236, 'VU', 'Vanuatu', NULL, NULL),
(237, 'VE', 'Venezuela', NULL, NULL),
(238, 'VN', 'Viet Nam', NULL, NULL),
(239, 'VG', 'Virgin Islands, British', NULL, NULL),
(240, 'VI', 'Virgin Islands, U.S.', NULL, NULL),
(241, 'WF', 'Wallis And Futuna', NULL, NULL),
(242, 'EH', 'Western Sahara', NULL, NULL),
(243, 'YE', 'Yemen', NULL, NULL),
(244, 'ZM', 'Zambia', NULL, NULL),
(245, 'ZW', 'Zimbabwe', NULL, NULL),
(246, 'Other', 'Other', NULL, NULL);

-- --------------------------------------------------------

--
-- Table structure for table `currencies`
--

CREATE TABLE `currencies` (
  `id` bigint UNSIGNED NOT NULL,
  `code` varchar(255) CHARACTER SET utf8mb4 COLLATE utf8mb4_unicode_ci DEFAULT NULL,
  `rate` double(8,2) NOT NULL DEFAULT '0.00',
  `created_by` int DEFAULT NULL,
  `updated_by` int DEFAULT NULL,
  `created_at` timestamp NULL DEFAULT NULL,
  `updated_at` timestamp NULL DEFAULT NULL
) ENGINE=InnoDB DEFAULT CHARSET=utf8mb4 COLLATE=utf8mb4_unicode_ci;

--
-- Dumping data for table `currencies`
--

INSERT INTO `currencies` (`id`, `code`, `rate`, `created_by`, `updated_by`, `created_at`, `updated_at`) VALUES
(1, 'EUR', 90.00, NULL, 1, NULL, '2023-04-19 07:08:37'),
(2, 'USD', 83.00, NULL, 1, NULL, '2023-04-19 07:08:07'),
(3, 'AED', 22.00, NULL, 1, NULL, '2023-04-19 07:07:58');

-- --------------------------------------------------------

--
-- Table structure for table `currency_lists`
--

CREATE TABLE `currency_lists` (
  `id` bigint UNSIGNED NOT NULL,
  `code` varchar(255) CHARACTER SET utf8mb4 COLLATE utf8mb4_unicode_ci NOT NULL,
  `name` text CHARACTER SET utf8mb4 COLLATE utf8mb4_unicode_ci,
  `created_at` timestamp NULL DEFAULT NULL,
  `updated_at` timestamp NULL DEFAULT NULL
) ENGINE=InnoDB DEFAULT CHARSET=utf8mb4 COLLATE=utf8mb4_unicode_ci;

--
-- Dumping data for table `currency_lists`
--

INSERT INTO `currency_lists` (`id`, `code`, `name`, `created_at`, `updated_at`) VALUES
(1, 'AED', 'United Arab Emirates Dirham', NULL, NULL),
(2, 'AFN', 'Afghan Afghani', NULL, NULL),
(3, 'ALL', 'Albanian Lek', NULL, NULL),
(4, 'AMD', 'Armenian Dram', NULL, NULL),
(5, 'ANG', 'Netherlands Antillean Guilder', NULL, NULL),
(6, 'AOA', 'Angolan Kwanza', NULL, NULL),
(7, 'ARS', 'Argentine Peso', NULL, NULL),
(8, 'AUD', 'Australian Dollar', NULL, NULL),
(9, 'AWG', 'Aruban Florin', NULL, NULL),
(10, 'AZN', 'Azerbaijani Manat', NULL, NULL),
(11, 'BAM', 'Bosnia-Herzegovina Convertible Mark', NULL, NULL),
(12, 'BBD', 'Barbadian Dollar', NULL, NULL),
(13, 'BDT', 'Bangladeshi Taka', NULL, NULL),
(14, 'BGN', 'Bulgarian Lev', NULL, NULL),
(15, 'BHD', 'Bahraini Dinar', NULL, NULL),
(16, 'BIF', 'Burundian Franc', NULL, NULL),
(17, 'BMD', 'Bermudan Dollar', NULL, NULL),
(18, 'BND', 'Brunei Dollar', NULL, NULL),
(19, 'BOB', 'Bolivian Boliviano', NULL, NULL),
(20, 'BRL', 'Brazilian Real', NULL, NULL),
(21, 'BSD', 'Bahamian Dollar', NULL, NULL),
(22, 'BTC', 'Bitcoin', NULL, NULL),
(23, 'BTN', 'Bhutanese Ngultrum', NULL, NULL),
(24, 'BWP', 'Botswanan Pula', NULL, NULL),
(25, 'BYN', 'Belarusian Ruble', NULL, NULL),
(26, 'BZD', 'Belize Dollar', NULL, NULL),
(27, 'CAD', 'Canadian Dollar', NULL, NULL),
(28, 'CDF', 'Congolese Franc', NULL, NULL),
(29, 'CHF', 'Swiss Franc', NULL, NULL),
(30, 'CLF', 'Chilean Unit of Account (UF)', NULL, NULL),
(31, 'CLP', 'Chilean Peso', NULL, NULL),
(32, 'CNH', 'Chinese Yuan (Offshore)', NULL, NULL),
(33, 'CNY', 'Chinese Yuan', NULL, NULL),
(34, 'COP', 'Colombian Peso', NULL, NULL),
(35, 'CRC', 'Costa Rican Colón', NULL, NULL),
(36, 'CUC', 'Cuban Convertible Peso', NULL, NULL),
(37, 'CUP', 'Cuban Peso', NULL, NULL),
(38, 'CVE', 'Cape Verdean Escudo', NULL, NULL),
(39, 'CZK', 'Czech Republic Koruna', NULL, NULL),
(40, 'DJF', 'Djiboutian Franc', NULL, NULL),
(41, 'DKK', 'Danish Krone', NULL, NULL),
(42, 'DOP', 'Dominican Peso', NULL, NULL),
(43, 'DZD', 'Algerian Dinar', NULL, NULL),
(44, 'EGP', 'Egyptian Pound', NULL, NULL),
(45, 'ERN', 'Eritrean Nakfa', NULL, NULL),
(46, 'ETB', 'Ethiopian Birr', NULL, NULL),
(47, 'EUR', 'Euro', NULL, NULL),
(48, 'FJD', 'Fijian Dollar', NULL, NULL),
(49, 'FKP', 'Falkland Islands Pound', NULL, NULL),
(50, 'GBP', 'British Pound Sterling', NULL, NULL),
(51, 'GEL', 'Georgian Lari', NULL, NULL),
(52, 'GGP', 'Guernsey Pound', NULL, NULL),
(53, 'GHS', 'Ghanaian Cedi', NULL, NULL),
(54, 'GIP', 'Gibraltar Pound', NULL, NULL),
(55, 'GMD', 'Gambian Dalasi', NULL, NULL),
(56, 'GNF', 'Guinean Franc', NULL, NULL),
(57, 'GTQ', 'Guatemalan Quetzal', NULL, NULL),
(58, 'GYD', 'Guyanaese Dollar', NULL, NULL),
(59, 'HKD', 'Hong Kong Dollar', NULL, NULL),
(60, 'HNL', 'Honduran Lempira', NULL, NULL),
(61, 'HRK', 'Croatian Kuna', NULL, NULL),
(62, 'HTG', 'Haitian Gourde', NULL, NULL),
(63, 'HUF', 'Hungarian Forint', NULL, NULL),
(64, 'IDR', 'Indonesian Rupiah', NULL, NULL),
(65, 'ILS', 'Israeli New Shekel', NULL, NULL),
(66, 'IMP', 'Manx pound', NULL, NULL),
(67, 'INR', 'Indian Rupee', NULL, NULL),
(68, 'IQD', 'Iraqi Dinar', NULL, NULL),
(69, 'IRR', 'Iranian Rial', NULL, NULL),
(70, 'ISK', 'Icelandic Króna', NULL, NULL),
(71, 'JEP', 'Jersey Pound', NULL, NULL),
(72, 'JMD', 'Jamaican Dollar', NULL, NULL),
(73, 'JOD', 'Jordanian Dinar', NULL, NULL),
(74, 'JPY', 'Japanese Yen', NULL, NULL),
(75, 'KES', 'Kenyan Shilling', NULL, NULL),
(76, 'KGS', 'Kyrgystani Som', NULL, NULL),
(77, 'KHR', 'Cambodian Riel', NULL, NULL),
(78, 'KMF', 'Comorian Franc', NULL, NULL),
(79, 'KPW', 'North Korean Won', NULL, NULL),
(80, 'KRW', 'South Korean Won', NULL, NULL),
(81, 'KWD', 'Kuwaiti Dinar', NULL, NULL),
(82, 'KYD', 'Cayman Islands Dollar', NULL, NULL),
(83, 'KZT', 'Kazakhstani Tenge', NULL, NULL),
(84, 'LAK', 'Laotian Kip', NULL, NULL),
(85, 'LBP', 'Lebanese Pound', NULL, NULL),
(86, 'LKR', 'Sri Lankan Rupee', NULL, NULL),
(87, 'LRD', 'Liberian Dollar', NULL, NULL),
(88, 'LSL', 'Lesotho Loti', NULL, NULL),
(89, 'LYD', 'Libyan Dinar', NULL, NULL),
(90, 'MAD', 'Moroccan Dirham', NULL, NULL),
(91, 'MDL', 'Moldovan Leu', NULL, NULL),
(92, 'MGA', 'Malagasy Ariary', NULL, NULL),
(93, 'MKD', 'Macedonian Denar', NULL, NULL),
(94, 'MMK', 'Myanma Kyat', NULL, NULL),
(95, 'MNT', 'Mongolian Tugrik', NULL, NULL),
(96, 'MOP', 'Macanese Pataca', NULL, NULL),
(97, 'MRO', 'Mauritanian Ouguiya', NULL, NULL),
(98, 'MRU', 'Mauritanian Ouguiya (pre-2018)', NULL, NULL),
(99, 'MUR', 'Mauritian Rupee', NULL, NULL),
(100, 'MVR', 'Maldivian Rufiyaa', NULL, NULL),
(101, 'MWK', 'Malawian Kwacha', NULL, NULL),
(102, 'MXN', 'Mexican Peso', NULL, NULL),
(103, 'MYR', 'Malaysian Ringgit', NULL, NULL),
(104, 'MZN', 'Mozambican Metical', NULL, NULL),
(105, 'NAD', 'Namibian Dollar', NULL, NULL),
(106, 'NGN', 'Nigerian Naira', NULL, NULL),
(107, 'NIO', 'Nicaraguan Córdoba', NULL, NULL),
(108, 'NOK', 'Norwegian Krone', NULL, NULL),
(109, 'NPR', 'Nepalese Rupee', NULL, NULL),
(110, 'NZD', 'New Zealand Dollar', NULL, NULL),
(111, 'OMR', 'Omani Rial', NULL, NULL),
(112, 'PAB', 'Panamanian Balboa', NULL, NULL),
(113, 'PEN', 'Peruvian Nuevo Sol', NULL, NULL),
(114, 'PGK', 'Papua New Guinean Kina', NULL, NULL),
(115, 'PHP', 'Philippine Peso', NULL, NULL),
(116, 'PKR', 'Pakistani Rupee', NULL, NULL),
(117, 'PLN', 'Polish Złoty', NULL, NULL),
(118, 'PYG', 'Paraguayan Guarani', NULL, NULL),
(119, 'QAR', 'Qatari Rial', NULL, NULL),
(120, 'RON', 'Romanian Leu', NULL, NULL),
(121, 'RSD', 'Serbian Dinar', NULL, NULL),
(122, 'RUB', 'Russian Ruble', NULL, NULL),
(123, 'RWF', 'Rwandan Franc', NULL, NULL),
(124, 'SAR', 'Saudi Riyal', NULL, NULL),
(125, 'SBD', 'Solomon Islands Dollar', NULL, NULL),
(126, 'SCR', 'Seychellois Rupee', NULL, NULL),
(127, 'SDG', 'Sudanese Pound', NULL, NULL),
(128, 'SEK', 'Swedish Krona', NULL, NULL),
(129, 'SGD', 'Singapore Dollar', NULL, NULL),
(130, 'SHP', 'Saint Helena Pound', NULL, NULL),
(131, 'SLL', 'Sierra Leonean Leone', NULL, NULL),
(132, 'SOS', 'Somali Shilling', NULL, NULL),
(133, 'SRD', 'Surinamese Dollar', NULL, NULL),
(134, 'SSP', 'South Sudanese Pound', NULL, NULL),
(135, 'STD', 'São Tomé and Príncipe Dobra', NULL, NULL),
(136, 'STN', 'São Tomé and Príncipe Dobra (pre-2018)', NULL, NULL),
(137, 'SVC', 'Salvadoran Colón', NULL, NULL),
(138, 'SYP', 'Syrian Pound', NULL, NULL),
(139, 'SZL', 'Swazi Lilangeni', NULL, NULL),
(140, 'THB', 'Thai Baht', NULL, NULL),
(141, 'TJS', 'Tajikistani Somoni', NULL, NULL),
(142, 'TMT', 'Turkmenistani Manat', NULL, NULL),
(143, 'TND', 'Tunisian Dinar', NULL, NULL),
(144, 'TOP', 'Tongan Paanga', NULL, NULL),
(145, 'TRY', 'Turkish Lira', NULL, NULL),
(146, 'TTD', 'Trinidad and Tobago Dollar', NULL, NULL),
(147, 'TWD', 'New Taiwan Dollar', NULL, NULL),
(148, 'TZS', 'Tanzanian Shilling', NULL, NULL),
(149, 'UAH', 'Ukrainian Hryvnia', NULL, NULL),
(150, 'UGX', 'Ugandan Shilling', NULL, NULL),
(151, 'USD', 'United States Dollar', NULL, NULL),
(152, 'UYU', 'Uruguayan Peso', NULL, NULL),
(153, 'UZS', 'Uzbekistan Som', NULL, NULL),
(154, 'VEF', 'Venezuelan Bolívar', NULL, NULL),
(155, 'VES', 'Venezuelan Bolívar (pre-2018)', NULL, NULL),
(156, 'VND', 'Vietnamese Dong', NULL, NULL),
(157, 'VUV', 'Vanuatu Vatu', NULL, NULL),
(158, 'WST', 'Samoan Tala', NULL, NULL),
(159, 'XAF', 'CFA Franc BEAC', NULL, NULL),
(160, 'XAG', 'Silver Ounce', NULL, NULL),
(161, 'XAU', 'Gold Ounce', NULL, NULL),
(162, 'XCD', 'East Caribbean Dollar', NULL, NULL),
(163, 'XDR', 'Special Drawing Rights', NULL, NULL),
(164, 'XOF', 'CFA Franc BCEAO', NULL, NULL),
(165, 'XPD', 'Palladium Ounce', NULL, NULL),
(166, 'XPF', 'CFP Franc', NULL, NULL),
(167, 'XPT', 'Platinum Ounce', NULL, NULL),
(168, 'YER', 'Yemeni Rial', NULL, NULL),
(169, 'ZAR', 'South African Rand', NULL, NULL),
(170, 'ZMW', 'Zambian Kwacha', NULL, NULL),
(171, 'ZWL', 'Zimbabwean Dollar', NULL, NULL);

-- --------------------------------------------------------

--
-- Table structure for table `customer_details`
--

CREATE TABLE `customer_details` (
  `id` bigint UNSIGNED NOT NULL,
  `user_id` int NOT NULL,
  `no_of_employee` varchar(255) CHARACTER SET utf8mb4 COLLATE utf8mb4_unicode_ci DEFAULT NULL,
  `industry` int DEFAULT NULL,
  `alternate_phone` varchar(255) CHARACTER SET utf8mb4 COLLATE utf8mb4_unicode_ci DEFAULT NULL,
  `alternate_calling_code` varchar(255) CHARACTER SET utf8mb4 COLLATE utf8mb4_unicode_ci DEFAULT NULL,
  `designation` varchar(255) CHARACTER SET utf8mb4 COLLATE utf8mb4_unicode_ci DEFAULT NULL,
  `billing_company_name` varchar(255) CHARACTER SET utf8mb4 COLLATE utf8mb4_unicode_ci DEFAULT NULL,
  `billing_country` varchar(255) CHARACTER SET utf8mb4 COLLATE utf8mb4_unicode_ci DEFAULT NULL,
  `billing_state` varchar(255) CHARACTER SET utf8mb4 COLLATE utf8mb4_unicode_ci DEFAULT NULL,
  `billing_city` varchar(255) CHARACTER SET utf8mb4 COLLATE utf8mb4_unicode_ci DEFAULT NULL,
  `billing_address` varchar(255) CHARACTER SET utf8mb4 COLLATE utf8mb4_unicode_ci DEFAULT NULL,
  `billing_pincode` varchar(255) CHARACTER SET utf8mb4 COLLATE utf8mb4_unicode_ci DEFAULT NULL,
  `billing_email` varchar(255) CHARACTER SET utf8mb4 COLLATE utf8mb4_unicode_ci DEFAULT NULL,
  `billing_calling_code` varchar(255) CHARACTER SET utf8mb4 COLLATE utf8mb4_unicode_ci DEFAULT NULL,
  `billing_phone` varchar(255) CHARACTER SET utf8mb4 COLLATE utf8mb4_unicode_ci DEFAULT NULL,
  `bio` longtext CHARACTER SET utf8mb4 COLLATE utf8mb4_unicode_ci,
  `gst_number` varchar(255) CHARACTER SET utf8mb4 COLLATE utf8mb4_unicode_ci DEFAULT NULL,
  `pan_number` varchar(255) CHARACTER SET utf8mb4 COLLATE utf8mb4_unicode_ci DEFAULT NULL,
  `trn_number` varchar(255) CHARACTER SET utf8mb4 COLLATE utf8mb4_unicode_ci DEFAULT NULL,
  `acra_number` varchar(255) CHARACTER SET utf8mb4 COLLATE utf8mb4_unicode_ci DEFAULT NULL,
  `npwp_number` varchar(255) CHARACTER SET utf8mb4 COLLATE utf8mb4_unicode_ci DEFAULT NULL,
  `tax_registration_number` varchar(255) CHARACTER SET utf8mb4 COLLATE utf8mb4_unicode_ci DEFAULT NULL,
  `company_registration_number` varchar(255) CHARACTER SET utf8mb4 COLLATE utf8mb4_unicode_ci DEFAULT NULL,
  `acra_profile_copy` varchar(255) CHARACTER SET utf8mb4 COLLATE utf8mb4_unicode_ci DEFAULT NULL,
  `tax_registration_document` varchar(255) CHARACTER SET utf8mb4 COLLATE utf8mb4_unicode_ci DEFAULT NULL,
  `created_at` timestamp NULL DEFAULT NULL,
  `updated_at` timestamp NULL DEFAULT NULL
) ENGINE=InnoDB DEFAULT CHARSET=utf8mb4 COLLATE=utf8mb4_unicode_ci;

-- --------------------------------------------------------

--
-- Table structure for table `customer_documents`
--

CREATE TABLE `customer_documents` (
  `id` bigint UNSIGNED NOT NULL,
  `user_id` int NOT NULL,
  `document_name` varchar(255) CHARACTER SET utf8mb4 COLLATE utf8mb4_unicode_ci DEFAULT NULL,
  `document` varchar(255) CHARACTER SET utf8mb4 COLLATE utf8mb4_unicode_ci DEFAULT NULL,
  `created_at` timestamp NULL DEFAULT NULL,
  `updated_at` timestamp NULL DEFAULT NULL
) ENGINE=InnoDB DEFAULT CHARSET=utf8mb4 COLLATE=utf8mb4_unicode_ci;

-- --------------------------------------------------------

--
-- Table structure for table `customer_notifications`
--

CREATE TABLE `customer_notifications` (
  `id` bigint UNSIGNED NOT NULL,
  `user_id` int NOT NULL,
  `subscription_id` int DEFAULT NULL,
  `notification` longtext CHARACTER SET utf8mb4 COLLATE utf8mb4_unicode_ci,
  `notification_from` enum('1','2') COLLATE utf8mb4_unicode_ci NOT NULL DEFAULT '1' COMMENT '1-> subscription, 2-> event	',
  `status` enum('0','1') CHARACTER SET utf8mb4 COLLATE utf8mb4_unicode_ci NOT NULL DEFAULT '0',
  `created_at` timestamp NULL DEFAULT NULL,
  `updated_at` timestamp NULL DEFAULT NULL
) ENGINE=InnoDB DEFAULT CHARSET=utf8mb4 COLLATE=utf8mb4_unicode_ci;

--
-- Dumping data for table `customer_notifications`
--

INSERT INTO `customer_notifications` (`id`, `user_id`, `subscription_id`, `notification`, `notification_from`, `status`, `created_at`, `updated_at`) VALUES
(1, 1, NULL, 'Registered event details:<br><b>Event Name:</b>Aurobees 2.0 Warehousing the Boost test <br><b>Event Date:</b>01-12-2024 12:30 PM', '2', '0', '2024-11-29 09:43:10', '2024-11-29 09:43:10'),
(2, 4, 1, 'FREIGHT FORWARDING(Basic) will be expired on 2024-12-14 11:36:58 Renew your subscription in time to avoid any disruptions.', '1', '0', '2024-11-29 18:30:04', '2024-11-29 18:30:04'),
(3, 6, 3, 'FREIGHT FORWARDING(Basic) will be expired on 2024-12-29 15:33:07 Renew your subscription in time to avoid any disruptions.', '1', '0', '2024-12-14 18:30:05', '2024-12-14 18:30:05'),
(4, 7, 4, 'FREIGHT FORWARDING(Basic) will be expired on 2025-01-02 16:23:59 Renew your subscription in time to avoid any disruptions.', '1', '0', '2024-12-18 18:30:05', '2024-12-18 18:30:05'),
(5, 8, 5, 'MANUFACTURING(Basic) will be expired on 2025-01-04 10:01:49 Renew your subscription in time to avoid any disruptions.', '1', '0', '2024-12-20 18:30:13', '2024-12-20 18:30:13'),
(6, 10, 6, 'FREIGHT FORWARDING(Basic) will be expired on 2025-01-17 11:56:32 Renew your subscription in time to avoid any disruptions.', '1', '0', '2025-01-02 18:30:07', '2025-01-02 18:30:07'),
(7, 11, 7, 'FREIGHT FORWARDING(Basic) will be expired on 2025-01-17 12:09:58 Renew your subscription in time to avoid any disruptions.', '1', '0', '2025-01-02 18:30:08', '2025-01-02 18:30:08'),
(8, 12, 8, 'MANUFACTURING(Basic) will be expired on 2025-01-17 12:17:26 Renew your subscription in time to avoid any disruptions.', '1', '0', '2025-01-02 18:30:09', '2025-01-02 18:30:09'),
(9, 1, NULL, 'Registered event details:<br><b>Event Name:</b>Aurobees onboarding <br><b>Event Date:</b>16-01-2025 12:00 PM', '2', '0', '2025-01-09 05:39:26', '2025-01-09 05:39:26'),
(10, 6, 11, 'Your subscription purchase is successful, but the payment is still pending. Please complete the payment to activate your subscription.', '1', '0', '2025-01-18 08:20:15', '2025-01-18 08:20:15'),
(11, 6, 11, 'Your subscription purchase is successful, but the payment is still pending. Please complete the payment to activate your subscription.', '1', '0', '2025-01-18 08:33:22', '2025-01-18 08:33:22'),
(12, 6, 12, 'Your subscription purchase is successful, but the payment is still pending. Please complete the payment to activate your subscription.', '1', '0', '2025-01-18 09:32:10', '2025-01-18 09:32:10'),
(13, 6, 12, 'Your subscription purchase is successful, but the payment is still pending. Please complete the payment to activate your subscription.', '1', '0', '2025-01-18 09:42:14', '2025-01-18 09:42:14'),
(14, 6, 13, 'Your subscription purchase is successful, but the payment is still pending. Please complete the payment to activate your subscription.', '1', '0', '2025-01-18 09:52:28', '2025-01-18 09:52:28'),
(15, 6, 13, 'WAREHOUSING (Advance). now activated.', '1', '0', '2025-01-18 09:59:43', '2025-01-18 09:59:43'),
(16, 13, 9, 'FREIGHT FORWARDING(Basic) will be expired on 2025-02-02 14:28:04 Renew your subscription in time to avoid any disruptions.', '1', '0', '2025-01-21 18:30:15', '2025-01-21 18:30:15'),
(17, 11, 10, 'FREIGHT FORWARDING(Basic) will be expired on 2025-02-06 00:08:34 Renew your subscription in time to avoid any disruptions.', '1', '0', '2025-01-22 18:30:10', '2025-01-22 18:30:10'),
(18, 6, 14, 'Your subscription purchase is successful, but the payment is still pending. Please complete the payment to activate your subscription.', '1', '0', '2025-01-28 10:42:39', '2025-01-28 10:42:39'),
(19, 5, 2, 'WAREHOUSING(Basic) will be expired on 2025-02-12 12:16:36 Renew your subscription in time to avoid any disruptions.', '1', '0', '2025-01-28 18:30:04', '2025-01-28 18:30:04'),
(20, 12, 15, 'Your subscription purchase is successful, but the payment is still pending. Please complete the payment to activate your subscription.', '1', '0', '2025-02-03 10:35:58', '2025-02-03 10:35:58'),
(21, 12, 16, 'Your subscription purchase is successful, but the payment is still pending. Please complete the payment to activate your subscription.', '1', '0', '2025-02-04 06:11:25', '2025-02-04 06:11:25'),
(22, 12, 17, 'Your subscription purchase is successful, but the payment is still pending. Please complete the payment to activate your subscription.', '1', '0', '2025-02-04 06:35:20', '2025-02-04 06:35:20'),
(23, 6, 22, 'MANUFACTURING (Basic). now activated.', '1', '0', '2025-02-11 10:58:17', '2025-02-11 10:58:17'),
(24, 12, 23, 'TRADING (Basic). now activated.', '1', '0', '2025-02-12 06:33:22', '2025-02-12 06:33:22'),
(25, 12, 24, 'Your subscription purchase is successful, but the payment is still pending. Please complete the payment to activate your subscription.', '1', '0', '2025-03-07 06:06:15', '2025-03-07 06:06:15'),
(26, 12, 24, 'DISTRIBUTION (Basic). now activated.', '1', '0', '2025-03-07 06:13:18', '2025-03-07 06:13:18'),
(27, 12, 25, 'Your subscription purchase is successful, but the payment is still pending. Please complete the payment to activate your subscription.', '1', '0', '2025-03-12 05:22:12', '2025-03-12 05:22:12'),
(28, 12, 25, 'FREIGHT FORWARDING (Basic). now activated.', '1', '0', '2025-03-12 05:36:02', '2025-03-12 05:36:02'),
(29, 12, 26, 'Your subscription purchase is successful, but the payment is still pending. Please complete the payment to activate your subscription.', '1', '0', '2025-03-12 05:44:22', '2025-03-12 05:44:22'),
(30, 12, 26, 'TRANSPORTATION (Basic). now activated.', '1', '0', '2025-03-12 05:45:51', '2025-03-12 05:45:51'),
(31, 12, 27, 'Your subscription purchase is successful, but the payment is still pending. Please complete the payment to activate your subscription.', '1', '0', '2025-03-12 10:04:59', '2025-03-12 10:04:59'),
(32, 12, 28, 'Your subscription purchase is successful, but the payment is still pending. Please complete the payment to activate your subscription.', '1', '0', '2025-03-12 10:11:01', '2025-03-12 10:11:01'),
(33, 6, 29, 'Your subscription purchase is successful, but the payment is still pending. Please complete the payment to activate your subscription.', '1', '0', '2025-03-12 10:42:00', '2025-03-12 10:42:00'),
(34, 12, 30, 'Your subscription purchase is successful, but the payment is still pending. Please complete the payment to activate your subscription.', '1', '0', '2025-03-13 06:32:43', '2025-03-13 06:32:43'),
(35, 12, 30, 'FREIGHT FORWARDING (Basic). now activated.', '1', '0', '2025-03-13 06:45:23', '2025-03-13 06:45:23');

-- --------------------------------------------------------

--
-- Table structure for table `email_management`
--

CREATE TABLE `email_management` (
  `id` bigint UNSIGNED NOT NULL,
  `key` varchar(255) CHARACTER SET utf8mb4 COLLATE utf8mb4_unicode_ci NOT NULL,
  `title` varchar(255) CHARACTER SET utf8mb4 COLLATE utf8mb4_unicode_ci DEFAULT NULL,
  `template` longtext CHARACTER SET utf8mb4 COLLATE utf8mb4_unicode_ci,
  `file` varchar(255) COLLATE utf8mb4_unicode_ci DEFAULT NULL,
  `created_at` timestamp NULL DEFAULT NULL,
  `updated_at` timestamp NULL DEFAULT NULL
) ENGINE=InnoDB DEFAULT CHARSET=utf8mb4 COLLATE=utf8mb4_unicode_ci;

--
-- Dumping data for table `email_management`
--

INSERT INTO `email_management` (`id`, `key`, `title`, `template`, `file`, `created_at`, `updated_at`) VALUES
(1, 'admin_email_address', 'codetestbyme@gmail.com', '<p>hitesh.chaudhari@trejhara.com</p>', NULL, NULL, '2025-01-18 08:16:16'),
(2, 'admin_registration_email', 'User Registration Email', '<table style=\"margin: auto; font-family: \'Open Sans\', sans-serif; font-size: 16px;\" border=\"0\" cellspacing=\"0\" cellpadding=\"0\" width=\"100%\">\r\n<tbody>\r\n<tr>\r\n<td style=\"background: #ffffff; border-radius: 5px 5px 0 0;\">\r\n<table border=\"0\" cellspacing=\"0\" cellpadding=\"0\" width=\"100%\">\r\n<tbody>\r\n<tr>\r\n<td style=\"width: 40%; padding: 8px 15px;\"><a style=\"color: #fff;\" href=\"https://aurobees.projectsdemo.biz\"><img src=\"https://aurobees.projectsdemo.biz/img/logo.png\" alt=\"logo\" width=\"299px\" height=\"69px\" /></a></td>\r\n<td style=\"width: 60%; color: #000; padding: 8px 15px;\" align=\"right\"><strong>Date:</strong> {Date}</td>\r\n</tr>\r\n</tbody>\r\n</table>\r\n</td>\r\n</tr>\r\n<tr>\r\n<td style=\"padding: 15px; border: 1px solid #ccc; border-radius: 0px 0px 5px 5px;\">\r\n<table border=\"0\" cellspacing=\"0\" cellpadding=\"0\" width=\"100%\">\r\n<tbody>\r\n<tr>\r\n<td style=\"color: #696969; font-size: 15px; font-weight: 500; padding: 5px 0 15px;\">Dear                                 Admin,</td>\r\n</tr>\r\n<tr>\r\n<td style=\"color: #696969; font-size: 15px; font-weight: 500; padding-bottom: 22px;\">Thank                                 you very much for joining aurobees, we are looking forward to reviewing your                                 qualifications. If you have any questions, please visit our support page! We will be                                 reaching out once you have completed your application.</td>\r\n</tr>\r\n</tbody>\r\n</table>\r\n<table style=\"border: 1px solid #ccc; border-radius: 5px;\" cellspacing=\"0\" cellpadding=\"0\" width=\"100%\">\r\n<tbody>\r\n<tr>\r\n<td style=\"color: #696969; font-size: 14px; padding: 12px 20px; border-bottom: 1px solid #ccc;\"><strong>Full Name:</strong></td>\r\n<td style=\"color: #696969; font-size: 14px; padding: 12px 20px; border-bottom: 1px solid #ccc;\">{Name}</td>\r\n</tr>\r\n<tr>\r\n<td style=\"color: #696969; font-size: 14px; padding: 12px 20px; border-bottom: 1px solid #ccc;\"><strong>Email:</strong></td>\r\n<td style=\"color: #696969; font-size: 14px; padding: 12px 20px; border-bottom: 1px solid #ccc;\">{Email}</td>\r\n</tr>\r\n<tr>\r\n<td style=\"color: #696969; font-size: 14px; padding: 12px 20px; border-bottom: 1px solid #ccc;\"><strong>Company Name:</strong></td>\r\n<td style=\"color: #696969; font-size: 14px; padding: 12px 20px; border-bottom: 1px solid #ccc;\">{Company}</td>\r\n</tr>\r\n<tr>\r\n<td style=\"color: #696969; font-size: 14px; padding: 12px 20px; border-bottom: 1px solid #ccc;\"><strong>Country Name:</strong></td>\r\n<td style=\"color: #696969; font-size: 14px; padding: 12px 20px; border-bottom: 1px solid #ccc;\">{Country}</td>\r\n</tr>\r\n<tr>\r\n<td style=\"color: #696969; font-size: 14px; padding: 12px 20px; border-bottom: 1px solid #ccc;\"><strong>State                                     Name:</strong></td>\r\n<td style=\"color: #696969; font-size: 14px; padding: 12px 20px; border-bottom: 1px solid #ccc;\">{State}</td>\r\n</tr>\r\n<tr>\r\n<td style=\"color: #696969; font-size: 14px; padding: 12px 20px; border-bottom: 1px solid #ccc;\"><strong>City Name:</strong></td>\r\n<td style=\"color: #696969; font-size: 14px; padding: 12px 20px; border-bottom: 1px solid #ccc;\">{City}</td>\r\n</tr>\r\n<tr>\r\n<td style=\"color: #696969; font-size: 14px; padding: 12px 20px; border-bottom: 1px solid #ccc;\"><strong>Address:</strong></td>\r\n<td style=\"color: #696969; font-size: 14px; padding: 12px 20px; border-bottom: 1px solid #ccc;\">{Address}</td>\r\n</tr>\r\n<tr>\r\n<td style=\"color: #696969; font-size: 14px; padding: 12px 20px; border-bottom: 1px solid #ccc;\"><strong>Pincode:</strong></td>\r\n<td style=\"color: #696969; font-size: 14px; padding: 12px 20px; border-bottom: 1px solid #ccc;\">{Pincode}</td>\r\n</tr>\r\n<tr>\r\n<td style=\"color: #696969; font-size: 14px; padding: 12px 20px; border-bottom: 1px solid #ccc;\"><strong>Calling                                     Code:</strong></td>\r\n<td style=\"color: #696969; font-size: 14px; padding: 12px 20px; border-bottom: 1px solid #ccc;\">{CallingCode}</td>\r\n</tr>\r\n<tr>\r\n<td style=\"color: #696969; font-size: 14px; padding: 12px 20px; border-bottom: 1px solid #ccc;\"><strong>Phone:</strong></td>\r\n<td style=\"color: #696969; font-size: 14px; padding: 12px 20px; border-bottom: 1px solid #ccc;\">{Phone}</td>\r\n</tr>\r\n</tbody>\r\n</table>\r\n<table border=\"0\" cellspacing=\"0\" cellpadding=\"0\" width=\"100%\">\r\n<tbody>\r\n<tr>\r\n<td style=\"color: #696969; font-size: 15px; font-weight: 500; padding: 20px 0 20px;\">Please                                 feel free to get in touch with our support team at <a style=\"color: #138be0; text-decoration: none;\" href=\"mailto:info@aurobees.com\">info@aurobees.com.</a></td>\r\n</tr>\r\n<tr>\r\n<td style=\"color: #696969; font-size: 15px; font-weight: 500; padding-bottom: 22px;\">Thank                                 you</td>\r\n</tr>\r\n<tr>\r\n<td style=\"color: #696969; font-size: 15px; font-weight: 500; padding-bottom: 2px;\"><span>Aurobees</span></td>\r\n</tr>\r\n<tr>\r\n<td style=\"color: #696969; font-size: 15px; font-weight: 500; padding: 0px 0 20px;\"><a style=\"color: #138be0; text-decoration: none;\" href=\"https://aurobees.projectsdemo.biz/\">www.aurobees.com</a></td>\r\n</tr>\r\n<tr>\r\n<td style=\"color: #f01010; font-size: 15px; font-weight: 500; padding: 15px 0 15px; border-bottom: 1px solid #ccc; border-top: 1px solid #ccc;\">Note: The information transmitted is intended only for the person or entity to which it                                 is addressed and may contain confidential and/or privileged material. Any review,                                 transmission, re-transmission, dissemination or other use of, or taking of any action in                                 reliance upon this information, by persons or entities other than the intended                                 recipient, is prohibited. If you received this email in error, please contact the sender                                 and delete the material from any computer.</td>\r\n</tr>\r\n<tr>\r\n<td style=\"padding: 5px;\">&nbsp;</td>\r\n</tr>\r\n<tr>\r\n<td style=\"color: #fff; font-size: 15px; font-weight: 500; padding: 10px 0 15px; background-color: #212529;\" align=\"center\">Copyright &copy; 2023 Aurobees - All Rights Reserved.</td>\r\n</tr>\r\n</tbody>\r\n</table>\r\n</td>\r\n</tr>\r\n</tbody>\r\n</table>', NULL, NULL, '2023-11-24 21:18:05'),
(3, 'customer_registration_email', 'You are officially a member of Aurobees', '<table style=\"margin: auto; font-family: \'Open Sans\', sans-serif; font-size: 16px;\" border=\"0\" cellspacing=\"0\" cellpadding=\"0\" width=\"100%\">\r\n<tbody>\r\n<tr>\r\n<td style=\"background: #ffffff; border-radius: 5px 5px 0 0;\">\r\n<table border=\"0\" cellspacing=\"0\" cellpadding=\"0\" width=\"100%\">\r\n<tbody>\r\n<tr>\r\n<td style=\"width: 40%; padding: 8px 15px;\"><a style=\"color: #fff;\" href=\"https://aurobees.projectsdemo.biz\"><img src=\"https://aurobees.projectsdemo.biz/img/logo.png\" alt=\"logo\" width=\"299px\" height=\"69px\" /></a></td>\r\n<td style=\"width: 60%; color: #000; padding: 8px 15px;\" align=\"right\"><strong>Date:</strong>{Date}</td>\r\n</tr>\r\n</tbody>\r\n</table>\r\n</td>\r\n</tr>\r\n<tr>\r\n<td style=\"padding: 15px; border: 1px solid #ccc; border-radius: 0px 0px 5px 5px;\">\r\n<table border=\"0\" cellspacing=\"0\" cellpadding=\"0\" width=\"100%\">\r\n<tbody>\r\n<tr>\r\n<td style=\"color: #696969; font-size: 15px; font-weight: 500; padding: 5px 0 15px;\">Dear {Name},</td>\r\n</tr>\r\n<tr>\r\n<td style=\"color: #696969; font-size: 15px; font-weight: 500; padding-bottom: 22px;\">Congratulations on successful sign-up! Aurobees is thrilled to welcome you on board. 								We strive to provide exceptional experiences and opportunities for our members and are confident that you will find immense value in being a part of our platform. 								Now that your sign-up process is complete, you have unlocked a world of opportunities.</td>\r\n</tr>\r\n<tr>\r\n<td style=\"color: #696969; font-size: 15px; font-weight: 500; padding-bottom: 22px;\">We strive to provide exceptional experiences and opportunities for our members and are confident that you will find immense value in being a part of our platform.</td>\r\n</tr>\r\n<tr>\r\n<td style=\"color: #696969; font-size: 15px; font-weight: 500; padding-bottom: 22px;\">\r\n<p>Now that your sign-up process is complete, you have unlocked a world of opportunities.</p>\r\n<p><span>For any queries, feel free to get in touch with us at&nbsp;</span><a href=\"mailto:support@aurobees.com\">support@aurobees.</a>com</p>\r\n</td>\r\n</tr>\r\n</tbody>\r\n</table>\r\n<table style=\"border: 1px solid #ccc; border-radius: 5px;\" border=\"0\" cellspacing=\"0\" cellpadding=\"0\" width=\"100%\">\r\n</table>\r\n<table border=\"0\" cellspacing=\"0\" cellpadding=\"0\" width=\"100%\">\r\n<tbody>\r\n<tr>\r\n<td style=\"color: #696969; font-size: 15px; font-weight: 500; padding-bottom: 2px;\">Regards,</td>\r\n</tr>\r\n<tr>\r\n<td style=\"color: #696969; font-size: 15px; font-weight: 500; padding-bottom: 22px;\"><span>Aurobees</span></td>\r\n</tr>\r\n<tr>\r\n<td style=\"color: #fff; font-size: 15px; font-weight: 500; padding: 10px 0 15px; background-color: #212529;\" align=\"center\">Copyright &copy; 2024 Aurobees - All Rights Reserved.</td>\r\n</tr>\r\n</tbody>\r\n</table>\r\n</td>\r\n</tr>\r\n</tbody>\r\n</table>', NULL, NULL, '2024-12-10 17:49:00'),
(4, 'customer_email_verification', 'Email Verification', '<table style=\"margin: auto; font-family: \'Open Sans\', sans-serif; font-size: 16px;\" border=\"0\" cellspacing=\"0\" cellpadding=\"0\" width=\"100%\">\r\n<tbody>\r\n<tr>\r\n<td style=\"background: #212529; border-radius: 5px 5px 0 0;\">\r\n<table border=\"0\" cellspacing=\"0\" cellpadding=\"0\" width=\"100%\">\r\n<tbody>\r\n<tr>\r\n<td style=\"width: 40%; padding: 8px 15px;\"><a style=\"color: #fff;\" href=\"https://aurobees.projectsdemo.biz/\"><img src=\"https://aurobees.projectsdemo.biz/img/logo.png\" alt=\"logo\" width=\"299px\" height=\"69px\" /></a></td>\r\n<td style=\"width: 60%; color: #fff; padding: 8px 15px;\" align=\"right\"><strong>Date:</strong> {Date}</td>\r\n</tr>\r\n</tbody>\r\n</table>\r\n</td>\r\n</tr>\r\n<tr>\r\n<td style=\"padding: 15px; border: 1px solid #ccc; border-radius: 0px 0px 5px 5px;\">\r\n<table border=\"0\" cellspacing=\"0\" cellpadding=\"0\" width=\"100%\">\r\n<tbody>\r\n<tr>\r\n<td style=\"color: #696969; font-size: 15px; font-weight: 500; padding: 5px 0 15px;\">Dear {Name},</td>\r\n</tr>\r\n<tr>\r\n<td style=\"color: #696969; font-size: 15px; font-weight: 500; padding: 5px 0 15px;\"><a style=\"color: #138be0; text-decoration: none;\" href=\"https://aurobees.projectsdemo.biz/admin/{Link}\">Verify Email</a></td>\r\n</tr>\r\n<tr>\r\n<td style=\"color: #696969; font-size: 15px; font-weight: 500; padding-bottom: 22px;\">Thank you very much for joining Aurobees, we are looking forward to reviewing your qualifications. If you have any questions, please visit our support page! We will be reaching out once you have completed your application.</td>\r\n</tr>\r\n</tbody>\r\n</table>\r\n<table style=\"border: 1px solid #ccc; border-radius: 5px;\" border=\"0\" cellspacing=\"0\" cellpadding=\"0\" width=\"100%\">\r\n</table>\r\n<table border=\"0\" cellspacing=\"0\" cellpadding=\"0\" width=\"100%\">\r\n<tbody>\r\n<tr>\r\n<td style=\"color: #696969; font-size: 15px; font-weight: 500; padding: 20px 0 20px;\">Please feel free to get in touch with our support team at <a style=\"color: #138be0; text-decoration: none;\" href=\"mailto:info@aurobees.com\">info@aurobees.com.</a></td>\r\n</tr>\r\n<tr>\r\n<td style=\"color: #696969; font-size: 15px; font-weight: 500; padding-bottom: 22px;\">Thank you</td>\r\n</tr>\r\n<tr>\r\n<td style=\"color: #696969; font-size: 15px; font-weight: 500; padding-bottom: 2px;\"><span>Aurobees</span></td>\r\n</tr>\r\n<tr>\r\n<td style=\"color: #696969; font-size: 15px; font-weight: 500; padding: 0px 0 20px;\"><a style=\"color: #138be0; text-decoration: none;\" href=\"https://aurobees.projectsdemo.biz/\">www.aurobees.com</a></td>\r\n</tr>\r\n<tr>\r\n<td style=\"color: #f01010; font-size: 15px; font-weight: 500; padding: 15px 0 15px; border-bottom: 1px solid #ccc; border-top: 1px solid #ccc;\">Note: The information transmitted is intended only for the person or entity to which it is addressed and may contain confidential and/or privileged material. Any review, transmission, re-transmission, dissemination or other use of, or taking of any action in reliance upon this information, by persons or entities other than the intended recipient, is prohibited. If you received this email in error, please contact the sender and delete the material from any computer.</td>\r\n</tr>\r\n<tr>\r\n<td style=\"padding: 5px;\">&nbsp;</td>\r\n</tr>\r\n<tr>\r\n<td style=\"color: #fff; font-size: 15px; font-weight: 500; padding: 10px 0 15px; background-color: #212529;\" align=\"center\">Copyright &copy; 2023 Aurobees - All Rights Reserved.</td>\r\n</tr>\r\n</tbody>\r\n</table>\r\n</td>\r\n</tr>\r\n</tbody>\r\n</table>', NULL, NULL, NULL),
(5, 'forgot_password', 'Reset Password', '<table style=\"margin: auto; font-family: \'Open Sans\', sans-serif; font-size: 16px;\" border=\"0\" cellspacing=\"0\" cellpadding=\"0\" width=\"100%\">\r\n<tbody>\r\n<tr>\r\n<td style=\"background: #ffffff; border-radius: 5px 5px 0 0;\">\r\n<table border=\"0\" cellspacing=\"0\" cellpadding=\"0\" width=\"100%\">\r\n<tbody>\r\n<tr>\r\n<td style=\"width: 40%; padding: 8px 15px;\"><a style=\"color: #fff;\" href=\"https://aurobees.projectsdemo.biz\"><img src=\"https://aurobees.projectsdemo.biz/img/logo.png\" alt=\"logo\" width=\"299px\" height=\"69px\" /></a></td>\r\n<td style=\"width: 60%; color: #000; padding: 8px 15px;\" align=\"right\"><br /></td>\r\n</tr>\r\n</tbody>\r\n</table>\r\n</td>\r\n</tr>\r\n<tr>\r\n<td style=\"padding: 15px; border: 1px solid #ccc; border-radius: 0px 0px 5px 5px;\">\r\n<table border=\"0\" cellspacing=\"0\" cellpadding=\"0\" width=\"100%\">\r\n<tbody>\r\n<tr>\r\n<td style=\"color: #696969; font-size: 15px; font-weight: 500; padding: 20px 0 20px;\">\r\n<h1><span style=\"font-size: 15px; font-weight: 500;\">Dear {Name},</span></h1>\r\n<h2><em>OTP for Password Reset is {Otp}.</em></h2>\r\n<p>OTP is valid for 10 minutes.</p>\r\n<p>For any queries, feel free to get in touch with us at <a style=\"color: #138be0; text-decoration: none;\" href=\"mailto:support@aurobees.com\">support@aurobees.com</a>.</p>\r\n</td>\r\n</tr>\r\n<tr>\r\n<td style=\"color: #696969; font-size: 15px; font-weight: 500; padding-bottom: 2px;\">Regards,</td>\r\n</tr>\r\n<tr>\r\n<td style=\"color: #696969; font-size: 15px; font-weight: 500; padding-bottom: 22px;\"><span>Aurobees</span></td>\r\n</tr>\r\n<tr>\r\n<td style=\"color: #fff; font-size: 15px; font-weight: 500; padding: 10px 0 15px; background-color: #212529;\" align=\"center\">Copyright &copy; 2024 Aurobees - All Rights Reserved.</td>\r\n</tr>\r\n</tbody>\r\n</table>\r\n</td>\r\n</tr>\r\n</tbody>\r\n</table>', NULL, NULL, '2024-12-10 17:49:58'),
(6, 'customer_registration_otp', 'OTP for Aurobees signup verification', '<table style=\"margin: auto; font-family: \'Open Sans\', sans-serif; font-size: 16px;\" border=\"0\" cellspacing=\"0\" cellpadding=\"0\" width=\"100%\">\r\n<tbody>\r\n<tr>\r\n<td style=\"background: #ffffff; border-radius: 5px 5px 0 0;\">\r\n<table border=\"0\" cellspacing=\"0\" cellpadding=\"0\" width=\"100%\">\r\n<tbody>\r\n<tr>\r\n<td style=\"width: 40%; padding: 8px 15px;\"><a style=\"color: #fff;\" href=\"https://aurobees.projectsdemo.biz\"><img src=\"https://aurobees.projectsdemo.biz/img/logo.png\" alt=\"logo\" width=\"299px\" height=\"69px\" /></a></td>\r\n<td style=\"width: 60%; color: #000; padding: 8px 15px;\" align=\"right\"><br /></td>\r\n</tr>\r\n</tbody>\r\n</table>\r\n</td>\r\n</tr>\r\n<tr>\r\n<td style=\"padding: 15px; border: 1px solid #ccc; border-radius: 0px 0px 5px 5px;\">\r\n<table border=\"0\" cellspacing=\"0\" cellpadding=\"0\" width=\"100%\">\r\n<tbody>\r\n<tr>\r\n<td style=\"font-size: 15px; font-weight: 500; color: #696969; word-spacing: normal; inset: 0pt;\">\r\n<p>Dear {Name},</p>\r\n<p><span><strong><em>OTP for signup verification is {Otp}.</em></strong></span></p>\r\n<p><span>OTP is valid for 10 minutes.</span></p>\r\n<p><span style=\"word-spacing: normal;\">Regards,</span></p>\r\n</td>\r\n</tr>\r\n<tr>\r\n<td style=\"font-size: 15px; font-weight: 500; color: #696969; word-spacing: normal; inset: 0pt;\">\r\n<p><span style=\"font-size: medium; word-spacing: normal; text-align: justify;\">Aurobees</span></p>\r\n</td>\r\n</tr>\r\n<tr>\r\n<td style=\"color: #fff; font-size: 15px; font-weight: 500; padding: 10px 0 15px; background-color: #212529;\" align=\"center\">Copyright &copy; 2024 Aurobees - All Rights Reserved.</td>\r\n</tr>\r\n</tbody>\r\n</table>\r\n</td>\r\n</tr>\r\n</tbody>\r\n</table>', NULL, NULL, '2024-12-10 17:41:26'),
(7, 'customer_welcome', 'You are officially a member of Aurobees', '<table style=\"margin: auto; font-family: \'Open Sans\', sans-serif; font-size: 16px;\" border=\"0\" cellspacing=\"0\" cellpadding=\"0\" width=\"100%\">\r\n<tbody>\r\n<tr>\r\n<td style=\"background: #ffffff; border-radius: 5px 5px 0 0;\">\r\n<table border=\"0\" cellspacing=\"0\" cellpadding=\"0\" width=\"100%\">\r\n<tbody>\r\n<tr>\r\n<td style=\"width: 40%; padding: 8px 15px;\"><a style=\"color: #fff;\" href=\"https://aurobees.projectsdemo.biz\"><img src=\"https://aurobees.projectsdemo.biz/img/logo.png\" alt=\"logo\" width=\"299px\" height=\"69px\" /></a></td>\r\n<td style=\"width: 60%; color: #000; padding: 8px 15px;\" align=\"right\"><br /></td>\r\n</tr>\r\n</tbody>\r\n</table>\r\n</td>\r\n</tr>\r\n<tr>\r\n<td style=\"padding: 15px; border: 1px solid #ccc; border-radius: 0px 0px 5px 5px;\">\r\n<table border=\"0\" cellspacing=\"0\" cellpadding=\"0\" width=\"100%\">\r\n<tbody>\r\n<tr>\r\n<td style=\"color: #696969; font-size: 15px; font-weight: 500; padding: 5px 0 15px;\">Dear {Name},</td>\r\n</tr>\r\n<tr>\r\n<td style=\"color: #696969; font-size: 15px; font-weight: 500; padding-bottom: 20px;\">\r\n<p>Congratulations on successful sign up! Aurobees welcomes you on board.</p>\r\n<p>We strive to provide exceptional experiences and opportunities for our                                     members, and is confident that you will find immense value in being a part of our                                     platform. Now that your sign-up process is complete, you have unlocked a world of                                     opportunities.</p>\r\n<p><span>For any queries, feel free to get in touch with us at&nbsp;</span><a href=\"mailto:support@aurobees.com\">support@aurobees.com</a><span>.</span></p>\r\n</td>\r\n</tr>\r\n</tbody>\r\n</table>\r\n<table border=\"0\" cellspacing=\"0\" cellpadding=\"0\" width=\"100%\">\r\n<tbody>\r\n<tr>\r\n<td style=\"color: #696969; font-size: 15px; font-weight: 500; padding-bottom: 2px;\">Regards,</td>\r\n</tr>\r\n<tr>\r\n<td style=\"color: #696969; font-size: 15px; font-weight: 500; padding-bottom: 22px;\"><span>Aurobees</span></td>\r\n</tr>\r\n<tr>\r\n<td style=\"color: #fff; font-size: 15px; font-weight: 500; padding: 10px 0 15px; background-color: #212529;\" align=\"center\">Copyright &copy; 2024 Aurobees - All Rights Reserved.</td>\r\n</tr>\r\n</tbody>\r\n</table>\r\n</td>\r\n</tr>\r\n</tbody>\r\n</table>', NULL, NULL, '2024-12-10 17:50:16'),
(8, 'customer_subscribe_plan_free_trial', 'Aurobees Free Trail Subscribed', '<table style=\"margin: auto; font-family: \'Open Sans\', sans-serif; font-size: 16px;\" border=\"0\" cellspacing=\"0\" cellpadding=\"0\" width=\"100%\">\r\n<tbody>\r\n<tr>\r\n<td style=\"background: #ffffff; border-radius: 5px 5px 0 0;\">\r\n<table border=\"0\" cellspacing=\"0\" cellpadding=\"0\" width=\"100%\">\r\n<tbody>\r\n<tr>\r\n<td style=\"width: 40%; padding: 8px 15px;\"><a style=\"color: #fff;\" href=\"https://aurobees.projectsdemo.biz\"><img src=\"https://aurobees.projectsdemo.biz/img/logo.png\" alt=\"logo\" width=\"299px\" height=\"69px\" /></a></td>\r\n<td style=\"width: 60%; color: #000; padding: 8px 15px;\" align=\"right\"><br /></td>\r\n</tr>\r\n</tbody>\r\n</table>\r\n</td>\r\n</tr>\r\n<tr>\r\n<td style=\"padding: 15px; border: 1px solid #ccc; border-radius: 0px 0px 5px 5px;\">\r\n<table border=\"0\" cellspacing=\"0\" cellpadding=\"0\" width=\"100%\">\r\n<tbody>\r\n<tr>\r\n<td style=\"color: #696969; font-size: 15px; font-weight: 500; padding: 5px 0 15px;\">Dear {Name},</td>\r\n</tr>\r\n<tr>\r\n<td style=\"color: #696969; font-size: 15px; font-weight: 500; padding-bottom: 20px;\">\r\n<p>Thank you for subscribing&nbsp;<span>{SubscriptionName} (<span>{PlanName}).</span></span></p>\r\n<p>Your login credentials will be sent to your email id within 24 hours.</p>\r\n<p>For any queries, feel free to get in touch with us at&nbsp;<a href=\"mailto:support@aurobees.com\">support@aurobees.com</a>.</p>\r\n</td>\r\n</tr>\r\n</tbody>\r\n</table>\r\n<table border=\"0\" cellspacing=\"0\" cellpadding=\"0\" width=\"100%\">\r\n<tbody>\r\n<tr>\r\n<td style=\"color: #696969; font-size: 15px; font-weight: 500; padding-bottom: 2px;\">Regards,</td>\r\n</tr>\r\n<tr>\r\n<td style=\"color: #696969; font-size: 15px; font-weight: 500; padding-bottom: 22px;\"><span>Aurobees</span></td>\r\n</tr>\r\n<tr>\r\n<td style=\"color: #fff; font-size: 15px; font-weight: 500; padding: 10px 0 15px; background-color: #212529;\" align=\"center\">Copyright &copy; 2024 Aurobees - All Rights Reserved.</td>\r\n</tr>\r\n</tbody>\r\n</table>\r\n</td>\r\n</tr>\r\n</tbody>\r\n</table>', NULL, NULL, '2024-07-16 17:58:32'),
(9, 'customer_subscribe_plan_paid', 'Payment successful for Aurobees', '<table style=\"margin: auto; font-family: \'Open Sans\', sans-serif; font-size: 16px;\" border=\"0\" cellspacing=\"0\" cellpadding=\"0\" width=\"100%\">\n<tbody>\n<tr>\n<td style=\"background: #ffffff; border-radius: 5px 5px 0 0;\">\n<table border=\"0\" cellspacing=\"0\" cellpadding=\"0\" width=\"100%\">\n<tbody>\n<tr>\n<td style=\"width: 40%; padding: 8px 15px;\"><a style=\"color: #fff;\" href=\"https://aurobees.projectsdemo.biz\"><img src=\"https://aurobees.projectsdemo.biz/img/logo.png\" alt=\"logo\" width=\"299px\" height=\"69px\" /></a></td>\n<td style=\"width: 60%; color: #000; padding: 8px 15px;\" align=\"right\"><br /></td>\n</tr>\n</tbody>\n</table>\n</td>\n</tr>\n<tr>\n<td style=\"padding: 15px; border: 1px solid #ccc; border-radius: 0px 0px 5px 5px;\">\n<table border=\"0\" cellspacing=\"0\" cellpadding=\"0\" width=\"100%\">\n<tbody>\n<tr>\n<td style=\"color: #696969; font-size: 15px; font-weight: 500; padding: 5px 0 15px;\">Dear {Name},</td>\n</tr>\n<tr>\n<td style=\"color: #696969; font-size: 15px; font-weight: 500; padding-bottom: 20px;\">\n<p>We would like to inform that your payment has been received and subscription is successful. On behalf of Aurobees, we are grateful to have you as a valued subscriber and look forward to serving you with utmost dedication and commitment.</p>\n<p><span>Your login credentials will be sent to your email id within 24 hours.</span></p>\n</td>\n</tr>\n</tbody>\n</table>\n<table border=\"0\" cellspacing=\"0\" cellpadding=\"0\" width=\"100%\">\n<tbody>\n<tr>\n<td style=\"color: #696969; font-size: 14px; padding: 12px 20px; border-bottom: 1px solid #ccc;\" colspan=\"2\">\n<h2>Payment Details</h2>\n</td>\n</tr>\n<tr>\n<td style=\"color: #696969; font-size: 14px; padding: 12px 20px; border-bottom: 1px solid #ccc;\"><strong>Subscription Plan:</strong></td>\n<td style=\"color: #696969; font-size: 14px; padding: 12px 20px; border-bottom: 1px solid #ccc;\">{SubscriptionName} ({PlanName})</td>\n</tr>\n<tr>\n<td style=\"color: #696969; font-size: 14px; padding: 12px 20px; border-bottom: 1px solid #ccc;\"><strong>Payment Amount:</strong></td>\n<td style=\"color: #696969; font-size: 14px; padding: 12px 20px; border-bottom: 1px solid #ccc;\">{CurrencyCode} {Amount}</td>\n</tr>\n<tr>\n<td style=\"color: #696969; font-size: 14px; padding: 12px 20px; border-bottom: 1px solid #ccc;\"><strong>Payment Method:</strong></td>\n<td style=\"color: #696969; font-size: 14px; padding: 12px 20px; border-bottom: 1px solid #ccc;\">Offline</td>\n</tr>\n<tr>\n<td style=\"color: #696969; font-size: 14px; padding: 12px 20px; border-bottom: 1px solid #ccc;\"><strong>Payment Date:</strong></td>\n<td style=\"color: #696969; font-size: 14px; padding: 12px 20px; border-bottom: 1px solid #ccc;\">{Date}</td>\n</tr>\n</tbody>\n</table>\n<table border=\"0\" cellspacing=\"0\" cellpadding=\"0\" width=\"100%\">\n<tbody>\n<tr>\n<td style=\"color: #696969; font-size: 15px; font-weight: 500; padding-bottom: 20px;\">\n<p>&nbsp;</p>\n<p>For any queries, feel free to get in touch with us at&nbsp;<a href=\"mailto:support@aurobees.com\">support@aurobees.com</a>.</p>\n</td>\n</tr>\n</tbody>\n</table>\n<table border=\"0\" cellspacing=\"0\" cellpadding=\"0\" width=\"100%\">\n<tbody>\n<tr>\n<td style=\"color: #696969; font-size: 15px; font-weight: 500; padding-bottom: 2px;\">Regards,</td>\n</tr>\n<tr>\n<td style=\"color: #696969; font-size: 15px; font-weight: 500; padding-bottom: 22px;\"><span>Aurobees</span></td>\n</tr>\n<tr>\n<td style=\"color: #fff; font-size: 15px; font-weight: 500; padding: 10px 0 15px; background-color: #212529;\" align=\"center\">Copyright &copy; 2024 Aurobees - All Rights Reserved.</td>\n</tr>\n</tbody>\n</table>\n</td>\n</tr>\n</tbody>\n</table>', NULL, NULL, '2024-03-19 15:38:26'),
(10, 'admin_contact_us', 'Contact Us', '<table style=\"margin: auto; font-family: \'Open Sans\', sans-serif; font-size: 16px;\" border=\"0\" cellspacing=\"0\" cellpadding=\"0\" width=\"100%\">\r\n<tbody>\r\n<tr>\r\n<td style=\"background: #ffffff; border-radius: 5px 5px 0 0;\">\r\n<table border=\"0\" cellspacing=\"0\" cellpadding=\"0\" width=\"100%\">\r\n<tbody>\r\n<tr>\r\n<td style=\"width: 40%; padding: 8px 15px;\"><a style=\"color: #fff;\" href=\"https://aurobees.projectsdemo.biz\"><img src=\"https://aurobees.projectsdemo.biz/img/logo.png\" alt=\"logo\" width=\"299px\" height=\"69px\" /></a></td>\r\n<td style=\"width: 60%; color: #000; padding: 8px 15px;\" align=\"right\"><strong>Date:</strong>{Date}</td>\r\n</tr>\r\n</tbody>\r\n</table>\r\n</td>\r\n</tr>\r\n<tr>\r\n<td style=\"padding: 15px; border: 1px solid #ccc; border-radius: 0px 0px 5px 5px;\">\r\n<table border=\"0\" cellspacing=\"0\" cellpadding=\"0\" width=\"100%\">\r\n<tbody>\r\n<tr>\r\n<td style=\"color: #696969; font-size: 15px; font-weight: 500; padding: 5px 0 15px;\">Dear Admin,</td>\r\n</tr>\r\n<tr>\r\n<td style=\"color: #696969; font-size: 15px; font-weight: 500; padding-bottom: 20px;\">\r\n<p>Thank                                     you very much for Contact us aurobees, we are looking forward to reviewing your                                     qualifications. If you have any questions, please visit our support page! We will be                                     reaching out once you have completed your application.</p>\r\n</td>\r\n</tr>\r\n</tbody>\r\n</table>\r\n<table style=\"border: 1px solid #ccc; border-radius: 5px;\" cellspacing=\"0\" cellpadding=\"0\" width=\"100%\">\r\n<tbody>\r\n<tr>\r\n<td style=\"color: #696969; font-size: 14px; padding: 12px 20px; border-bottom: 1px solid #ccc;\"><strong>Full Name:</strong></td>\r\n<td style=\"color: #696969; font-size: 14px; padding: 12px 20px; border-bottom: 1px solid #ccc;\">{Name}</td>\r\n</tr>\r\n<tr>\r\n<td style=\"color: #696969; font-size: 14px; padding: 12px 20px; border-bottom: 1px solid #ccc;\"><strong>Email:</strong></td>\r\n<td style=\"color: #696969; font-size: 14px; padding: 12px 20px; border-bottom: 1px solid #ccc;\">{Email}</td>\r\n</tr>\r\n<tr>\r\n<td style=\"color: #696969; font-size: 14px; padding: 12px 20px; border-bottom: 1px solid #ccc;\"><strong>Calling Code:</strong></td>\r\n<td style=\"color: #696969; font-size: 14px; padding: 12px 20px; border-bottom: 1px solid #ccc;\">{CallingCode}</td>\r\n</tr>\r\n<tr>\r\n<td style=\"color: #696969; font-size: 14px; padding: 12px 20px; border-bottom: 1px solid #ccc;\"><strong>Phone:</strong></td>\r\n<td style=\"color: #696969; font-size: 14px; padding: 12px 20px; border-bottom: 1px solid #ccc;\">{Phone}</td>\r\n</tr>\r\n</tbody>\r\n</table>\r\n<table border=\"0\" cellspacing=\"0\" cellpadding=\"0\" width=\"100%\">\r\n<tbody>\r\n<tr>\r\n<td style=\"color: #696969; font-size: 15px; font-weight: 500; padding: 20px 0 20px;\">For any queries, feel free to get in touch with us at <a style=\"color: #138be0; text-decoration: none;\" href=\"mailto:support@aurobees.com\">support@aurobees.com</a>.</td>\r\n</tr>\r\n<tr>\r\n<td style=\"color: #696969; font-size: 15px; font-weight: 500; padding-bottom: 2px;\">Regards,</td>\r\n</tr>\r\n<tr>\r\n<td style=\"color: #696969; font-size: 15px; font-weight: 500; padding-bottom: 22px;\"><span>Aurobees</span></td>\r\n</tr>\r\n<tr>\r\n<td style=\"color: #696969; font-size: 15px; font-weight: 500; padding-bottom: 2px;\"><span>Aurionpro Solutions Pte Ltd</span></td>\r\n</tr>\r\n<tr>\r\n<td style=\"color: #696969; font-size: 15px; font-weight: 500; padding: 0px 0 20px;\"><a style=\"color: #138be0; text-decoration: none;\" href=\"https://aurobees.projectsdemo.biz\">www.aurobees.com</a></td>\r\n</tr>\r\n<tr>\r\n<td style=\"padding: 5px;\">&nbsp;</td>\r\n</tr>\r\n<tr>\r\n<td style=\"color: #fff; font-size: 15px; font-weight: 500; padding: 10px 0 15px; background-color: #212529;\" align=\"center\">Copyright &copy; 2024 Aurobees - All Rights Reserved.</td>\r\n</tr>\r\n</tbody>\r\n</table>\r\n</td>\r\n</tr>\r\n</tbody>\r\n</table>', NULL, NULL, '2023-12-29 08:01:52'),
(11, 'customer_contact_us', 'Contact Us', '<table style=\"margin: auto; font-family: \'Open Sans\', sans-serif; font-size: 16px;\" border=\"0\" cellspacing=\"0\" cellpadding=\"0\" width=\"100%\">\r\n<tbody>\r\n<tr>\r\n<td style=\"background: #ffffff; border-radius: 5px 5px 0 0;\">\r\n<table border=\"0\" cellspacing=\"0\" cellpadding=\"0\" width=\"100%\">\r\n<tbody>\r\n<tr>\r\n<td style=\"width: 40%; padding: 8px 15px;\"><a style=\"color: #fff;\" href=\"https://aurobees.projectsdemo.biz\"><img src=\"https://aurobees.projectsdemo.biz/img/logo.png\" alt=\"logo\" width=\"299px\" height=\"69px\" /></a></td>\r\n<td style=\"width: 60%; color: #000; padding: 8px 15px;\" align=\"right\"><strong>Date:</strong>{Date}</td>\r\n</tr>\r\n</tbody>\r\n</table>\r\n</td>\r\n</tr>\r\n<tr>\r\n<td style=\"padding: 15px; border: 1px solid #ccc; border-radius: 0px 0px 5px 5px;\">\r\n<table border=\"0\" cellspacing=\"0\" cellpadding=\"0\" width=\"100%\">\r\n<tbody>\r\n<tr>\r\n<td style=\"color: #696969; font-size: 15px; font-weight: 500; padding: 5px 0 15px;\">Dear {Name},</td>\r\n</tr>\r\n<tr>\r\n<td style=\"color: #696969; font-size: 15px; font-weight: 500; padding-bottom: 20px;\">\r\n<p>Thanks for contact us.</p>\r\n</td>\r\n</tr>\r\n</tbody>\r\n</table>\r\n<table border=\"0\" cellspacing=\"0\" cellpadding=\"0\" width=\"100%\">\r\n<tbody>\r\n<tr>\r\n<td style=\"color: #696969; font-size: 15px; font-weight: 500; padding: 20px 0 20px;\">For any queries, feel free to get in touch with us at <a style=\"color: #138be0; text-decoration: none;\" href=\"mailto:support@aurobees.com\">support@aurobees.com</a>.</td>\r\n</tr>\r\n<tr>\r\n<td style=\"color: #696969; font-size: 15px; font-weight: 500; padding-bottom: 2px;\">Regards,</td>\r\n</tr>\r\n<tr>\r\n<td style=\"color: #696969; font-size: 15px; font-weight: 500; padding-bottom: 22px;\"><span>Aurobees</span></td>\r\n</tr>\r\n<tr>\r\n<td style=\"color: #696969; font-size: 15px; font-weight: 500; padding-bottom: 2px;\"><span>Aurionpro Solutions Pte Ltd</span></td>\r\n</tr>\r\n<tr>\r\n<td style=\"color: #696969; font-size: 15px; font-weight: 500; padding: 0px 0 20px;\"><a style=\"color: #138be0; text-decoration: none;\" href=\"https://aurobees.projectsdemo.biz\">www.aurobees.com</a></td>\r\n</tr>\r\n<tr>\r\n<td style=\"padding: 5px;\">&nbsp;</td>\r\n</tr>\r\n<tr>\r\n<td style=\"color: #fff; font-size: 15px; font-weight: 500; padding: 10px 0 15px; background-color: #212529;\" align=\"center\">Copyright &copy; 2024 Aurobees - All Rights Reserved.</td>\r\n</tr>\r\n</tbody>\r\n</table>\r\n</td>\r\n</tr>\r\n</tbody>\r\n</table>', NULL, NULL, '2023-12-29 08:02:42'),
(12, 'admin_event', 'Event', '<table style=\"margin: auto; font-family: \'Open Sans\', sans-serif; font-size: 16px;\" border=\"0\" cellspacing=\"0\" cellpadding=\"0\" width=\"100%\">\r\n<tbody>\r\n<tr>\r\n<td style=\"background: #ffffff; border-radius: 5px 5px 0 0;\">\r\n<table border=\"0\" cellspacing=\"0\" cellpadding=\"0\" width=\"100%\">\r\n<tbody>\r\n<tr>\r\n<td style=\"width: 40%; padding: 8px 15px;\"><a style=\"color: #fff;\" href=\"https://aurobees.projectsdemo.biz\"><img src=\"https://aurobees.projectsdemo.biz/img/logo.png\" alt=\"logo\" width=\"299px\" height=\"69px\" /></a></td>\r\n<td style=\"width: 60%; color: #000; padding: 8px 15px;\" align=\"right\"><strong>Date:</strong>{Date}</td>\r\n</tr>\r\n</tbody>\r\n</table>\r\n</td>\r\n</tr>\r\n<tr>\r\n<td style=\"padding: 15px; border: 1px solid #ccc; border-radius: 0px 0px 5px 5px;\">\r\n<table border=\"0\" cellspacing=\"0\" cellpadding=\"0\" width=\"100%\">\r\n<tbody>\r\n<tr>\r\n<td style=\"color: #696969; font-size: 15px; font-weight: 500; padding: 5px 0 15px;\">Dear Admin,</td>\r\n</tr>\r\n<tr>\r\n<td style=\"color: #696969; font-size: 15px; font-weight: 500; padding-bottom: 20px;\">\r\n<p>Event Details:.</p>\r\n</td>\r\n</tr>\r\n</tbody>\r\n</table>\r\n<table style=\"border: 1px solid #ccc; border-radius: 5px;\" cellspacing=\"0\" cellpadding=\"0\" width=\"100%\">\r\n<tbody>\r\n<tr>\r\n<td style=\"color: #696969; font-size: 14px; padding: 12px 20px; border-bottom: 1px solid #ccc;\"><strong>Full Name:</strong></td>\r\n<td style=\"color: #696969; font-size: 14px; padding: 12px 20px; border-bottom: 1px solid #ccc;\">{Name}</td>\r\n</tr>\r\n<tr>\r\n<td style=\"color: #696969; font-size: 14px; padding: 12px 20px; border-bottom: 1px solid #ccc;\"><strong>Email:</strong></td>\r\n<td style=\"color: #696969; font-size: 14px; padding: 12px 20px; border-bottom: 1px solid #ccc;\">{Email}</td>\r\n</tr>\r\n<tr>\r\n<td style=\"color: #696969; font-size: 14px; padding: 12px 20px; border-bottom: 1px solid #ccc;\"><strong>Calling Code:</strong></td>\r\n<td style=\"color: #696969; font-size: 14px; padding: 12px 20px; border-bottom: 1px solid #ccc;\">{CallingCode}</td>\r\n</tr>\r\n<tr>\r\n<td style=\"color: #696969; font-size: 14px; padding: 12px 20px; border-bottom: 1px solid #ccc;\"><strong>Phone:</strong></td>\r\n<td style=\"color: #696969; font-size: 14px; padding: 12px 20px; border-bottom: 1px solid #ccc;\">{Phone}</td>\r\n</tr>\r\n<tr>\r\n<td style=\"color: #696969; font-size: 14px; padding: 12px 20px; border-bottom: 1px solid #ccc;\"><strong>Event Name:</strong></td>\r\n<td style=\"color: #696969; font-size: 14px; padding: 12px 20px; border-bottom: 1px solid #ccc;\">{EventName}</td>\r\n</tr>\r\n<tr>\r\n<td style=\"color: #696969; font-size: 14px; padding: 12px 20px; border-bottom: 1px solid #ccc;\"><strong>Event Date:</strong></td>\r\n<td style=\"color: #696969; font-size: 14px; padding: 12px 20px; border-bottom: 1px solid #ccc;\">{EventDate}</td>\r\n</tr>\r\n</tbody>\r\n</table>\r\n<table border=\"0\" cellspacing=\"0\" cellpadding=\"0\" width=\"100%\">\r\n<tbody>\r\n<tr>\r\n<td style=\"color: #696969; font-size: 15px; font-weight: 500; padding: 20px 0 20px;\">For any queries, feel free to get in touch with us at <a style=\"color: #138be0; text-decoration: none;\" href=\"mailto:support@aurobees.com\">support@aurobees.com</a>.</td>\r\n</tr>\r\n<tr>\r\n<td style=\"color: #696969; font-size: 15px; font-weight: 500; padding-bottom: 2px;\">Regards,</td>\r\n</tr>\r\n<tr>\r\n<td style=\"color: #696969; font-size: 15px; font-weight: 500; padding-bottom: 22px;\"><span>Aurobees</span></td>\r\n</tr>\r\n<tr>\r\n<td style=\"color: #696969; font-size: 15px; font-weight: 500; padding-bottom: 2px;\"><span>Aurionpro Solutions Pvt Ltd</span></td>\r\n</tr>\r\n<tr>\r\n<td style=\"color: #696969; font-size: 15px; font-weight: 500; padding: 0px 0 20px;\"><a style=\"color: #138be0; text-decoration: none;\" href=\"https://aurobees.projectsdemo.biz\">www.aurobees.com</a></td>\r\n</tr>\r\n<tr>\r\n<td style=\"color: #fff; font-size: 15px; font-weight: 500; padding: 10px 0 15px; background-color: #212529;\" align=\"center\">Copyright &copy; 2024 Aurobees - All Rights Reserved.</td>\r\n</tr>\r\n</tbody>\r\n</table>\r\n</td>\r\n</tr>\r\n</tbody>\r\n</table>', NULL, NULL, '2024-12-10 17:51:26'),
(13, 'customer_event', 'Event', '<table style=\"margin: auto; font-family: \'Open Sans\', sans-serif; font-size: 16px;\" border=\"0\" cellspacing=\"0\" cellpadding=\"0\" width=\"100%\">\r\n<tbody>\r\n<tr>\r\n<td style=\"background: #ffffff; border-radius: 5px 5px 0 0;\">\r\n<table border=\"0\" cellspacing=\"0\" cellpadding=\"0\" width=\"100%\">\r\n<tbody>\r\n<tr>\r\n<td style=\"width: 40%; padding: 8px 15px;\"><a style=\"color: #fff;\" href=\"http://127.0.0.1:8000\"><img src=\"https://aurobees.projectsdemo.biz/img/logo.png\" alt=\"logo\" width=\"299px\" height=\"69px\" /></a></td>\r\n<td style=\"width: 60%; color: #000; padding: 8px 15px;\" align=\"right\"><strong>Date:</strong>{Date}</td>\r\n</tr>\r\n</tbody>\r\n</table>\r\n</td>\r\n</tr>\r\n<tr>\r\n<td style=\"padding: 15px; border: 1px solid #ccc; border-radius: 0px 0px 5px 5px;\">\r\n<table border=\"0\" cellspacing=\"0\" cellpadding=\"0\" width=\"100%\">\r\n<tbody>\r\n<tr>\r\n<td style=\"color: #696969; font-size: 15px; font-weight: 500; padding: 5px 0 15px;\">Dear {Name},</td>\r\n</tr>\r\n<tr>\r\n<td style=\"color: #696969; font-size: 15px; font-weight: 500; padding-bottom: 20px;\">\r\n<p>Thanks for Joining The Event.</p>\r\n<p><strong>Event Details:</strong></p>\r\n<p><strong>Event Name: </strong>{EventName}</p>\r\n<p><strong>Event Date: </strong>{EventDate}</p>\r\n<p><strong>Zoom Meeting Link: </strong>{EventZoomLink}</p>\r\n<p><strong>Zoom Meeting ID: </strong>{EventZoomID}</p>\r\n<p><strong>Zoom Metting Password: </strong>{EventZoomPassword}</p>\r\n<p>{EventDescription}</p>\r\n</td>\r\n</tr>\r\n</tbody>\r\n</table>\r\n<table border=\"0\" cellspacing=\"0\" cellpadding=\"0\" width=\"100%\">\r\n<tbody>\r\n<tr>\r\n<td style=\"color: #696969; font-size: 15px; font-weight: 500; padding: 20px 0 20px;\">For any queries, feel free to get in touch with us at <a style=\"color: #138be0; text-decoration: none;\" href=\"mailto:support@aurobees.com\">support@aurobees.com</a>.</td>\r\n</tr>\r\n<tr>\r\n<td style=\"color: #696969; font-size: 15px; font-weight: 500; padding-bottom: 2px;\">Regards,</td>\r\n</tr>\r\n<tr>\r\n<td style=\"color: #696969; font-size: 15px; font-weight: 500; padding-bottom: 22px;\"><span>Aurobees</span></td>\r\n</tr>\r\n<tr>\r\n<td style=\"color: #696969; font-size: 15px; font-weight: 500; padding-bottom: 2px;\"><span>Aurionpro Solutions Pte Ltd</span></td>\r\n</tr>\r\n<tr>\r\n<td style=\"color: #696969; font-size: 15px; font-weight: 500; padding: 0px 0 20px;\"><a style=\"color: #138be0; text-decoration: none;\" href=\"http://127.0.0.1:8000\">www.aurobees.com</a></td>\r\n</tr>\r\n<tr>\r\n<td style=\"padding: 5px;\">&nbsp;</td>\r\n</tr>\r\n<tr>\r\n<td style=\"color: #fff; font-size: 15px; font-weight: 500; padding: 10px 0 15px; background-color: #212529;\" align=\"center\">Copyright &copy; 2024 Aurobees - All Rights Reserved.</td>\r\n</tr>\r\n</tbody>\r\n</table>\r\n</td>\r\n</tr>\r\n</tbody>\r\n</table>', NULL, NULL, '2024-10-22 07:37:26'),
(14, 'finance_team_subscribe_plan_paid', 'Customer payment successful for Aurobees', '<table style=\"margin: auto; font-family: \'Open Sans\', sans-serif; font-size: 16px;\" border=\"0\" cellspacing=\"0\" cellpadding=\"0\" width=\"100%\">\r\n<tbody>\r\n<tr>\r\n<td style=\"background: #ffffff; border-radius: 5px 5px 0 0;\">\r\n<table border=\"0\" cellspacing=\"0\" cellpadding=\"0\" width=\"100%\">\r\n<tbody>\r\n<tr>\r\n<td style=\"width: 40%; padding: 8px 15px;\"><a style=\"color: #fff;\" href=\"https://aurobees.projectsdemo.biz\"><img src=\"https://aurobees.projectsdemo.biz/img/logo.png\" alt=\"logo\" width=\"299px\" height=\"69px\" /></a></td>\r\n<td style=\"width: 60%; color: #000; padding: 8px 15px;\" align=\"right\"><strong>Date:</strong>{Date}</td>\r\n</tr>\r\n</tbody>\r\n</table>\r\n</td>\r\n</tr>\r\n<tr>\r\n<td style=\"padding: 15px; border: 1px solid #ccc; border-radius: 0px 0px 5px 5px;\">\r\n<table border=\"0\" cellspacing=\"0\" cellpadding=\"0\" width=\"100%\">\r\n<tbody>\r\n<tr>\r\n<td style=\"color: #696969; font-size: 15px; font-weight: 500; padding: 5px 0 15px;\">Dear Finance Team,</td>\r\n</tr>\r\n<tr>\r\n<td style=\"color: #696969; font-size: 15px; font-weight: 500; padding-bottom: 20px;\">Payment has been received for the following customer:</td>\r\n</tr>\r\n</tbody>\r\n</table>\r\n<table border=\"0\" cellspacing=\"0\" cellpadding=\"0\" width=\"100%\">\r\n<tbody>\r\n<tr>\r\n<td style=\"color: #696969; font-size: 14px; padding: 12px 20px; border-bottom: 1px solid #ccc;\" colspan=\"2\">\r\n<h2>Lob Details:</h2>\r\n</td>\r\n</tr>\r\n<tr>\r\n<td style=\"color: #696969; font-size: 14px; padding: 12px 20px; border-bottom: 1px solid #ccc;\"><strong>Subscription Plan:</strong></td>\r\n<td style=\"color: #696969; font-size: 14px; padding: 12px 20px; border-bottom: 1px solid #ccc;\">{SubscriptionName}({PlanName})</td>\r\n</tr>\r\n<tr>\r\n<td style=\"color: #696969; font-size: 14px; padding: 12px 20px; border-bottom: 1px solid #ccc;\"><strong>Payment Amount:</strong></td>\r\n<td style=\"color: #696969; font-size: 14px; padding: 12px 20px; border-bottom: 1px solid #ccc;\">{CurrencyCode} {Amount}</td>\r\n</tr>\r\n<tr>\r\n<td style=\"color: #696969; font-size: 14px; padding: 12px 20px; border-bottom: 1px solid #ccc;\"><strong>Payment Method:</strong></td>\r\n<td style=\"color: #696969; font-size: 14px; padding: 12px 20px; border-bottom: 1px solid #ccc;\"><span>{TransactionPaymentMode}</span></td>\r\n</tr>\r\n<tr>\r\n<td style=\"color: #696969; font-size: 14px; padding: 12px 20px; border-bottom: 1px solid #ccc;\"><strong>Transaction ID:</strong></td>\r\n<td style=\"color: #696969; font-size: 14px; padding: 12px 20px; border-bottom: 1px solid #ccc;\">{TransactionID}</td>\r\n</tr>\r\n<tr>\r\n<td style=\"color: #696969; font-size: 14px; padding: 12px 20px; border-bottom: 1px solid #ccc;\"><strong>Payment Date:</strong></td>\r\n<td style=\"color: #696969; font-size: 14px; padding: 12px 20px; border-bottom: 1px solid #ccc;\">{Date}</td>\r\n</tr>\r\n<tr>\r\n<td style=\"color: #696969; font-size: 14px; padding: 12px 20px; border-bottom: 1px solid #ccc;\"><strong>Contact Number:</strong></td>\r\n<td style=\"color: #696969; font-size: 14px; padding: 12px 20px; border-bottom: 1px solid #ccc;\">{Phone}</td>\r\n</tr>\r\n<tr>\r\n<td style=\"color: #696969; font-size: 14px; padding: 12px 20px; border-bottom: 1px solid #ccc;\"><strong>Email ID:</strong></td>\r\n<td style=\"color: #696969; font-size: 14px; padding: 12px 20px; border-bottom: 1px solid #ccc;\">{Email}</td>\r\n</tr>\r\n<tr>\r\n<td style=\"color: #696969; font-size: 14px; padding: 12px 20px; border-bottom: 1px solid #ccc;\"><strong>Subscription Addons Name:</strong></td>\r\n<td style=\"color: #696969; font-size: 14px; padding: 12px 20px; border-bottom: 1px solid #ccc;\">{SubscriptionAddonsName}</td>\r\n</tr>\r\n</tbody>\r\n</table>\r\n<table border=\"0\" cellspacing=\"0\" cellpadding=\"0\" width=\"100%\">\r\n<tbody>\r\n<tr>\r\n<td style=\"color: #696969; font-size: 15px; font-weight: 500; padding: 20px 0 20px;\">For any queries, feel free to get in touch with us at <a style=\"color: #138be0; text-decoration: none;\" href=\"mailto:support@aurobees.com\">support@aurobees.com</a>.</td>\r\n</tr>\r\n<tr>\r\n<td style=\"color: #696969; font-size: 15px; font-weight: 500; padding-bottom: 2px;\">Regards,</td>\r\n</tr>\r\n<tr>\r\n<td style=\"color: #696969; font-size: 15px; font-weight: 500; padding-bottom: 22px;\"><span>Aurobees</span></td>\r\n</tr>\r\n<tr>\r\n<td style=\"color: #696969; font-size: 15px; font-weight: 500; padding-bottom: 2px;\"><span>Aurionpro Solutions Pte Ltd</span></td>\r\n</tr>\r\n<tr>\r\n<td style=\"color: #696969; font-size: 15px; font-weight: 500; padding: 0px 0 20px;\"><a style=\"color: #138be0; text-decoration: none;\" href=\"https://aurobees.projectsdemo.biz\">www.aurobees.com</a></td>\r\n</tr>\r\n<tr>\r\n<td style=\"padding: 5px;\">&nbsp;</td>\r\n</tr>\r\n<tr>\r\n<td style=\"color: #fff; font-size: 15px; font-weight: 500; padding: 10px 0 15px; background-color: #212529;\" align=\"center\">Copyright &copy; 2024 Aurobees - All Rights Reserved.</td>\r\n</tr>\r\n</tbody>\r\n</table>\r\n</td>\r\n</tr>\r\n</tbody>\r\n</table>', NULL, NULL, '2024-11-11 10:01:39');
INSERT INTO `email_management` (`id`, `key`, `title`, `template`, `file`, `created_at`, `updated_at`) VALUES
(15, 'support_team_subscribe_plan_paid', 'New LOB Subscription mail', '<table style=\"margin: auto; font-family: \'Open Sans\', sans-serif; font-size: 16px;\" border=\"0\" cellspacing=\"0\" cellpadding=\"0\" width=\"100%\">\r\n<tbody>\r\n<tr>\r\n<td style=\"background: #ffffff; border-radius: 5px 5px 0 0;\">\r\n<table border=\"0\" cellspacing=\"0\" cellpadding=\"0\" width=\"100%\">\r\n<tbody>\r\n<tr>\r\n<td style=\"width: 40%; padding: 8px 15px;\"><a style=\"color: #fff;\" href=\"https://aurobees.projectsdemo.biz\"><img src=\"https://aurobees.projectsdemo.biz/img/logo.png\" alt=\"logo\" width=\"299px\" height=\"69px\" /></a></td>\r\n<td style=\"width: 60%; color: #000; padding: 8px 15px;\" align=\"right\"><strong>Date:</strong>{Date}</td>\r\n</tr>\r\n</tbody>\r\n</table>\r\n</td>\r\n</tr>\r\n<tr>\r\n<td style=\"padding: 15px; border: 1px solid #ccc; border-radius: 0px 0px 5px 5px;\">\r\n<table border=\"0\" cellspacing=\"0\" cellpadding=\"0\" width=\"100%\">\r\n<tbody>\r\n<tr>\r\n<td style=\"color: #696969; font-size: 15px; font-weight: 500; padding: 5px 0 15px;\">Dear Team,</td>\r\n</tr>\r\n<tr>\r\n<td style=\"color: #696969; font-size: 15px; font-weight: 500; padding-bottom: 20px;\">\r\n<p>New subscription {Name} received!&nbsp;.</p>\r\n<p>Details are as below:</p>\r\n</td>\r\n</tr>\r\n</tbody>\r\n</table>\r\n<table border=\"0\" cellspacing=\"0\" cellpadding=\"0\" width=\"100%\">\r\n<tbody>\r\n<tr>\r\n<td style=\"color: #696969; font-size: 14px; padding: 12px 20px; border-bottom: 1px solid #ccc;\" colspan=\"2\">\r\n<h2>Lob Details:</h2>\r\n</td>\r\n</tr>\r\n<tr>\r\n<td style=\"color: #696969; font-size: 14px; padding: 12px 20px; border-bottom: 1px solid #ccc;\"><strong>Company Name:</strong></td>\r\n<td style=\"color: #696969; font-size: 14px; padding: 12px 20px; border-bottom: 1px solid #ccc;\">{Company}</td>\r\n</tr>\r\n<tr>\r\n<td style=\"color: #696969; font-size: 14px; padding: 12px 20px; border-bottom: 1px solid #ccc;\"><strong>AddressLine1:</strong></td>\r\n<td style=\"color: #696969; font-size: 14px; padding: 12px 20px; border-bottom: 1px solid #ccc;\">{AddressLine1}</td>\r\n</tr>\r\n<tr>\r\n<td style=\"color: #696969; font-size: 14px; padding: 12px 20px; border-bottom: 1px solid #ccc;\"><strong>AddressLine2:</strong></td>\r\n<td style=\"color: #696969; font-size: 14px; padding: 12px 20px; border-bottom: 1px solid #ccc;\">{AddressLine2}</td>\r\n</tr>\r\n<tr>\r\n<td style=\"color: #696969; font-size: 14px; padding: 12px 20px; border-bottom: 1px solid #ccc;\"><strong>City:</strong></td>\r\n<td style=\"color: #696969; font-size: 14px; padding: 12px 20px; border-bottom: 1px solid #ccc;\">{City}</td>\r\n</tr>\r\n<tr>\r\n<td style=\"color: #696969; font-size: 14px; padding: 12px 20px; border-bottom: 1px solid #ccc;\"><strong>State:</strong></td>\r\n<td style=\"color: #696969; font-size: 14px; padding: 12px 20px; border-bottom: 1px solid #ccc;\">{State}</td>\r\n</tr>\r\n<tr>\r\n<td style=\"color: #696969; font-size: 14px; padding: 12px 20px; border-bottom: 1px solid #ccc;\"><strong>Country:</strong></td>\r\n<td style=\"color: #696969; font-size: 14px; padding: 12px 20px; border-bottom: 1px solid #ccc;\">{Country}</td>\r\n</tr>\r\n<tr>\r\n<td style=\"color: #696969; font-size: 14px; padding: 12px 20px; border-bottom: 1px solid #ccc;\"><strong>Zip Code:</strong></td>\r\n<td style=\"color: #696969; font-size: 14px; padding: 12px 20px; border-bottom: 1px solid #ccc;\">{Pincode}</td>\r\n</tr>\r\n<tr>\r\n<td style=\"color: #696969; font-size: 14px; padding: 12px 20px; border-bottom: 1px solid #ccc;\"><strong>Industry:</strong></td>\r\n<td style=\"color: #696969; font-size: 14px; padding: 12px 20px; border-bottom: 1px solid #ccc;\">{Industry}</td>\r\n</tr>\r\n<tr>\r\n<td style=\"color: #696969; font-size: 14px; padding: 12px 20px; border-bottom: 1px solid #ccc;\"><strong>Designation:</strong></td>\r\n<td style=\"color: #696969; font-size: 14px; padding: 12px 20px; border-bottom: 1px solid #ccc;\">{Designation}</td>\r\n</tr>\r\n<tr>\r\n<td style=\"color: #696969; font-size: 14px; padding: 12px 20px; border-bottom: 1px solid #ccc;\"><strong>No of Employees:</strong></td>\r\n<td style=\"color: #696969; font-size: 14px; padding: 12px 20px; border-bottom: 1px solid #ccc;\">{NumberOfUser}</td>\r\n</tr>\r\n<tr>\r\n<td style=\"color: #696969; font-size: 14px; padding: 12px 20px; border-bottom: 1px solid #ccc;\"><strong>Contact Person First Name:</strong></td>\r\n<td style=\"color: #696969; font-size: 14px; padding: 12px 20px; border-bottom: 1px solid #ccc;\">{ContactPersonFirstName}</td>\r\n</tr>\r\n<tr>\r\n<td style=\"color: #696969; font-size: 14px; padding: 12px 20px; border-bottom: 1px solid #ccc;\"><strong>Contact Person Last Name:</strong></td>\r\n<td style=\"color: #696969; font-size: 14px; padding: 12px 20px; border-bottom: 1px solid #ccc;\">{ContactPersonLastName}</td>\r\n</tr>\r\n<tr>\r\n<td style=\"color: #696969; font-size: 14px; padding: 12px 20px; border-bottom: 1px solid #ccc;\"><strong>Contact Person Email:</strong></td>\r\n<td style=\"color: #696969; font-size: 14px; padding: 12px 20px; border-bottom: 1px solid #ccc;\">{ContactPersonEmail}</td>\r\n</tr>\r\n<tr>\r\n<td style=\"color: #696969; font-size: 14px; padding: 12px 20px; border-bottom: 1px solid #ccc;\"><strong>Contact Person Phone No:</strong></td>\r\n<td style=\"color: #696969; font-size: 14px; padding: 12px 20px; border-bottom: 1px solid #ccc;\">{ContactPersonPhoneNo}</td>\r\n</tr>\r\n<tr>\r\n<td style=\"color: #696969; font-size: 14px; padding: 12px 20px; border-bottom: 1px solid #ccc;\"><strong>LOB:</strong></td>\r\n<td style=\"color: #696969; font-size: 14px; padding: 12px 20px; border-bottom: 1px solid #ccc;\">{SubscriptionName}({PlanName})</td>\r\n</tr>\r\n<tr>\r\n<td style=\"color: #696969; font-size: 14px; padding: 12px 20px; border-bottom: 1px solid #ccc;\"><strong>Subscription Type:</strong></td>\r\n<td style=\"color: #696969; font-size: 14px; padding: 12px 20px; border-bottom: 1px solid #ccc;\">{PlanType}</td>\r\n</tr>\r\n<tr>\r\n<td style=\"color: #696969; font-size: 14px; padding: 12px 20px; border-bottom: 1px solid #ccc;\"><strong>Customer of:</strong></td>\r\n<td style=\"color: #696969; font-size: 14px; padding: 12px 20px; border-bottom: 1px solid #ccc;\">{CustomerOf}</td>\r\n</tr>\r\n<tr>\r\n<td style=\"color: #696969; font-size: 14px; padding: 12px 20px; border-bottom: 1px solid #ccc;\"><strong>Company Code:</strong></td>\r\n<td style=\"color: #696969; font-size: 14px; padding: 12px 20px; border-bottom: 1px solid #ccc;\">{CompanyCode}</td>\r\n</tr>\r\n<tr>\r\n<td style=\"color: #696969; font-size: 14px; padding: 12px 20px; border-bottom: 1px solid #ccc;\"><strong>Is Woocommerce required:</strong></td>\r\n<td style=\"color: #696969; font-size: 14px; padding: 12px 20px; border-bottom: 1px solid #ccc;\">{IsWoocommerceRequired}</td>\r\n</tr>\r\n<tr>\r\n<td style=\"color: #696969; font-size: 14px; padding: 12px 20px; border-bottom: 1px solid #ccc;\"><strong>Subscription Addons Name:</strong></td>\r\n<td style=\"color: #696969; font-size: 14px; padding: 12px 20px; border-bottom: 1px solid #ccc;\">{SubscriptionAddonsName}</td>\r\n</tr>\r\n</tbody>\r\n</table>\r\n<table border=\"0\" cellspacing=\"0\" cellpadding=\"0\" width=\"100%\">\r\n<tbody>\r\n<tr>\r\n<td style=\"color: #fff; font-size: 15px; font-weight: 500; padding: 10px 0 15px; background-color: #212529;\" align=\"center\">Copyright &copy; 2024 Aurobees - All Rights Reserved.</td>\r\n</tr>\r\n</tbody>\r\n</table>\r\n</td>\r\n</tr>\r\n</tbody>\r\n</table>', NULL, NULL, '2024-11-11 10:03:13'),
(16, 'finance_team_email', 'codetestbyme@gmail.com', '<p><span>hitesh.chaudhari@trejhara.com</span></p>', NULL, NULL, '2024-11-11 13:44:06'),
(17, 'support_team_email', 'codetestbyme@gmail.com', '<p>hitesh.chaudhari@trejhara.com</p>', NULL, NULL, '2025-01-18 08:16:44'),
(18, 'user_subscription_before_expire_notification_for_paid', 'Subscription Expire', '<table style=\"margin: auto; font-family: \'Open Sans\', sans-serif; font-size: 16px;\" border=\"0\" cellspacing=\"0\" cellpadding=\"0\" width=\"100%\">\n<tbody>\n<tr>\n<td style=\"background: #ffffff; border-radius: 5px 5px 0 0;\">\n<table border=\"0\" cellspacing=\"0\" cellpadding=\"0\" width=\"100%\">\n<tbody>\n<tr>\n<td style=\"width: 40%; padding: 8px 15px;\"><a style=\"color: #fff;\" href=\"https://aurobees.projectsdemo.biz\"><img src=\"https://aurobees.projectsdemo.biz/img/logo.png\" alt=\"logo\" width=\"299px\" height=\"69px\" /></a></td>\n<td style=\"width: 60%; color: #000; padding: 8px 15px;\" align=\"right\"><strong>Date:</strong>{Date}</td>\n</tr>\n</tbody>\n</table>\n</td>\n</tr>\n<tr>\n<td style=\"padding: 15px; border: 1px solid #ccc; border-radius: 0px 0px 5px 5px;\">\n<table border=\"0\" cellspacing=\"0\" cellpadding=\"0\" width=\"100%\">\n<tbody>\n<tr>\n<td style=\"color: #696969; font-size: 15px; font-weight: 500; padding: 5px 0 15px;\">Dear {Name},</td>\n</tr>\n<tr>\n<td style=\"color: #696969; font-size: 15px; font-weight: 500; padding-bottom: 20px;\">Your subscription has expired.</td>\n</tr>\n</tbody>\n</table>\n<table border=\"0\" cellspacing=\"0\" cellpadding=\"0\" width=\"100%\">\n<tbody>\n<tr>\n<td style=\"color: #696969; font-size: 15px; font-weight: 500; padding: 20px 0 20px;\">For any queries, feel free to get in touch with us at <a style=\"color: #138be0; text-decoration: none;\" href=\"mailto:support@aurobees.com\">support@aurobees.com</a>.</td>\n</tr>\n<tr>\n<td style=\"color: #696969; font-size: 15px; font-weight: 500; padding-bottom: 2px;\">Regards,</td>\n</tr>\n<tr>\n<td style=\"color: #696969; font-size: 15px; font-weight: 500; padding-bottom: 22px;\"><span>Aurobees</span></td>\n</tr>\n<tr>\n<td style=\"color: #696969; font-size: 15px; font-weight: 500; padding-bottom: 2px;\"><span>Aurionpro Solutions Pte Ltd</span></td>\n</tr>\n<tr>\n<td style=\"color: #696969; font-size: 15px; font-weight: 500; padding: 0px 0 20px;\"><a style=\"color: #138be0; text-decoration: none;\" href=\"https://aurobees.projectsdemo.biz\">www.aurobees.com</a></td>\n</tr>\n<tr>\n<td style=\"padding: 5px;\">&nbsp;</td>\n</tr>\n<tr>\n<td style=\"color: #fff; font-size: 15px; font-weight: 500; padding: 10px 0 15px; background-color: #212529;\" align=\"center\">Copyright &copy; 2024 Aurobees - All Rights Reserved.</td>\n</tr>\n</tbody>\n</table>\n</td>\n</tr>\n</tbody>\n</table>', NULL, NULL, '2023-12-29 07:26:28'),
(19, 'customer_subscribe_plan_paid_auropay', 'Payment successful for Aurobees', '<table style=\"margin: auto; font-family: \'Open Sans\', sans-serif; font-size: 16px;\" border=\"0\" cellspacing=\"0\" cellpadding=\"0\" width=\"100%\">\n<tbody>\n<tr>\n<td style=\"background: #ffffff; border-radius: 5px 5px 0 0;\">\n<table border=\"0\" cellspacing=\"0\" cellpadding=\"0\" width=\"100%\">\n<tbody>\n<tr>\n<td style=\"width: 40%; padding: 8px 15px;\"><a style=\"color: #fff;\" href=\"https://aurobees.projectsdemo.biz\"><img src=\"https://aurobees.projectsdemo.biz/img/logo.png\" alt=\"logo\" width=\"299px\" height=\"69px\" /></a></td>\n<td style=\"width: 60%; color: #000; padding: 8px 15px;\" align=\"right\"><strong>Date:</strong>{Date}</td>\n</tr>\n</tbody>\n</table>\n</td>\n</tr>\n<tr>\n<td style=\"padding: 15px; border: 1px solid #ccc; border-radius: 0px 0px 5px 5px;\">\n<table border=\"0\" cellspacing=\"0\" cellpadding=\"0\" width=\"100%\">\n<tbody>\n<tr>\n<td style=\"color: #696969; font-size: 15px; font-weight: 500; padding: 5px 0 15px;\">Dear {Name},</td>\n</tr>\n<tr>\n<td style=\"color: #696969; font-size: 15px; font-weight: 500; padding-bottom: 20px;\">We are delighted to inform that your payment is received and subscription has been successful. On behalf of Aurobees, we are thrilled to have you as a valued subscriber and look forward to serving you with utmost dedication and commitment.</td>\n</tr>\n</tbody>\n</table>\n<table border=\"0\" cellspacing=\"0\" cellpadding=\"0\" width=\"100%\">\n<tbody>\n<tr>\n<td style=\"color: #696969; font-size: 14px; padding: 12px 20px; border-bottom: 1px solid #ccc;\" colspan=\"2\">\n<h2>Lob Details:</h2>\n</td>\n</tr>\n<tr>\n<td style=\"color: #696969; font-size: 14px; padding: 12px 20px; border-bottom: 1px solid #ccc;\"><strong>Subscription Plan:</strong></td>\n<td style=\"color: #696969; font-size: 14px; padding: 12px 20px; border-bottom: 1px solid #ccc;\">{SubscriptionName}({PlanName})</td>\n</tr>\n<tr>\n<td style=\"color: #696969; font-size: 14px; padding: 12px 20px; border-bottom: 1px solid #ccc;\"><strong>Payment Amount:</strong></td>\n<td style=\"color: #696969; font-size: 14px; padding: 12px 20px; border-bottom: 1px solid #ccc;\">{CurrencyCode} {Amount}</td>\n</tr>\n<tr>\n<td style=\"color: #696969; font-size: 14px; padding: 12px 20px; border-bottom: 1px solid #ccc;\"><strong>Payment Method:</strong></td>\n<td style=\"color: #696969; font-size: 14px; padding: 12px 20px; border-bottom: 1px solid #ccc;\">AuroPay</td>\n</tr>\n<tr>\n<td style=\"color: #696969; font-size: 14px; padding: 12px 20px; border-bottom: 1px solid #ccc;\"><strong>Transaction ID:</strong></td>\n<td style=\"color: #696969; font-size: 14px; padding: 12px 20px; border-bottom: 1px solid #ccc;\">{TransactionID}</td>\n</tr>\n<tr>\n<td style=\"color: #696969; font-size: 14px; padding: 12px 20px; border-bottom: 1px solid #ccc;\"><strong>Payment Date:</strong></td>\n<td style=\"color: #696969; font-size: 14px; padding: 12px 20px; border-bottom: 1px solid #ccc;\">{Date}</td>\n</tr>\n</tbody>\n</table>\n<table border=\"0\" cellspacing=\"0\" cellpadding=\"0\" width=\"100%\">\n<tbody>\n<tr>\n<td style=\"color: #696969; font-size: 15px; font-weight: 500; padding-bottom: 20px;\">We would request you to keep your account credentials confidential to maintain the security of your subscription. If you suspect any unauthorized activity or need to update your account information, please contact us immediately.</td>\n</tr>\n</tbody>\n</table>\n<table border=\"0\" cellspacing=\"0\" cellpadding=\"0\" width=\"100%\">\n<tbody>\n<tr>\n<td style=\"color: #696969; font-size: 15px; font-weight: 500; padding: 20px 0 20px;\">For any queries, feel free to get in touch with us at <a style=\"color: #138be0; text-decoration: none;\" href=\"mailto:support@aurobees.com\">support@aurobees.com</a>.</td>\n</tr>\n<tr>\n<td style=\"color: #696969; font-size: 15px; font-weight: 500; padding-bottom: 2px;\">Regards,</td>\n</tr>\n<tr>\n<td style=\"color: #696969; font-size: 15px; font-weight: 500; padding-bottom: 22px;\"><span>Aurobees</span></td>\n</tr>\n<tr>\n<td style=\"color: #696969; font-size: 15px; font-weight: 500; padding-bottom: 2px;\"><span>Aurionpro Solutions Pte Ltd</span></td>\n</tr>\n<tr>\n<td style=\"color: #696969; font-size: 15px; font-weight: 500; padding: 0px 0 20px;\"><a style=\"color: #138be0; text-decoration: none;\" href=\"https://aurobees.projectsdemo.biz\">www.aurobees.com</a></td>\n</tr>\n<tr>\n<td style=\"padding: 5px;\">&nbsp;</td>\n</tr>\n<tr>\n<td style=\"color: #fff; font-size: 15px; font-weight: 500; padding: 10px 0 15px; background-color: #212529;\" align=\"center\">Copyright &copy; 2024 Aurobees - All Rights Reserved.</td>\n</tr>\n</tbody>\n</table>\n</td>\n</tr>\n</tbody>\n</table>', NULL, NULL, '2023-12-29 06:50:09'),
(20, 'user_subscription_before_expire_notification_for_free_trial', 'Aurobees Free Trial Ends', '<table style=\"margin: auto; font-family: \'Open Sans\', sans-serif; font-size: 16px;\" border=\"0\" cellspacing=\"0\" cellpadding=\"0\" width=\"100%\">\r\n<tbody>\r\n<tr>\r\n<td style=\"background: #ffffff; border-radius: 5px 5px 0 0;\">\r\n<table border=\"0\" cellspacing=\"0\" cellpadding=\"0\" width=\"100%\">\r\n<tbody>\r\n<tr>\r\n<td style=\"width: 40%; padding: 8px 15px;\"><a style=\"color: #fff;\" href=\"https://aurobees.projectsdemo.biz\"><img src=\"https://aurobees.projectsdemo.biz/img/logo.png\" alt=\"logo\" width=\"299px\" height=\"69px\" /></a></td>\r\n<td style=\"width: 60%; color: #000; padding: 8px 15px;\" align=\"right\"><strong>Date:</strong>{Date}</td>\r\n</tr>\r\n</tbody>\r\n</table>\r\n</td>\r\n</tr>\r\n<tr>\r\n<td style=\"padding: 15px; border: 1px solid #ccc; border-radius: 0px 0px 5px 5px;\">\r\n<table border=\"0\" cellspacing=\"0\" cellpadding=\"0\" width=\"100%\">\r\n<tbody>\r\n<tr>\r\n<td style=\"color: #696969; font-size: 15px; font-weight: 500; padding: 5px 0 15px;\">Dear {Name},</td>\r\n</tr>\r\n<tr>\r\n<td style=\"color: #696969; font-size: 15px; font-weight: 500; padding-bottom: 20px;\">Your free trial has ended.</td>\r\n</tr>\r\n<tr>\r\n<td style=\"color: #696969; font-size: 15px; font-weight: 500; padding-bottom: 20px;\">If you wish to renew, check out the suitable plans at www.aurobees.com -&gt; Pricing section to continue the service.</td>\r\n</tr>\r\n</tbody>\r\n</table>\r\n<table border=\"0\" cellspacing=\"0\" cellpadding=\"0\" width=\"100%\">\r\n<tbody>\r\n<tr>\r\n<td style=\"color: #696969; font-size: 15px; font-weight: 500; padding: 20px 0 20px;\">For any queries, feel free to get in touch with us at <a style=\"color: #138be0; text-decoration: none;\" href=\"mailto:support@aurobees.com\">support@aurobees.com</a>.</td>\r\n</tr>\r\n<tr>\r\n<td style=\"color: #696969; font-size: 15px; font-weight: 500; padding-bottom: 2px;\">Regards,</td>\r\n</tr>\r\n<tr>\r\n<td style=\"color: #696969; font-size: 15px; font-weight: 500; padding-bottom: 22px;\"><span>Aurobees</span></td>\r\n</tr>\r\n<tr>\r\n<td style=\"color: #696969; font-size: 15px; font-weight: 500; padding-bottom: 2px;\"><span>Aurionpro Solutions Pvt Ltd</span></td>\r\n</tr>\r\n<tr>\r\n<td style=\"color: #696969; font-size: 15px; font-weight: 500; padding: 0px 0 20px;\"><a style=\"color: #138be0; text-decoration: none;\" href=\"https://aurobees.projectsdemo.biz\">www.aurobees.com</a></td>\r\n</tr>\r\n<tr>\r\n<td style=\"padding: 5px;\">&nbsp;</td>\r\n</tr>\r\n<tr>\r\n<td style=\"color: #fff; font-size: 15px; font-weight: 500; padding: 10px 0 15px; background-color: #212529;\" align=\"center\">Copyright &copy; 2024 Aurobees - All Rights Reserved.</td>\r\n</tr>\r\n</tbody>\r\n</table>\r\n</td>\r\n</tr>\r\n</tbody>\r\n</table>', NULL, NULL, '2024-02-22 17:05:25'),
(21, 'customer_subscribe_plan_paid_auropay_payment_failed', 'Payment Failed', '<table style=\"margin: auto; font-family: \'Open Sans\', sans-serif; font-size: 16px;\" border=\"0\" cellspacing=\"0\" cellpadding=\"0\" width=\"100%\">\r\n<tbody>\r\n<tr>\r\n<td style=\"background: #ffffff; border-radius: 5px 5px 0 0;\">\r\n<table border=\"0\" cellspacing=\"0\" cellpadding=\"0\" width=\"100%\">\r\n<tbody>\r\n<tr>\r\n<td style=\"width: 40%; padding: 8px 15px;\"><a style=\"color: #fff;\" href=\"https://aurobees.projectsdemo.biz\"><img src=\"https://aurobees.projectsdemo.biz/img/logo.png\" alt=\"logo\" width=\"299px\" height=\"69px\" /></a></td>\r\n<td style=\"width: 60%; color: #000; padding: 8px 15px;\" align=\"right\"><strong>Date:</strong>{Date}</td>\r\n</tr>\r\n</tbody>\r\n</table>\r\n</td>\r\n</tr>\r\n<tr>\r\n<td style=\"padding: 15px; border: 1px solid #ccc; border-radius: 0px 0px 5px 5px;\">\r\n<table border=\"0\" cellspacing=\"0\" cellpadding=\"0\" width=\"100%\">\r\n<tbody>\r\n<tr>\r\n<td style=\"color: #696969; font-size: 15px; font-weight: 500; padding: 5px 0 15px;\">Dear                                 {Name},</td>\r\n</tr>\r\n<tr>\r\n<td style=\"color: #696969; font-size: 15px; font-weight: 500; padding-bottom: 20px;\">We are                                 delighted to inform that your payment is received and subscription has been successful.                                 On behalf of Aurobees, we are thrilled to have you as a valued subscriber and look                                 forward to serving you with utmost dedication and commitment.</td>\r\n</tr>\r\n</tbody>\r\n</table>\r\n<table border=\"0\" cellspacing=\"0\" cellpadding=\"0\" width=\"100%\">\r\n<tbody>\r\n<tr>\r\n<td style=\"color: #696969; font-size: 14px; padding: 12px 20px; border-bottom: 1px solid #ccc;\" colspan=\"2\">\r\n<h2>Lob Details:</h2>\r\n</td>\r\n</tr>\r\n<tr>\r\n<td style=\"color: #696969; font-size: 14px; padding: 12px 20px; border-bottom: 1px solid #ccc;\"><strong>Subscription Plan:</strong></td>\r\n<td style=\"color: #696969; font-size: 14px; padding: 12px 20px; border-bottom: 1px solid #ccc;\">{SubscriptionName}({PlanName})</td>\r\n</tr>\r\n<tr>\r\n<td style=\"color: #696969; font-size: 14px; padding: 12px 20px; border-bottom: 1px solid #ccc;\"><strong>Payment Amount:</strong></td>\r\n<td style=\"color: #696969; font-size: 14px; padding: 12px 20px; border-bottom: 1px solid #ccc;\">{CurrencyCode} {Amount}</td>\r\n</tr>\r\n<tr>\r\n<td style=\"color: #696969; font-size: 14px; padding: 12px 20px; border-bottom: 1px solid #ccc;\"><strong>Payment Method:</strong></td>\r\n<td style=\"color: #696969; font-size: 14px; padding: 12px 20px; border-bottom: 1px solid #ccc;\">AuroPay</td>\r\n</tr>\r\n<tr>\r\n<td style=\"color: #696969; font-size: 14px; padding: 12px 20px; border-bottom: 1px solid #ccc;\"><strong>Transaction ID:</strong></td>\r\n<td style=\"color: #696969; font-size: 14px; padding: 12px 20px; border-bottom: 1px solid #ccc;\">{TransactionID}</td>\r\n</tr>\r\n<tr>\r\n<td style=\"color: #696969; font-size: 14px; padding: 12px 20px; border-bottom: 1px solid #ccc;\"><strong>Payment Date:</strong></td>\r\n<td style=\"color: #696969; font-size: 14px; padding: 12px 20px; border-bottom: 1px solid #ccc;\">{Date}</td>\r\n</tr>\r\n</tbody>\r\n</table>\r\n<table border=\"0\" cellspacing=\"0\" cellpadding=\"0\" width=\"100%\">\r\n<tbody>\r\n<tr>\r\n<td style=\"color: #696969; font-size: 15px; font-weight: 500; padding-bottom: 20px;\">We                                 would request you to keep your account credentials confidential to maintain the security                                 of your subscription. If you suspect any unauthorized activity or need to update your                                 account information, please contact us immediately.</td>\r\n</tr>\r\n</tbody>\r\n</table>\r\n<table border=\"0\" cellspacing=\"0\" cellpadding=\"0\" width=\"100%\">\r\n<tbody>\r\n<tr>\r\n<td style=\"color: #696969; font-size: 15px; font-weight: 500; padding: 20px 0 20px;\">For any                                 queries, feel free to get in touch with us at <a style=\"color: #138be0; text-decoration: none;\" href=\"mailto:support@aurobees.com\">support@aurobees.com</a>.</td>\r\n</tr>\r\n<tr>\r\n<td style=\"color: #696969; font-size: 15px; font-weight: 500; padding-bottom: 2px;\">Regards,</td>\r\n</tr>\r\n<tr>\r\n<td style=\"color: #696969; font-size: 15px; font-weight: 500; padding-bottom: 22px;\"><span>Aurobees</span></td>\r\n</tr>\r\n<tr>\r\n<td style=\"color: #696969; font-size: 15px; font-weight: 500; padding-bottom: 2px;\"><span>Aurionpro Solutions Pte Ltd</span></td>\r\n</tr>\r\n<tr>\r\n<td style=\"color: #696969; font-size: 15px; font-weight: 500; padding: 0px 0 20px;\"><a style=\"color: #138be0; text-decoration: none;\" href=\"https://aurobees.projectsdemo.biz\">www.aurobees.com</a></td>\r\n</tr>\r\n<tr>\r\n<td style=\"padding: 5px;\">&nbsp;</td>\r\n</tr>\r\n<tr>\r\n<td style=\"color: #fff; font-size: 15px; font-weight: 500; padding: 10px 0 15px; background-color: #212529;\" align=\"center\">Copyright &copy; 2024 Aurobees - All Rights Reserved.</td>\r\n</tr>\r\n</tbody>\r\n</table>\r\n</td>\r\n</tr>\r\n</tbody>\r\n</table>', NULL, NULL, '2024-01-09 20:13:24'),
(22, 'become_a_partner_registration_rejecting_document_or_fields_for_partner', 'Rejection of KYC documents for Aurobees', '<table style=\"margin: auto; font-family: \'Open Sans\', sans-serif; font-size: 16px;\" border=\"0\" cellspacing=\"0\" cellpadding=\"0\" width=\"100%\">\r\n<tbody>\r\n<tr>\r\n<td style=\"background: #ffffff; border-radius: 5px 5px 0 0;\">\r\n<table border=\"0\" cellspacing=\"0\" cellpadding=\"0\" width=\"100%\">\r\n<tbody>\r\n<tr>\r\n<td style=\"width: 40%; padding: 8px 15px;\"><a style=\"color: #fff;\" href=\"https://aurobees.projectsdemo.biz\"><img src=\"https://aurobees.projectsdemo.biz/img/logo.png\" alt=\"logo\" width=\"299px\" height=\"69px\" /></a></td>\r\n<td style=\"width: 60%; color: #000; padding: 8px 15px;\" align=\"right\"><br /></td>\r\n</tr>\r\n</tbody>\r\n</table>\r\n</td>\r\n</tr>\r\n<tr>\r\n<td style=\"padding: 15px; border: 1px solid #ccc; border-radius: 0px 0px 5px 5px;\">\r\n<table border=\"0\" cellspacing=\"0\" cellpadding=\"0\" width=\"100%\">\r\n<tbody>\r\n<tr>\r\n<td style=\"color: #696969; font-size: 15px; font-weight: 500; padding-bottom: 2px;\">\r\n<p><span>Dear {Name},</span></p>\r\n<p>We regret to inform you that certain documents provided did not meet the required criteria.</p>\r\n<p>Upon review, the following document/s is/are rejected:</p>\r\n<p><strong>{BecomeAPartnerRegistrationRejectedDocumentOrFields}</strong></p>\r\n<p>Kindly resubmit the revised document/s to us at the earliest.&nbsp;</p>\r\n<p>For any queries, feel free to get in touch with us at&nbsp;<a href=\"mailto:support@aurobees.com\">support@aurobees.com</a>.</p>\r\n<p>Regards,</p>\r\n</td>\r\n</tr>\r\n<tr>\r\n<td style=\"color: #696969; font-size: 15px; font-weight: 500; padding-bottom: 22px;\"><span>Aurobees</span></td>\r\n</tr>\r\n<tr>\r\n<td style=\"color: #fff; font-size: 15px; font-weight: 500; padding: 10px 0 15px; background-color: #212529;\" align=\"center\">Copyright &copy; 2024 Aurobees - All Rights Reserved.</td>\r\n</tr>\r\n</tbody>\r\n</table>\r\n</td>\r\n</tr>\r\n</tbody>\r\n</table>', NULL, NULL, '2024-06-26 17:43:27'),
(23, 'become_a_partner_registration_rejecting_document_or_fields_for_support', 'Rejection of KYC documents for Partner', '<table style=\"margin: auto; font-family: \'Open Sans\', sans-serif; font-size: 16px;\" border=\"0\" cellspacing=\"0\" cellpadding=\"0\" width=\"100%\">\r\n<tbody>\r\n<tr>\r\n<td style=\"background: #ffffff; border-radius: 5px 5px 0 0;\">\r\n<table border=\"0\" cellspacing=\"0\" cellpadding=\"0\" width=\"100%\">\r\n<tbody>\r\n<tr>\r\n<td style=\"width: 40%; padding: 8px 15px;\"><a style=\"color: #fff;\" href=\"https://aurobees.projectsdemo.biz\"><img src=\"https://aurobees.projectsdemo.biz/img/logo.png\" alt=\"logo\" width=\"299px\" height=\"69px\" /></a></td>\r\n<td style=\"width: 60%; color: #000; padding: 8px 15px;\" align=\"right\"><strong>Date:</strong>{Date}</td>\r\n</tr>\r\n</tbody>\r\n</table>\r\n</td>\r\n</tr>\r\n<tr>\r\n<td style=\"padding: 15px; border: 1px solid #ccc; border-radius: 0px 0px 5px 5px;\">\r\n<table border=\"0\" cellspacing=\"0\" cellpadding=\"0\" width=\"100%\">\r\n<tbody>\r\n<tr>\r\n<td style=\"color: #696969; font-size: 15px; font-weight: 500; padding: 5px 0 15px;\">Dear Support Team,</td>\r\n</tr>\r\n<tr>\r\n<td style=\"color: #696969; font-size: 15px; font-weight: 500; padding-bottom: 22px;\">\r\n<p>The following documents were rejected for Partner <span>{Name},</span></p>\r\n</td>\r\n</tr>\r\n<tr>\r\n<td style=\"color: #696969; font-size: 15px; font-weight: 500; padding-bottom: 22px;\"><strong>{BecomeAPartnerRegistrationRejectedDocumentOrFields}</strong></td>\r\n</tr>\r\n</tbody>\r\n</table>\r\n<table style=\"border: 1px solid #ccc; border-radius: 5px;\" border=\"0\" cellspacing=\"0\" cellpadding=\"0\" width=\"100%\">\r\n</table>\r\n<table border=\"0\" cellspacing=\"0\" cellpadding=\"0\" width=\"100%\">\r\n<tbody>\r\n<tr>\r\n<td style=\"color: #fff; font-size: 15px; font-weight: 500; padding: 10px 0 15px; background-color: #212529;\" align=\"center\">Copyright &copy; 2024 Aurobees - All Rights Reserved.</td>\r\n</tr>\r\n</tbody>\r\n</table>\r\n</td>\r\n</tr>\r\n</tbody>\r\n</table>', NULL, NULL, '2024-05-29 20:07:28'),
(24, 'become_a_partner_registration_approve_all_documents_or_fields_upto_page_7_for_partner', 'Aurobees partner KYC Document  successful', '<table style=\"margin: auto; font-family: \'Open Sans\', sans-serif; font-size: 16px;\" border=\"0\" cellspacing=\"0\" cellpadding=\"0\" width=\"100%\">\r\n<tbody>\r\n<tr>\r\n<td style=\"background: #ffffff; border-radius: 5px 5px 0 0;\">\r\n<table border=\"0\" cellspacing=\"0\" cellpadding=\"0\" width=\"100%\">\r\n<tbody>\r\n<tr>\r\n<td style=\"width: 40%; padding: 8px 15px;\"><a style=\"color: #fff;\" href=\"https://aurobees.projectsdemo.biz\"><img src=\"https://aurobees.projectsdemo.biz/img/logo.png\" alt=\"logo\" width=\"299px\" height=\"69px\" /></a></td>\r\n<td style=\"width: 60%; color: #000; padding: 8px 15px;\" align=\"right\"><strong>Date:</strong>{Date}</td>\r\n</tr>\r\n</tbody>\r\n</table>\r\n</td>\r\n</tr>\r\n<tr>\r\n<td style=\"padding: 15px; border: 1px solid #ccc; border-radius: 0px 0px 5px 5px;\">\r\n<table border=\"0\" cellspacing=\"0\" cellpadding=\"0\" width=\"100%\">\r\n<tbody>\r\n<tr>\r\n<td style=\"color: #696969; font-size: 15px; font-weight: 500; padding: 20px 0 20px;\">\r\n<p><span><span>{Name},</span></span></p>\r\n<p><span>KYC documents Sucessfuly uploaded , Kindly&nbsp;</span><span>proceed for Partner aggrement submission by logging in.</span></p>\r\n<p>For any                                 queries, feel free to get in touch with us at <a style=\"color: #138be0; text-decoration: none;\" href=\"mailto:support@aurobees.com\">support@aurobees.com</a>.</p>\r\n</td>\r\n</tr>\r\n<tr>\r\n<td style=\"color: #696969; font-size: 15px; font-weight: 500; padding-bottom: 2px;\">Regards,</td>\r\n</tr>\r\n<tr>\r\n<td style=\"color: #696969; font-size: 15px; font-weight: 500; padding-bottom: 22px;\"><span>Aurobees</span></td>\r\n</tr>\r\n<tr>\r\n<td style=\"color: #fff; font-size: 15px; font-weight: 500; padding: 10px 0 15px; background-color: #212529;\" align=\"center\">Copyright &copy; 2024 Aurobees - All Rights Reserved.</td>\r\n</tr>\r\n</tbody>\r\n</table>\r\n</td>\r\n</tr>\r\n</tbody>\r\n</table>', NULL, NULL, '2024-06-26 20:14:37'),
(25, 'become_a_partner_registration_reject_partner_contract_for_partner', 'Rejection of Partnership Agreement', '<table style=\"margin: auto; font-family: \'Open Sans\', sans-serif; font-size: 16px;\" border=\"0\" cellspacing=\"0\" cellpadding=\"0\" width=\"100%\">\r\n<tbody>\r\n<tr>\r\n<td style=\"background: #ffffff; border-radius: 5px 5px 0 0;\">\r\n<table border=\"0\" cellspacing=\"0\" cellpadding=\"0\" width=\"100%\">\r\n<tbody>\r\n<tr>\r\n<td style=\"width: 40%; padding: 8px 15px;\"><a style=\"color: #fff;\" href=\"https://aurobees.projectsdemo.biz\"><img src=\"https://aurobees.projectsdemo.biz/img/logo.png\" alt=\"logo\" width=\"299px\" height=\"69px\" /></a></td>\r\n<td style=\"width: 60%; color: #000; padding: 8px 15px;\" align=\"right\"><strong>Date:</strong>{Date}</td>\r\n</tr>\r\n</tbody>\r\n</table>\r\n</td>\r\n</tr>\r\n<tr>\r\n<td style=\"padding: 15px; border: 1px solid #ccc; border-radius: 0px 0px 5px 5px;\">\r\n<table border=\"0\" cellspacing=\"0\" cellpadding=\"0\" width=\"100%\">\r\n<tbody>\r\n<tr>\r\n<td style=\"color: #696969; font-size: 15px; font-weight: 500; padding: 20px 0 20px;\">\r\n<p><span>Dear {Name},</span></p>\r\n<p><span>We regret to inform you that we are unable to proceed with the agreement in its current form.</span></p>\r\n<p><span>Upon review, the issues found is/are as below:</span></p>\r\n<p><strong>{BecomeAPartnerRegistrationRejectedDocumentOrFields}</strong></p>\r\n<p>Kindly do the necessary changes and resubmit the agreement.</p>\r\n<p><span>Please know that our decision is not a reflection of our interest in collaborating with you. Rather, it is important for us to ensure that any agreements entered into are mutually beneficial and legally sound.</span></p>\r\n</td>\r\n</tr>\r\n<tr>\r\n<td style=\"color: #696969; font-size: 15px; font-weight: 500; padding-bottom: 2px;\"><span><span>For any queries,&nbsp;</span>feel free to get in touch with us at&nbsp;</span><a href=\"mailto:support@aurobees.com\">support@aurobees.com</a><span>.</span></td>\r\n</tr>\r\n<tr>\r\n<td style=\"color: #696969; font-size: 15px; font-weight: 500; padding-bottom: 2px;\">Regards,</td>\r\n</tr>\r\n<tr>\r\n<td style=\"color: #696969; font-size: 15px; font-weight: 500; padding-bottom: 22px;\"><span>Aurobees</span></td>\r\n</tr>\r\n<tr>\r\n<td style=\"color: #fff; font-size: 15px; font-weight: 500; padding: 10px 0 15px; background-color: #212529;\" align=\"center\">Copyright &copy; 2024 Aurobees - All Rights Reserved.</td>\r\n</tr>\r\n</tbody>\r\n</table>\r\n</td>\r\n</tr>\r\n</tbody>\r\n</table>', NULL, NULL, '2024-06-26 18:23:27'),
(26, 'become_a_partner_registration_complete_all_verification_for_partner', 'Approval of Aurobees Partnership Agreement', '<table style=\"margin: auto; font-family: \'Open Sans\', sans-serif; font-size: 16px;\" border=\"0\" cellspacing=\"0\" cellpadding=\"0\" width=\"100%\">\r\n<tbody>\r\n<tr>\r\n<td style=\"background: #ffffff; border-radius: 5px 5px 0 0;\">\r\n<table border=\"0\" cellspacing=\"0\" cellpadding=\"0\" width=\"100%\">\r\n<tbody>\r\n<tr>\r\n<td style=\"width: 40%; padding: 8px 15px;\"><a style=\"color: #fff;\" href=\"https://aurobees.projectsdemo.biz\"><img src=\"https://aurobees.projectsdemo.biz/img/logo.png\" alt=\"logo\" width=\"299px\" height=\"69px\" /></a></td>\r\n<td style=\"width: 60%; color: #000; padding: 8px 15px;\" align=\"right\"><br /></td>\r\n</tr>\r\n</tbody>\r\n</table>\r\n</td>\r\n</tr>\r\n<tr>\r\n<td style=\"padding: 15px; border: 1px solid #ccc; border-radius: 0px 0px 5px 5px;\">\r\n<table border=\"0\" cellspacing=\"0\" cellpadding=\"0\" width=\"100%\">\r\n<tbody>\r\n<tr>\r\n<td style=\"color: #696969; font-size: 15px; font-weight: 500; padding: 5px 0 15px;\">Dear {Name},</td>\r\n</tr>\r\n<tr>\r\n<td style=\"color: #696969; font-size: 15px; font-weight: 500; padding-bottom: 20px;\">\r\n<p>We are pleased to inform you that after thorough review and consideration, your partnership agreement has been approved. We believe that the terms outlined in the agreement are aligned with our mutual interests and goals.With this email, sending you the necessary documents stating the platform\'s capability.</p>\r\n<p>For any queries, feel free to get in touch with us at support@aurobees.com.Thank you once again for your partnership. Looking forward to working closely with you and achieving great things together.Aurobees Brochure to be attached with the mail&nbsp;</p>\r\n<p><span>For any queries, feel free to get in touch with us at&nbsp;</span><a href=\"mailto:support@aurobees.com\">support@aurobees.com</a><span>.</span></p>\r\n</td>\r\n</tr>\r\n</tbody>\r\n</table>\r\n<table border=\"0\" cellspacing=\"0\" cellpadding=\"0\" width=\"100%\">\r\n<tbody>\r\n<tr>\r\n<td style=\"color: #696969; font-size: 15px; font-weight: 500; padding-bottom: 2px;\">Regards,</td>\r\n</tr>\r\n<tr>\r\n<td style=\"color: #696969; font-size: 15px; font-weight: 500; padding-bottom: 22px;\"><span>Aurobees</span></td>\r\n</tr>\r\n<tr>\r\n<td style=\"color: #fff; font-size: 15px; font-weight: 500; padding: 10px 0 15px; background-color: #212529;\" align=\"center\">Copyright &copy; 2024 Aurobees - All Rights Reserved.</td>\r\n</tr>\r\n</tbody>\r\n</table>\r\n</td>\r\n</tr>\r\n</tbody>\r\n</table>', NULL, NULL, '2024-06-26 18:36:20'),
(27, 'become_a_partner_registration_reject_partner_contract_for_support', 'Rejection of Partnership Agreement for Partner', '<table style=\"margin: auto; font-family: \'Open Sans\', sans-serif; font-size: 16px;\" border=\"0\" cellspacing=\"0\" cellpadding=\"0\" width=\"100%\">\r\n<tbody>\r\n<tr>\r\n<td style=\"background: #ffffff; border-radius: 5px 5px 0 0;\">\r\n<table border=\"0\" cellspacing=\"0\" cellpadding=\"0\" width=\"100%\">\r\n<tbody>\r\n<tr>\r\n<td style=\"width: 40%; padding: 8px 15px;\"><a style=\"color: #fff;\" href=\"https://aurobees.projectsdemo.biz\"><img src=\"https://aurobees.projectsdemo.biz/img/logo.png\" alt=\"logo\" width=\"299px\" height=\"69px\" /></a></td>\r\n<td style=\"width: 60%; color: #000; padding: 8px 15px;\" align=\"right\"><strong>Date:</strong>{Date}</td>\r\n</tr>\r\n</tbody>\r\n</table>\r\n</td>\r\n</tr>\r\n<tr>\r\n<td style=\"padding: 15px; border: 1px solid #ccc; border-radius: 0px 0px 5px 5px;\">\r\n<table border=\"0\" cellspacing=\"0\" cellpadding=\"0\" width=\"100%\">\r\n<tbody>\r\n<tr>\r\n<td style=\"color: #696969; font-size: 15px; font-weight: 500; padding: 5px 0 15px;\">Dear                                 Support Team,</td>\r\n</tr>\r\n<tr>\r\n<td style=\"color: #696969; font-size: 15px; font-weight: 500; padding-bottom: 22px;\">\r\n<p>Agreement rejected for Partner {Name}.</p>\r\n</td>\r\n</tr>\r\n</tbody>\r\n</table>\r\n<table style=\"border: 1px solid #ccc; border-radius: 5px;\" border=\"0\" cellspacing=\"0\" cellpadding=\"0\" width=\"100%\">\r\n</table>\r\n<table border=\"0\" cellspacing=\"0\" cellpadding=\"0\" width=\"100%\">\r\n<tbody>\r\n<tr>\r\n<td style=\"color: #fff; font-size: 15px; font-weight: 500; padding: 10px 0 15px; background-color: #212529;\" align=\"center\">Copyright &copy; 2024 Aurobees - All Rights Reserved.</td>\r\n</tr>\r\n</tbody>\r\n</table>\r\n</td>\r\n</tr>\r\n</tbody>\r\n</table>', NULL, NULL, '2024-06-26 18:10:51'),
(28, 'become_a_partner_registration_registration_otp', 'OTP for Aurobees Partner signup', '<table style=\"margin: auto; font-family: \'Open Sans\', sans-serif; font-size: 16px;\" border=\"0\" cellspacing=\"0\" cellpadding=\"0\" width=\"100%\">\r\n<tbody>\r\n<tr>\r\n<td style=\"background: #ffffff; border-radius: 5px 5px 0 0;\">\r\n<table border=\"0\" cellspacing=\"0\" cellpadding=\"0\" width=\"100%\">\r\n<tbody>\r\n<tr>\r\n<td style=\"width: 40%; padding: 8px 15px;\"><a style=\"color: #fff;\" href=\"https://aurobees.projectsdemo.biz\"><img src=\"https://aurobees.projectsdemo.biz/img/logo.png\" alt=\"logo\" width=\"299px\" height=\"69px\" /></a></td>\r\n<td style=\"width: 60%; color: #000; padding: 8px 15px;\" align=\"right\"><br /></td>\r\n</tr>\r\n</tbody>\r\n</table>\r\n</td>\r\n</tr>\r\n<tr>\r\n<td style=\"padding: 15px; border: 1px solid #ccc; border-radius: 0px 0px 5px 5px;\">\r\n<table border=\"0\" cellspacing=\"0\" cellpadding=\"0\" width=\"100%\">\r\n<tbody>\r\n<tr>\r\n<td style=\"font-size: 15px; line-height: normal; font-weight: 500; color: #696969; word-spacing: normal; padding: 0in;\">\r\n<p>Dear {Name},</p>\r\n<p><span><strong><em>OTP for signup verification is {Otp}.</em></strong></span></p>\r\n<p><span>OTP is valid for 10 minutes.</span></p>\r\n<p><span>Regards,</span></p>\r\n</td>\r\n</tr>\r\n<tr>\r\n<td style=\"font-size: 15px; line-height: normal; font-weight: 500; color: #696969; word-spacing: normal; padding: 0in;\">\r\n<p><span style=\"font-size: medium; word-spacing: normal;\">Aurobees</span></p>\r\n</td>\r\n</tr>\r\n<tr>\r\n<td style=\"color: #fff; font-size: 15px; font-weight: 500; padding: 10px 0 15px; background-color: #212529;\" align=\"center\">Copyright &copy; 2024 Aurobees - All Rights Reserved.</td>\r\n</tr>\r\n</tbody>\r\n</table>\r\n</td>\r\n</tr>\r\n</tbody>\r\n</table>', NULL, NULL, '2024-12-10 17:42:43'),
(29, 'become_a_partner_registration_welcome', 'Aurobees partner sign up successful', '<table style=\"margin: auto; font-family: \'Open Sans\', sans-serif; font-size: 16px;\" border=\"0\" cellspacing=\"0\" cellpadding=\"0\" width=\"100%\">\r\n<tbody>\r\n<tr>\r\n<td style=\"background: #ffffff; border-radius: 5px 5px 0 0;\">\r\n<table border=\"0\" cellspacing=\"0\" cellpadding=\"0\" width=\"100%\">\r\n<tbody>\r\n<tr>\r\n<td style=\"width: 40%; padding: 8px 15px;\"><a style=\"color: #fff;\" href=\"https://aurobees.projectsdemo.biz\"><img src=\"https://aurobees.projectsdemo.biz/img/logo.png\" alt=\"logo\" width=\"299px\" height=\"69px\" /></a></td>\r\n<td style=\"width: 60%; color: #000; padding: 8px 15px;\" align=\"right\"><br /></td>\r\n</tr>\r\n</tbody>\r\n</table>\r\n</td>\r\n</tr>\r\n<tr>\r\n<td style=\"padding: 15px; border: 1px solid #ccc; border-radius: 0px 0px 5px 5px;\">\r\n<table border=\"0\" cellspacing=\"0\" cellpadding=\"0\" width=\"100%\">\r\n<tbody>\r\n<tr>\r\n<td style=\"color: #696969; font-size: 15px; font-weight: 500; padding: 5px 0 15px;\">Dear {Name},</td>\r\n</tr>\r\n<tr>\r\n<td style=\"color: #696969; font-size: 15px; font-weight: 500; padding-bottom: 20px;\">\r\n<p>Congratulations on a successful sign-up as a partner.</p>\r\n<p>Now that your sign-up process is complete, proceed with KYC document submission by logging in.&nbsp;</p>\r\n<p><span>For any queries, feel free to get in touch with us at&nbsp;</span><a href=\"mailto:support@aurobees.com\">support@aurobees.com</a><span>.</span></p>\r\n</td>\r\n</tr>\r\n</tbody>\r\n</table>\r\n<table border=\"0\" cellspacing=\"0\" cellpadding=\"0\" width=\"100%\">\r\n<tbody>\r\n<tr>\r\n<td style=\"color: #696969; font-size: 15px; font-weight: 500; padding-bottom: 2px;\">Regards,</td>\r\n</tr>\r\n<tr>\r\n<td style=\"color: #696969; font-size: 15px; font-weight: 500; padding-bottom: 22px;\"><span>Aurobees</span></td>\r\n</tr>\r\n<tr>\r\n<td style=\"color: #fff; font-size: 15px; font-weight: 500; padding: 10px 0 15px; background-color: #212529;\" align=\"center\">Copyright &copy; 2024 Aurobees - All Rights Reserved.</td>\r\n</tr>\r\n</tbody>\r\n</table>\r\n</td>\r\n</tr>\r\n</tbody>\r\n</table>', NULL, NULL, '2024-12-10 17:44:20'),
(30, 'become_a_partner_registration_forgot_password', 'Partner Reset Password Notification', '<table style=\"margin: auto; font-family: \'Open Sans\', sans-serif; font-size: 16px;\" border=\"0\" cellspacing=\"0\" cellpadding=\"0\" width=\"100%\">\r\n<tbody>\r\n<tr>\r\n<td style=\"background: #ffffff; border-radius: 5px 5px 0 0;\">\r\n<table border=\"0\" cellspacing=\"0\" cellpadding=\"0\" width=\"100%\">\r\n<tbody>\r\n<tr>\r\n<td style=\"width: 40%; padding: 8px 15px;\"><a style=\"color: #fff;\" href=\"https://aurobees.projectsdemo.biz\"><img src=\"https://aurobees.projectsdemo.biz/img/logo.png\" alt=\"logo\" width=\"299px\" height=\"69px\" /></a></td>\r\n<td style=\"width: 60%; color: #000; padding: 8px 15px;\" align=\"right\"><br /></td>\r\n</tr>\r\n</tbody>\r\n</table>\r\n</td>\r\n</tr>\r\n<tr>\r\n<td style=\"padding: 15px; border: 1px solid #ccc; border-radius: 0px 0px 5px 5px;\">\r\n<table border=\"0\" cellspacing=\"0\" cellpadding=\"0\" width=\"100%\">\r\n<tbody>\r\n<tr>\r\n<td style=\"color: #696969; font-size: 15px; font-weight: 500; padding: 5px 0 15px;\">Dear {Name},</td>\r\n</tr>\r\n<tr>\r\n<td style=\"color: #696969; font-size: 15px; font-weight: 500; padding-bottom: 22px;\">\r\n<h1><em>OTP for Password Reset is {Otp}.</em></h1>\r\n</td>\r\n</tr>\r\n<tr>\r\n<td style=\"color: #696969; font-size: 15px; font-weight: 500; padding-bottom: 22px;\">OTP is valid for 10 minutes.</td>\r\n</tr>\r\n</tbody>\r\n</table>\r\n<table style=\"border: 1px solid #ccc; border-radius: 5px;\" border=\"0\" cellspacing=\"0\" cellpadding=\"0\" width=\"100%\">\r\n</table>\r\n<table border=\"0\" cellspacing=\"0\" cellpadding=\"0\" width=\"100%\">\r\n<tbody>\r\n<tr>\r\n<td style=\"color: #696969; font-size: 15px; font-weight: 500; padding: 20px 0 20px;\">For any queries, feel free to get in touch with us at <a style=\"color: #138be0; text-decoration: none;\" href=\"mailto:support@aurobees.com\">support@aurobees.com</a>.</td>\r\n</tr>\r\n<tr>\r\n<td style=\"color: #696969; font-size: 15px; font-weight: 500; padding-bottom: 2px;\">Regards,</td>\r\n</tr>\r\n<tr>\r\n<td style=\"color: #696969; font-size: 15px; font-weight: 500; padding-bottom: 22px;\"><span>Aurobees</span></td>\r\n</tr>\r\n<tr>\r\n<td style=\"color: #fff; font-size: 15px; font-weight: 500; padding: 10px 0 15px; background-color: #212529;\" align=\"center\">Copyright &copy; 2024 Aurobees - All Rights Reserved.</td>\r\n</tr>\r\n</tbody>\r\n</table>\r\n</td>\r\n</tr>\r\n</tbody>\r\n</table>', NULL, NULL, '2024-04-01 20:41:38'),
(31, 'become_a_partner_registration_uploaded_document_or_fields_for_support', 'Partner KYC  for Aurobees received', '<table style=\"margin: auto; font-family: \'Open Sans\', sans-serif; font-size: 16px;\" border=\"0\" cellspacing=\"0\" cellpadding=\"0\" width=\"100%\">\r\n<tbody>\r\n<tr>\r\n<td style=\"background: #ffffff; border-radius: 5px 5px 0 0;\">\r\n<table border=\"0\" cellspacing=\"0\" cellpadding=\"0\" width=\"100%\">\r\n<tbody>\r\n<tr>\r\n<td style=\"width: 40%; padding: 8px 15px;\"><a style=\"color: #fff;\" href=\"https://aurobees.projectsdemo.biz\"><img src=\"https://aurobees.projectsdemo.biz/img/logo.png\" alt=\"logo\" width=\"299px\" height=\"69px\" /></a></td>\r\n<td style=\"width: 60%; color: #000; padding: 8px 15px;\" align=\"right\"><br /></td>\r\n</tr>\r\n</tbody>\r\n</table>\r\n</td>\r\n</tr>\r\n<tr>\r\n<td style=\"padding: 15px; border: 1px solid #ccc; border-radius: 0px 0px 5px 5px;\">\r\n<table border=\"0\" cellspacing=\"0\" cellpadding=\"0\" width=\"100%\">\r\n<tbody>\r\n<tr>\r\n<td style=\"color: #696969; font-size: 15px; font-weight: 500; padding-bottom: 2px;\">\r\n<p><span>Dear Support Team,</span></p>\r\n<p><span>KYC documents for Partner {Name} received.</span></p>\r\n<p>Regards,</p>\r\n</td>\r\n</tr>\r\n<tr>\r\n<td style=\"color: #696969; font-size: 15px; font-weight: 500; padding-bottom: 22px;\"><span>Aurobees</span></td>\r\n</tr>\r\n<tr valign=\"top\">\r\n<td style=\"color: #fff; font-size: 15px; font-weight: 500; padding: 10px 0 15px; background-color: #212529;\" align=\"center\">Copyright &copy; 2024 Aurobees - All Rights Reserved.</td>\r\n</tr>\r\n</tbody>\r\n</table>\r\n</td>\r\n</tr>\r\n</tbody>\r\n</table>', NULL, NULL, '2024-06-26 19:23:28'),
(32, 'become_a_partner_registration_uploaded_partner_contract_for_support', 'Agreement received for Partner', '<table style=\"margin: auto; font-family: \'Open Sans\', sans-serif; font-size: 16px;\" border=\"0\" cellspacing=\"0\" cellpadding=\"0\" width=\"100%\">\r\n<tbody>\r\n<tr>\r\n<td style=\"background: #ffffff; border-radius: 5px 5px 0 0;\">\r\n<table border=\"0\" cellspacing=\"0\" cellpadding=\"0\" width=\"100%\">\r\n<tbody>\r\n<tr>\r\n<td style=\"width: 40%; padding: 8px 15px;\"><a style=\"color: #fff;\" href=\"https://aurobees.projectsdemo.biz\"><img src=\"https://aurobees.projectsdemo.biz/img/logo.png\" alt=\"logo\" width=\"299px\" height=\"69px\" /></a></td>\r\n<td style=\"width: 60%; color: #000; padding: 8px 15px;\" align=\"right\"><br /></td>\r\n</tr>\r\n</tbody>\r\n</table>\r\n</td>\r\n</tr>\r\n<tr>\r\n<td style=\"padding: 15px; border: 1px solid #ccc; border-radius: 0px 0px 5px 5px;\">\r\n<table style=\"width: 100%;\" border=\"0\" cellspacing=\"0\" cellpadding=\"0\">\r\n<tbody>\r\n<tr>\r\n<td style=\"font-size: 15px; font-weight: 500; color: #696969; padding: 0in;\">\r\n<p><span>Dear Support Team,</span></p>\r\n<p>Partnership agreement received from <span>partner&nbsp;</span><span>{Name}</span><span>&nbsp;</span>.</p>\r\n<p>&nbsp;</p>\r\n</td>\r\n</tr>\r\n<tr>\r\n<td style=\"color: #fff; font-size: 15px; font-weight: 500; padding: 10px 0 15px; background-color: #212529;\" align=\"center\">Copyright &copy; 2024 Aurobees - All Rights Reserved.</td>\r\n</tr>\r\n</tbody>\r\n</table>\r\n</td>\r\n</tr>\r\n</tbody>\r\n</table>', NULL, NULL, '2024-06-26 20:22:08');
INSERT INTO `email_management` (`id`, `key`, `title`, `template`, `file`, `created_at`, `updated_at`) VALUES
(33, 'finance_team_subscribe_plan_free', 'Customer Free Subscription', '<table style=\"margin: auto; font-family: \'Open Sans\', sans-serif; font-size: 16px;\" border=\"0\" cellspacing=\"0\" cellpadding=\"0\" width=\"100%\">\r\n<tbody>\r\n<tr>\r\n<td style=\"background: #ffffff; border-radius: 5px 5px 0 0;\">\r\n<table border=\"0\" cellspacing=\"0\" cellpadding=\"0\" width=\"100%\">\r\n<tbody>\r\n<tr>\r\n<td style=\"width: 40%; padding: 8px 15px;\"><a style=\"color: #fff;\" href=\"https://aurobees.projectsdemo.biz\"><img src=\"https://aurobees.projectsdemo.biz/img/logo.png\" alt=\"logo\" width=\"299px\" height=\"69px\" /></a></td>\r\n<td style=\"width: 60%; color: #000; padding: 8px 15px;\" align=\"right\"><strong>Date:</strong>{Date}</td>\r\n</tr>\r\n</tbody>\r\n</table>\r\n</td>\r\n</tr>\r\n<tr>\r\n<td style=\"padding: 15px; border: 1px solid #ccc; border-radius: 0px 0px 5px 5px;\">\r\n<table border=\"0\" cellspacing=\"0\" cellpadding=\"0\" width=\"100%\">\r\n<tbody>\r\n<tr>\r\n<td style=\"color: #696969; font-size: 15px; font-weight: 500; padding: 5px 0 15px;\">Dear Finance Team,</td>\r\n</tr>\r\n<tr>\r\n<td style=\"color: #696969; font-size: 15px; font-weight: 500; padding-bottom: 20px;\">Free Subscription for the following customer:</td>\r\n</tr>\r\n</tbody>\r\n</table>\r\n<table border=\"0\" cellspacing=\"0\" cellpadding=\"0\" width=\"100%\">\r\n<tbody>\r\n<tr>\r\n<td style=\"color: #696969; font-size: 14px; padding: 12px 20px; border-bottom: 1px solid #ccc;\" colspan=\"2\">\r\n<h2>Lob Details:</h2>\r\n</td>\r\n</tr>\r\n<tr>\r\n<td style=\"color: #696969; font-size: 14px; padding: 12px 20px; border-bottom: 1px solid #ccc;\"><strong>Subscription Plan:</strong></td>\r\n<td style=\"color: #696969; font-size: 14px; padding: 12px 20px; border-bottom: 1px solid #ccc;\">{SubscriptionName}({PlanName})</td>\r\n</tr>\r\n<tr>\r\n<td style=\"color: #696969; font-size: 14px; padding: 12px 20px; border-bottom: 1px solid #ccc;\"><strong>Payment Amount:</strong></td>\r\n<td style=\"color: #696969; font-size: 14px; padding: 12px 20px; border-bottom: 1px solid #ccc;\">{CurrencyCode} {Amount}</td>\r\n</tr>\r\n<tr>\r\n<td style=\"color: #696969; font-size: 14px; padding: 12px 20px; border-bottom: 1px solid #ccc;\"><strong>Payment Method:</strong></td>\r\n<td style=\"color: #696969; font-size: 14px; padding: 12px 20px; border-bottom: 1px solid #ccc;\"><span>{TransactionPaymentMode}</span></td>\r\n</tr>\r\n<tr>\r\n<td style=\"color: #696969; font-size: 14px; padding: 12px 20px; border-bottom: 1px solid #ccc;\"><strong>Transaction ID:</strong></td>\r\n<td style=\"color: #696969; font-size: 14px; padding: 12px 20px; border-bottom: 1px solid #ccc;\">{TransactionID}</td>\r\n</tr>\r\n<tr>\r\n<td style=\"color: #696969; font-size: 14px; padding: 12px 20px; border-bottom: 1px solid #ccc;\"><strong>Payment Date:</strong></td>\r\n<td style=\"color: #696969; font-size: 14px; padding: 12px 20px; border-bottom: 1px solid #ccc;\">{Date}</td>\r\n</tr>\r\n<tr>\r\n<td style=\"color: #696969; font-size: 14px; padding: 12px 20px; border-bottom: 1px solid #ccc;\"><strong>Contact Number:</strong></td>\r\n<td style=\"color: #696969; font-size: 14px; padding: 12px 20px; border-bottom: 1px solid #ccc;\">{Phone}</td>\r\n</tr>\r\n<tr>\r\n<td style=\"color: #696969; font-size: 14px; padding: 12px 20px; border-bottom: 1px solid #ccc;\"><strong>Email ID:</strong></td>\r\n<td style=\"color: #696969; font-size: 14px; padding: 12px 20px; border-bottom: 1px solid #ccc;\">{Email}</td>\r\n</tr>\r\n<tr>\r\n<td style=\"color: #696969; font-size: 14px; padding: 12px 20px; border-bottom: 1px solid #ccc;\"><strong>Subscription Addons Name:</strong></td>\r\n<td style=\"color: #696969; font-size: 14px; padding: 12px 20px; border-bottom: 1px solid #ccc;\">{SubscriptionAddonsName}</td>\r\n</tr>\r\n</tbody>\r\n</table>\r\n<table border=\"0\" cellspacing=\"0\" cellpadding=\"0\" width=\"100%\">\r\n<tbody>\r\n<tr>\r\n<td style=\"color: #696969; font-size: 15px; font-weight: 500; padding: 20px 0 20px;\">For any queries, feel free to get in touch with us at <a style=\"color: #138be0; text-decoration: none;\" href=\"mailto:support@aurobees.com\">support@aurobees.com</a>.</td>\r\n</tr>\r\n<tr>\r\n<td style=\"color: #696969; font-size: 15px; font-weight: 500; padding-bottom: 2px;\">Regards,</td>\r\n</tr>\r\n<tr>\r\n<td style=\"color: #696969; font-size: 15px; font-weight: 500; padding-bottom: 22px;\"><span>Aurobees</span></td>\r\n</tr>\r\n<tr>\r\n<td style=\"color: #696969; font-size: 15px; font-weight: 500; padding-bottom: 2px;\"><span>Aurionpro Solutions Pte Ltd</span></td>\r\n</tr>\r\n<tr>\r\n<td style=\"color: #696969; font-size: 15px; font-weight: 500; padding: 0px 0 20px;\"><a style=\"color: #138be0; text-decoration: none;\" href=\"https://aurobees.projectsdemo.biz\">www.aurobees.com</a></td>\r\n</tr>\r\n<tr>\r\n<td style=\"padding: 5px;\">&nbsp;</td>\r\n</tr>\r\n<tr>\r\n<td style=\"color: #fff; font-size: 15px; font-weight: 500; padding: 10px 0 15px; background-color: #212529;\" align=\"center\">Copyright &copy; 2024 Aurobees - All Rights Reserved.</td>\r\n</tr>\r\n</tbody>\r\n</table>\r\n</td>\r\n</tr>\r\n</tbody>\r\n</table>', NULL, NULL, '2024-11-11 10:04:39'),
(34, 'support_team_subscribe_plan_free', 'New LOB subscription mail', '<table style=\"margin: auto; font-family: \'Open Sans\', sans-serif; font-size: 16px;\" border=\"0\" cellspacing=\"0\" cellpadding=\"0\" width=\"100%\">\r\n<tbody>\r\n<tr>\r\n<td style=\"background: #ffffff; border-radius: 5px 5px 0 0;\">\r\n<table border=\"0\" cellspacing=\"0\" cellpadding=\"0\" width=\"100%\">\r\n<tbody>\r\n<tr>\r\n<td style=\"width: 40%; padding: 8px 15px;\"><a style=\"color: #fff;\" href=\"https://aurobees.projectsdemo.biz\"><img src=\"https://aurobees.projectsdemo.biz/img/logo.png\" alt=\"logo\" width=\"299px\" height=\"69px\" /></a></td>\r\n<td style=\"width: 60%; color: #000; padding: 8px 15px;\" align=\"right\"><strong>Date:</strong>{Date}</td>\r\n</tr>\r\n</tbody>\r\n</table>\r\n</td>\r\n</tr>\r\n<tr>\r\n<td style=\"padding: 15px; border: 1px solid #ccc; border-radius: 0px 0px 5px 5px;\">\r\n<table border=\"0\" cellspacing=\"0\" cellpadding=\"0\" width=\"100%\">\r\n<tbody>\r\n<tr>\r\n<td style=\"color: #696969; font-size: 15px; font-weight: 500; padding: 5px 0 15px;\">Dear Team,</td>\r\n</tr>\r\n<tr>\r\n<td style=\"color: #696969; font-size: 15px; font-weight: 500; padding-bottom: 20px;\">\r\n<p>New subscription received!</p>\r\n<p>Details are as below:</p>\r\n</td>\r\n</tr>\r\n</tbody>\r\n</table>\r\n<table border=\"0\" cellspacing=\"0\" cellpadding=\"0\" width=\"100%\">\r\n<tbody>\r\n<tr>\r\n<td style=\"color: #696969; font-size: 14px; padding: 12px 20px; border-bottom: 1px solid #ccc;\" colspan=\"2\">\r\n<h2>Lob Details:</h2>\r\n</td>\r\n</tr>\r\n<tr>\r\n<td style=\"color: #696969; font-size: 14px; padding: 12px 20px; border-bottom: 1px solid #ccc;\"><strong>Company Name:</strong></td>\r\n<td style=\"color: #696969; font-size: 14px; padding: 12px 20px; border-bottom: 1px solid #ccc;\">{Company}</td>\r\n</tr>\r\n<tr>\r\n<td style=\"color: #696969; font-size: 14px; padding: 12px 20px; border-bottom: 1px solid #ccc;\"><strong>AddressLine1:</strong></td>\r\n<td style=\"color: #696969; font-size: 14px; padding: 12px 20px; border-bottom: 1px solid #ccc;\">{AddressLine1}</td>\r\n</tr>\r\n<tr>\r\n<td style=\"color: #696969; font-size: 14px; padding: 12px 20px; border-bottom: 1px solid #ccc;\"><strong>AddressLine2:</strong></td>\r\n<td style=\"color: #696969; font-size: 14px; padding: 12px 20px; border-bottom: 1px solid #ccc;\">{AddressLine2}</td>\r\n</tr>\r\n<tr>\r\n<td style=\"color: #696969; font-size: 14px; padding: 12px 20px; border-bottom: 1px solid #ccc;\"><strong>City:</strong></td>\r\n<td style=\"color: #696969; font-size: 14px; padding: 12px 20px; border-bottom: 1px solid #ccc;\">{City}</td>\r\n</tr>\r\n<tr>\r\n<td style=\"color: #696969; font-size: 14px; padding: 12px 20px; border-bottom: 1px solid #ccc;\"><strong>State:</strong></td>\r\n<td style=\"color: #696969; font-size: 14px; padding: 12px 20px; border-bottom: 1px solid #ccc;\">{State}</td>\r\n</tr>\r\n<tr>\r\n<td style=\"color: #696969; font-size: 14px; padding: 12px 20px; border-bottom: 1px solid #ccc;\"><strong>Country:</strong></td>\r\n<td style=\"color: #696969; font-size: 14px; padding: 12px 20px; border-bottom: 1px solid #ccc;\">{Country}</td>\r\n</tr>\r\n<tr>\r\n<td style=\"color: #696969; font-size: 14px; padding: 12px 20px; border-bottom: 1px solid #ccc;\"><strong>Zip Code:</strong></td>\r\n<td style=\"color: #696969; font-size: 14px; padding: 12px 20px; border-bottom: 1px solid #ccc;\">{Pincode}</td>\r\n</tr>\r\n<tr>\r\n<td style=\"color: #696969; font-size: 14px; padding: 12px 20px; border-bottom: 1px solid #ccc;\"><strong>Industry:</strong></td>\r\n<td style=\"color: #696969; font-size: 14px; padding: 12px 20px; border-bottom: 1px solid #ccc;\">{Industry}</td>\r\n</tr>\r\n<tr>\r\n<td style=\"color: #696969; font-size: 14px; padding: 12px 20px; border-bottom: 1px solid #ccc;\"><strong>Designation:</strong></td>\r\n<td style=\"color: #696969; font-size: 14px; padding: 12px 20px; border-bottom: 1px solid #ccc;\">{Designation}</td>\r\n</tr>\r\n<tr>\r\n<td style=\"color: #696969; font-size: 14px; padding: 12px 20px; border-bottom: 1px solid #ccc;\"><strong>No of Employees:</strong></td>\r\n<td style=\"color: #696969; font-size: 14px; padding: 12px 20px; border-bottom: 1px solid #ccc;\">{NumberOfUser}</td>\r\n</tr>\r\n<tr>\r\n<td style=\"color: #696969; font-size: 14px; padding: 12px 20px; border-bottom: 1px solid #ccc;\"><strong>Contact Person First Name:</strong></td>\r\n<td style=\"color: #696969; font-size: 14px; padding: 12px 20px; border-bottom: 1px solid #ccc;\">{ContactPersonFirstName}</td>\r\n</tr>\r\n<tr>\r\n<td style=\"color: #696969; font-size: 14px; padding: 12px 20px; border-bottom: 1px solid #ccc;\"><strong>Contact Person Last Name:</strong></td>\r\n<td style=\"color: #696969; font-size: 14px; padding: 12px 20px; border-bottom: 1px solid #ccc;\">{ContactPersonLastName}</td>\r\n</tr>\r\n<tr>\r\n<td style=\"color: #696969; font-size: 14px; padding: 12px 20px; border-bottom: 1px solid #ccc;\"><strong>Contact Person Email:</strong></td>\r\n<td style=\"color: #696969; font-size: 14px; padding: 12px 20px; border-bottom: 1px solid #ccc;\">{ContactPersonEmail}</td>\r\n</tr>\r\n<tr>\r\n<td style=\"color: #696969; font-size: 14px; padding: 12px 20px; border-bottom: 1px solid #ccc;\"><strong>Contact Person Phone No:</strong></td>\r\n<td style=\"color: #696969; font-size: 14px; padding: 12px 20px; border-bottom: 1px solid #ccc;\">{ContactPersonPhoneNo}</td>\r\n</tr>\r\n<tr>\r\n<td style=\"color: #696969; font-size: 14px; padding: 12px 20px; border-bottom: 1px solid #ccc;\"><strong>LOB:</strong></td>\r\n<td style=\"color: #696969; font-size: 14px; padding: 12px 20px; border-bottom: 1px solid #ccc;\">{SubscriptionName}({PlanName})</td>\r\n</tr>\r\n<tr>\r\n<td style=\"color: #696969; font-size: 14px; padding: 12px 20px; border-bottom: 1px solid #ccc;\"><strong>Subscription Type:</strong></td>\r\n<td style=\"color: #696969; font-size: 14px; padding: 12px 20px; border-bottom: 1px solid #ccc;\">{PlanType}</td>\r\n</tr>\r\n<tr>\r\n<td style=\"color: #696969; font-size: 14px; padding: 12px 20px; border-bottom: 1px solid #ccc;\"><strong>Customer of:</strong></td>\r\n<td style=\"color: #696969; font-size: 14px; padding: 12px 20px; border-bottom: 1px solid #ccc;\">{CustomerOf}</td>\r\n</tr>\r\n<tr>\r\n<td style=\"color: #696969; font-size: 14px; padding: 12px 20px; border-bottom: 1px solid #ccc;\"><strong>Company Code:</strong></td>\r\n<td style=\"color: #696969; font-size: 14px; padding: 12px 20px; border-bottom: 1px solid #ccc;\">{CompanyCode}</td>\r\n</tr>\r\n<tr>\r\n<td style=\"color: #696969; font-size: 14px; padding: 12px 20px; border-bottom: 1px solid #ccc;\"><strong>Is Woocommerce required:</strong></td>\r\n<td style=\"color: #696969; font-size: 14px; padding: 12px 20px; border-bottom: 1px solid #ccc;\">{IsWoocommerceRequired}</td>\r\n</tr>\r\n<tr>\r\n<td style=\"color: #696969; font-size: 14px; padding: 12px 20px; border-bottom: 1px solid #ccc;\"><strong>Subscription Addons Name:</strong></td>\r\n<td style=\"color: #696969; font-size: 14px; padding: 12px 20px; border-bottom: 1px solid #ccc;\">{SubscriptionAddonsName}</td>\r\n</tr>\r\n</tbody>\r\n</table>\r\n<table border=\"0\" cellspacing=\"0\" cellpadding=\"0\" width=\"100%\">\r\n<tbody>\r\n<tr>\r\n<td style=\"color: #fff; font-size: 15px; font-weight: 500; padding: 10px 0 15px; background-color: #212529;\" align=\"center\">Copyright &copy; 2024 Aurobees - All Rights Reserved.</td>\r\n</tr>\r\n</tbody>\r\n</table>\r\n</td>\r\n</tr>\r\n</tbody>\r\n</table>', NULL, NULL, '2024-11-11 10:09:24'),
(35, 'become_a_partner_registration_welcome_for_support', 'New Partner Aurobees Signup', '<table style=\"margin: auto; font-family: \'Open Sans\', sans-serif; font-size: 16px;\" border=\"0\" cellspacing=\"0\" cellpadding=\"0\" width=\"100%\">\r\n<tbody>\r\n<tr>\r\n<td style=\"background: #ffffff; border-radius: 5px 5px 0 0;\">\r\n<table border=\"0\" cellspacing=\"0\" cellpadding=\"0\" width=\"100%\">\r\n<tbody>\r\n<tr>\r\n<td style=\"width: 40%; padding: 8px 15px;\"><a style=\"color: #fff;\" href=\"https://aurobees.projectsdemo.biz\"><img src=\"https://aurobees.projectsdemo.biz/img/logo.png\" alt=\"logo\" width=\"299px\" height=\"69px\" /></a></td>\r\n<td style=\"width: 60%; color: #000; padding: 8px 15px;\" align=\"right\"><br /></td>\r\n</tr>\r\n</tbody>\r\n</table>\r\n</td>\r\n</tr>\r\n<tr>\r\n<td style=\"padding: 15px; border: 1px solid #ccc; border-radius: 0px 0px 5px 5px;\">\r\n<table border=\"0\" cellspacing=\"0\" cellpadding=\"0\" width=\"100%\">\r\n<tbody>\r\n<tr>\r\n<td style=\"color: #696969; font-size: 15px; font-weight: 500; padding: 5px 0 15px;\">Dear Support,</td>\r\n</tr>\r\n<tr>\r\n<td style=\"color: #696969; font-size: 15px; font-weight: 500; padding-bottom: 20px;\">\r\n<p>{Name} Signup as a Partner.</p>\r\n<p>Now partner sign up process is completed and Partner will proceed for KYC document submission by logging in.&nbsp;</p>\r\n</td>\r\n</tr>\r\n</tbody>\r\n</table>\r\n<table border=\"0\" cellspacing=\"0\" cellpadding=\"0\" width=\"100%\">\r\n<tbody>\r\n<tr>\r\n<td style=\"color: #696969; font-size: 15px; font-weight: 500; padding-bottom: 2px;\">Regards,</td>\r\n</tr>\r\n<tr>\r\n<td style=\"color: #696969; font-size: 15px; font-weight: 500; padding-bottom: 22px;\"><span>Aurobees</span></td>\r\n</tr>\r\n<tr>\r\n<td style=\"color: #fff; font-size: 15px; font-weight: 500; padding: 10px 0 15px; background-color: #212529;\" align=\"center\">Copyright &copy; 2024 Aurobees - All Rights Reserved.</td>\r\n</tr>\r\n</tbody>\r\n</table>\r\n</td>\r\n</tr>\r\n</tbody>\r\n</table>', NULL, NULL, '2024-06-26 19:13:21'),
(36, 'become_a_partner_registration_uploaded_document_or_fields_for_partner', 'KYC for Aurobees received', '<table style=\"margin: auto; font-family: \'Open Sans\', sans-serif; font-size: 16px;\" border=\"0\" cellspacing=\"0\" cellpadding=\"0\" width=\"100%\">\r\n<tbody>\r\n<tr>\r\n<td style=\"background: #ffffff; border-radius: 5px 5px 0 0;\">\r\n<table border=\"0\" cellspacing=\"0\" cellpadding=\"0\" width=\"100%\">\r\n<tbody>\r\n<tr>\r\n<td style=\"width: 40%; padding: 8px 15px;\"><a style=\"color: #fff;\" href=\"https://aurobees.projectsdemo.biz\"><img src=\"https://aurobees.projectsdemo.biz/img/logo.png\" alt=\"logo\" width=\"299px\" height=\"69px\" /></a></td>\r\n<td style=\"width: 60%; color: #000; padding: 8px 15px;\" align=\"right\"><br /></td>\r\n</tr>\r\n</tbody>\r\n</table>\r\n</td>\r\n</tr>\r\n<tr>\r\n<td style=\"padding: 15px; border: 1px solid #ccc; border-radius: 0px 0px 5px 5px;\">\r\n<table border=\"0\" cellspacing=\"0\" cellpadding=\"0\" width=\"100%\">\r\n<tbody>\r\n<tr>\r\n<td style=\"color: #696969; font-size: 15px; font-weight: 500; padding-bottom: 2px;\">\r\n<p><span>Dear {Name},</span></p>\r\n<p>Thank you for submitting the KYC documents. It is under verification process.</p>\r\n<p>For any queries, feel free to get in touch with us at support@aurobees.com.</p>\r\n<p>Regards,</p>\r\n</td>\r\n</tr>\r\n<tr>\r\n<td style=\"color: #696969; font-size: 15px; font-weight: 500; padding-bottom: 22px;\">\r\n<p><span>Aurobees</span></p>\r\n</td>\r\n</tr>\r\n<tr>\r\n<td style=\"color: #fff; font-size: 15px; font-weight: 500; padding: 10px 0 15px; background-color: #212529;\" align=\"center\">Copyright &copy; 2024 Aurobees - All Rights Reserved.</td>\r\n</tr>\r\n</tbody>\r\n</table>\r\n</td>\r\n</tr>\r\n</tbody>\r\n</table>', NULL, NULL, '2024-06-26 19:21:45'),
(37, 'become_a_partner_registration_uploaded_partner_contract_for_partner', 'Acknowledgement of Agreement submission', '<table style=\"margin: auto; font-family: \'Open Sans\', sans-serif; font-size: 16px;\" border=\"0\" cellspacing=\"0\" cellpadding=\"0\" width=\"100%\">\r\n<tbody>\r\n<tr>\r\n<td style=\"background: #ffffff; border-radius: 5px 5px 0 0;\">\r\n<table border=\"0\" cellspacing=\"0\" cellpadding=\"0\" width=\"100%\">\r\n<tbody>\r\n<tr>\r\n<td style=\"width: 40%; padding: 8px 15px;\"><a style=\"color: #fff;\" href=\"https://aurobees.projectsdemo.biz\"><img src=\"https://aurobees.projectsdemo.biz/img/logo.png\" alt=\"logo\" width=\"299px\" height=\"69px\" /></a></td>\r\n<td style=\"width: 60%; color: #000; padding: 8px 15px;\" align=\"right\"><strong>Date:</strong>{Date}</td>\r\n</tr>\r\n</tbody>\r\n</table>\r\n</td>\r\n</tr>\r\n<tr>\r\n<td style=\"padding: 15px; border: 1px solid #ccc; border-radius: 0px 0px 5px 5px;\">\r\n<table border=\"0\" cellspacing=\"0\" cellpadding=\"0\" width=\"100%\">\r\n<tbody>\r\n<tr>\r\n<td style=\"color: #696969; font-size: 15px; font-weight: 500; padding: 20px 0 20px;\">\r\n<p><span>Dear {Name},</span></p>\r\n<p>We acknowledge the receipt of the partnership agreement. It is under verification process.</p>\r\n<p>We are excited about the opportunities that lie ahead once we collaborate.</p>\r\n<p>For any                                 queries, feel free to get in touch with us at <a style=\"color: #138be0; text-decoration: none;\" href=\"mailto:support@aurobees.com\">support@aurobees.com</a>.</p>\r\n</td>\r\n</tr>\r\n<tr>\r\n<td style=\"color: #696969; font-size: 15px; font-weight: 500; padding-bottom: 2px;\">Regards,</td>\r\n</tr>\r\n<tr>\r\n<td style=\"color: #696969; font-size: 15px; font-weight: 500; padding-bottom: 22px;\"><span>Aurobees</span></td>\r\n</tr>\r\n<tr>\r\n<td style=\"color: #fff; font-size: 15px; font-weight: 500; padding: 10px 0 15px; background-color: #212529;\" align=\"center\">Copyright &copy; 2024 Aurobees - All Rights Reserved.</td>\r\n</tr>\r\n</tbody>\r\n</table>\r\n</td>\r\n</tr>\r\n</tbody>\r\n</table>', NULL, NULL, '2024-06-26 18:06:03'),
(39, 'become_a_partner_registration_uploaded_rejected_document_or_fields_for_support', 'RE-KYC documents for Aurobees received', '<table style=\"margin: auto; font-family: \'Open Sans\', sans-serif; font-size: 16px;\" border=\"0\" cellspacing=\"0\" cellpadding=\"0\" width=\"100%\">\r\n<tbody>\r\n<tr>\r\n<td style=\"background: #ffffff; border-radius: 5px 5px 0 0;\">\r\n<table border=\"0\" cellspacing=\"0\" cellpadding=\"0\" width=\"100%\">\r\n<tbody>\r\n<tr>\r\n<td style=\"width: 40%; padding: 8px 15px;\"><a style=\"color: #fff;\" href=\"https://aurobees.projectsdemo.biz\"><img src=\"https://aurobees.projectsdemo.biz/img/logo.png\" alt=\"logo\" width=\"299px\" height=\"69px\" /></a></td>\r\n<td style=\"width: 60%; color: #000; padding: 8px 15px;\" align=\"right\"><strong>Date:</strong>{Date}</td>\r\n</tr>\r\n</tbody>\r\n</table>\r\n</td>\r\n</tr>\r\n<tr>\r\n<td style=\"padding: 15px; border: 1px solid #ccc; border-radius: 0px 0px 5px 5px;\">\r\n<table border=\"0\" cellspacing=\"0\" cellpadding=\"0\" width=\"100%\">\r\n<tbody>\r\n<tr>\r\n<td style=\"color: #696969; font-size: 15px; font-weight: 500; padding-bottom: 2px;\">\r\n<p>Dear Support Team,</p>\r\n<p><span>Partner {Name} Re-Uploaded KYC documents.</span></p>\r\n<p>Regards,</p>\r\n</td>\r\n</tr>\r\n<tr>\r\n<td style=\"color: #696969; font-size: 15px; font-weight: 500; padding-bottom: 22px;\"><span>Aurobees</span></td>\r\n</tr>\r\n<tr>\r\n<td style=\"color: #fff; font-size: 15px; font-weight: 500; padding: 10px 0 15px; background-color: #212529;\" align=\"center\">Copyright &copy; 2024 Aurobees - All Rights Reserved.</td>\r\n</tr>\r\n</tbody>\r\n</table>\r\n</td>\r\n</tr>\r\n</tbody>\r\n</table>', NULL, NULL, '2024-06-26 19:31:49'),
(40, 'become_a_partner_registration_uploaded_rejected_document_or_fields_for_partner', 'RE-KYC documents for Aurobees received', '<table style=\"margin: auto; font-family: \'Open Sans\', sans-serif; font-size: 16px;\" border=\"0\" cellspacing=\"0\" cellpadding=\"0\" width=\"100%\">\r\n<tbody>\r\n<tr>\r\n<td style=\"background: #ffffff; border-radius: 5px 5px 0 0;\">\r\n<table border=\"0\" cellspacing=\"0\" cellpadding=\"0\" width=\"100%\">\r\n<tbody>\r\n<tr>\r\n<td style=\"width: 40%; padding: 8px 15px;\"><a style=\"color: #fff;\" href=\"https://aurobees.projectsdemo.biz\"><img src=\"https://aurobees.projectsdemo.biz/img/logo.png\" alt=\"logo\" width=\"299px\" height=\"69px\" /></a></td>\r\n<td style=\"width: 60%; color: #000; padding: 8px 15px;\" align=\"right\"><strong>Date:</strong>{Date}</td>\r\n</tr>\r\n</tbody>\r\n</table>\r\n</td>\r\n</tr>\r\n<tr>\r\n<td style=\"padding: 15px; border: 1px solid #ccc; border-radius: 0px 0px 5px 5px;\">\r\n<table border=\"0\" cellspacing=\"0\" cellpadding=\"0\" width=\"100%\">\r\n<tbody>\r\n<tr>\r\n<td style=\"color: #696969; font-size: 15px; font-weight: 500; padding-bottom: 2px;\">\r\n<p><span>Dear {Name},</span></p>\r\n<p><span>Thank you for uploading Re-KYC documents. It is under verification process.&nbsp;</span><br /><span>For any queries, feel free to get in touch with us at support@aurobees.com.</span></p>\r\n<p>Regards,</p>\r\n</td>\r\n</tr>\r\n<tr>\r\n<td style=\"color: #696969; font-size: 15px; font-weight: 500; padding-bottom: 22px;\"><span>Aurobees</span></td>\r\n</tr>\r\n<tr>\r\n<td style=\"color: #fff; font-size: 15px; font-weight: 500; padding: 10px 0 15px; background-color: #212529;\" align=\"center\">Copyright &copy; 2024 Aurobees - All Rights Reserved.</td>\r\n</tr>\r\n</tbody>\r\n</table>\r\n</td>\r\n</tr>\r\n</tbody>\r\n</table>', NULL, NULL, '2024-06-26 17:48:57'),
(41, 'become_a_partner_registration_complete_all_verification_for_support', 'Approval of Aurobees Partnership Agreement', '<table style=\"margin: auto; font-family: \'Open Sans\', sans-serif; font-size: 16px;\" border=\"0\" cellspacing=\"0\" cellpadding=\"0\" width=\"100%\">\r\n<tbody>\r\n<tr>\r\n<td style=\"background: #ffffff; border-radius: 5px 5px 0 0;\">\r\n<table border=\"0\" cellspacing=\"0\" cellpadding=\"0\" width=\"100%\">\r\n<tbody>\r\n<tr>\r\n<td style=\"width: 40%; padding: 8px 15px;\"><a style=\"color: #fff;\" href=\"https://aurobees.projectsdemo.biz\"><img src=\"https://aurobees.projectsdemo.biz/img/logo.png\" alt=\"logo\" width=\"299px\" height=\"69px\" /></a></td>\r\n<td style=\"width: 60%; color: #000; padding: 8px 15px;\" align=\"right\"><strong>Date:</strong>{Date}</td>\r\n</tr>\r\n</tbody>\r\n</table>\r\n</td>\r\n</tr>\r\n<tr>\r\n<td style=\"padding: 15px; border: 1px solid #ccc; border-radius: 0px 0px 5px 5px;\">\r\n<table border=\"0\" cellspacing=\"0\" cellpadding=\"0\" width=\"100%\">\r\n<tbody>\r\n<tr>\r\n<td style=\"color: #696969; font-size: 15px; font-weight: 500; padding: 5px 0 15px;\">Dear Support Team,</td>\r\n</tr>\r\n<tr>\r\n<td style=\"color: #696969; font-size: 15px; font-weight: 500; padding-bottom: 20px;\">\r\n<p>Aurobees Partnership Agreement for Partner <span>{Name}&nbsp;</span>approved.</p>\r\n</td>\r\n</tr>\r\n</tbody>\r\n</table>\r\n<table border=\"0\" cellspacing=\"0\" cellpadding=\"0\" width=\"100%\">\r\n<tbody>\r\n<tr>\r\n<td style=\"color: #696969; font-size: 15px; font-weight: 500; padding-bottom: 2px;\">Regards,</td>\r\n</tr>\r\n<tr>\r\n<td style=\"color: #696969; font-size: 15px; font-weight: 500; padding-bottom: 22px;\"><span>Aurobees</span></td>\r\n</tr>\r\n<tr>\r\n<td style=\"color: #fff; font-size: 15px; font-weight: 500; padding: 10px 0 15px; background-color: #212529;\" align=\"center\">Copyright &copy; 2024 Aurobees - All Rights Reserved.</td>\r\n</tr>\r\n</tbody>\r\n</table>\r\n</td>\r\n</tr>\r\n</tbody>\r\n</table>', NULL, NULL, '2024-06-26 18:35:15'),
(42, 'become_a_partner_registration_approve_all_documents_or_fields_upto_page_7_for_support', 'Aurobees partner KYC completion.', '<table style=\"margin: auto; font-family: \'Open Sans\', sans-serif; font-size: 16px;\" border=\"0\" cellspacing=\"0\" cellpadding=\"0\" width=\"100%\">\r\n<tbody>\r\n<tr>\r\n<td style=\"background: #ffffff; border-radius: 5px 5px 0 0;\">\r\n<table border=\"0\" cellspacing=\"0\" cellpadding=\"0\" width=\"100%\">\r\n<tbody>\r\n<tr>\r\n<td style=\"width: 40%; padding: 8px 15px;\"><a style=\"color: #fff;\" href=\"https://aurobees.projectsdemo.biz\"><img src=\"https://aurobees.projectsdemo.biz/img/logo.png\" alt=\"logo\" width=\"299px\" height=\"69px\" /></a></td>\r\n<td style=\"width: 60%; color: #000; padding: 8px 15px;\" align=\"right\"><strong>Date:</strong>{Date}</td>\r\n</tr>\r\n</tbody>\r\n</table>\r\n</td>\r\n</tr>\r\n<tr>\r\n<td style=\"padding: 15px; border: 1px solid #ccc; border-radius: 0px 0px 5px 5px;\">\r\n<table border=\"0\" cellspacing=\"0\" cellpadding=\"0\" width=\"100%\">\r\n<tbody>\r\n<tr>\r\n<td style=\"color: #696969; font-size: 15px; font-weight: 500; padding: 5px 0 15px;\">Dear Support,</td>\r\n</tr>\r\n<tr>\r\n<td style=\"color: #696969; font-size: 15px; font-weight: 500; padding-bottom: 22px;\">\r\n<p>{Name} has completed&nbsp;<span>KYC document submission</span> process. Now Partner will proceed with Agrement submission by logging in.</p>\r\n</td>\r\n</tr>\r\n</tbody>\r\n</table>\r\n<table style=\"border: 1px solid #ccc; border-radius: 5px;\" border=\"0\" cellspacing=\"0\" cellpadding=\"0\" width=\"100%\">\r\n</table>\r\n<table border=\"0\" cellspacing=\"0\" cellpadding=\"0\" width=\"100%\">\r\n<tbody>\r\n<tr>\r\n<td style=\"color: #fff; font-size: 15px; font-weight: 500; padding: 10px 0 15px; background-color: #212529;\" align=\"center\">Copyright &copy; 2024 Aurobees - All Rights Reserved.</td>\r\n</tr>\r\n</tbody>\r\n</table>\r\n</td>\r\n</tr>\r\n</tbody>\r\n</table>', NULL, NULL, '2024-06-26 20:10:03'),
(43, 'customer_subscribe_plan_upgrade', 'Upgrade Plan Payment successful for Aurobees', '<table style=\"margin: auto; font-family: \'Open Sans\', sans-serif; font-size: 16px;\" border=\"0\" cellspacing=\"0\" cellpadding=\"0\" width=\"100%\">\r\n<tbody>\r\n<tr>\r\n<td style=\"background: #ffffff; border-radius: 5px 5px 0 0;\">\r\n<table border=\"0\" cellspacing=\"0\" cellpadding=\"0\" width=\"100%\">\r\n<tbody>\r\n<tr>\r\n<td style=\"width: 40%; padding: 8px 15px;\"><a style=\"color: #fff;\" href=\"https://aurobees.projectsdemo.biz\"><img src=\"https://aurobees.projectsdemo.biz/img/logo.png\" alt=\"logo\" width=\"299px\" height=\"69px\" /></a></td>\r\n<td style=\"width: 60%; color: #000; padding: 8px 15px;\" align=\"right\"><br /></td>\r\n</tr>\r\n</tbody>\r\n</table>\r\n</td>\r\n</tr>\r\n<tr>\r\n<td style=\"padding: 15px; border: 1px solid #ccc; border-radius: 0px 0px 5px 5px;\">\r\n<table border=\"0\" cellspacing=\"0\" cellpadding=\"0\" width=\"100%\">\r\n<tbody>\r\n<tr>\r\n<td style=\"color: #696969; font-size: 15px; font-weight: 500; padding: 5px 0 15px;\">Dear {Name},</td>\r\n</tr>\r\n<tr>\r\n<td style=\"color: #696969; font-size: 15px; font-weight: 500; padding-bottom: 20px;\">\r\n<p>We would like to inform that your payment has been received and subscription upgradation is successful. On behalf of Aurobees, we are grateful to have you as a valued subscriber and look forward to serving you with utmost dedication and commitment.</p>\r\n<p><span>Your login credentials will be sent to your email id within 24 hours.</span></p>\r\n</td>\r\n</tr>\r\n</tbody>\r\n</table>\r\n<table border=\"0\" cellspacing=\"0\" cellpadding=\"0\" width=\"100%\">\r\n<tbody>\r\n<tr>\r\n<td style=\"color: #696969; font-size: 14px; padding: 12px 20px; border-bottom: 1px solid #ccc;\" colspan=\"2\">\r\n<h2>Payment Details</h2>\r\n</td>\r\n</tr>\r\n<tr>\r\n<td style=\"color: #696969; font-size: 14px; padding: 12px 20px; border-bottom: 1px solid #ccc;\"><strong>Subscription Plan:</strong></td>\r\n<td style=\"color: #696969; font-size: 14px; padding: 12px 20px; border-bottom: 1px solid #ccc;\">{SubscriptionName} ({PlanName})</td>\r\n</tr>\r\n<tr>\r\n<td style=\"color: #696969; font-size: 14px; padding: 12px 20px; border-bottom: 1px solid #ccc;\"><strong>Payment Amount:</strong></td>\r\n<td style=\"color: #696969; font-size: 14px; padding: 12px 20px; border-bottom: 1px solid #ccc;\">{CurrencyCode} {Amount}</td>\r\n</tr>\r\n<tr>\r\n<td style=\"color: #696969; font-size: 14px; padding: 12px 20px; border-bottom: 1px solid #ccc;\"><strong>Payment Method:</strong></td>\r\n<td style=\"color: #696969; font-size: 14px; padding: 12px 20px; border-bottom: 1px solid #ccc;\">Offline</td>\r\n</tr>\r\n<tr>\r\n<td style=\"color: #696969; font-size: 14px; padding: 12px 20px; border-bottom: 1px solid #ccc;\"><strong>Payment Date:</strong></td>\r\n<td style=\"color: #696969; font-size: 14px; padding: 12px 20px; border-bottom: 1px solid #ccc;\">{Date}</td>\r\n</tr>\r\n</tbody>\r\n</table>\r\n<table border=\"0\" cellspacing=\"0\" cellpadding=\"0\" width=\"100%\">\r\n<tbody>\r\n<tr>\r\n<td style=\"color: #696969; font-size: 15px; font-weight: 500; padding-bottom: 20px;\">\r\n<p>&nbsp;</p>\r\n<p>For any queries, feel free to get in touch with us at&nbsp;<a href=\"mailto:support@aurobees.com\">support@aurobees.com</a>.</p>\r\n</td>\r\n</tr>\r\n</tbody>\r\n</table>\r\n<table border=\"0\" cellspacing=\"0\" cellpadding=\"0\" width=\"100%\">\r\n<tbody>\r\n<tr>\r\n<td style=\"color: #696969; font-size: 15px; font-weight: 500; padding-bottom: 2px;\">Regards,</td>\r\n</tr>\r\n<tr>\r\n<td style=\"color: #696969; font-size: 15px; font-weight: 500; padding-bottom: 22px;\"><span>Aurobees</span></td>\r\n</tr>\r\n<tr>\r\n<td style=\"color: #fff; font-size: 15px; font-weight: 500; padding: 10px 0 15px; background-color: #212529;\" align=\"center\">Copyright &copy; 2024 Aurobees - All Rights Reserved.</td>\r\n</tr>\r\n</tbody>\r\n</table>\r\n</td>\r\n</tr>\r\n</tbody>\r\n</table>', NULL, NULL, '2024-07-16 18:04:05'),
(44, 'finance_team_subscribe_plan_upgrade', 'Upgrade Plan Customer payment successful for Aurobees', '<table style=\"margin: auto; font-family: \'Open Sans\', sans-serif; font-size: 16px;\" border=\"0\" cellspacing=\"0\" cellpadding=\"0\" width=\"100%\">\r\n<tbody>\r\n<tr>\r\n<td style=\"background: #ffffff; border-radius: 5px 5px 0 0;\">\r\n<table border=\"0\" cellspacing=\"0\" cellpadding=\"0\" width=\"100%\">\r\n<tbody>\r\n<tr>\r\n<td style=\"width: 40%; padding: 8px 15px;\"><a style=\"color: #fff;\" href=\"https://aurobees.projectsdemo.biz\"><img src=\"https://aurobees.projectsdemo.biz/img/logo.png\" alt=\"logo\" width=\"299px\" height=\"69px\" /></a></td>\r\n<td style=\"width: 60%; color: #000; padding: 8px 15px;\" align=\"right\"><strong>Date:</strong>{Date}</td>\r\n</tr>\r\n</tbody>\r\n</table>\r\n</td>\r\n</tr>\r\n<tr>\r\n<td style=\"padding: 15px; border: 1px solid #ccc; border-radius: 0px 0px 5px 5px;\">\r\n<table border=\"0\" cellspacing=\"0\" cellpadding=\"0\" width=\"100%\">\r\n<tbody>\r\n<tr>\r\n<td style=\"color: #696969; font-size: 15px; font-weight: 500; padding: 5px 0 15px;\">Dear Finance Team,</td>\r\n</tr>\r\n<tr>\r\n<td style=\"color: #696969; font-size: 15px; font-weight: 500; padding-bottom: 20px;\">Payment has been received for the following customer:</td>\r\n</tr>\r\n</tbody>\r\n</table>\r\n<table border=\"0\" cellspacing=\"0\" cellpadding=\"0\" width=\"100%\">\r\n<tbody>\r\n<tr>\r\n<td style=\"color: #696969; font-size: 14px; padding: 12px 20px; border-bottom: 1px solid #ccc;\" colspan=\"2\">\r\n<h2>Lob Details:</h2>\r\n</td>\r\n</tr>\r\n<tr>\r\n<td style=\"color: #696969; font-size: 14px; padding: 12px 20px; border-bottom: 1px solid #ccc;\"><strong>Subscription Plan:</strong></td>\r\n<td style=\"color: #696969; font-size: 14px; padding: 12px 20px; border-bottom: 1px solid #ccc;\">{SubscriptionName}({PlanName})</td>\r\n</tr>\r\n<tr>\r\n<td style=\"color: #696969; font-size: 14px; padding: 12px 20px; border-bottom: 1px solid #ccc;\"><strong>Payment Amount:</strong></td>\r\n<td style=\"color: #696969; font-size: 14px; padding: 12px 20px; border-bottom: 1px solid #ccc;\">{CurrencyCode} {Amount}</td>\r\n</tr>\r\n<tr>\r\n<td style=\"color: #696969; font-size: 14px; padding: 12px 20px; border-bottom: 1px solid #ccc;\"><strong>Payment Method:</strong></td>\r\n<td style=\"color: #696969; font-size: 14px; padding: 12px 20px; border-bottom: 1px solid #ccc;\"><span>{TransactionPaymentMode}</span></td>\r\n</tr>\r\n<tr>\r\n<td style=\"color: #696969; font-size: 14px; padding: 12px 20px; border-bottom: 1px solid #ccc;\"><strong>Transaction ID:</strong></td>\r\n<td style=\"color: #696969; font-size: 14px; padding: 12px 20px; border-bottom: 1px solid #ccc;\">{TransactionID}</td>\r\n</tr>\r\n<tr>\r\n<td style=\"color: #696969; font-size: 14px; padding: 12px 20px; border-bottom: 1px solid #ccc;\"><strong>Payment Date:</strong></td>\r\n<td style=\"color: #696969; font-size: 14px; padding: 12px 20px; border-bottom: 1px solid #ccc;\">{Date}</td>\r\n</tr>\r\n<tr>\r\n<td style=\"color: #696969; font-size: 14px; padding: 12px 20px; border-bottom: 1px solid #ccc;\"><strong>Contact Number:</strong></td>\r\n<td style=\"color: #696969; font-size: 14px; padding: 12px 20px; border-bottom: 1px solid #ccc;\">{Phone}</td>\r\n</tr>\r\n<tr>\r\n<td style=\"color: #696969; font-size: 14px; padding: 12px 20px; border-bottom: 1px solid #ccc;\"><strong>Email ID:</strong></td>\r\n<td style=\"color: #696969; font-size: 14px; padding: 12px 20px; border-bottom: 1px solid #ccc;\">{Email}</td>\r\n</tr>\r\n<tr>\r\n<td style=\"color: #696969; font-size: 14px; padding: 12px 20px; border-bottom: 1px solid #ccc;\"><strong>Subscription Addons Name:</strong></td>\r\n<td style=\"color: #696969; font-size: 14px; padding: 12px 20px; border-bottom: 1px solid #ccc;\">{SubscriptionAddonsName}</td>\r\n</tr>\r\n</tbody>\r\n</table>\r\n<table border=\"0\" cellspacing=\"0\" cellpadding=\"0\" width=\"100%\">\r\n<tbody>\r\n<tr>\r\n<td style=\"color: #696969; font-size: 15px; font-weight: 500; padding: 20px 0 20px;\">For any queries, feel free to get in touch with us at <a style=\"color: #138be0; text-decoration: none;\" href=\"mailto:support@aurobees.com\">support@aurobees.com</a>.</td>\r\n</tr>\r\n<tr>\r\n<td style=\"color: #696969; font-size: 15px; font-weight: 500; padding-bottom: 2px;\">Regards,</td>\r\n</tr>\r\n<tr>\r\n<td style=\"color: #696969; font-size: 15px; font-weight: 500; padding-bottom: 22px;\"><span>Aurobees</span></td>\r\n</tr>\r\n<tr>\r\n<td style=\"color: #696969; font-size: 15px; font-weight: 500; padding-bottom: 2px;\"><span>Aurionpro Solutions Pte Ltd</span></td>\r\n</tr>\r\n<tr>\r\n<td style=\"color: #696969; font-size: 15px; font-weight: 500; padding: 0px 0 20px;\"><a style=\"color: #138be0; text-decoration: none;\" href=\"https://aurobees.projectsdemo.biz\">www.aurobees.com</a></td>\r\n</tr>\r\n<tr>\r\n<td style=\"padding: 5px;\">&nbsp;</td>\r\n</tr>\r\n<tr>\r\n<td style=\"color: #fff; font-size: 15px; font-weight: 500; padding: 10px 0 15px; background-color: #212529;\" align=\"center\">Copyright &copy; 2024 Aurobees - All Rights Reserved.</td>\r\n</tr>\r\n</tbody>\r\n</table>\r\n</td>\r\n</tr>\r\n</tbody>\r\n</table>', NULL, NULL, '2024-11-11 10:11:05'),
(45, 'support_team_subscribe_plan_upgrade', 'Upgrade LOB Subscription mail', '<table style=\"margin: auto; font-family: \'Open Sans\', sans-serif; font-size: 16px;\" border=\"0\" cellspacing=\"0\" cellpadding=\"0\" width=\"100%\">\r\n<tbody>\r\n<tr>\r\n<td style=\"background: #ffffff; border-radius: 5px 5px 0 0;\">\r\n<table border=\"0\" cellspacing=\"0\" cellpadding=\"0\" width=\"100%\">\r\n<tbody>\r\n<tr>\r\n<td style=\"width: 40%; padding: 8px 15px;\"><a style=\"color: #fff;\" href=\"https://aurobees.projectsdemo.biz\"><img src=\"https://aurobees.projectsdemo.biz/img/logo.png\" alt=\"logo\" width=\"299px\" height=\"69px\" /></a></td>\r\n<td style=\"width: 60%; color: #000; padding: 8px 15px;\" align=\"right\"><strong>Date:</strong>{Date}</td>\r\n</tr>\r\n</tbody>\r\n</table>\r\n</td>\r\n</tr>\r\n<tr>\r\n<td style=\"padding: 15px; border: 1px solid #ccc; border-radius: 0px 0px 5px 5px;\">\r\n<table border=\"0\" cellspacing=\"0\" cellpadding=\"0\" width=\"100%\">\r\n<tbody>\r\n<tr>\r\n<td style=\"color: #696969; font-size: 15px; font-weight: 500; padding: 5px 0 15px;\">Dear Team,</td>\r\n</tr>\r\n<tr>\r\n<td style=\"color: #696969; font-size: 15px; font-weight: 500; padding-bottom: 20px;\">\r\n<p>New subscription {Name} received!&nbsp;.</p>\r\n<p>Details are as below:</p>\r\n</td>\r\n</tr>\r\n</tbody>\r\n</table>\r\n<table border=\"0\" cellspacing=\"0\" cellpadding=\"0\" width=\"100%\">\r\n<tbody>\r\n<tr>\r\n<td style=\"color: #696969; font-size: 14px; padding: 12px 20px; border-bottom: 1px solid #ccc;\" colspan=\"2\">\r\n<h2>Lob Details:</h2>\r\n</td>\r\n</tr>\r\n<tr>\r\n<td style=\"color: #696969; font-size: 14px; padding: 12px 20px; border-bottom: 1px solid #ccc;\"><strong>Company Name:</strong></td>\r\n<td style=\"color: #696969; font-size: 14px; padding: 12px 20px; border-bottom: 1px solid #ccc;\">{Company}</td>\r\n</tr>\r\n<tr>\r\n<td style=\"color: #696969; font-size: 14px; padding: 12px 20px; border-bottom: 1px solid #ccc;\"><strong>AddressLine1:</strong></td>\r\n<td style=\"color: #696969; font-size: 14px; padding: 12px 20px; border-bottom: 1px solid #ccc;\">{AddressLine1}</td>\r\n</tr>\r\n<tr>\r\n<td style=\"color: #696969; font-size: 14px; padding: 12px 20px; border-bottom: 1px solid #ccc;\"><strong>AddressLine2:</strong></td>\r\n<td style=\"color: #696969; font-size: 14px; padding: 12px 20px; border-bottom: 1px solid #ccc;\">{AddressLine2}</td>\r\n</tr>\r\n<tr>\r\n<td style=\"color: #696969; font-size: 14px; padding: 12px 20px; border-bottom: 1px solid #ccc;\"><strong>City:</strong></td>\r\n<td style=\"color: #696969; font-size: 14px; padding: 12px 20px; border-bottom: 1px solid #ccc;\">{City}</td>\r\n</tr>\r\n<tr>\r\n<td style=\"color: #696969; font-size: 14px; padding: 12px 20px; border-bottom: 1px solid #ccc;\"><strong>State:</strong></td>\r\n<td style=\"color: #696969; font-size: 14px; padding: 12px 20px; border-bottom: 1px solid #ccc;\">{State}</td>\r\n</tr>\r\n<tr>\r\n<td style=\"color: #696969; font-size: 14px; padding: 12px 20px; border-bottom: 1px solid #ccc;\"><strong>Country:</strong></td>\r\n<td style=\"color: #696969; font-size: 14px; padding: 12px 20px; border-bottom: 1px solid #ccc;\">{Country}</td>\r\n</tr>\r\n<tr>\r\n<td style=\"color: #696969; font-size: 14px; padding: 12px 20px; border-bottom: 1px solid #ccc;\"><strong>Zip Code:</strong></td>\r\n<td style=\"color: #696969; font-size: 14px; padding: 12px 20px; border-bottom: 1px solid #ccc;\">{Pincode}</td>\r\n</tr>\r\n<tr>\r\n<td style=\"color: #696969; font-size: 14px; padding: 12px 20px; border-bottom: 1px solid #ccc;\"><strong>Industry:</strong></td>\r\n<td style=\"color: #696969; font-size: 14px; padding: 12px 20px; border-bottom: 1px solid #ccc;\">{Industry}</td>\r\n</tr>\r\n<tr>\r\n<td style=\"color: #696969; font-size: 14px; padding: 12px 20px; border-bottom: 1px solid #ccc;\"><strong>Designation:</strong></td>\r\n<td style=\"color: #696969; font-size: 14px; padding: 12px 20px; border-bottom: 1px solid #ccc;\">{Designation}</td>\r\n</tr>\r\n<tr>\r\n<td style=\"color: #696969; font-size: 14px; padding: 12px 20px; border-bottom: 1px solid #ccc;\"><strong>No of Employees:</strong></td>\r\n<td style=\"color: #696969; font-size: 14px; padding: 12px 20px; border-bottom: 1px solid #ccc;\">{NumberOfUser}</td>\r\n</tr>\r\n<tr>\r\n<td style=\"color: #696969; font-size: 14px; padding: 12px 20px; border-bottom: 1px solid #ccc;\"><strong>Contact Person First Name:</strong></td>\r\n<td style=\"color: #696969; font-size: 14px; padding: 12px 20px; border-bottom: 1px solid #ccc;\">{ContactPersonFirstName}</td>\r\n</tr>\r\n<tr>\r\n<td style=\"color: #696969; font-size: 14px; padding: 12px 20px; border-bottom: 1px solid #ccc;\"><strong>Contact Person Last Name:</strong></td>\r\n<td style=\"color: #696969; font-size: 14px; padding: 12px 20px; border-bottom: 1px solid #ccc;\">{ContactPersonLastName}</td>\r\n</tr>\r\n<tr>\r\n<td style=\"color: #696969; font-size: 14px; padding: 12px 20px; border-bottom: 1px solid #ccc;\"><strong>Contact Person Email:</strong></td>\r\n<td style=\"color: #696969; font-size: 14px; padding: 12px 20px; border-bottom: 1px solid #ccc;\">{ContactPersonEmail}</td>\r\n</tr>\r\n<tr>\r\n<td style=\"color: #696969; font-size: 14px; padding: 12px 20px; border-bottom: 1px solid #ccc;\"><strong>Contact Person Phone No:</strong></td>\r\n<td style=\"color: #696969; font-size: 14px; padding: 12px 20px; border-bottom: 1px solid #ccc;\">{ContactPersonPhoneNo}</td>\r\n</tr>\r\n<tr>\r\n<td style=\"color: #696969; font-size: 14px; padding: 12px 20px; border-bottom: 1px solid #ccc;\"><strong>LOB:</strong></td>\r\n<td style=\"color: #696969; font-size: 14px; padding: 12px 20px; border-bottom: 1px solid #ccc;\">{SubscriptionName}({PlanName})</td>\r\n</tr>\r\n<tr>\r\n<td style=\"color: #696969; font-size: 14px; padding: 12px 20px; border-bottom: 1px solid #ccc;\"><strong>Subscription Type:</strong></td>\r\n<td style=\"color: #696969; font-size: 14px; padding: 12px 20px; border-bottom: 1px solid #ccc;\">{PlanType}</td>\r\n</tr>\r\n<tr>\r\n<td style=\"color: #696969; font-size: 14px; padding: 12px 20px; border-bottom: 1px solid #ccc;\"><strong>Customer of:</strong></td>\r\n<td style=\"color: #696969; font-size: 14px; padding: 12px 20px; border-bottom: 1px solid #ccc;\">{CustomerOf}</td>\r\n</tr>\r\n<tr>\r\n<td style=\"color: #696969; font-size: 14px; padding: 12px 20px; border-bottom: 1px solid #ccc;\"><strong>Company Code:</strong></td>\r\n<td style=\"color: #696969; font-size: 14px; padding: 12px 20px; border-bottom: 1px solid #ccc;\">{CompanyCode}</td>\r\n</tr>\r\n<tr>\r\n<td style=\"color: #696969; font-size: 14px; padding: 12px 20px; border-bottom: 1px solid #ccc;\"><strong>Is Woocommerce required:</strong></td>\r\n<td style=\"color: #696969; font-size: 14px; padding: 12px 20px; border-bottom: 1px solid #ccc;\">{IsWoocommerceRequired}</td>\r\n</tr>\r\n<tr>\r\n<td style=\"color: #696969; font-size: 14px; padding: 12px 20px; border-bottom: 1px solid #ccc;\"><strong>Subscription Addons Name:</strong></td>\r\n<td style=\"color: #696969; font-size: 14px; padding: 12px 20px; border-bottom: 1px solid #ccc;\">{SubscriptionAddonsName}</td>\r\n</tr>\r\n</tbody>\r\n</table>\r\n<table border=\"0\" cellspacing=\"0\" cellpadding=\"0\" width=\"100%\">\r\n<tbody>\r\n<tr>\r\n<td style=\"color: #fff; font-size: 15px; font-weight: 500; padding: 10px 0 15px; background-color: #212529;\" align=\"center\">Copyright &copy; 2024 Aurobees - All Rights Reserved.</td>\r\n</tr>\r\n</tbody>\r\n</table>\r\n</td>\r\n</tr>\r\n</tbody>\r\n</table>', NULL, NULL, '2024-11-11 10:11:47'),
(46, 'customer_subscribe_plan_upgrade_auropay', 'Upgrade Plan Payment successful for Aurobees', '<table style=\"margin: auto; font-family: \'Open Sans\', sans-serif; font-size: 16px;\" border=\"0\" cellspacing=\"0\" cellpadding=\"0\" width=\"100%\">\n<tbody>\n<tr>\n<td style=\"background: #ffffff; border-radius: 5px 5px 0 0;\">\n<table border=\"0\" cellspacing=\"0\" cellpadding=\"0\" width=\"100%\">\n<tbody>\n<tr>\n<td style=\"width: 40%; padding: 8px 15px;\"><a style=\"color: #fff;\" href=\"https://aurobees.projectsdemo.biz\"><img src=\"https://aurobees.projectsdemo.biz/img/logo.png\" alt=\"logo\" width=\"299px\" height=\"69px\" /></a></td>\n<td style=\"width: 60%; color: #000; padding: 8px 15px;\" align=\"right\"><strong>Date:</strong>{Date}</td>\n</tr>\n</tbody>\n</table>\n</td>\n</tr>\n<tr>\n<td style=\"padding: 15px; border: 1px solid #ccc; border-radius: 0px 0px 5px 5px;\">\n<table border=\"0\" cellspacing=\"0\" cellpadding=\"0\" width=\"100%\">\n<tbody>\n<tr>\n<td style=\"color: #696969; font-size: 15px; font-weight: 500; padding: 5px 0 15px;\">Dear {Name},</td>\n</tr>\n<tr>\n<td style=\"color: #696969; font-size: 15px; font-weight: 500; padding-bottom: 20px;\">We are delighted to inform that your payment is received and subscription has been successful. On behalf of Aurobees, we are thrilled to have you as a valued subscriber and look forward to serving you with utmost dedication and commitment.</td>\n</tr>\n</tbody>\n</table>\n<table border=\"0\" cellspacing=\"0\" cellpadding=\"0\" width=\"100%\">\n<tbody>\n<tr>\n<td style=\"color: #696969; font-size: 14px; padding: 12px 20px; border-bottom: 1px solid #ccc;\" colspan=\"2\">\n<h2>Lob Details:</h2>\n</td>\n</tr>\n<tr>\n<td style=\"color: #696969; font-size: 14px; padding: 12px 20px; border-bottom: 1px solid #ccc;\"><strong>Subscription Plan:</strong></td>\n<td style=\"color: #696969; font-size: 14px; padding: 12px 20px; border-bottom: 1px solid #ccc;\">{SubscriptionName}({PlanName})</td>\n</tr>\n<tr>\n<td style=\"color: #696969; font-size: 14px; padding: 12px 20px; border-bottom: 1px solid #ccc;\"><strong>Payment Amount:</strong></td>\n<td style=\"color: #696969; font-size: 14px; padding: 12px 20px; border-bottom: 1px solid #ccc;\">{CurrencyCode} {Amount}</td>\n</tr>\n<tr>\n<td style=\"color: #696969; font-size: 14px; padding: 12px 20px; border-bottom: 1px solid #ccc;\"><strong>Payment Method:</strong></td>\n<td style=\"color: #696969; font-size: 14px; padding: 12px 20px; border-bottom: 1px solid #ccc;\">AuroPay</td>\n</tr>\n<tr>\n<td style=\"color: #696969; font-size: 14px; padding: 12px 20px; border-bottom: 1px solid #ccc;\"><strong>Transaction ID:</strong></td>\n<td style=\"color: #696969; font-size: 14px; padding: 12px 20px; border-bottom: 1px solid #ccc;\">{TransactionID}</td>\n</tr>\n<tr>\n<td style=\"color: #696969; font-size: 14px; padding: 12px 20px; border-bottom: 1px solid #ccc;\"><strong>Payment Date:</strong></td>\n<td style=\"color: #696969; font-size: 14px; padding: 12px 20px; border-bottom: 1px solid #ccc;\">{Date}</td>\n</tr>\n</tbody>\n</table>\n<table border=\"0\" cellspacing=\"0\" cellpadding=\"0\" width=\"100%\">\n<tbody>\n<tr>\n<td style=\"color: #696969; font-size: 15px; font-weight: 500; padding-bottom: 20px;\">We would request you to keep your account credentials confidential to maintain the security of your subscription. If you suspect any unauthorized activity or need to update your account information, please contact us immediately.</td>\n</tr>\n</tbody>\n</table>\n<table border=\"0\" cellspacing=\"0\" cellpadding=\"0\" width=\"100%\">\n<tbody>\n<tr>\n<td style=\"color: #696969; font-size: 15px; font-weight: 500; padding: 20px 0 20px;\">For any queries, feel free to get in touch with us at <a style=\"color: #138be0; text-decoration: none;\" href=\"mailto:support@aurobees.com\">support@aurobees.com</a>.</td>\n</tr>\n<tr>\n<td style=\"color: #696969; font-size: 15px; font-weight: 500; padding-bottom: 2px;\">Regards,</td>\n</tr>\n<tr>\n<td style=\"color: #696969; font-size: 15px; font-weight: 500; padding-bottom: 22px;\"><span>Aurobees</span></td>\n</tr>\n<tr>\n<td style=\"color: #696969; font-size: 15px; font-weight: 500; padding-bottom: 2px;\"><span>Aurionpro Solutions Pte Ltd</span></td>\n</tr>\n<tr>\n<td style=\"color: #696969; font-size: 15px; font-weight: 500; padding: 0px 0 20px;\"><a style=\"color: #138be0; text-decoration: none;\" href=\"https://aurobees.projectsdemo.biz\">www.aurobees.com</a></td>\n</tr>\n<tr>\n<td style=\"padding: 5px;\">&nbsp;</td>\n</tr>\n<tr>\n<td style=\"color: #fff; font-size: 15px; font-weight: 500; padding: 10px 0 15px; background-color: #212529;\" align=\"center\">Copyright &copy; 2024 Aurobees - All Rights Reserved.</td>\n</tr>\n</tbody>\n</table>\n</td>\n</tr>\n</tbody>\n</table>', NULL, NULL, NULL),
(47, 'become_a_partner_uploaded_partner_files_and_fields', 'Documents for Aurobees received', '<table style=\"margin: auto; font-family: \'Open Sans\', sans-serif; font-size: 16px;\" border=\"0\" cellspacing=\"0\" cellpadding=\"0\" width=\"100%\">\r\n<tbody>\r\n<tr>\r\n<td style=\"background: #ffffff; border-radius: 5px 5px 0 0;\">\r\n<table border=\"0\" cellspacing=\"0\" cellpadding=\"0\" width=\"100%\">\r\n<tbody>\r\n<tr>\r\n<td style=\"width: 40%; padding: 8px 15px;\"><a style=\"color: #fff;\" href=\"https://aurobees.projectsdemo.biz/\"><img src=\"https://aurobees.projectsdemo.biz/img/logo.png\" alt=\"logo\" width=\"299px\" height=\"69px\" /></a></td>\r\n<td style=\"width: 60%; color: #000; padding: 8px 15px;\" align=\"right\"><br /></td>\r\n</tr>\r\n</tbody>\r\n</table>\r\n</td>\r\n</tr>\r\n<tr>\r\n<td style=\"padding: 15px; border: 1px solid #ccc; border-radius: 0px 0px 5px 5px;\">\r\n<table border=\"0\" cellspacing=\"0\" cellpadding=\"0\" width=\"100%\">\r\n<tbody>\r\n<tr>\r\n<td style=\"color: #696969; font-size: 15px; font-weight: 500; padding-bottom: 2px;\">\r\n<p><span>Dear {Name},</span></p>\r\n<p>Thank you for updating documents. It is under verification process.</p>\r\n<p>For any queries, feel free to get in touch with us at support@aurobees.com.</p>\r\n<p>Regards,</p>\r\n</td>\r\n</tr>\r\n<tr>\r\n<td style=\"color: #696969; font-size: 15px; font-weight: 500; padding-bottom: 22px;\">\r\n<p><span>Aurobees</span></p>\r\n</td>\r\n</tr>\r\n<tr>\r\n<td style=\"color: #fff; font-size: 15px; font-weight: 500; padding: 10px 0 15px; background-color: #212529;\" align=\"center\">Copyright &copy; 2024 Aurobees - All Rights Reserved.</td>\r\n</tr>\r\n</tbody>\r\n</table>\r\n</td>\r\n</tr>\r\n</tbody>\r\n</table>', NULL, NULL, '2024-10-22 07:41:27');
INSERT INTO `email_management` (`id`, `key`, `title`, `template`, `file`, `created_at`, `updated_at`) VALUES
(48, 'become_a_partner_uploaded_partner_files_and_fields_for_support', 'Partner Document  for Aurobees received', '<table style=\"margin: auto; font-family: \'Open Sans\', sans-serif; font-size: 16px;\" border=\"0\" cellspacing=\"0\" cellpadding=\"0\" width=\"100%\">\r\n<tbody>\r\n<tr>\r\n<td style=\"background: #ffffff; border-radius: 5px 5px 0 0;\">\r\n<table border=\"0\" cellspacing=\"0\" cellpadding=\"0\" width=\"100%\">\r\n<tbody>\r\n<tr>\r\n<td style=\"width: 40%; padding: 8px 15px;\"><a style=\"color: #fff;\" href=\"https://aurobees.projectsdemo.biz/\"><img src=\"https://aurobees.projectsdemo.biz/img/logo.png\" alt=\"logo\" width=\"299px\" height=\"69px\" /></a></td>\r\n<td style=\"width: 60%; color: #000; padding: 8px 15px;\" align=\"right\"><br /></td>\r\n</tr>\r\n</tbody>\r\n</table>\r\n</td>\r\n</tr>\r\n<tr>\r\n<td style=\"padding: 15px; border: 1px solid #ccc; border-radius: 0px 0px 5px 5px;\">\r\n<table border=\"0\" cellspacing=\"0\" cellpadding=\"0\" width=\"100%\">\r\n<tbody>\r\n<tr>\r\n<td style=\"color: #696969; font-size: 15px; font-weight: 500; padding-bottom: 2px;\">\r\n<p><span>Dear Support Team,</span></p>\r\n<p><span>Document documents for Partner {Name} received.</span></p>\r\n<p>Regards,</p>\r\n</td>\r\n</tr>\r\n<tr>\r\n<td style=\"color: #696969; font-size: 15px; font-weight: 500; padding-bottom: 22px;\"><span>Aurobees</span></td>\r\n</tr>\r\n<tr valign=\"top\">\r\n<td style=\"color: #fff; font-size: 15px; font-weight: 500; padding: 10px 0 15px; background-color: #212529;\" align=\"center\">Copyright &copy; 2024 Aurobees - All Rights Reserved.</td>\r\n</tr>\r\n</tbody>\r\n</table>\r\n</td>\r\n</tr>\r\n</tbody>\r\n</table>', NULL, NULL, '2024-10-22 07:40:49'),
(49, 'become_a_partner_uploaded_partner_contract_throw_contract_renewal_process', 'Acknowledgement of Agreement submission', '<table style=\"margin: auto; font-family: \'Open Sans\', sans-serif; font-size: 16px;\" border=\"0\" cellspacing=\"0\" cellpadding=\"0\" width=\"100%\">\r\n<tbody>\r\n<tr>\r\n<td style=\"background: #ffffff; border-radius: 5px 5px 0 0;\">\r\n<table border=\"0\" cellspacing=\"0\" cellpadding=\"0\" width=\"100%\">\r\n<tbody>\r\n<tr>\r\n<td style=\"width: 40%; padding: 8px 15px;\"><a style=\"color: #fff;\" href=\"https://aurobees.projectsdemo.biz/\"><img src=\"https://aurobees.projectsdemo.biz/img/logo.png\" alt=\"logo\" width=\"299px\" height=\"69px\" /></a></td>\r\n<td style=\"width: 60%; color: #000; padding: 8px 15px;\" align=\"right\"><strong>Date:</strong>{Date}</td>\r\n</tr>\r\n</tbody>\r\n</table>\r\n</td>\r\n</tr>\r\n<tr>\r\n<td style=\"padding: 15px; border: 1px solid #ccc; border-radius: 0px 0px 5px 5px;\">\r\n<table border=\"0\" cellspacing=\"0\" cellpadding=\"0\" width=\"100%\">\r\n<tbody>\r\n<tr>\r\n<td style=\"color: #696969; font-size: 15px; font-weight: 500; padding: 20px 0 20px;\">\r\n<p><span>Dear {Name},</span></p>\r\n<p>We acknowledge the receipt of the partnership agreement. It is under verification process.</p>\r\n<p>We are excited about the opportunities that lie ahead once we collaborate.</p>\r\n<p>For any                                 queries, feel free to get in touch with us at <a style=\"color: #138be0; text-decoration: none;\" href=\"mailto:support@aurobees.com\">support@aurobees.com</a>.</p>\r\n</td>\r\n</tr>\r\n<tr>\r\n<td style=\"color: #696969; font-size: 15px; font-weight: 500; padding-bottom: 2px;\">Regards,</td>\r\n</tr>\r\n<tr>\r\n<td style=\"color: #696969; font-size: 15px; font-weight: 500; padding-bottom: 22px;\"><span>Aurobees</span></td>\r\n</tr>\r\n<tr>\r\n<td style=\"color: #fff; font-size: 15px; font-weight: 500; padding: 10px 0 15px; background-color: #212529;\" align=\"center\">Copyright &copy; 2024 Aurobees - All Rights Reserved.</td>\r\n</tr>\r\n</tbody>\r\n</table>\r\n</td>\r\n</tr>\r\n</tbody>\r\n</table>', NULL, NULL, '2024-10-22 07:40:08'),
(50, 'become_a_partner_uploaded_partner_contract_throw_contract_renewal_process_for_support', 'Agreement received for Partner', '<table style=\"margin: auto; font-family: \'Open Sans\', sans-serif; font-size: 16px;\" border=\"0\" cellspacing=\"0\" cellpadding=\"0\" width=\"100%\">\r\n<tbody>\r\n<tr>\r\n<td style=\"background: #ffffff; border-radius: 5px 5px 0 0;\">\r\n<table border=\"0\" cellspacing=\"0\" cellpadding=\"0\" width=\"100%\">\r\n<tbody>\r\n<tr>\r\n<td style=\"width: 40%; padding: 8px 15px;\"><a style=\"color: #fff;\" href=\"https://aurobees.projectsdemo.biz/\"><img src=\"https://aurobees.projectsdemo.biz/img/logo.png\" alt=\"logo\" width=\"299px\" height=\"69px\" /></a></td>\r\n<td style=\"width: 60%; color: #000; padding: 8px 15px;\" align=\"right\"><br /></td>\r\n</tr>\r\n</tbody>\r\n</table>\r\n</td>\r\n</tr>\r\n<tr>\r\n<td style=\"padding: 15px; border: 1px solid #ccc; border-radius: 0px 0px 5px 5px;\">\r\n<table style=\"width: 100%;\" border=\"0\" cellspacing=\"0\" cellpadding=\"0\">\r\n<tbody>\r\n<tr>\r\n<td style=\"font-size: 15px; font-weight: 500; color: #696969; padding: 0in;\">\r\n<p><span>Dear Support Team,</span></p>\r\n<p>Partnership agreement received from <span>partner&nbsp;</span><span>{Name}</span><span>&nbsp;</span>.</p>\r\n<p>&nbsp;</p>\r\n</td>\r\n</tr>\r\n<tr>\r\n<td style=\"color: #fff; font-size: 15px; font-weight: 500; padding: 10px 0 15px; background-color: #212529;\" align=\"center\">Copyright &copy; 2024 Aurobees - All Rights Reserved.</td>\r\n</tr>\r\n</tbody>\r\n</table>\r\n</td>\r\n</tr>\r\n</tbody>\r\n</table>', NULL, NULL, '2024-10-22 07:39:26'),
(51, 'partner_contract_renewal_before_expire_notification_for_support', 'Partner Contract Renewal', '<table style=\"margin: auto; font-family: \'Open Sans\', sans-serif; font-size: 16px;\" border=\"0\" cellspacing=\"0\" cellpadding=\"0\" width=\"100%\">\r\n<tbody>\r\n<tr>\r\n<td style=\"background: #ffffff; border-radius: 5px 5px 0 0;\">\r\n<table border=\"0\" cellspacing=\"0\" cellpadding=\"0\" width=\"100%\">\r\n<tbody>\r\n<tr>\r\n<td style=\"width: 40%; padding: 8px 15px;\"><a style=\"color: #fff;\" href=\"https://aurobees.projectsdemo.biz/\"><img src=\"https://aurobees.projectsdemo.biz/img/logo.png\" alt=\"logo\" width=\"299px\" height=\"69px\" /></a></td>\r\n<td style=\"width: 60%; color: #000; padding: 8px 15px;\" align=\"right\"><strong>Date:</strong>{Date}</td>\r\n</tr>\r\n</tbody>\r\n</table>\r\n</td>\r\n</tr>\r\n<tr>\r\n<td style=\"padding: 15px; border: 1px solid #ccc; border-radius: 0px 0px 5px 5px;\">\r\n<table border=\"0\" cellspacing=\"0\" cellpadding=\"0\" width=\"100%\">\r\n<tbody>\r\n<tr>\r\n<td style=\"color: #696969; font-size: 15px; font-weight: 500; padding: 5px 0 15px;\">Dear Support,</td>\r\n</tr>\r\n<tr>\r\n<td style=\"color: #696969; font-size: 15px; font-weight: 500; padding-bottom: 20px;\">\r\n<p>Partner Contract expired within 4 days.</p>\r\n<p>Partner Details:-</p>\r\n<p>Name:- {Name}</p>\r\n<p>Code:- {Code}</p>\r\n<p>Phone:- {Phone}</p>\r\n<p>Email:- {Email}</p>\r\n</td>\r\n</tr>\r\n</tbody>\r\n</table>\r\n<table border=\"0\" cellspacing=\"0\" cellpadding=\"0\" width=\"100%\">\r\n<tbody>\r\n<tr>\r\n<td style=\"color: #696969; font-size: 15px; font-weight: 500; padding: 20px 0 20px;\">For any queries, feel free to get in touch with us at <a style=\"color: #138be0; text-decoration: none;\" href=\"mailto:support@aurobees.com\">support@aurobees.com</a>.</td>\r\n</tr>\r\n<tr>\r\n<td style=\"color: #696969; font-size: 15px; font-weight: 500; padding-bottom: 2px;\">Regards,</td>\r\n</tr>\r\n<tr>\r\n<td style=\"color: #696969; font-size: 15px; font-weight: 500; padding-bottom: 22px;\"><span>Aurobees</span></td>\r\n</tr>\r\n<tr>\r\n<td style=\"color: #696969; font-size: 15px; font-weight: 500; padding-bottom: 2px;\"><span>Aurionpro Solutions Pte Ltd</span></td>\r\n</tr>\r\n<tr>\r\n<td style=\"color: #696969; font-size: 15px; font-weight: 500; padding: 0px 0 20px;\"><a style=\"color: #138be0; text-decoration: none;\" href=\"http://127.0.0.1:8000\">www.aurobees.com</a></td>\r\n</tr>\r\n<tr>\r\n<td style=\"padding: 5px;\">&nbsp;</td>\r\n</tr>\r\n<tr>\r\n<td style=\"color: #fff; font-size: 15px; font-weight: 500; padding: 10px 0 15px; background-color: #212529;\" align=\"center\">Copyright &copy; 2024 Aurobees - All Rights Reserved.</td>\r\n</tr>\r\n</tbody>\r\n</table>\r\n</td>\r\n</tr>\r\n</tbody>\r\n</table>', NULL, NULL, '2024-10-22 07:38:36'),
(52, 'customer_subscribe_plan_pending_payment', 'Payment pending for Aurobees', '<table style=\"margin: auto; font-family: \'Open Sans\', sans-serif; font-size: 16px;\" border=\"0\" cellspacing=\"0\" cellpadding=\"0\" width=\"100%\">\r\n<tbody>\r\n<tr>\r\n<td style=\"background: #ffffff; border-radius: 5px 5px 0 0;\">\r\n<table border=\"0\" cellspacing=\"0\" cellpadding=\"0\" width=\"100%\">\r\n<tbody>\r\n<tr>\r\n<td style=\"width: 40%; padding: 8px 15px;\"><a style=\"color: #fff;\" href=\"https://aurobees.projectsdemo.biz\"><img src=\"https://aurobees.projectsdemo.biz/img/logo.png\" alt=\"logo\" width=\"299px\" height=\"69px\" /></a></td>\r\n<td style=\"width: 60%; color: #000; padding: 8px 15px;\" align=\"right\"><br /></td>\r\n</tr>\r\n</tbody>\r\n</table>\r\n</td>\r\n</tr>\r\n<tr>\r\n<td style=\"padding: 15px; border: 1px solid #ccc; border-radius: 0px 0px 5px 5px;\">\r\n<table border=\"0\" cellspacing=\"0\" cellpadding=\"0\" width=\"100%\">\r\n<tbody>\r\n<tr>\r\n<td style=\"color: #696969; font-size: 15px; font-weight: 500; padding: 5px 0 15px;\">Dear {Name},</td>\r\n</tr>\r\n<tr>\r\n<td style=\"color: #696969; font-size: 15px; font-weight: 500; padding-bottom: 20px;\">\r\n<p>\r\n<div><span>Your subscription purchase is successful, but the payment is still pending. Please complete the payment to activate your subscription.</span></div>\r\n</p>\r\n</td>\r\n</tr>\r\n</tbody>\r\n</table>\r\n<table border=\"0\" cellspacing=\"0\" cellpadding=\"0\" width=\"100%\">\r\n<tbody>\r\n<tr>\r\n<td style=\"color: #696969; font-size: 15px; font-weight: 500; padding-bottom: 20px;\">\r\n<p>&nbsp;</p>\r\n<p>For any queries, feel free to get in touch with us at&nbsp;<a href=\"mailto:support@aurobees.com\">support@aurobees.com</a>.</p>\r\n</td>\r\n</tr>\r\n</tbody>\r\n</table>\r\n<table border=\"0\" cellspacing=\"0\" cellpadding=\"0\" width=\"100%\">\r\n<tbody>\r\n<tr>\r\n<td style=\"color: #696969; font-size: 15px; font-weight: 500; padding-bottom: 2px;\">Regards,</td>\r\n</tr>\r\n<tr>\r\n<td style=\"color: #696969; font-size: 15px; font-weight: 500; padding-bottom: 22px;\"><span>Aurobees</span></td>\r\n</tr>\r\n<tr>\r\n<td style=\"color: #fff; font-size: 15px; font-weight: 500; padding: 10px 0 15px; background-color: #212529;\" align=\"center\">Copyright &copy; 2024 Aurobees - All Rights Reserved.</td>\r\n</tr>\r\n</tbody>\r\n</table>\r\n</td>\r\n</tr>\r\n</tbody>\r\n</table>', NULL, NULL, '2025-01-18 08:10:20'),
(53, 'admin_status_change_subscription', 'Status Updated By Admin', '<table style=\"margin: auto; font-family: \'Open Sans\', sans-serif; font-size: 16px;\" border=\"0\" cellspacing=\"0\" cellpadding=\"0\" width=\"100%\">\r\n<tbody>\r\n<tr>\r\n<td style=\"background: #ffffff; border-radius: 5px 5px 0 0;\">\r\n<table border=\"0\" cellspacing=\"0\" cellpadding=\"0\" width=\"100%\">\r\n<tbody>\r\n<tr>\r\n<td style=\"width: 40%; padding: 8px 15px;\"><a style=\"color: #fff;\" href=\"https://aurobees.projectsdemo.biz\"><img src=\"https://aurobees.projectsdemo.biz/img/logo.png\" alt=\"logo\" width=\"299px\" height=\"69px\" /></a></td>\r\n<td style=\"width: 60%; color: #000; padding: 8px 15px;\" align=\"right\"><br /></td>\r\n</tr>\r\n</tbody>\r\n</table>\r\n</td>\r\n</tr>\r\n<tr>\r\n<td style=\"padding: 15px; border: 1px solid #ccc; border-radius: 0px 0px 5px 5px;\">\r\n<table border=\"0\" cellspacing=\"0\" cellpadding=\"0\" width=\"100%\">\r\n<tbody>\r\n<tr>\r\n<td style=\"color: #696969; font-size: 15px; font-weight: 500; padding: 20px 0 20px;\">\r\n<h1><span style=\"font-size: 15px; font-weight: 500;\">Dear {Name},</span></h1>\r\n<h2><em>Your Subscription Status was changed, current status is {SubscriptionStatus}&nbsp;</em></h2>\r\n</td>\r\n</tr>\r\n<tr>\r\n<td style=\"color: #696969; font-size: 15px; font-weight: 500; padding-bottom: 2px;\">Regards,</td>\r\n</tr>\r\n<tr>\r\n<td style=\"color: #696969; font-size: 15px; font-weight: 500; padding-bottom: 22px;\"><span>Aurobees</span></td>\r\n</tr>\r\n<tr>\r\n<td style=\"color: #fff; font-size: 15px; font-weight: 500; padding: 10px 0 15px; background-color: #212529;\" align=\"center\">Copyright &copy; 2024 Aurobees - All Rights Reserved.</td>\r\n</tr>\r\n</tbody>\r\n</table>\r\n</td>\r\n</tr>\r\n</tbody>\r\n</table>', NULL, NULL, '2025-01-20 08:34:46');

-- --------------------------------------------------------

--
-- Table structure for table `email_notifications`
--

CREATE TABLE `email_notifications` (
  `id` bigint UNSIGNED NOT NULL,
  `slug` varchar(255) CHARACTER SET utf8mb4 COLLATE utf8mb4_unicode_ci NOT NULL,
  `title` varchar(255) CHARACTER SET utf8mb4 COLLATE utf8mb4_unicode_ci DEFAULT NULL,
  `description` varchar(255) CHARACTER SET utf8mb4 COLLATE utf8mb4_unicode_ci DEFAULT NULL,
  `created_by` int DEFAULT NULL,
  `updated_by` int DEFAULT NULL,
  `created_at` timestamp NULL DEFAULT NULL,
  `updated_at` timestamp NULL DEFAULT NULL
) ENGINE=InnoDB DEFAULT CHARSET=utf8mb4 COLLATE=utf8mb4_unicode_ci;

--
-- Dumping data for table `email_notifications`
--

INSERT INTO `email_notifications` (`id`, `slug`, `title`, `description`, `created_by`, `updated_by`, `created_at`, `updated_at`) VALUES
(1, 'user-subscription-before-expire-notification', 'How Many days before Notification send to user for Subscription expire', '14', NULL, 1, NULL, '2024-04-08 15:31:49'),
(2, 'partner-contract-renewal-before-expire-notification', 'How Many days before Notification send to admin for Partner Contract Renewal Expire', '4', NULL, NULL, NULL, NULL);

-- --------------------------------------------------------

--
-- Table structure for table `events`
--

CREATE TABLE `events` (
  `id` bigint UNSIGNED NOT NULL,
  `title` varchar(255) CHARACTER SET utf8mb4 COLLATE utf8mb4_unicode_ci NOT NULL,
  `slug` varchar(255) CHARACTER SET utf8mb4 COLLATE utf8mb4_unicode_ci NOT NULL,
  `banner_image` varchar(255) CHARACTER SET utf8mb4 COLLATE utf8mb4_unicode_ci DEFAULT NULL,
  `sub_title` varchar(255) CHARACTER SET utf8mb4 COLLATE utf8mb4_unicode_ci DEFAULT NULL,
  `form_title` varchar(255) CHARACTER SET utf8mb4 COLLATE utf8mb4_unicode_ci DEFAULT NULL,
  `form_submit_message` varchar(255) CHARACTER SET utf8mb4 COLLATE utf8mb4_unicode_ci DEFAULT NULL,
  `language` varchar(255) CHARACTER SET utf8mb4 COLLATE utf8mb4_unicode_ci NOT NULL DEFAULT 'en',
  `meta_key` varchar(255) CHARACTER SET utf8mb4 COLLATE utf8mb4_unicode_ci DEFAULT NULL,
  `meta_title` varchar(255) CHARACTER SET utf8mb4 COLLATE utf8mb4_unicode_ci DEFAULT NULL,
  `meta_description` longtext CHARACTER SET utf8mb4 COLLATE utf8mb4_unicode_ci,
  `status` enum('Published','Draft','Trash') CHARACTER SET utf8mb4 COLLATE utf8mb4_unicode_ci NOT NULL DEFAULT 'Published',
  `created_by` int DEFAULT NULL,
  `updated_by` int DEFAULT NULL,
  `created_at` timestamp NULL DEFAULT NULL,
  `updated_at` timestamp NULL DEFAULT NULL
) ENGINE=InnoDB DEFAULT CHARSET=utf8mb4 COLLATE=utf8mb4_unicode_ci;

--
-- Dumping data for table `events`
--

INSERT INTO `events` (`id`, `title`, `slug`, `banner_image`, `sub_title`, `form_title`, `form_submit_message`, `language`, `meta_key`, `meta_title`, `meta_description`, `status`, `created_by`, `updated_by`, `created_at`, `updated_at`) VALUES
(1, 'Events', 'event', 'upload/event/1771302244200370.jpg', '.', 'Enter your Details', 'Thank you for registering', 'en', 'EVENT', 'EVENT', 'EVENT', 'Published', 1, 1, '2023-07-13 10:50:57', '2024-04-26 16:10:48'),
(2, 'आयोजन', 'event', 'upload/event/1795943597081815.jpg', 'मरीज की देखभाल करना, कोचिंग प्रक्रिया का पालन करना महत्वपूर्ण है, लेकिन साथ ही यही होता है।', 'अपना विवरण दर्ज करें', 'पंजीकरण प्रक्रिया के लिए धन्यवाद!', 'hi', 'आयोजन', 'आयोजन', 'आयोजन', 'Published', 1, NULL, '2024-04-10 20:04:42', '2024-04-10 20:04:42');

-- --------------------------------------------------------

--
-- Table structure for table `event_dates`
--

CREATE TABLE `event_dates` (
  `id` bigint UNSIGNED NOT NULL,
  `default_language_page` int DEFAULT NULL,
  `title` varchar(255) CHARACTER SET utf8mb4 COLLATE utf8mb4_unicode_ci DEFAULT NULL,
  `description` longtext CHARACTER SET utf8mb4 COLLATE utf8mb4_unicode_ci,
  `pdf` varchar(255) CHARACTER SET utf8mb4 COLLATE utf8mb4_unicode_ci DEFAULT NULL,
  `media_type` enum('Image','Video') CHARACTER SET utf8mb4 COLLATE utf8mb4_unicode_ci DEFAULT NULL,
  `image` varchar(255) CHARACTER SET utf8mb4 COLLATE utf8mb4_unicode_ci DEFAULT NULL,
  `video_type` enum('MP4','Youtube') CHARACTER SET utf8mb4 COLLATE utf8mb4_unicode_ci DEFAULT NULL,
  `video` varchar(255) CHARACTER SET utf8mb4 COLLATE utf8mb4_unicode_ci DEFAULT NULL,
  `thumbnail_image` varchar(255) CHARACTER SET utf8mb4 COLLATE utf8mb4_unicode_ci DEFAULT NULL,
  `youtube` longtext CHARACTER SET utf8mb4 COLLATE utf8mb4_unicode_ci,
  `datetime` datetime DEFAULT NULL,
  `duration` int DEFAULT NULL,
  `meeting_type` varchar(255) CHARACTER SET utf8mb4 COLLATE utf8mb4_unicode_ci DEFAULT NULL,
  `meeting_link` text CHARACTER SET utf8mb4 COLLATE utf8mb4_unicode_ci,
  `zoom_start_url` text COLLATE utf8mb4_unicode_ci,
  `zoom_join_url` text COLLATE utf8mb4_unicode_ci,
  `zoom_id` text COLLATE utf8mb4_unicode_ci,
  `zoom_password` text COLLATE utf8mb4_unicode_ci,
  `language` varchar(10) CHARACTER SET utf8mb4 COLLATE utf8mb4_unicode_ci NOT NULL DEFAULT 'en',
  `status` enum('Published','Draft','Trash') CHARACTER SET utf8mb4 COLLATE utf8mb4_unicode_ci NOT NULL DEFAULT 'Published',
  `created_by` int DEFAULT NULL,
  `updated_by` int DEFAULT NULL,
  `created_at` timestamp NULL DEFAULT NULL,
  `updated_at` timestamp NULL DEFAULT NULL
) ENGINE=InnoDB DEFAULT CHARSET=utf8mb4 COLLATE=utf8mb4_unicode_ci;

--
-- Dumping data for table `event_dates`
--

INSERT INTO `event_dates` (`id`, `default_language_page`, `title`, `description`, `pdf`, `media_type`, `image`, `video_type`, `video`, `thumbnail_image`, `youtube`, `datetime`, `duration`, `meeting_type`, `meeting_link`, `zoom_start_url`, `zoom_join_url`, `zoom_id`, `zoom_password`, `language`, `status`, `created_by`, `updated_by`, `created_at`, `updated_at`) VALUES
(1, NULL, 'LOREM IPSUM DOLOR SIT AMET, CONSECTETUR ADIPISCING ELIT SED DO', '<p>Lorem ipsum dolor sit amet, consectetur adipiscing elit, sed do eiusmod tempor incididunt ut labore et dolore magna aliqua. Quis ipsum suspendisse ultrices gravida. Risus commodo viverra maecenas accumsan lacus vel facilisis. Lorem ipsum dolor sit amet, consectetur adipiscing elit, sed do eiusmod tempor incididunt ut labore et dolore magna aliqua. Quis ipsum suspendisse ultrices gravida. Risus commodo viverra maecenas accumsan lacus vel facilisis. Lorem ipsum dolor sit amet, consectetur adipiscing elit, sed do eiusmod tempor incididunt ut labore et dolore magna aliqua. Quis ipsum suspendisse ultrices gravida. Risus commodo viverra maecenas accumsan lacus vel facilisis.</p>', 'upload/event/1783876241989013.pdf', 'Image', 'upload/event/1771312480991366.jpg', 'MP4', NULL, NULL, NULL, '2024-09-17 12:35:00', 0, 'Online', 'http://localhost/www/aurobees', NULL, NULL, NULL, NULL, 'en', 'Published', 1, 1, '2023-07-13 13:33:39', '2024-09-14 15:55:57'),
(2, 1, 'हम इसे क्यों प्रयोग करते हैं?', '<p>यह एक लंबा स्थापित तथ्य है कि जब एक पाठक एक पृष्ठ के खाखे को देखेगा तो पठनीय सामग्री से विचलित हो जाएगा. Lorem Ipsum का उपयोग करने का मुद्दा यह है कि इसमें एक और अधिक या कम अक्षरों का सामान्य वितरण किया गया है, &#39;Content here, content here&#39; प्रयोग करने की जगह इसे पठनीय English के रूप में प्रयोग किया जाये. अब कई डेस्कटॉप प्रकाशन संकुल और वेब पेज संपादक उनके डिफ़ॉल्ट मॉडल पाठ के रूप में Lorem Ipsum उपयोग करते हैं, और अब &quot;Lorem Ipsum&quot; के लिए खोज अपने शैशव में कई वेब साइटों को उजागर करती है. इसके विभिन्न संस्करणों का वर्षों में विकास हुआ है, कभी दुर्घटना से, तो कभी प्रयोजन पर (हास्य और लगाव डालने के लिए).</p>', NULL, 'Image', 'upload/event/1795944651470710.jpg', 'MP4', NULL, NULL, NULL, '2024-04-17 16:20:00', 0, 'हम इसे क्यों प्रयोग करते हैं?', 'https://aurobees.projectsdemo.biz/', NULL, NULL, NULL, NULL, 'hi', 'Published', 1, NULL, '2024-04-10 20:21:27', '2024-04-10 20:21:27'),
(3, NULL, 'test', '<p>test</p>', 'upload/event/1815601368478565.pdf', 'Image', 'upload/go-online/1813782325705251.jpg', 'MP4', NULL, NULL, NULL, '2024-10-31 11:40:00', 34, 'test', 'https://aurobees.projectsdemo.biz/admin/event/event-date/create', 'https://us05web.zoom.us/s/89330074536?zak=eyJ0eXAiOiJKV1QiLCJzdiI6IjAwMDAwMSIsInptX3NrbSI6InptX28ybSIsImFsZyI6IkhTMjU2In0.eyJpc3MiOiJ3ZWIiLCJjbHQiOjAsIm1udW0iOiI4OTMzMDA3NDUzNiIsImF1ZCI6ImNsaWVudHNtIiwidWlkIjoibGU1dkszaDdReC04d2RFMUkwX3hsQSIsInppZCI6IjEyMTY0YjM1OTFkODRiOTE4N2RjNmE4MDc0ZDI4NGNkIiwic2siOiIwIiwic3R5IjoxMDAsIndjZCI6InVzMDUiLCJleHAiOjE3Mjk1ODQ2NzcsImlhdCI6MTcyOTU3NzQ3NywiYWlkIjoiZWl0d2ZPZmJUcXlad2xndDF1bE5XUSIsImNpZCI6IiJ9.b9E05PaQYq4n4__L_lCJDWQdcC6b8KOa6e2kh71l78U', 'https://us05web.zoom.us/j/89330074536?pwd=galPUYomimcLVu21HrambdaMF2BaPf.1', '89330074536', '89853158', 'en', 'Published', 1, 1, '2024-10-22 06:11:17', '2024-11-13 10:06:34'),
(4, NULL, 'Aurobees 2.0 Warehousing the Boost test', '<p>Aurobees 2.0 Warehousing the Boost</p>', 'upload/event/1814887371475999.pdf', 'Image', 'upload/event/1814865968990177.png', 'MP4', NULL, NULL, NULL, '2024-12-16 13:30:00', 60, 'Zoom', 'https://aurobees.projectsdemo.biz/admin/event/event-date/create', 'https://us05web.zoom.us/s/85069969174?zak=eyJ0eXAiOiJKV1QiLCJzdiI6IjAwMDAwMSIsInptX3NrbSI6InptX28ybSIsImFsZyI6IkhTMjU2In0.eyJpc3MiOiJ3ZWIiLCJjbHQiOjAsIm1udW0iOiI4NTA2OTk2OTE3NCIsImF1ZCI6ImNsaWVudHNtIiwidWlkIjoibGU1dkszaDdReC04d2RFMUkwX3hsQSIsInppZCI6IjlmMDljN2IwYTFhZjQwMzVhYjQ2YzA2Y2U4Y2IwZGEyIiwic2siOiIwIiwic3R5IjoxMDAsIndjZCI6InVzMDUiLCJleHAiOjE3MzA3OTgyNjIsImlhdCI6MTczMDc5MTA2MiwiYWlkIjoiZWl0d2ZPZmJUcXlad2xndDF1bE5XUSIsImNpZCI6IiJ9.XV_vlqy0OXeHX5zXy_yqEmlwjfnhron3oXSRWFhv7bc', 'https://us05web.zoom.us/j/85069969174?pwd=NHXYsW006Z5AQaGMTJTv9WuDaBQ4OY.1', '85069969174', '34505364', 'en', 'Published', 1, 1, '2024-11-05 07:17:42', '2024-12-11 06:14:37'),
(5, NULL, 'Aurobees onboarding', '<p>Aurobees Customer and partner onboarding</p>', NULL, 'Image', 'upload/event/1818123450466098.jpeg', 'MP4', NULL, NULL, NULL, '2025-01-16 12:00:00', 30, 'zoom', 'https://aurobees.projectsdemo.biz/admin/event/event-date/create', 'https://us05web.zoom.us/s/84165574093?zak=eyJ0eXAiOiJKV1QiLCJzdiI6IjAwMDAwMSIsInptX3NrbSI6InptX28ybSIsImFsZyI6IkhTMjU2In0.eyJpc3MiOiJ3ZWIiLCJjbHQiOjAsIm1udW0iOiI4NDE2NTU3NDA5MyIsImF1ZCI6ImNsaWVudHNtIiwidWlkIjoibGU1dkszaDdReC04d2RFMUkwX3hsQSIsInppZCI6IjY4ODExMTJkZTQ4MDQwZDRhM2QzNzJlYWJhYmU5YTBkIiwic2siOiIwIiwic3R5IjoxMDAsIndjZCI6InVzMDUiLCJleHAiOjE3MzM5MDQ4NDAsImlhdCI6MTczMzg5NzY0MCwiYWlkIjoiZWl0d2ZPZmJUcXlad2xndDF1bE5XUSIsImNpZCI6IiJ9.nr6Uj-l0coINKIxXxU3G-h3F6WQIXkfCJlIYVt5U41I', 'https://us05web.zoom.us/j/84165574093?pwd=rBxNWXHhMIdObarIiP2Mwuqn1ZFIEk.1', '84165574093', '11937366', 'en', 'Published', 1, 1, '2024-12-11 06:13:58', '2025-01-09 05:38:38');

-- --------------------------------------------------------

--
-- Table structure for table `event_form_data`
--

CREATE TABLE `event_form_data` (
  `id` bigint UNSIGNED NOT NULL,
  `event_id` int NOT NULL,
  `event_child_id` int NOT NULL,
  `f_name` varchar(255) CHARACTER SET utf8mb4 COLLATE utf8mb4_unicode_ci DEFAULT NULL,
  `l_name` varchar(255) CHARACTER SET utf8mb4 COLLATE utf8mb4_unicode_ci DEFAULT NULL,
  `email` varchar(255) CHARACTER SET utf8mb4 COLLATE utf8mb4_unicode_ci DEFAULT NULL,
  `calling_code` int DEFAULT NULL,
  `phone` varchar(255) CHARACTER SET utf8mb4 COLLATE utf8mb4_unicode_ci DEFAULT NULL,
  `created_at` timestamp NULL DEFAULT NULL,
  `updated_at` timestamp NULL DEFAULT NULL
) ENGINE=InnoDB DEFAULT CHARSET=utf8mb4 COLLATE=utf8mb4_unicode_ci;

--
-- Dumping data for table `event_form_data`
--

INSERT INTO `event_form_data` (`id`, `event_id`, `event_child_id`, `f_name`, `l_name`, `email`, `calling_code`, `phone`, `created_at`, `updated_at`) VALUES
(1, 1, 4, 'Satya', 'Tiwari', 'codetestbyme@gmail.com', 91, '7878787878', '2024-11-29 09:43:10', '2024-11-29 09:43:10'),
(2, 1, 5, 'Hitesh', 'Chaudahri', 'hiteshschaudhari27@gmail.com', 91, '7719980230', '2025-01-09 05:39:26', '2025-01-09 05:39:26');

-- --------------------------------------------------------

--
-- Table structure for table `failed_jobs`
--

CREATE TABLE `failed_jobs` (
  `id` bigint UNSIGNED NOT NULL,
  `uuid` varchar(255) CHARACTER SET utf8mb4 COLLATE utf8mb4_unicode_ci NOT NULL,
  `connection` text CHARACTER SET utf8mb4 COLLATE utf8mb4_unicode_ci NOT NULL,
  `queue` text CHARACTER SET utf8mb4 COLLATE utf8mb4_unicode_ci NOT NULL,
  `payload` longtext CHARACTER SET utf8mb4 COLLATE utf8mb4_unicode_ci NOT NULL,
  `exception` longtext CHARACTER SET utf8mb4 COLLATE utf8mb4_unicode_ci NOT NULL,
  `failed_at` timestamp NOT NULL DEFAULT CURRENT_TIMESTAMP
) ENGINE=InnoDB DEFAULT CHARSET=utf8mb4 COLLATE=utf8mb4_unicode_ci;

-- --------------------------------------------------------

--
-- Table structure for table `financial_services`
--

CREATE TABLE `financial_services` (
  `id` bigint UNSIGNED NOT NULL,
  `default_language_page` bigint DEFAULT NULL,
  `image_1` varchar(255) CHARACTER SET utf8mb4 COLLATE utf8mb4_unicode_ci DEFAULT NULL,
  `title_1` varchar(255) CHARACTER SET utf8mb4 COLLATE utf8mb4_unicode_ci DEFAULT NULL,
  `slug` varchar(255) CHARACTER SET utf8mb4 COLLATE utf8mb4_unicode_ci DEFAULT NULL,
  `sub_title` varchar(255) CHARACTER SET utf8mb4 COLLATE utf8mb4_unicode_ci DEFAULT NULL,
  `sub_sub_title` varchar(255) CHARACTER SET utf8mb4 COLLATE utf8mb4_unicode_ci DEFAULT NULL,
  `image_2` varchar(255) CHARACTER SET utf8mb4 COLLATE utf8mb4_unicode_ci DEFAULT NULL,
  `title_2` varchar(255) CHARACTER SET utf8mb4 COLLATE utf8mb4_unicode_ci DEFAULT NULL,
  `description` longtext CHARACTER SET utf8mb4 COLLATE utf8mb4_unicode_ci,
  `title_3` varchar(255) CHARACTER SET utf8mb4 COLLATE utf8mb4_unicode_ci DEFAULT NULL,
  `button_text` varchar(255) CHARACTER SET utf8mb4 COLLATE utf8mb4_unicode_ci DEFAULT NULL,
  `button_link` text CHARACTER SET utf8mb4 COLLATE utf8mb4_unicode_ci,
  `language` varchar(255) CHARACTER SET utf8mb4 COLLATE utf8mb4_unicode_ci NOT NULL DEFAULT 'en',
  `meta_key` varchar(255) CHARACTER SET utf8mb4 COLLATE utf8mb4_unicode_ci DEFAULT NULL,
  `meta_title` varchar(255) CHARACTER SET utf8mb4 COLLATE utf8mb4_unicode_ci DEFAULT NULL,
  `meta_description` longtext CHARACTER SET utf8mb4 COLLATE utf8mb4_unicode_ci,
  `status` enum('Published','Draft','Trash') CHARACTER SET utf8mb4 COLLATE utf8mb4_unicode_ci NOT NULL DEFAULT 'Published',
  `created_by` int DEFAULT NULL,
  `updated_by` int DEFAULT NULL,
  `created_at` timestamp NULL DEFAULT NULL,
  `updated_at` timestamp NULL DEFAULT NULL
) ENGINE=InnoDB DEFAULT CHARSET=utf8mb4 COLLATE=utf8mb4_unicode_ci;

--
-- Dumping data for table `financial_services`
--

INSERT INTO `financial_services` (`id`, `default_language_page`, `image_1`, `title_1`, `slug`, `sub_title`, `sub_sub_title`, `image_2`, `title_2`, `description`, `title_3`, `button_text`, `button_link`, `language`, `meta_key`, `meta_title`, `meta_description`, `status`, `created_by`, `updated_by`, `created_at`, `updated_at`) VALUES
(1, NULL, 'upload/financial-service/1797026255176744.jpg', 'Payment Gateway', 'payment-gateway', 'Receiving Payments Simpler, Faster, Digital', 'Gateway to Hassle-Free Transactions', 'upload/financial-service/1763679099027146.jpg', 'Connecting businesses with customers through payments at the best possible price', '<p>AuroPay helps businesses save time and money by eliminating the need for any software installations. Businesses can easily accept payments from customers without complex coding or technical integrations.</p>', 'Onboard & Start Getting Payments Within Minutes', 'VISIT SITE', 'https://www.auropay.net/', 'en', 'PAYMENT GATEWAY', 'PAYMENT GATEWAY', 'PAYMENT GATEWAY', 'Published', 1, 1, '2023-04-20 07:06:05', '2025-02-05 05:59:10'),
(2, NULL, 'upload/financial-service/1794119689274244.jpg', 'Test Hindi', 'test-hindi', 'अक्षर योजन उद्योग', 'अक्षर योजन उद्योग', 'upload/financial-service/1794119689472434.jpg', 'अक्षर योजन उद्योग', '<p><em>Lorem Ipsum</em>&nbsp;छपाई और अक्षर योजन उद्योग का एक साधारण डमी पाठ है.&nbsp;<em>Lorem Ipsum</em>&nbsp;सन १५०० के बाद से अभी तक इस उद्योग का मानक डमी पाठ&nbsp;...</p>', 'उद्योग', 'लेआउट', 'https://aurobees.projectsdemo.biz/', 'hi', 'tets', 'te', 'tewws', 'Published', 1, NULL, '2024-03-21 16:54:28', '2024-03-21 16:54:28'),
(3, 1, 'upload/financial-service/1796375413597631.jpg', 'PASSERELLE DE PAIEMENT', NULL, 'RENDEZ VOTRE DÉPLACEMENT NUMÉRIQUE PLUS SIMPLE ET PLUS RAPIDE', 'Votre passerelle vers des transactions sans tracas.', 'upload/financial-service/1796375413738546.jpg', 'Connecter les entreprises aux clients grâce à des paiements au meilleur prix possible.', '<pre>\r\nAuroPay aide les entreprises &agrave; &eacute;conomiser du temps et de l&#39;argent en &eacute;liminant le besoin d&#39;installer des logiciels. Les entreprises peuvent facilement accepter les paiements des clients sans codage complexe ni int&eacute;grations techniques.\r\n</pre>', 'Activation du paiement rapide', 'VISITEZ LE SITE', 'https://www.auropay.net/', 'fr', 'PASSERELLE DE PAIEMENT', 'PASSERELLE DE PAIEMENT', 'PASSERELLE DE PAIEMENT', 'Published', 1, 1, '2024-04-15 14:28:14', '2024-04-15 14:43:02'),
(4, 1, 'upload/financial-service/1796377699026065.jpg', 'PASARELA DE PAGO', NULL, 'HAGA SU MUDANZA DIGITAL MÁS SIMPLE Y RÁPIDA', 'Su puerta de entrada a transacciones sin complicaciones.', 'upload/financial-service/1796377699161360.jpg', 'Conectando empresas con clientes a través de pagos al mejor precio posible.', '<pre>\r\nAuroPay ayuda a las empresas a ahorrar tiempo y dinero al eliminar la necesidad de instalar software. Las empresas pueden aceptar f&aacute;cilmente pagos de clientes sin codificaci&oacute;n compleja ni integraciones t&eacute;cnicas.</pre>', 'Habilitación de pago rápido', 'VISITAR SITIO', 'https://www.auropay.net/', 'span', 'PASARELA DE PAGO', 'PASARELA DE PAGO', 'PASARELA DE PAGO', 'Published', 1, NULL, '2024-04-15 15:04:34', '2024-04-15 15:04:34');

-- --------------------------------------------------------

--
-- Table structure for table `financial_services_cards`
--

CREATE TABLE `financial_services_cards` (
  `id` bigint UNSIGNED NOT NULL,
  `financial_service_id` int NOT NULL COMMENT 'Financial Service Table(financial_services) id',
  `image` varchar(255) CHARACTER SET utf8mb4 COLLATE utf8mb4_unicode_ci DEFAULT NULL,
  `link` varchar(255) CHARACTER SET utf8mb4 COLLATE utf8mb4_unicode_ci DEFAULT NULL,
  `created_by` int DEFAULT NULL,
  `updated_by` int DEFAULT NULL,
  `created_at` timestamp NULL DEFAULT NULL,
  `updated_at` timestamp NULL DEFAULT NULL
) ENGINE=InnoDB DEFAULT CHARSET=utf8mb4 COLLATE=utf8mb4_unicode_ci;

--
-- Dumping data for table `financial_services_cards`
--

INSERT INTO `financial_services_cards` (`id`, `financial_service_id`, `image`, `link`, `created_by`, `updated_by`, `created_at`, `updated_at`) VALUES
(8, 2, 'upload/financial-service/card/1794120134043489.jpg', 'https://aurobees.projectsdemo.biz/', 1, NULL, '2024-03-21 17:01:32', '2024-03-21 17:01:32'),
(9, 1, 'upload/financial-service/card/1803381068562326.png', NULL, 1, 1, '2024-04-16 19:51:22', '2024-07-01 22:20:07');

-- --------------------------------------------------------

--
-- Table structure for table `financial_services_services`
--

CREATE TABLE `financial_services_services` (
  `id` bigint UNSIGNED NOT NULL,
  `financial_service_id` int NOT NULL COMMENT 'Financial Service Table(financial_services) id',
  `title` varchar(255) CHARACTER SET utf8mb4 COLLATE utf8mb4_unicode_ci DEFAULT NULL,
  `image` varchar(255) CHARACTER SET utf8mb4 COLLATE utf8mb4_unicode_ci DEFAULT NULL,
  `created_by` int DEFAULT NULL,
  `updated_by` int DEFAULT NULL,
  `created_at` timestamp NULL DEFAULT NULL,
  `updated_at` timestamp NULL DEFAULT NULL
) ENGINE=InnoDB DEFAULT CHARSET=utf8mb4 COLLATE=utf8mb4_unicode_ci;

--
-- Dumping data for table `financial_services_services`
--

INSERT INTO `financial_services_services` (`id`, `financial_service_id`, `title`, `image`, `created_by`, `updated_by`, `created_at`, `updated_at`) VALUES
(1, 1, 'Seamless Onboarding', 'upload/financial-service/service/1774464462573045.png', 1, 1, '2023-04-20 07:59:54', '2023-08-17 18:03:03'),
(2, 1, 'Lean Documentation', 'upload/financial-service/service/1774464462583985.png', 1, 1, '2023-04-20 08:00:44', '2023-08-17 18:03:03'),
(3, 1, 'Instant Payment Monitoring', 'upload/financial-service/service/1774464462587292.png', 1, 1, '2023-04-20 08:05:31', '2023-08-17 18:03:03'),
(4, 1, 'Rapid Refund Processing', 'upload/financial-service/service/1763681691852267.png', 1, 1, '2023-04-20 08:05:31', '2023-08-17 17:51:18'),
(5, 1, 'In-Depth Payment Analysis', 'upload/financial-service/service/1763681692042524.png', 1, 1, '2023-04-20 08:05:32', '2023-08-17 17:51:18'),
(6, 2, 'test', 'upload/financial-service/service/1794120103012370.jpg', 1, NULL, '2024-03-21 17:01:02', '2024-03-21 17:01:02');

-- --------------------------------------------------------

--
-- Table structure for table `financial_service_business_payment_platforms`
--

CREATE TABLE `financial_service_business_payment_platforms` (
  `id` bigint UNSIGNED NOT NULL,
  `default_language_page` bigint DEFAULT NULL,
  `image_1` varchar(255) CHARACTER SET utf8mb4 COLLATE utf8mb4_unicode_ci DEFAULT NULL,
  `title` varchar(255) CHARACTER SET utf8mb4 COLLATE utf8mb4_unicode_ci DEFAULT NULL,
  `slug` varchar(255) CHARACTER SET utf8mb4 COLLATE utf8mb4_unicode_ci DEFAULT NULL,
  `sub_title` varchar(255) CHARACTER SET utf8mb4 COLLATE utf8mb4_unicode_ci DEFAULT NULL,
  `description` longtext CHARACTER SET utf8mb4 COLLATE utf8mb4_unicode_ci,
  `image_2` varchar(255) CHARACTER SET utf8mb4 COLLATE utf8mb4_unicode_ci DEFAULT NULL,
  `key_benefits_title` varchar(255) CHARACTER SET utf8mb4 COLLATE utf8mb4_unicode_ci DEFAULT NULL,
  `key_benefits_1` varchar(255) CHARACTER SET utf8mb4 COLLATE utf8mb4_unicode_ci DEFAULT NULL,
  `key_benefits_2` varchar(255) CHARACTER SET utf8mb4 COLLATE utf8mb4_unicode_ci DEFAULT NULL,
  `key_benefits_3` varchar(255) CHARACTER SET utf8mb4 COLLATE utf8mb4_unicode_ci DEFAULT NULL,
  `key_benefits_4` varchar(255) CHARACTER SET utf8mb4 COLLATE utf8mb4_unicode_ci DEFAULT NULL,
  `key_benefits_5` varchar(255) CHARACTER SET utf8mb4 COLLATE utf8mb4_unicode_ci DEFAULT NULL,
  `button_text` varchar(255) COLLATE utf8mb4_unicode_ci DEFAULT NULL,
  `button_link` text COLLATE utf8mb4_unicode_ci,
  `language` varchar(255) CHARACTER SET utf8mb4 COLLATE utf8mb4_unicode_ci NOT NULL DEFAULT 'en',
  `meta_key` varchar(255) CHARACTER SET utf8mb4 COLLATE utf8mb4_unicode_ci DEFAULT NULL,
  `meta_title` varchar(255) CHARACTER SET utf8mb4 COLLATE utf8mb4_unicode_ci DEFAULT NULL,
  `meta_description` longtext CHARACTER SET utf8mb4 COLLATE utf8mb4_unicode_ci,
  `status` enum('Published','Draft','Trash') CHARACTER SET utf8mb4 COLLATE utf8mb4_unicode_ci NOT NULL DEFAULT 'Published',
  `created_by` int DEFAULT NULL,
  `updated_by` int DEFAULT NULL,
  `created_at` timestamp NULL DEFAULT NULL,
  `updated_at` timestamp NULL DEFAULT NULL
) ENGINE=InnoDB DEFAULT CHARSET=utf8mb4 COLLATE=utf8mb4_unicode_ci;

--
-- Dumping data for table `financial_service_business_payment_platforms`
--

INSERT INTO `financial_service_business_payment_platforms` (`id`, `default_language_page`, `image_1`, `title`, `slug`, `sub_title`, `description`, `image_2`, `key_benefits_title`, `key_benefits_1`, `key_benefits_2`, `key_benefits_3`, `key_benefits_4`, `key_benefits_5`, `button_text`, `button_link`, `language`, `meta_key`, `meta_title`, `meta_description`, `status`, `created_by`, `updated_by`, `created_at`, `updated_at`) VALUES
(1, NULL, 'upload/financial-service/1797033000793590.jpg', 'Business Payments & Financing', 'business-payments-platform', 'Simplifying payments for businesses seamlessly & digitally', '<p>Access to financial tools and instruments is crucial for SMEs to grow and thrive, and it&#39;s important for us to continue to innovate and provide solutions that address the specific needs of this sector. SMEs are always concerned about payment collections or credit period that extends beyond credit days. Another major issue that SMEs face is of huge capital investment to strengthen their business.</p>\r\n\r\n<p>Our product AuroPayBiz provides financing solutions to help SMEs manage their working capital requirements. It includes invoice financing, supply chain finance, and commercial card solutions that allow buyers to make payments and suppliers to receive payments quickly.</p>\r\n\r\n<p>AuroPayBiz resolves the credit challenges faced by the SMEs managing the credit risk of the seller and buyer in order to improve their cash flow and grow businesses sustainably. It provides invoice financing, a form of short-term borrowing to the suppliers based on outstanding invoices. Apart from invoice financing, we also have options for buyers to make payments using commercial cards and for suppliers to receive payments in T+1 days through our acquiring partners.</p>', 'upload/financial-service/1774467728423982.png', 'Key Benefits', 'Optimize <br>Cash Flows', 'Unlock  <br>Working Capital', 'Lower  <br>Cost of Capital', 'Steamlined <br>Vendor Payments', 'Ease of Payments  <br>Reconciliation', 'VISIT SITE', 'https://www.auropay.net/', 'en', 'BUSINESS PAYMENTS PLATFORM', 'BUSINESS PAYMENTS PLATFORM', 'BUSINESS PAYMENTS PLATFORM', 'Published', 1, 1, '2023-05-20 09:51:43', '2025-01-17 09:25:08'),
(2, 1, 'upload/financial-service/1800286427780756.jpg', 'व्यावसायिक भुगतान एवं वित्तपोषण', NULL, 'व्यवसायों के लिए भुगतान को निर्बाध और डिजिटल रूप से सरल बनाना', '<p>एसएमई के बढ़ने और फलने-फूलने के लिए वित्तीय उपकरणों और उपकरणों तक पहुंच महत्वपूर्ण है, और हमारे लिए इस क्षेत्र की विशिष्ट आवश्यकताओं को पूरा करने वाले समाधान प्रदान करना और नवाचार करना जारी रखना महत्वपूर्ण है। एसएमई हमेशा भुगतान संग्रह या क्रेडिट अवधि के बारे में चिंतित रहते हैं जो क्रेडिट दिनों से आगे बढ़ती है। एसएमई के सामने एक और बड़ा मुद्दा अपने व्यवसाय को मजबूत करने के लिए भारी पूंजी निवेश का है।</p>\r\n\r\n<p>हमारा उत्पाद AuroPayBiz एसएमई को उनकी कार्यशील पूंजी आवश्यकताओं को प्रबंधित करने में मदद करने के लिए वित्तपोषण समाधान प्रदान करता है। इसमें चालान वित्तपोषण, आपूर्ति श्रृंखला वित्त और वाणिज्यिक कार्ड समाधान शामिल हैं जो खरीदारों को भुगतान करने और आपूर्तिकर्ताओं को शीघ्र भुगतान प्राप्त करने की अनुमति देते हैं।</p>\r\n\r\n<p>AuroPayBiz अपने नकदी प्रवाह को बेहतर बनाने और व्यवसायों को लगातार बढ़ाने के लिए विक्रेता और खरीदार के क्रेडिट जोखिम का प्रबंधन करने वाले एसएमई के सामने आने वाली क्रेडिट चुनौतियों का समाधान करता है। यह इनवॉइस वित्तपोषण प्रदान करता है, जो बकाया चालान के आधार पर आपूर्तिकर्ताओं को अल्पकालिक उधार का एक रूप है। चालान वित्तपोषण के अलावा, हमारे पास खरीदारों के लिए वाणिज्यिक कार्ड का उपयोग करके भुगतान करने और आपूर्तिकर्ताओं के लिए हमारे अधिग्रहण भागीदारों के माध्यम से टी + 1 दिनों में भुगतान प्राप्त करने के विकल्प भी हैं।</p>', 'upload/financial-service/1800286427926501.png', 'मुख्य लाभ', 'नकदी प्रवाह <br> को अनुकूलित करें', 'कार्यशील पूंजी को <br> अनलॉक करें', 'पूंजी की <br> कम लागत', 'स्टीमलाइन <br>विक्रेता भुगतान', 'भुगतान में आसानी <br>सुलह', NULL, NULL, 'hi', 'व्यावसायिक भुगतान एवं वित्तपोषण', 'व्यावसायिक भुगतान एवं वित्तपोषण', 'व्यावसायिक भुगतान एवं वित्तपोषण', 'Published', 1, 1, '2024-04-11 16:56:22', '2024-05-28 18:46:50'),
(3, 1, 'upload/financial-service/1800286306720884.jpg', 'Pagamentos e financiamento empresarial', NULL, 'Simplificando pagamentos para empresas de forma integrada e digital', '<p>O acesso a ferramentas e instrumentos financeiros &eacute; crucial para que as PME cres&ccedil;am e prosperem, e &eacute; importante para n&oacute;s continuarmos a inovar e a fornecer solu&ccedil;&otilde;es que atendam &agrave;s necessidades espec&iacute;ficas deste setor. As PME est&atilde;o sempre preocupadas com as cobran&ccedil;as de pagamentos ou com o per&iacute;odo de cr&eacute;dito que se estende al&eacute;m dos dias de cr&eacute;dito. Outra quest&atilde;o importante que as PME enfrentam &eacute; o enorme investimento de capital para fortalecer os seus neg&oacute;cios.</p>\r\n\r\n<p>Nosso produto AuroPayBiz oferece solu&ccedil;&otilde;es de financiamento para ajudar as PMEs a gerenciar suas necessidades de capital de giro. Inclui financiamento de faturas, financiamento da cadeia de suprimentos e solu&ccedil;&otilde;es de cart&otilde;es comerciais que permitem aos compradores fazer pagamentos e aos fornecedores receber pagamentos rapidamente.</p>\r\n\r\n<p>AuroPayBiz resolve os desafios de cr&eacute;dito enfrentados pelas PME que gerem o risco de cr&eacute;dito do vendedor e do comprador, a fim de melhorar o seu fluxo de caixa e fazer crescer os neg&oacute;cios de forma sustent&aacute;vel. Fornece financiamento de faturas, uma forma de empr&eacute;stimo de curto prazo aos fornecedores com base em faturas pendentes. Al&eacute;m do financiamento de faturas, tamb&eacute;m temos op&ccedil;&otilde;es para compradores efetuarem pagamentos com cart&otilde;es comerciais e para fornecedores receberem pagamentos em D+1 dias atrav&eacute;s de nossos parceiros adquirentes.</p>', 'upload/financial-service/1800286306904113.png', 'Principais benefícios', 'Otimizar<br>Fluxos de caixa', 'Fluxos de caixa<br>Capital de giro', 'Mais baixo<br>Custo de capital', 'Steamlined<br>Pagamentos de fornecedores', 'Facilidade de pagamentos<br>Reconciliação', NULL, NULL, 'pt', 'PLATAFORMA DE PAGAMENTOS EMPRESARIAIS', 'PLATAFORMA DE PAGAMENTOS EMPRESARIAIS', 'PLATAFORMA DE PAGAMENTOS EMPRESARIAIS', 'Published', 1, 1, '2024-05-28 18:30:13', '2024-05-28 18:45:42'),
(4, 1, 'upload/financial-service/1800360898746878.jpg', 'المدفوعات التجارية والتمويل', NULL, 'تبسيط المدفوعات للشركات بسلاسة ورقمية', '<p>يعد الوصول إلى الأدوات والأدوات المالية أمرًا ضروريًا للشركات الصغيرة والمتوسطة لتنمو وتزدهر، ومن المهم بالنسبة لنا أن نستمر في الابتكار وتقديم الحلول التي تلبي الاحتياجات المحددة لهذا القطاع. تهتم الشركات الصغيرة والمتوسطة دائمًا بتحصيل المدفوعات أو فترة الائتمان التي تمتد إلى ما بعد أيام الائتمان. هناك مشكلة رئيسية أخرى تواجهها الشركات الصغيرة والمتوسطة وهي الاستثمار الرأسمالي الضخم لتعزيز أعمالها.</p>\r\n\r\n<p>يوفر منتجنا AuroPayBiz حلولاً تمويلية لمساعدة الشركات الصغيرة والمتوسطة على إدارة متطلبات رأس المال العامل لديها. ويشمل تمويل الفواتير، وتمويل سلسلة التوريد، وحلول البطاقات التجارية التي تسمح للمشترين بإجراء الدفعات والموردين بتلقي المدفوعات بسرعة.</p>\r\n\r\n<p>تعمل AuroPayBiz على حل التحديات الائتمانية التي تواجهها الشركات الصغيرة والمتوسطة التي تدير مخاطر الائتمان للبائع والمشتري من أجل تحسين التدفق النقدي وتنمية الأعمال بشكل مستدام. فهو يوفر تمويل الفواتير، وهو شكل من أشكال الاقتراض قصير الأجل للموردين بناءً على الفواتير المستحقة. بصرف النظر عن تمويل الفواتير، لدينا أيضًا خيارات للمشترين لإجراء الدفعات باستخدام البطاقات التجارية وللموردين لتلقي الدفعات خلال T+1 من الأيام من خلال شركائنا المستحوذين.</p>', 'upload/financial-service/1800360898892825.png', 'الفوائد الرئيسية', 'منصة المدفوعات التجارية', 'منصة المدفوعات التجارية', 'منصة المدفوعات التجارية', 'منصة المدفوعات التجارية', 'منصة المدفوعات التجارية', NULL, NULL, 'ar', 'منصة المدفوعات التجارية', 'منصة المدفوعات التجارية', 'منصة المدفوعات التجارية', 'Published', 1, NULL, '2024-05-29 14:15:50', '2024-05-29 14:15:50');

-- --------------------------------------------------------

--
-- Table structure for table `footer_menus`
--

CREATE TABLE `footer_menus` (
  `id` bigint UNSIGNED NOT NULL,
  `key` varchar(255) CHARACTER SET utf8mb4 COLLATE utf8mb4_unicode_ci NOT NULL,
  `title` varchar(255) CHARACTER SET utf8mb4 COLLATE utf8mb4_unicode_ci NOT NULL,
  `order` int NOT NULL DEFAULT '1',
  `created_by` int DEFAULT NULL,
  `updated_by` int DEFAULT NULL,
  `created_at` timestamp NULL DEFAULT NULL,
  `updated_at` timestamp NULL DEFAULT NULL
) ENGINE=InnoDB DEFAULT CHARSET=utf8mb4 COLLATE=utf8mb4_unicode_ci;

--
-- Dumping data for table `footer_menus`
--

INSERT INTO `footer_menus` (`id`, `key`, `title`, `order`, `created_by`, `updated_by`, `created_at`, `updated_at`) VALUES
(1, 'Quick Links', 'Quick Links', 1, NULL, 1, NULL, '2024-01-02 16:03:02'),
(2, 'Go Online', 'Go Online', 2, NULL, NULL, NULL, '2024-01-02 16:03:02'),
(3, 'Fulfilment Services', 'Fulfilment Services', 3, NULL, NULL, NULL, '2023-12-30 11:12:50'),
(4, 'Financial Services', 'Financial Services', 4, NULL, NULL, NULL, '2023-12-30 11:12:50');

-- --------------------------------------------------------

--
-- Table structure for table `footer_menu_children`
--

CREATE TABLE `footer_menu_children` (
  `id` bigint UNSIGNED NOT NULL,
  `footer_menu_id` int NOT NULL,
  `table_id` int DEFAULT NULL,
  `table_name` varchar(255) CHARACTER SET utf8mb4 COLLATE utf8mb4_unicode_ci DEFAULT NULL,
  `title` varchar(255) CHARACTER SET utf8mb4 COLLATE utf8mb4_unicode_ci DEFAULT NULL,
  `link` varchar(255) CHARACTER SET utf8mb4 COLLATE utf8mb4_unicode_ci DEFAULT NULL,
  `icon` varchar(255) CHARACTER SET utf8mb4 COLLATE utf8mb4_unicode_ci DEFAULT NULL,
  `order` int DEFAULT NULL,
  `created_at` timestamp NULL DEFAULT NULL,
  `updated_at` timestamp NULL DEFAULT NULL
) ENGINE=InnoDB DEFAULT CHARSET=utf8mb4 COLLATE=utf8mb4_unicode_ci;

--
-- Dumping data for table `footer_menu_children`
--

INSERT INTO `footer_menu_children` (`id`, `footer_menu_id`, `table_id`, `table_name`, `title`, `link`, `icon`, `order`, `created_at`, `updated_at`) VALUES
(1, 3, 1, 'industries', 'Freight Forwarding', NULL, 'upload/header/1795295281894258.png', 1, '2023-12-30 07:17:03', '2024-04-03 16:20:00'),
(2, 3, 3, 'industries', 'Warehousing', NULL, 'upload/header/1795295303819366.png', 3, '2023-12-30 07:20:59', '2024-04-03 16:20:21'),
(3, 3, 2, 'industries', 'Transportation', NULL, 'upload/header/1795295293155641.png', 2, '2023-12-30 07:22:04', '2024-04-03 16:20:11'),
(4, 3, 4, 'industries', 'E-commerce Fulfilment', NULL, 'upload/header/1795295315315132.png', 4, '2023-12-30 07:22:48', '2024-04-03 16:20:32'),
(5, 3, 5, 'industries', 'Manufacturing', NULL, 'upload/header/1795295327723188.png', 5, '2023-12-30 07:23:32', '2024-04-03 16:20:44'),
(6, 3, 6, 'industries', 'Distribution', NULL, 'upload/header/1795295341987603.png', 6, '2023-12-30 07:24:15', '2024-04-03 16:20:58'),
(7, 3, 7, 'industries', 'Trading', NULL, 'upload/header/1795295353445437.png', 7, '2023-12-30 07:25:03', '2024-04-03 16:21:09'),
(8, 4, 1, 'financial_service_business_payment_platforms', 'Payment Gateway', NULL, 'upload/header/1795223655145404.png', 1, '2023-12-30 07:28:14', '2024-04-02 21:21:32'),
(9, 4, 1, 'financial_service_business_payment_platforms', 'Business Payment Platform', NULL, 'upload/header/1795223621514343.png', 2, '2023-12-30 07:28:59', '2024-04-02 21:21:00'),
(10, 2, 1, 'go_online_create_websites', 'Create Website', NULL, 'upload/header/1795296595628731.png', 1, '2023-12-30 07:30:49', '2024-04-03 16:40:53'),
(11, 2, 2, 'go_online_create_websites', 'Create Webstore', NULL, 'upload/header/1795296987439141.png', 2, '2023-12-30 07:31:46', '2024-04-03 16:47:07'),
(12, 2, NULL, NULL, 'Connect to Marketplace', 'https://aurobees.projectsdemo.biz/go-online/create-webstore#connect-web', 'upload/header/1795223364630170.png', 3, '2023-12-30 07:35:37', '2025-01-17 08:03:14'),
(14, 1, NULL, NULL, 'About Us', 'https://aurobees.projectsdemo.biz/page/vision-and-mission', 'upload/header/1795221267523864.png', 1, '2023-12-30 07:55:24', '2024-04-02 20:43:35'),
(15, 1, NULL, NULL, 'News', 'https://aurobees.projectsdemo.biz/news', 'upload/header/1795223161841150.png', 2, '2023-12-30 07:59:39', '2024-04-02 21:13:41'),
(16, 1, NULL, NULL, 'Blogs', 'https://aurobees.projectsdemo.biz/blog', 'upload/header/1795223182819531.png', 3, '2023-12-30 08:00:50', '2024-04-02 21:14:01'),
(17, 1, NULL, NULL, 'Contact Us', 'https://aurobees.projectsdemo.biz/page/contact-us', 'upload/header/1795223214848413.png', 4, '2023-12-30 08:02:52', '2024-04-02 21:14:32'),
(18, 1, NULL, NULL, 'Events', 'https://aurobees.projectsdemo.biz/page/event', 'upload/header/1796570105084997.png', 5, '2023-12-30 08:05:01', '2024-04-17 18:02:46'),
(19, 1, NULL, NULL, 'Vision & Mission', 'https://aurobees.projectsdemo.biz/page/vision-and-mission', 'upload/header/1797127658831992.png', 6, '2023-12-30 08:05:52', '2024-04-23 21:44:51'),
(20, 1, NULL, NULL, 'Privacy Policy', 'https://aurobees.projectsdemo.biz/page/privacy-policies', 'upload/header/1797127841804556.png', 7, '2023-12-30 08:06:53', '2024-04-23 21:47:46'),
(21, 1, NULL, NULL, 'Terms & Conditions', 'https://aurobees.projectsdemo.biz/page/terms-and-conditions', 'upload/header/1797127695760502.png', 8, '2023-12-30 08:07:38', '2024-04-23 21:45:26'),
(22, 1, NULL, NULL, 'Disclaimer', 'https://aurobees.projectsdemo.biz/page/disclaimer', 'upload/header/1797127708154942.png', 9, '2023-12-30 08:08:22', '2024-04-23 21:45:38');

-- --------------------------------------------------------

--
-- Table structure for table `footer_social_icons`
--

CREATE TABLE `footer_social_icons` (
  `id` bigint UNSIGNED NOT NULL,
  `link` varchar(255) CHARACTER SET utf8mb4 COLLATE utf8mb4_unicode_ci DEFAULT NULL,
  `icon` varchar(255) CHARACTER SET utf8mb4 COLLATE utf8mb4_unicode_ci DEFAULT NULL,
  `created_by` int DEFAULT NULL,
  `updated_by` int DEFAULT NULL,
  `created_at` timestamp NULL DEFAULT NULL,
  `updated_at` timestamp NULL DEFAULT NULL
) ENGINE=InnoDB DEFAULT CHARSET=utf8mb4 COLLATE=utf8mb4_unicode_ci;

--
-- Dumping data for table `footer_social_icons`
--

INSERT INTO `footer_social_icons` (`id`, `link`, `icon`, `created_by`, `updated_by`, `created_at`, `updated_at`) VALUES
(1, 'https://www.facebook.com/Aurobees', 'upload/header/footer-social-icon/1785415462365780.png', 1, 1, '2023-12-16 05:34:30', '2023-12-16 05:38:36'),
(2, 'https://www.instagram.com/aurobees/', 'upload/header/footer-social-icon/1785415956129491.png', 1, 1, '2023-12-16 05:38:36', '2023-12-16 05:42:21'),
(3, 'https://www.linkedin.com/showcase/aurobees/', 'upload/header/footer-social-icon/1785415956357481.png', 1, 1, '2023-12-16 05:42:21', '2023-12-16 05:42:35'),
(4, 'https://twitter.com/aurobees', 'upload/header/footer-social-icon/1797125155046156.png', 1, 1, '2023-12-16 05:42:21', '2024-04-23 21:05:03'),
(5, 'https://www.youtube.com/@aurobees', 'upload/header/footer-social-icon/1785415956864754.png', 1, 1, '2023-12-16 05:42:22', '2023-12-16 05:42:35'),
(6, 'https://in.pinterest.com/aurobees/', 'upload/header/footer-social-icon/1785415957076197.png', 1, 1, '2023-12-16 05:42:22', '2023-12-16 05:42:35');

-- --------------------------------------------------------

--
-- Table structure for table `forgot_password_page_management`
--

CREATE TABLE `forgot_password_page_management` (
  `id` bigint UNSIGNED NOT NULL,
  `key` varchar(255) COLLATE utf8mb4_unicode_ci NOT NULL,
  `value` text COLLATE utf8mb4_unicode_ci,
  `created_at` timestamp NULL DEFAULT NULL,
  `updated_at` timestamp NULL DEFAULT NULL
) ENGINE=InnoDB DEFAULT CHARSET=utf8mb4 COLLATE=utf8mb4_unicode_ci;

--
-- Dumping data for table `forgot_password_page_management`
--

INSERT INTO `forgot_password_page_management` (`id`, `key`, `value`, `created_at`, `updated_at`) VALUES
(1, 'forgot_password_thumbnail_image', 'upload/forgot-password-page/1815609645179343.jpg', '2024-11-13 12:14:58', '2024-11-13 12:18:07'),
(2, 'forgot_password_video', 'upload/forgot-password-page/1815609645189424.mp4', '2024-11-13 12:18:07', '2024-11-13 12:18:07'),
(3, 'otp_thumbnail_image', 'upload/forgot-password-page/1815609645199094.jpg', '2024-11-13 12:18:07', '2024-11-13 12:18:07'),
(4, 'otp_video', 'upload/forgot-password-page/1815609645212317.mp4', '2024-11-13 12:18:07', '2024-11-13 12:18:07'),
(5, 'change_password_thumbnail_image', 'upload/forgot-password-page/1815609645220033.jpg', '2024-11-13 12:18:07', '2024-11-13 12:18:07'),
(6, 'change_password_video', 'upload/forgot-password-page/1815609645226943.mp4', '2024-11-13 12:18:07', '2024-11-13 12:18:07');

-- --------------------------------------------------------

--
-- Table structure for table `general_page_management`
--

CREATE TABLE `general_page_management` (
  `id` bigint UNSIGNED NOT NULL,
  `type` varchar(255) CHARACTER SET utf8mb4 COLLATE utf8mb4_unicode_ci NOT NULL,
  `slug` varchar(255) CHARACTER SET utf8mb4 COLLATE utf8mb4_unicode_ci NOT NULL,
  `title` varchar(255) CHARACTER SET utf8mb4 COLLATE utf8mb4_unicode_ci NOT NULL,
  `description` longtext CHARACTER SET utf8mb4 COLLATE utf8mb4_unicode_ci NOT NULL,
  `language` varchar(255) CHARACTER SET utf8mb4 COLLATE utf8mb4_unicode_ci DEFAULT NULL,
  `meta_key` varchar(255) CHARACTER SET utf8mb4 COLLATE utf8mb4_unicode_ci DEFAULT NULL,
  `meta_title` varchar(255) CHARACTER SET utf8mb4 COLLATE utf8mb4_unicode_ci DEFAULT NULL,
  `meta_description` longtext CHARACTER SET utf8mb4 COLLATE utf8mb4_unicode_ci,
  `status` enum('Published','Draft','Trash') CHARACTER SET utf8mb4 COLLATE utf8mb4_unicode_ci NOT NULL DEFAULT 'Published',
  `created_by` int DEFAULT NULL,
  `updated_by` int DEFAULT NULL,
  `created_at` timestamp NULL DEFAULT NULL,
  `updated_at` timestamp NULL DEFAULT NULL
) ENGINE=InnoDB DEFAULT CHARSET=utf8mb4 COLLATE=utf8mb4_unicode_ci;

--
-- Dumping data for table `general_page_management`
--

INSERT INTO `general_page_management` (`id`, `type`, `slug`, `title`, `description`, `language`, `meta_key`, `meta_title`, `meta_description`, `status`, `created_by`, `updated_by`, `created_at`, `updated_at`) VALUES
(1, 'disclaimer', 'disclaimer', 'Disclaimer', '<p>All the information on this website is published in good faith and for general information purpose only. Website Name does not make any warranties about the completeness, reliability and accuracy of this information. Any action you take upon the information you find on this website (Website.com), is strictly at your own risk. will not be liable for any losses and/or damages in connection with the use of our website.</p>\r\n\r\n<p>From our website, you can visit other websites by following hyperlinks to such external sites. While we strive to provide only quality links to useful and ethical websites, we have no control over the content and nature of these sites. These links to other websites do not imply a recommendation for all the content found on these sites. Site owners and content may change without notice and may occur before we have the opportunity to remove a link which may have gone &lsquo;bad&#39;.</p>\r\n\r\n<p>Please be also aware that when you leave our website, other sites may have different privacy policies and terms which are beyond our control. Please be sure to check the Privacy Policies of these sites as well as their &quot;Terms of Service&quot; before engaging in any business or uploading any information.</p>\r\n\r\n<p>Consent<br />\r\nBy using our website, you hereby consent to our disclaimer and agree to its terms.</p>\r\n\r\n<p>Update<br />\r\nShould we update, amend or make any changes to this document, those changes will be prominently posted here.</p>\r\n\r\n<p>License<br />\r\nUnless otherwise stated, Company Name and/or its licensors own the intellectual property rights for all material on Website Name. All intellectual property rights are reserved. You may access this from Website Name for your own personal use subjected to restrictions set in these terms and conditions.</p>\r\n\r\n<p>You must not:</p>\r\n\r\n<p>Republish material from Website Name<br />\r\nSell, rent or sub-license material from Website Name<br />\r\nReproduce, duplicate or copy material from Website Name<br />\r\nRedistribute content from Website Name<br />\r\nThis Agreement shall begin on the date hereof.</p>\r\n\r\n<p>Parts of this website offer an opportunity for users to post and exchange opinions and information in certain areas of the website. Company Name does not filter, edit, publish or review Comments prior to their presence on the website. Comments do not reflect the views and opinions of Company Name,its agents and/or affiliates. Comments reflect the views and opinions of the person who post their views and opinions. To the extent permitted by applicable laws, Company Name shall not be liable for the Comments or for any liability, damages or expenses caused and/or suffered as a result of any use of and/or posting of and/or appearance of the Comments on this website.</p>\r\n\r\n<p>Company Name reserves the right to monitor all Comments and to remove any Comments which can be considered inappropriate, offensive or causes breach of these Terms and Conditions.</p>\r\n\r\n<p>You warrant and represent that:</p>\r\n\r\n<p>You are entitled to post the Comments on our website and have all necessary licenses and consents to do so;<br />\r\nThe Comments do not invade any intellectual property right, including without limitation copyright, patent or trademark of any third party;<br />\r\nThe Comments do not contain any defamatory, libelous, offensive, indecent or otherwise unlawful material which is an invasion of privacy<br />\r\nThe Comments will not be used to solicit or promote business or custom or present commercial activities or unlawful activity.<br />\r\nYou hereby grant Company Name a non-exclusive license to use, reproduce, edit and authorize others to use, reproduce and edit any of your Comments in any and all forms, formats or media.</p>\r\n\r\n<p>Hyperlinking to our Content<br />\r\nThe following organizations may link to our Website without prior written approval:</p>\r\n\r\n<p>Government agencies;<br />\r\nSearch engines;<br />\r\nNews organizations;<br />\r\nOnline directory distributors may link to our Website in the same manner as they hyperlink to the Websites of other listed businesses; and<br />\r\nSystem wide Accredited Businesses except soliciting non-profit organizations, charity shopping malls, and charity fundraising groups which may not hyperlink to our Web site. These organizations may link to our home page, to publications or to other Website information so long as the link: (a) is not in any way deceptive; (b) does not falsely imply sponsorship, endorsement or approval of the linking party and its products and/or services; and (c) fits within the context of the linking party&#39;s site.</p>\r\n\r\n<p>We may consider and approve other link requests from the following types of organizations:</p>\r\n\r\n<p>commonly-known consumer and/or business information sources;<br />\r\ndot.com community sites;<br />\r\nassociations or other groups representing charities;<br />\r\nonline directory distributors;<br />\r\ninternet portals;<br />\r\naccounting, law and consulting firms; and<br />\r\neducational institutions and trade associations.<br />\r\nWe will approve link requests from these organizations if we decide that: (a) the link would not make us look unfavorably to ourselves or to our accredited businesses; (b) the organization does not have any negative records with us; (c) the benefit to us from the visibility of the hyperlink compensates the absence of Company Name; and (d) the link is in the context of general resource information.</p>\r\n\r\n<p>These organizations may link to our home page so long as the link: (a) is not in any way deceptive; (b) does not falsely imply sponsorship, endorsement or approval of the linking party and its products or services; and (c) fits within the context of the linking party&#39;s site.</p>\r\n\r\n<p>If you are one of the organizations listed in paragraph 2 above and are interested in linking to our website, you must inform us by sending an e-mail to Company Name. Please include your name, your organization name, contact information as well as the URL of your site, a list of any URLs from which you intend to link to our Website, and a list of the URLs on our site to which you would like to link. Wait 2-3 weeks for a response.</p>\r\n\r\n<p>Approved organizations may hyperlink to our Website as follows:</p>\r\n\r\n<p>By use of our corporate name; or<br />\r\nBy use of the uniform resource locator being linked to; or<br />\r\nBy use of any other description of our Website being linked to that makes sense within the context and format of content on the linking party&#39;s site.<br />\r\nNo use of Company Name&#39;s logo or other artwork will be allowed for linking absent a trademark license agreement.</p>\r\n\r\n<p>iFrames<br />\r\nWithout prior approval and written permission, you may not create frames around our Webpages that alter in any way the visual presentation or appearance of our Website.</p>\r\n\r\n<p>Content Liability<br />\r\nWe shall not be hold responsible for any content that appears on your Website. You agree to protect and defend us against all claims that is rising on your Website. No link(s) should appear on any Website that may be interpreted as libelous, obscene or criminal, or which infringes, otherwise violates, or advocates the infringement or other violation of, any third party rights.</p>\r\n\r\n<p>Reservation of Rights<br />\r\nWe reserve the right to request that you remove all links or any particular link to our Website. You approve to immediately remove all links to our Website upon request. We also reserve the right to amen these terms and conditions and it&#39;s linking policy at any time. By continuously linking to our Website, you agree to be bound to and follow these linking terms and conditions.</p>\r\n\r\n<p>Removal of links from our website<br />\r\nIf you find any link on our Website that is offensive for any reason, you are free to contact and inform us any moment. We will consider requests to remove links but we are not obligated to or so or to respond to you directly.</p>\r\n\r\n<p>We do not ensure that the information on this website is correct, we do not warrant its completeness or accuracy; nor do we promise to ensure that the website remains available or that the material on the website is kept up to date.</p>\r\n\r\n<p>Disclaimer<br />\r\nTo the maximum extent permitted by applicable law, we exclude all representations, warranties and conditions relating to our website and the use of this website. Nothing in this disclaimer will:</p>\r\n\r\n<p>limit or exclude our or your liability for death or personal injury;<br />\r\nlimit or exclude our or your liability for fraud or fraudulent misrepresentation;<br />\r\nlimit any of our or your liabilities in any way that is not permitted under applicable law; or<br />\r\nexclude any of our or your liabilities that may not be excluded under applicable law.<br />\r\nThe limitations and prohibitions of liability set in this Section and elsewhere in this disclaimer: (a) are subject to the preceding paragraph; and (b) govern all liabilities arising under the disclaimer, including liabilities arising in contract, in tort and for breach of statutory duty.</p>\r\n\r\n<p>As long as the website and the information and services on the website are provided free of charge, we will not be liable for any loss or damage of any nature.</p>', 'en', 'Disclaimer', 'Disclaimer', 'Disclaimer', 'Published', 1, 1, '2023-05-25 11:42:16', '2023-05-25 11:44:57'),
(2, 'privacy-policies', 'privacy-policies', 'Privacy Policies', '<p>Welcome to Website Name!</p>\r\n\r\n<p>These terms and conditions outline the rules and regulations for the use of Company Name&#39;s, Website are located at Website.com.</p>\r\n\r\n<p>By accessing this website we assume you accept these terms and conditions. Do not continue to use Website Name if you do not agree to take all of the terms and conditions stated on this page.</p>\r\n\r\n<p>The following terminology applies to these Terms and Conditions, Privacy Statement and Disclaimer Notice and all Agreements: &ldquo;Client&rdquo;, &ldquo;You&rdquo; and &ldquo;Your&rdquo; refers to you, the person log on this website and compliant to the Company&#39;s terms and conditions. &ldquo;The Company&rdquo;, &ldquo;Ourselves&rdquo;, &ldquo;We&rdquo;, &ldquo;Our&rdquo; and &ldquo;Us&rdquo;, refers to our Company. &ldquo;Party&rdquo;, &ldquo;Parties&rdquo;, or &ldquo;Us&rdquo;, refers to both the Client and ourselves. All terms refer to the offer, acceptance and consideration of payment necessary to undertake the process of our assistance to the Client in the most appropriate manner for the express purpose of meeting the Client&#39;s needs in respect of provision of the Company&#39;s stated services, in accordance with and subject to, prevailing law of Netherlands. Any use of the above terminology or other words in the singular, plural, capitalization and/or he/she or they, are taken as interchangeable and therefore as referring to same.</p>\r\n\r\n<p>Cookies</p>\r\n\r\n<p>We employ the use of cookies. By accessing Website Name, you agreed to use cookies in agreement with the Company Name&#39;s Privacy Policy.</p>\r\n\r\n<p>Most interactive websites use cookies to let us retrieve the user&#39;s details for each visit. Cookies are used by our website to enable the functionality of certain areas to make it easier for people visiting our website. Some of our affiliate/advertising partners may also use cookies.</p>\r\n\r\n<p>License<br />\r\nUnless otherwise stated, Company Name and/or its licensors own the intellectual property rights for all material on Website Name. All intellectual property rights are reserved. You may access this from Website Name for your own personal use subjected to restrictions set in these terms and conditions.</p>\r\n\r\n<p>You must not:</p>\r\n\r\n<p>Republish material from Website Name<br />\r\nSell, rent or sub-license material from Website Name<br />\r\nReproduce, duplicate or copy material from Website Name<br />\r\nRedistribute content from Website Name<br />\r\nThis Agreement shall begin on the date hereof.</p>\r\n\r\n<p>Parts of this website offer an opportunity for users to post and exchange opinions and information in certain areas of the website. Company Name does not filter, edit, publish or review Comments prior to their presence on the website. Comments do not reflect the views and opinions of Company Name,its agents and/or affiliates. Comments reflect the views and opinions of the person who post their views and opinions. To the extent permitted by applicable laws, Company Name shall not be liable for the Comments or for any liability, damages or expenses caused and/or suffered as a result of any use of and/or posting of and/or appearance of the Comments on this website.</p>\r\n\r\n<p>Company Name reserves the right to monitor all Comments and to remove any Comments which can be considered inappropriate, offensive or causes breach of these Terms and Conditions.</p>\r\n\r\n<p>You warrant and represent that:</p>\r\n\r\n<p>You are entitled to post the Comments on our website and have all necessary licenses and consents to do so;<br />\r\nThe Comments do not invade any intellectual property right, including without limitation copyright, patent or trademark of any third party;<br />\r\nThe Comments do not contain any defamatory, libelous, offensive, indecent or otherwise unlawful material which is an invasion of privacy<br />\r\nThe Comments will not be used to solicit or promote business or custom or present commercial activities or unlawful activity.<br />\r\nYou hereby grant Company Name a non-exclusive license to use, reproduce, edit and authorize others to use, reproduce and edit any of your Comments in any and all forms, formats or media.</p>\r\n\r\n<p>Hyperlinking to our Content<br />\r\nThe following organizations may link to our Website without prior written approval:</p>\r\n\r\n<p>Government agencies;<br />\r\nSearch engines;<br />\r\nNews organizations;<br />\r\nOnline directory distributors may link to our Website in the same manner as they hyperlink to the Websites of other listed businesses; and<br />\r\nSystem wide Accredited Businesses except soliciting non-profit organizations, charity shopping malls, and charity fundraising groups which may not hyperlink to our Web site. These organizations may link to our home page, to publications or to other Website information so long as the link: (a) is not in any way deceptive; (b) does not falsely imply sponsorship, endorsement or approval of the linking party and its products and/or services; and (c) fits within the context of the linking party&#39;s site.</p>\r\n\r\n<p>We may consider and approve other link requests from the following types of organizations:</p>\r\n\r\n<p>commonly-known consumer and/or business information sources;<br />\r\ndot.com community sites;<br />\r\nassociations or other groups representing charities;<br />\r\nonline directory distributors;<br />\r\ninternet portals;<br />\r\naccounting, law and consulting firms; and<br />\r\neducational institutions and trade associations.<br />\r\nWe will approve link requests from these organizations if we decide that: (a) the link would not make us look unfavorably to ourselves or to our accredited businesses; (b) the organization does not have any negative records with us; (c) the benefit to us from the visibility of the hyperlink compensates the absence of Company Name; and (d) the link is in the context of general resource information.</p>\r\n\r\n<p>These organizations may link to our home page so long as the link: (a) is not in any way deceptive; (b) does not falsely imply sponsorship, endorsement or approval of the linking party and its products or services; and (c) fits within the context of the linking party&#39;s site.</p>\r\n\r\n<p>If you are one of the organizations listed in paragraph 2 above and are interested in linking to our website, you must inform us by sending an e-mail to Company Name. Please include your name, your organization name, contact information as well as the URL of your site, a list of any URLs from which you intend to link to our Website, and a list of the URLs on our site to which you would like to link. Wait 2-3 weeks for a response.</p>\r\n\r\n<p>Approved organizations may hyperlink to our Website as follows:</p>\r\n\r\n<p>By use of our corporate name; or<br />\r\nBy use of the uniform resource locator being linked to; or<br />\r\nBy use of any other description of our Website being linked to that makes sense within the context and format of content on the linking party&#39;s site.<br />\r\nNo use of Company Name&#39;s logo or other artwork will be allowed for linking absent a trademark license agreement.</p>\r\n\r\n<p>iFrames<br />\r\nWithout prior approval and written permission, you may not create frames around our Webpages that alter in any way the visual presentation or appearance of our Website.</p>\r\n\r\n<p>Content Liability<br />\r\nWe shall not be hold responsible for any content that appears on your Website. You agree to protect and defend us against all claims that is rising on your Website. No link(s) should appear on any Website that may be interpreted as libelous, obscene or criminal, or which infringes, otherwise violates, or advocates the infringement or other violation of, any third party rights.</p>\r\n\r\n<p>Reservation of Rights<br />\r\nWe reserve the right to request that you remove all links or any particular link to our Website. You approve to immediately remove all links to our Website upon request. We also reserve the right to amen these terms and conditions and it&#39;s linking policy at any time. By continuously linking to our Website, you agree to be bound to and follow these linking terms and conditions.</p>\r\n\r\n<p>Removal of links from our website<br />\r\nIf you find any link on our Website that is offensive for any reason, you are free to contact and inform us any moment. We will consider requests to remove links but we are not obligated to or so or to respond to you directly.</p>\r\n\r\n<p>We do not ensure that the information on this website is correct, we do not warrant its completeness or accuracy; nor do we promise to ensure that the website remains available or that the material on the website is kept up to date.</p>\r\n\r\n<p>Disclaimer<br />\r\nTo the maximum extent permitted by applicable law, we exclude all representations, warranties and conditions relating to our website and the use of this website. Nothing in this disclaimer will:</p>\r\n\r\n<p>limit or exclude our or your liability for death or personal injury;<br />\r\nlimit or exclude our or your liability for fraud or fraudulent misrepresentation;<br />\r\nlimit any of our or your liabilities in any way that is not permitted under applicable law; or<br />\r\nexclude any of our or your liabilities that may not be excluded under applicable law.<br />\r\nThe limitations and prohibitions of liability set in this Section and elsewhere in this disclaimer: (a) are subject to the preceding paragraph; and (b) govern all liabilities arising under the disclaimer, including liabilities arising in contract, in tort and for breach of statutory duty.</p>\r\n\r\n<p>As long as the website and the information and services on the website are provided free of charge, we will not be liable for any loss or damage of any nature.</p>', 'en', 'Privacy Policies', 'Privacy Policies', 'Privacy Policies', 'Published', 1, NULL, '2023-05-25 11:46:14', '2023-05-25 11:46:14'),
(3, 'terms-and-conditions', 'terms-and-conditions', 'Terms and Conditions', '<p>Welcome to Website Name!</p>\r\n\r\n<p>These terms and conditions outline the rules and regulations for the use of Company Name&#39;s, Website are located at Website.com.</p>\r\n\r\n<p>By accessing this website we assume you accept these terms and conditions. Do not continue to use Website Name if you do not agree to take all of the terms and conditions stated on this page.</p>\r\n\r\n<p>The following terminology applies to these Terms and Conditions, Privacy Statement and Disclaimer Notice and all Agreements: &ldquo;Client&rdquo;, &ldquo;You&rdquo; and &ldquo;Your&rdquo; refers to you, the person log on this website and compliant to the Company&#39;s terms and conditions. &ldquo;The Company&rdquo;, &ldquo;Ourselves&rdquo;, &ldquo;We&rdquo;, &ldquo;Our&rdquo; and &ldquo;Us&rdquo;, refers to our Company. &ldquo;Party&rdquo;, &ldquo;Parties&rdquo;, or &ldquo;Us&rdquo;, refers to both the Client and ourselves. All terms refer to the offer, acceptance and consideration of payment necessary to undertake the process of our assistance to the Client in the most appropriate manner for the express purpose of meeting the Client&#39;s needs in respect of provision of the Company&#39;s stated services, in accordance with and subject to, prevailing law of Netherlands. Any use of the above terminology or other words in the singular, plural, capitalization and/or he/she or they, are taken as interchangeable and therefore as referring to same.</p>\r\n\r\n<p>Cookies</p>\r\n\r\n<p>We employ the use of cookies. By accessing Website Name, you agreed to use cookies in agreement with the Company Name&#39;s Privacy Policy.</p>\r\n\r\n<p>Most interactive websites use cookies to let us retrieve the user&#39;s details for each visit. Cookies are used by our website to enable the functionality of certain areas to make it easier for people visiting our website. Some of our affiliate/advertising partners may also use cookies.</p>\r\n\r\n<p>License<br />\r\nUnless otherwise stated, Company Name and/or its licensors own the intellectual property rights for all material on Website Name. All intellectual property rights are reserved. You may access this from Website Name for your own personal use subjected to restrictions set in these terms and conditions.</p>\r\n\r\n<p>You must not:</p>\r\n\r\n<p>Republish material from Website Name<br />\r\nSell, rent or sub-license material from Website Name<br />\r\nReproduce, duplicate or copy material from Website Name<br />\r\nRedistribute content from Website Name<br />\r\nThis Agreement shall begin on the date hereof.</p>\r\n\r\n<p>Parts of this website offer an opportunity for users to post and exchange opinions and information in certain areas of the website. Company Name does not filter, edit, publish or review Comments prior to their presence on the website. Comments do not reflect the views and opinions of Company Name,its agents and/or affiliates. Comments reflect the views and opinions of the person who post their views and opinions. To the extent permitted by applicable laws, Company Name shall not be liable for the Comments or for any liability, damages or expenses caused and/or suffered as a result of any use of and/or posting of and/or appearance of the Comments on this website.</p>\r\n\r\n<p>Company Name reserves the right to monitor all Comments and to remove any Comments which can be considered inappropriate, offensive or causes breach of these Terms and Conditions.</p>\r\n\r\n<p>You warrant and represent that:</p>\r\n\r\n<p>You are entitled to post the Comments on our website and have all necessary licenses and consents to do so;<br />\r\nThe Comments do not invade any intellectual property right, including without limitation copyright, patent or trademark of any third party;<br />\r\nThe Comments do not contain any defamatory, libelous, offensive, indecent or otherwise unlawful material which is an invasion of privacy<br />\r\nThe Comments will not be used to solicit or promote business or custom or present commercial activities or unlawful activity.<br />\r\nYou hereby grant Company Name a non-exclusive license to use, reproduce, edit and authorize others to use, reproduce and edit any of your Comments in any and all forms, formats or media.</p>\r\n\r\n<p>Hyperlinking to our Content<br />\r\nThe following organizations may link to our Website without prior written approval:</p>\r\n\r\n<p>Government agencies;<br />\r\nSearch engines;<br />\r\nNews organizations;<br />\r\nOnline directory distributors may link to our Website in the same manner as they hyperlink to the Websites of other listed businesses; and<br />\r\nSystem wide Accredited Businesses except soliciting non-profit organizations, charity shopping malls, and charity fundraising groups which may not hyperlink to our Web site. These organizations may link to our home page, to publications or to other Website information so long as the link: (a) is not in any way deceptive; (b) does not falsely imply sponsorship, endorsement or approval of the linking party and its products and/or services; and (c) fits within the context of the linking party&#39;s site.</p>\r\n\r\n<p>We may consider and approve other link requests from the following types of organizations:</p>\r\n\r\n<p>commonly-known consumer and/or business information sources;<br />\r\ndot.com community sites;<br />\r\nassociations or other groups representing charities;<br />\r\nonline directory distributors;<br />\r\ninternet portals;<br />\r\naccounting, law and consulting firms; and<br />\r\neducational institutions and trade associations.<br />\r\nWe will approve link requests from these organizations if we decide that: (a) the link would not make us look unfavorably to ourselves or to our accredited businesses; (b) the organization does not have any negative records with us; (c) the benefit to us from the visibility of the hyperlink compensates the absence of Company Name; and (d) the link is in the context of general resource information.</p>\r\n\r\n<p>These organizations may link to our home page so long as the link: (a) is not in any way deceptive; (b) does not falsely imply sponsorship, endorsement or approval of the linking party and its products or services; and (c) fits within the context of the linking party&#39;s site.</p>\r\n\r\n<p>If you are one of the organizations listed in paragraph 2 above and are interested in linking to our website, you must inform us by sending an e-mail to Company Name. Please include your name, your organization name, contact information as well as the URL of your site, a list of any URLs from which you intend to link to our Website, and a list of the URLs on our site to which you would like to link. Wait 2-3 weeks for a response.</p>\r\n\r\n<p>Approved organizations may hyperlink to our Website as follows:</p>\r\n\r\n<p>By use of our corporate name; or<br />\r\nBy use of the uniform resource locator being linked to; or<br />\r\nBy use of any other description of our Website being linked to that makes sense within the context and format of content on the linking party&#39;s site.<br />\r\nNo use of Company Name&#39;s logo or other artwork will be allowed for linking absent a trademark license agreement.</p>\r\n\r\n<p>iFrames<br />\r\nWithout prior approval and written permission, you may not create frames around our Webpages that alter in any way the visual presentation or appearance of our Website.</p>\r\n\r\n<p>Content Liability<br />\r\nWe shall not be hold responsible for any content that appears on your Website. You agree to protect and defend us against all claims that is rising on your Website. No link(s) should appear on any Website that may be interpreted as libelous, obscene or criminal, or which infringes, otherwise violates, or advocates the infringement or other violation of, any third party rights.</p>\r\n\r\n<p>Reservation of Rights<br />\r\nWe reserve the right to request that you remove all links or any particular link to our Website. You approve to immediately remove all links to our Website upon request. We also reserve the right to amen these terms and conditions and it&#39;s linking policy at any time. By continuously linking to our Website, you agree to be bound to and follow these linking terms and conditions.</p>\r\n\r\n<p>Removal of links from our website<br />\r\nIf you find any link on our Website that is offensive for any reason, you are free to contact and inform us any moment. We will consider requests to remove links but we are not obligated to or so or to respond to you directly.</p>\r\n\r\n<p>We do not ensure that the information on this website is correct, we do not warrant its completeness or accuracy; nor do we promise to ensure that the website remains available or that the material on the website is kept up to date.</p>\r\n\r\n<p>Disclaimer<br />\r\nTo the maximum extent permitted by applicable law, we exclude all representations, warranties and conditions relating to our website and the use of this website. Nothing in this disclaimer will:</p>\r\n\r\n<p>limit or exclude our or your liability for death or personal injury;<br />\r\nlimit or exclude our or your liability for fraud or fraudulent misrepresentation;<br />\r\nlimit any of our or your liabilities in any way that is not permitted under applicable law; or<br />\r\nexclude any of our or your liabilities that may not be excluded under applicable law.<br />\r\nThe limitations and prohibitions of liability set in this Section and elsewhere in this disclaimer: (a) are subject to the preceding paragraph; and (b) govern all liabilities arising under the disclaimer, including liabilities arising in contract, in tort and for breach of statutory duty.</p>\r\n\r\n<p>As long as the website and the information and services on the website are provided free of charge, we will not be liable for any loss or damage of any nature.</p>', 'en', 'Terms and Conditions', 'Terms and Conditions', 'Terms and Conditions', 'Published', 1, NULL, '2023-05-25 11:46:51', '2023-05-25 11:46:51');

-- --------------------------------------------------------

--
