-- Table structure for table `go_online_create_websites`
--

CREATE TABLE `go_online_create_websites` (
  `id` bigint UNSIGNED NOT NULL,
  `default_language_page` int DEFAULT NULL,
  `banner_image` varchar(255) CHARACTER SET utf8mb4 COLLATE utf8mb4_unicode_ci DEFAULT NULL,
  `title` varchar(255) CHARACTER SET utf8mb4 COLLATE utf8mb4_unicode_ci DEFAULT NULL,
  `slug` varchar(255) CHARACTER SET utf8mb4 COLLATE utf8mb4_unicode_ci DEFAULT NULL,
  `sub_title` varchar(255) CHARACTER SET utf8mb4 COLLATE utf8mb4_unicode_ci DEFAULT NULL,
  `description` longtext CHARACTER SET utf8mb4 COLLATE utf8mb4_unicode_ci,
  `title_2` varchar(255) CHARACTER SET utf8mb4 COLLATE utf8mb4_unicode_ci DEFAULT NULL,
  `button_text` varchar(255) CHARACTER SET utf8mb4 COLLATE utf8mb4_unicode_ci DEFAULT NULL,
  `button_link` text CHARACTER SET utf8mb4 COLLATE utf8mb4_unicode_ci,
  `media_type` enum('Image','Video') CHARACTER SET utf8mb4 COLLATE utf8mb4_unicode_ci DEFAULT NULL,
  `image` varchar(255) CHARACTER SET utf8mb4 COLLATE utf8mb4_unicode_ci DEFAULT NULL,
  `video_type` enum('MP4','Youtube') CHARACTER SET utf8mb4 COLLATE utf8mb4_unicode_ci DEFAULT NULL,
  `video` varchar(255) CHARACTER SET utf8mb4 COLLATE utf8mb4_unicode_ci DEFAULT NULL,
  `thumbnail_image` varchar(255) CHARACTER SET utf8mb4 COLLATE utf8mb4_unicode_ci DEFAULT NULL,
  `youtube` longtext CHARACTER SET utf8mb4 COLLATE utf8mb4_unicode_ci,
  `text_1` text CHARACTER SET utf8mb4 COLLATE utf8mb4_unicode_ci,
  `text_2` text CHARACTER SET utf8mb4 COLLATE utf8mb4_unicode_ci,
  `language` varchar(255) CHARACTER SET utf8mb4 COLLATE utf8mb4_unicode_ci DEFAULT NULL,
  `meta_key` varchar(255) CHARACTER SET utf8mb4 COLLATE utf8mb4_unicode_ci DEFAULT NULL,
  `meta_title` varchar(255) CHARACTER SET utf8mb4 COLLATE utf8mb4_unicode_ci DEFAULT NULL,
  `meta_description` longtext CHARACTER SET utf8mb4 COLLATE utf8mb4_unicode_ci,
  `status` enum('Published','Draft','Trash') CHARACTER SET utf8mb4 COLLATE utf8mb4_unicode_ci NOT NULL DEFAULT 'Published',
  `created_by` int DEFAULT NULL,
  `updated_by` int DEFAULT NULL,
  `created_at` timestamp NULL DEFAULT NULL,
  `updated_at` timestamp NULL DEFAULT NULL
) ENGINE=InnoDB DEFAULT CHARSET=utf8mb4 COLLATE=utf8mb4_unicode_ci;

--
-- Dumping data for table `go_online_create_websites`
--

INSERT INTO `go_online_create_websites` (`id`, `default_language_page`, `banner_image`, `title`, `slug`, `sub_title`, `description`, `title_2`, `button_text`, `button_link`, `media_type`, `image`, `video_type`, `video`, `thumbnail_image`, `youtube`, `text_1`, `text_2`, `language`, `meta_key`, `meta_title`, `meta_description`, `status`, `created_by`, `updated_by`, `created_at`, `updated_at`) VALUES
(1, NULL, 'upload/go-online/1797115153950987.jpg', 'CREATE WEBSITE', 'create-website', 'Empower business online', '<p>Is your business struggling to broaden its horizons? If so, you have come to the right place. We specialize in crafting websites that can elevate your products and expand your reach. Our expertise lies in creating dynamic B2B and B2C web solutions that captivate your online audience. With our strategic website design approach, we transform your website traffic into valuable potential customers.</p>', 'We don\'t design websites, we design experiences', 'CLICK TO SELECT THEMES', 'https://viewthemes.aurobees.com/product-category/website/', 'Image', 'upload/go-online/1774475468893403.jpg', 'MP4', 'upload/go-online/1687500768-rainmp4.mp4', 'upload/go-online/1769472805614990.jpg', NULL, 'Start your journey', 'with us today!', 'en', 'Create Website', 'Create Website', 'Create Website', 'Published', 1, 1, '2023-05-22 12:38:56', '2025-02-11 05:00:12'),
(2, NULL, 'upload/go-online/1797121340466603.jpg', 'CREATE WEBSTORE', 'create-webstore', 'Crafting digital spaces for you', '<p>Is your business looking to thrive in the modern marketplace? It&#39;s essential to invest in the right technology, design, and marketing strategies to make the most of the online presence - Aurobees is right here to define your needs. Our platform offers webstore with numerous advantages, including increased reach, cost-efficiency, data-driven insights, and improved customer convenience.&nbsp;</p>', 'You dream it, we build it', 'CLICK TO SELECT THEMES', 'https://viewthemes.aurobees.com/product-category/webstore/', 'Image', 'upload/go-online/1774475567748550.jpg', 'MP4', NULL, NULL, NULL, 'Start your journey', 'with us today!', 'en', 'CREATE WEBSTORE', 'CREATE WEBSTORE', 'CREATE WEBSTORE', 'Published', 1, 1, '2023-06-08 05:12:03', '2025-02-11 05:01:28');

-- --------------------------------------------------------

--
-- Table structure for table `go_online_create_website_features`
--

CREATE TABLE `go_online_create_website_features` (
  `id` bigint UNSIGNED NOT NULL,
  `go_online_create_website_id` int NOT NULL COMMENT 'go online create website Table(go_online_create_websites) id',
  `image` varchar(255) CHARACTER SET utf8mb4 COLLATE utf8mb4_unicode_ci DEFAULT NULL,
  `title` varchar(255) CHARACTER SET utf8mb4 COLLATE utf8mb4_unicode_ci DEFAULT NULL,
  `created_by` int DEFAULT NULL,
  `updated_by` int DEFAULT NULL,
  `created_at` timestamp NULL DEFAULT NULL,
  `updated_at` timestamp NULL DEFAULT NULL
) ENGINE=InnoDB DEFAULT CHARSET=utf8mb4 COLLATE=utf8mb4_unicode_ci;

--
-- Dumping data for table `go_online_create_website_features`
--

INSERT INTO `go_online_create_website_features` (`id`, `go_online_create_website_id`, `image`, `title`, `created_by`, `updated_by`, `created_at`, `updated_at`) VALUES
(1, 1, 'upload/go-online/features/1797115132412596.png', 'Increased Visibility', 1, 1, '2023-05-22 12:59:33', '2024-04-23 18:25:45'),
(2, 1, 'upload/go-online/features/1797115132477975.png', 'Brand Awareness', 1, 1, '2023-05-22 13:00:04', '2024-04-23 18:25:45'),
(4, 1, 'upload/go-online/features/1797115132512097.png', 'Customer Engagement', 1, 1, '2023-06-08 05:01:14', '2024-04-23 18:25:45'),
(5, 1, 'upload/go-online/features/1797115132545903.png', 'Cost-Effective Marketing', 1, 1, '2023-06-08 05:01:15', '2024-04-23 18:25:45'),
(6, 1, 'upload/go-online/features/1797115132578780.png', 'Analytics & Insights', 1, 1, '2023-06-08 05:01:15', '2024-04-23 18:25:45'),
(11, 2, 'upload/go-online/features/1797121264244640.png', 'Customized Themes', 1, 1, '2023-06-08 05:17:38', '2024-04-23 20:03:13'),
(12, 2, 'upload/go-online/features/1797121264315880.png', 'Product Categorization', 1, 1, '2023-06-08 05:17:38', '2024-04-23 20:03:13'),
(13, 2, 'upload/go-online/features/1797121264376736.png', 'Marketing & Promotions', 1, 1, '2023-06-08 05:17:38', '2024-04-23 20:03:13'),
(14, 2, 'upload/go-online/features/1797121264426358.png', 'Analytics and Reporting', 1, 1, '2023-06-08 05:17:39', '2024-04-23 20:03:13'),
(15, 2, 'upload/go-online/features/1797121264476782.png', 'Secure Payment Processing', 1, 1, '2023-06-08 05:17:39', '2024-04-23 20:03:13');

-- --------------------------------------------------------

--
-- Table structure for table `go_online_create_website_themes`
--

CREATE TABLE `go_online_create_website_themes` (
  `id` bigint UNSIGNED NOT NULL,
  `go_online_create_website_id` int NOT NULL COMMENT 'go online create website Table(go_online_create_websites) id',
  `image` varchar(255) CHARACTER SET utf8mb4 COLLATE utf8mb4_unicode_ci DEFAULT NULL,
  `title` varchar(255) CHARACTER SET utf8mb4 COLLATE utf8mb4_unicode_ci DEFAULT NULL,
  `description` longtext CHARACTER SET utf8mb4 COLLATE utf8mb4_unicode_ci,
  `created_by` int DEFAULT NULL,
  `updated_by` int DEFAULT NULL,
  `created_at` timestamp NULL DEFAULT NULL,
  `updated_at` timestamp NULL DEFAULT NULL
) ENGINE=InnoDB DEFAULT CHARSET=utf8mb4 COLLATE=utf8mb4_unicode_ci;

--
-- Dumping data for table `go_online_create_website_themes`
--

INSERT INTO `go_online_create_website_themes` (`id`, `go_online_create_website_id`, `image`, `title`, `description`, `created_by`, `updated_by`, `created_at`, `updated_at`) VALUES
(1, 1, 'upload/go-online/theme/1797115085428696.jpg', 'User-Friendly Navigation', '<p>Intuitive navigation menus and a clear site structure make it easy for visitors to find the information they are looking for.</p>', 1, 1, '2023-05-22 12:52:22', '2024-04-23 18:25:00'),
(2, 1, 'upload/go-online/theme/1797115085465725.jpg', 'Call to Action', '<p>Strategically placed CTAs to encourage visitors to take specific actions, such as making a purchase, secure payment options, or order tracking.</p>', 1, 1, '2023-06-08 05:05:14', '2024-04-23 18:25:00'),
(3, 1, 'upload/go-online/theme/1797115085482692.jpg', 'Responsive Design', '<p>A responsive architecture gives the best quality browsing experience - whether on a smartphone, tablet, or desktop.</p>', 1, 1, '2023-06-08 05:05:14', '2024-04-23 18:25:00'),
(4, 1, 'upload/go-online/theme/1797115085500276.jpg', 'Connect Globally', '<p>Allows customers to connect with individuals or customers from all over the world, potentially expanding their network and impact.</p>', 1, 1, '2023-06-08 05:05:14', '2024-04-23 18:25:00'),
(5, 2, 'upload/go-online/theme/1797121308536458.jpg', 'Scalability', '<p>Webstores are highly scalable, allowing businesses to expand and adapt to changing market demands without the need for extensive physical expansion.</p>', 1, 1, '2023-06-23 10:50:42', '2024-04-23 20:03:55'),
(6, 2, 'upload/go-online/theme/1797121308571719.jpg', 'Convenience', '<p>Online shopping offers convenience to customers, who can browse, compare products, and make purchases from the comfort of their homes or on the go using mobile devices.</p>', 1, 1, '2023-06-23 10:53:35', '2024-04-23 20:03:55'),
(7, 2, 'upload/go-online/theme/1797121308590923.jpg', 'Cost-Efficiency', '<p>Operating a webstore can be more cost-efficient than maintaining a physical retail location. There are no expenses associated with renting or maintaining a storefront, and staffing needs can be lower.</p>', 1, 1, '2023-06-23 10:53:35', '2024-04-23 20:03:55'),
(8, 2, 'upload/go-online/theme/1797121308605005.jpg', 'Data and Analytics', '<p>Webstores collect valuable data on customer behaviour, preferences, and purchase history. This data can be analyzed to gain insights into customer trends, allowing businesses to make informed decisions.</p>', 1, 1, '2023-06-23 10:53:35', '2024-04-23 20:03:55'),
(11, 2, 'upload/go-online/theme/1797121308624109.jpg', 'Inventory Management', '<p>Online tools and software make it easier to manage inventory levels, reducing the risk of overstocking or understocking products.</p>', 1, 1, '2024-04-17 15:43:24', '2024-04-23 20:03:55');

-- --------------------------------------------------------

--
-- Table structure for table `go_online_digital_marketing_services`
--

CREATE TABLE `go_online_digital_marketing_services` (
  `id` bigint UNSIGNED NOT NULL,
  `default_language_page` bigint DEFAULT NULL,
  `image_1` varchar(255) CHARACTER SET utf8mb4 COLLATE utf8mb4_unicode_ci DEFAULT NULL,
  `title` varchar(255) CHARACTER SET utf8mb4 COLLATE utf8mb4_unicode_ci DEFAULT NULL,
  `slug` varchar(255) CHARACTER SET utf8mb4 COLLATE utf8mb4_unicode_ci DEFAULT NULL,
  `sub_title` varchar(255) CHARACTER SET utf8mb4 COLLATE utf8mb4_unicode_ci DEFAULT NULL,
  `description` longtext CHARACTER SET utf8mb4 COLLATE utf8mb4_unicode_ci,
  `image_2` varchar(255) CHARACTER SET utf8mb4 COLLATE utf8mb4_unicode_ci DEFAULT NULL,
  `global_presence_title` varchar(255) CHARACTER SET utf8mb4 COLLATE utf8mb4_unicode_ci DEFAULT NULL,
  `global_presence_1` varchar(255) CHARACTER SET utf8mb4 COLLATE utf8mb4_unicode_ci DEFAULT NULL,
  `global_presence_2` varchar(255) CHARACTER SET utf8mb4 COLLATE utf8mb4_unicode_ci DEFAULT NULL,
  `global_presence_3` varchar(255) CHARACTER SET utf8mb4 COLLATE utf8mb4_unicode_ci DEFAULT NULL,
  `global_presence_4` varchar(255) CHARACTER SET utf8mb4 COLLATE utf8mb4_unicode_ci DEFAULT NULL,
  `global_presence_5` varchar(255) CHARACTER SET utf8mb4 COLLATE utf8mb4_unicode_ci DEFAULT NULL,
  `media_type` enum('Image','Video') CHARACTER SET utf8mb4 COLLATE utf8mb4_unicode_ci DEFAULT NULL,
  `image_3` varchar(255) CHARACTER SET utf8mb4 COLLATE utf8mb4_unicode_ci DEFAULT NULL,
  `video_type` enum('MP4','Youtube') CHARACTER SET utf8mb4 COLLATE utf8mb4_unicode_ci DEFAULT NULL,
  `video` varchar(255) CHARACTER SET utf8mb4 COLLATE utf8mb4_unicode_ci DEFAULT NULL,
  `thumbnail_image` varchar(255) CHARACTER SET utf8mb4 COLLATE utf8mb4_unicode_ci DEFAULT NULL,
  `youtube` longtext CHARACTER SET utf8mb4 COLLATE utf8mb4_unicode_ci,
  `features_text` varchar(255) CHARACTER SET utf8mb4 COLLATE utf8mb4_unicode_ci DEFAULT NULL,
  `benefits_text` varchar(255) CHARACTER SET utf8mb4 COLLATE utf8mb4_unicode_ci DEFAULT NULL,
  `benefits_background_image` varchar(255) CHARACTER SET utf8mb4 COLLATE utf8mb4_unicode_ci DEFAULT NULL,
  `language` varchar(255) CHARACTER SET utf8mb4 COLLATE utf8mb4_unicode_ci NOT NULL DEFAULT 'en',
  `meta_key` varchar(255) CHARACTER SET utf8mb4 COLLATE utf8mb4_unicode_ci DEFAULT NULL,
  `meta_title` varchar(255) CHARACTER SET utf8mb4 COLLATE utf8mb4_unicode_ci DEFAULT NULL,
  `meta_description` longtext CHARACTER SET utf8mb4 COLLATE utf8mb4_unicode_ci,
  `status` enum('Published','Draft','Trash') CHARACTER SET utf8mb4 COLLATE utf8mb4_unicode_ci NOT NULL DEFAULT 'Published',
  `created_by` int DEFAULT NULL,
  `updated_by` int DEFAULT NULL,
  `created_at` timestamp NULL DEFAULT NULL,
  `updated_at` timestamp NULL DEFAULT NULL
) ENGINE=InnoDB DEFAULT CHARSET=utf8mb4 COLLATE=utf8mb4_unicode_ci;

--
-- Dumping data for table `go_online_digital_marketing_services`
--

INSERT INTO `go_online_digital_marketing_services` (`id`, `default_language_page`, `image_1`, `title`, `slug`, `sub_title`, `description`, `image_2`, `global_presence_title`, `global_presence_1`, `global_presence_2`, `global_presence_3`, `global_presence_4`, `global_presence_5`, `media_type`, `image_3`, `video_type`, `video`, `thumbnail_image`, `youtube`, `features_text`, `benefits_text`, `benefits_background_image`, `language`, `meta_key`, `meta_title`, `meta_description`, `status`, `created_by`, `updated_by`, `created_at`, `updated_at`) VALUES
(1, NULL, 'upload/go-online/1797122477543984.jpg', 'DIGITAL MARKETING', 'digital-marketing', 'Advertise, analyze and optimize! We do it all you', '<ul>\r\n	<li>\r\n	<h4>CREATE.</h4>\r\n\r\n	<p>WEBSITE</p>\r\n	</li>\r\n	<li>\r\n	<h4>PUBLISH.</h4>\r\n\r\n	<p>CONTENT</p>\r\n	</li>\r\n	<li>\r\n	<h4>AMPLIFY.</h4>\r\n\r\n	<p>BUSINESS</p>\r\n	</li>\r\n	<li>\r\n	<h4>REPEAT!</h4>\r\n\r\n	<p>SUCCESS</p>\r\n	</li>\r\n</ul>', 'upload/go-online/1783902272956207.png', 'Global Presence', 'Content Optimization', 'SEO', 'Backlinks', 'Social Media', 'AD Management', 'Video', NULL, 'MP4', 'upload/go-online/1713422885-go-online-hdmp4.mp4', 'upload/go-online/1796654115229043.jpg', NULL, 'Features', 'Benefits', 'upload/go-online/1774471520266661.jpg', 'en', 'DIGITAL MARKETING SERVICES', 'DIGITAL MARKETING SERVICES', 'DIGITAL MARKETING SERVICES', 'Published', 1, 1, '2023-05-22 07:18:21', '2024-04-23 20:22:30');

-- --------------------------------------------------------

--
-- Table structure for table `go_online_digital_marketing_services_benefits`
--

CREATE TABLE `go_online_digital_marketing_services_benefits` (
  `id` bigint UNSIGNED NOT NULL,
  `digital_marketing_service_id` int NOT NULL COMMENT 'digital marketing service Table(go_online_digital_marketing_services) id',
  `title` varchar(255) CHARACTER SET utf8mb4 COLLATE utf8mb4_unicode_ci DEFAULT NULL,
  `link` varchar(255) CHARACTER SET utf8mb4 COLLATE utf8mb4_unicode_ci DEFAULT NULL,
  `created_by` int DEFAULT NULL,
  `updated_by` int DEFAULT NULL,
  `created_at` timestamp NULL DEFAULT NULL,
  `updated_at` timestamp NULL DEFAULT NULL
) ENGINE=InnoDB DEFAULT CHARSET=utf8mb4 COLLATE=utf8mb4_unicode_ci;

--
-- Dumping data for table `go_online_digital_marketing_services_benefits`
--

INSERT INTO `go_online_digital_marketing_services_benefits` (`id`, `digital_marketing_service_id`, `title`, `link`, `created_by`, `updated_by`, `created_at`, `updated_at`) VALUES
(17, 1, 'Analytics and Optimization', 'https://aurobees.projectsdemo.biz/', 1, NULL, '2023-08-17 20:11:46', '2023-08-17 20:11:46'),
(18, 1, 'Multiple Strategies', 'https://aurobees.projectsdemo.biz/', 1, NULL, '2023-08-17 20:11:46', '2023-08-17 20:11:46'),
(19, 1, 'Increased Engagement', 'https://aurobees.projectsdemo.biz/', 1, NULL, '2023-08-17 20:11:46', '2023-08-17 20:11:46'),
(20, 1, 'Global Reach', 'https://aurobees.projectsdemo.biz/', 1, NULL, '2023-08-17 20:11:46', '2023-08-17 20:11:46'),
(21, 1, 'Increased ROI', 'https://aurobees.projectsdemo.biz/', 1, NULL, '2023-08-17 20:11:46', '2023-08-17 20:11:46'),
(22, 1, 'Gain Brand Credibility', 'https://aurobees.projectsdemo.biz/', 1, NULL, '2023-08-17 20:11:46', '2023-08-17 20:11:46'),
(23, 1, 'Cost-Effective', 'https://aurobees.projectsdemo.biz/', 1, NULL, '2023-08-17 20:11:46', '2023-08-17 20:11:46'),
(24, 1, 'Improved Conversion Rate', 'https://aurobees.projectsdemo.biz/', 1, NULL, '2023-08-17 20:11:46', '2023-08-17 20:11:46');

-- --------------------------------------------------------

--
-- Table structure for table `go_online_digital_marketing_services_features`
--

CREATE TABLE `go_online_digital_marketing_services_features` (
  `id` bigint UNSIGNED NOT NULL,
  `digital_marketing_service_id` int NOT NULL COMMENT 'digital marketing service Table(go_online_digital_marketing_services) id',
  `image` varchar(255) CHARACTER SET utf8mb4 COLLATE utf8mb4_unicode_ci DEFAULT NULL,
  `title` varchar(255) CHARACTER SET utf8mb4 COLLATE utf8mb4_unicode_ci DEFAULT NULL,
  `description` longtext CHARACTER SET utf8mb4 COLLATE utf8mb4_unicode_ci,
  `created_by` int DEFAULT NULL,
  `updated_by` int DEFAULT NULL,
  `created_at` timestamp NULL DEFAULT NULL,
  `updated_at` timestamp NULL DEFAULT NULL
) ENGINE=InnoDB DEFAULT CHARSET=utf8mb4 COLLATE=utf8mb4_unicode_ci;

--
-- Dumping data for table `go_online_digital_marketing_services_features`
--

INSERT INTO `go_online_digital_marketing_services_features` (`id`, `digital_marketing_service_id`, `image`, `title`, `description`, `created_by`, `updated_by`, `created_at`, `updated_at`) VALUES
(1, 1, 'upload/go-online/features/1797122459833899.png', 'Website Services', '<ul>\r\n	<li>Create Website</li>\r\n	<li>Create Webstore</li>\r\n	<li>Connect to Marketplaces</li>\r\n	<li>UI/UX</li>\r\n</ul>', 1, 1, '2023-05-22 10:45:08', '2024-04-23 20:22:13'),
(2, 1, 'upload/go-online/features/1774472549688536.png', 'Social Media Management', '<ul>\r\n	<li>Online Presence</li>\r\n	<li>Customer Engagement</li>\r\n	<li>Leads Conversion</li>\r\n	<li>Brand Awareness</li>\r\n</ul>', 1, 1, '2023-05-22 10:45:08', '2023-08-17 20:11:35'),
(3, 1, 'upload/go-online/features/1797122459887595.png', 'Search Engine Optimization', '<ul>\r\n	<li>SEO Audit</li>\r\n	<li>Keyword Optimization</li>\r\n	<li>Content Optimization</li>\r\n	<li>Google Analytics</li>\r\n</ul>', 1, 1, '2023-08-17 20:14:20', '2024-04-23 20:22:13'),
(4, 1, 'upload/go-online/features/1774472722206023.png', 'Content Marketing', '<ul>\r\n	<li>Blogs</li>\r\n	<li>Videos</li>\r\n	<li>Images</li>\r\n	<li>SEO-Centric</li>\r\n</ul>', 1, 1, '2023-08-17 20:14:20', '2023-08-17 20:19:39'),
(5, 1, 'upload/go-online/features/1774473056698618.png', 'Maintenance Services', '<ul>\r\n	<li>Content Management System</li>\r\n	<li>Website Sanity Check</li>\r\n	<li>Security &amp; Backups</li>\r\n	<li>Integrations</li>\r\n</ul>', 1, 1, '2023-08-17 20:19:39', '2024-04-23 20:22:13'),
(6, 1, 'upload/go-online/features/1774473056710891.png', 'Email Marketing', '<ul>\r\n	<li>Newsletters</li>\r\n	<li>Landing Pages</li>\r\n	<li>Promotional Emails</li>\r\n	<li>Convert Audience</li>\r\n</ul>', 1, 1, '2023-08-17 20:19:39', '2024-04-23 20:22:13'),
(7, 1, 'upload/go-online/features/1774473056715671.png', 'Advertising Management', '<ul>\r\n	<li>Paid Campaign</li>\r\n	<li>Call-To-Action</li>\r\n	<li>Audience Segregation</li>\r\n	<li>More Traffic</li>\r\n</ul>', 1, 1, '2023-08-17 20:19:39', '2024-04-23 20:22:13'),
(8, 1, 'upload/go-online/features/1774473056720720.png', 'Link Building Services', '<ul>\r\n	<li>Back Link Generation</li>\r\n	<li>Boost Page Rankings</li>\r\n	<li>Directory Submission</li>\r\n	<li>Improved Domain Authority</li>\r\n</ul>', 1, 1, '2023-08-17 20:19:39', '2024-04-23 20:22:13');

-- --------------------------------------------------------

--
-- Table structure for table `g_s_t_s`
--

CREATE TABLE `g_s_t_s` (
  `id` bigint UNSIGNED NOT NULL,
  `country_code` varchar(20) CHARACTER SET utf8mb4 COLLATE utf8mb4_unicode_ci DEFAULT NULL,
  `currency` varchar(20) CHARACTER SET utf8mb4 COLLATE utf8mb4_unicode_ci DEFAULT NULL,
  `tax_name` varchar(20) CHARACTER SET utf8mb4 COLLATE utf8mb4_unicode_ci DEFAULT NULL,
  `rate` double(8,2) NOT NULL DEFAULT '0.00',
  `created_by` int DEFAULT NULL,
  `updated_by` int DEFAULT NULL,
  `created_at` timestamp NULL DEFAULT NULL,
  `updated_at` timestamp NULL DEFAULT NULL
) ENGINE=InnoDB DEFAULT CHARSET=utf8mb4 COLLATE=utf8mb4_unicode_ci;

--
-- Dumping data for table `g_s_t_s`
--

INSERT INTO `g_s_t_s` (`id`, `country_code`, `currency`, `tax_name`, `rate`, `created_by`, `updated_by`, `created_at`, `updated_at`) VALUES
(1, 'IN', 'INR', 'GST', 18.00, 1, 1, '2023-04-19 07:35:50', '2023-09-08 19:15:02'),
(2, 'SG', 'SGD', 'GST', 8.00, 1, 1, '2023-04-19 07:35:50', '2023-04-19 07:34:52'),
(3, 'ID', 'IDR', 'VAT', 11.00, 1, 1, '2023-04-19 07:35:50', '2023-04-19 07:34:52'),
(4, 'AE', 'ADE', 'VAT', 5.00, 1, 1, '2023-04-19 07:35:50', '2023-04-19 07:34:52'),
(5, 'Other', 'USD', 'GST', 20.00, 1, 1, '2023-04-19 07:35:50', '2023-09-08 19:17:59');

-- --------------------------------------------------------

--
-- Table structure for table `header_management`
--

CREATE TABLE `header_management` (
  `id` bigint UNSIGNED NOT NULL,
  `key` varchar(255) CHARACTER SET utf8mb4 COLLATE utf8mb4_unicode_ci NOT NULL,
  `value` text CHARACTER SET utf8mb4 COLLATE utf8mb4_unicode_ci,
  `created_at` timestamp NULL DEFAULT NULL,
  `updated_at` timestamp NULL DEFAULT NULL
) ENGINE=InnoDB DEFAULT CHARSET=utf8mb4 COLLATE=utf8mb4_unicode_ci;

--
-- Dumping data for table `header_management`
--

INSERT INTO `header_management` (`id`, `key`, `value`, `created_at`, `updated_at`) VALUES
(1, 'header-logo-1', 'upload/header/1785262267360173.png', NULL, '2023-12-14 12:59:32'),
(2, 'header-logo-2', 'upload/header/1785262267429466.png', NULL, '2023-12-14 12:59:32'),
(3, 'go_online_menu_create_website_icon', 'upload/header/1785342647404826.png', NULL, '2023-12-15 10:17:09'),
(4, 'go_online_menu_create_webstore_icon', 'upload/header/1785342647816084.png', NULL, '2023-12-15 10:17:09'),
(5, 'go_online_menu_connect_to_marketplaces_icon', 'upload/header/1785344192842028.png', NULL, '2023-12-15 10:41:42'),
(6, 'go_online_menu_digital_marketing_icon', 'upload/header/1785344233319073.png', NULL, '2023-12-15 10:42:21'),
(7, 'financial_services_menu_business_payments_platform_icon', 'upload/header/1785344288882150.png', NULL, '2023-12-15 10:43:14'),
(8, 'financial_services_menu_payment_gateway_icon', 'upload/header/1785344288949914.png', NULL, '2023-12-15 10:43:14'),
(9, 'industries_menu_freight_forwarding_icon', 'upload/header/1785344755621334.png', NULL, '2023-12-15 10:50:39'),
(10, 'industries_menu_transportation_icon', 'upload/header/1785344755724031.png', NULL, '2023-12-15 10:50:39'),
(11, 'industries_menu_warehousing_icon', 'upload/header/1785344755876448.png', NULL, '2023-12-15 10:50:39'),
(12, 'industries_menu_e_commerce_fulfilment_icon', 'upload/header/1785344755965917.png', NULL, '2023-12-15 10:50:39'),
(13, 'industries_menu_manufacturing_icon', 'upload/header/1785344756048875.png', NULL, '2023-12-15 10:50:39'),
(14, 'industries_menu_distribution_icon', 'upload/header/1785344756157453.png', NULL, '2023-12-15 10:50:39'),
(15, 'industries_menu_trading_icon', 'upload/header/1785344756215437.png', NULL, '2023-12-15 10:50:39'),
(16, 'pricing_menu_freight_forwarding_icon', 'upload/header/1785344756381062.png', NULL, '2023-12-15 10:50:40'),
(17, 'pricing_menu_transportation_icon', 'upload/header/1785344756730778.png', NULL, '2023-12-15 10:50:40'),
(18, 'pricing_menu_warehousing_icon', 'upload/header/1785344756891688.png', NULL, '2023-12-15 10:50:40'),
(19, 'pricing_menu_e_commerce_fulfilment_icon', 'upload/header/1785344756991688.png', NULL, '2023-12-15 10:50:40'),
(20, 'pricing_menu_manufacturing_icon', 'upload/header/1785344757114148.png', NULL, '2023-12-15 10:50:40'),
(21, 'pricing_menu_distribution_icon', 'upload/header/1785344757208364.png', NULL, '2023-12-15 10:50:40'),
(22, 'pricing_menu_trading_icon', 'upload/header/1785344757371169.png', NULL, '2023-12-15 10:50:41'),
(23, 'about_us_menu_icon', 'upload/header/1785344458200489.png', NULL, '2023-12-15 10:45:55'),
(24, 'events_menu_icon', 'upload/header/1785344458289276.png', NULL, '2023-12-15 10:45:55'),
(25, 'news_menu_icon', 'upload/header/1785344458381270.png', NULL, '2023-12-15 10:45:55'),
(26, 'blogs_menu_icon', 'upload/header/1785344458439358.png', NULL, '2023-12-15 10:45:56'),
(27, 'contact_us_menu_icon', 'upload/header/1785344458563153.png', NULL, '2023-12-15 10:45:56'),
(28, 'go_online_menu_text', 'Go Online', NULL, '2023-12-15 09:38:46'),
(29, 'go_online_menu_create_website_text', 'CREATE WEBSITE', NULL, '2023-12-15 09:38:46'),
(30, 'go_online_menu_create_website_description', 'Get started with hundreds of design templates', NULL, '2023-12-15 09:38:46'),
(31, 'go_online_menu_create_webstore_text', 'CREATE WEBSTORE', NULL, '2023-12-15 09:38:46'),
(32, 'go_online_menu_create_webstore_description', 'Reconfigure the business landscape', NULL, '2023-12-15 09:38:47'),
(33, 'go_online_menu_connect_to_marketplaces_text', 'CONNECT TO MARKETPLACES', NULL, '2023-12-15 09:43:30'),
(34, 'go_online_menu_connect_to_marketplaces_description', 'Expand market share & boost brand awareness', NULL, '2023-12-15 09:43:31'),
(35, 'go_online_menu_digital_marketing_text', 'Digital Marketing', NULL, '2023-12-15 09:43:31'),
(36, 'go_online_menu_digital_marketing_description', 'Pick the right pitch to generate new leads', NULL, '2023-12-15 09:43:31'),
(37, 'financial_services_menu_text', 'financial services', NULL, '2023-12-15 09:43:31'),
(38, 'financial_services_menu_business_payments_platform_text', 'BUSINESS PAYMENTS PLATFORM', NULL, '2023-12-15 09:43:31'),
(39, 'financial_services_menu_business_payments_platform_description', 'Avail the finance for business needs', NULL, '2023-12-15 09:43:31'),
(40, 'financial_services_menu_payment_gateway_text', 'PAYMENT GATEWAY', NULL, '2023-12-15 09:43:31'),
(41, 'financial_services_menu_payment_gateway_description', 'Transact securely online from anywhere', NULL, '2023-12-15 09:43:31'),
(42, 'industries_menu_text', 'Industries', NULL, '2023-12-15 09:47:55'),
(43, 'industries_menu_freight_forwarding_text', 'Freight Forwarding', NULL, '2023-12-15 09:47:55'),
(44, 'industries_menu_freight_forwarding_description', 'Cut out the hassles of frequent follow-ups', NULL, '2023-12-15 09:47:55'),
(45, 'industries_menu_transportation_text', 'Transportation', NULL, '2023-12-15 09:47:55'),
(46, 'industries_menu_transportation_description', 'Optimize cargo transportation process', NULL, '2023-12-15 09:47:55'),
(47, 'industries_menu_warehousing_text', 'Warehousing', NULL, '2023-12-15 09:47:55'),
(48, 'industries_menu_warehousing_description', 'Minimize & mobilize the stock', NULL, '2023-12-15 09:47:55'),
(49, 'industries_menu_e_commerce_fulfilment_text', 'E-Commerce Fulfilment', NULL, '2023-12-15 09:47:55'),
(50, 'industries_menu_e_commerce_fulfilment_description', 'Revolutionize the ecommerce fulfilment journey', NULL, '2023-12-15 09:47:55'),
(51, 'industries_menu_manufacturing_text', 'Manufacturing', NULL, '2023-12-15 09:47:55'),
(52, 'industries_menu_manufacturing_description', 'Reduce value leaks in production process', NULL, '2023-12-15 09:47:55'),
(53, 'industries_menu_distribution_text', 'Distribution', NULL, '2023-12-15 09:47:55'),
(54, 'industries_menu_distribution_description', 'Start your journey to operational excellence', NULL, '2023-12-15 09:47:55'),
(55, 'industries_menu_trading_text', 'Trading', NULL, '2023-12-15 09:47:56'),
(56, 'industries_menu_trading_description', 'Increase the scale, scope and speed of trade', NULL, '2023-12-15 09:47:56'),
(57, 'pricing_menu_text', 'Pricing', NULL, '2023-12-15 09:53:16'),
(58, 'pricing_menu_freight_forwarding_text', 'Freight Forwarding', NULL, '2023-12-15 09:53:16'),
(59, 'pricing_menu_freight_forwarding_description', 'Cut out the hassles of frequent follow-ups', NULL, '2023-12-15 09:53:16'),
(60, 'pricing_menu_transportation_text', 'Transportation', NULL, '2023-12-15 09:53:16'),
(61, 'pricing_menu_transportation_description', 'Optimize cargo transportation process', NULL, '2023-12-15 09:53:16'),
(62, 'pricing_menu_warehousing_text', 'Warehousing', NULL, '2023-12-15 09:53:16'),
(63, 'pricing_menu_warehousing_description', 'Minimize & mobilize the stock', NULL, '2023-12-15 09:53:16'),
(64, 'pricing_menu_e_commerce_fulfilment_text', 'E-Commerce Fulfilment', NULL, '2023-12-15 09:53:16'),
(65, 'pricing_menu_e_commerce_fulfilment_description', 'Revolutionize the ecommerce fulfilment journey', NULL, '2023-12-15 09:53:16'),
(66, 'pricing_menu_manufacturing_text', 'Manufacturing', NULL, '2023-12-15 09:53:16'),
(67, 'pricing_menu_manufacturing_description', 'Reduce value leaks in production process', NULL, '2023-12-15 09:53:17'),
(68, 'pricing_menu_distribution_text', 'Distribution', NULL, '2023-12-15 09:53:17'),
(69, 'pricing_menu_distribution_description', 'Start your journey to operational excellence', NULL, '2023-12-15 09:53:17'),
(70, 'pricing_menu_trading_text', 'Trading', NULL, '2023-12-15 09:53:17'),
(71, 'pricing_menu_trading_description', 'Increase the scale, scope and speed of trade', NULL, '2023-12-15 09:53:17'),
(72, 'become_a_partner_menu_text', 'Become a partner', NULL, '2023-12-15 09:53:17'),
(73, 'about_us_menu_text', 'About Us', NULL, '2023-12-15 09:53:17'),
(74, 'events_menu_text', 'Events', NULL, '2023-12-15 09:53:17'),
(75, 'news_menu_text', 'News', NULL, '2023-12-15 09:53:17'),
(76, 'blogs_menu_text', 'Blogs', NULL, '2023-12-15 09:53:17'),
(77, 'contact_us_menu_text', 'Contact Us', NULL, '2023-12-15 09:53:17'),
(78, 'industries_menu_logistic_services_text', 'Logistic Services', NULL, '2023-12-15 10:13:31'),
(79, 'industries_menu_industry_services_text', 'Industry Services', NULL, '2023-12-15 10:13:32'),
(80, 'pricing_menu_logistic_services_text', 'Logistic Services', NULL, '2023-12-15 10:13:32'),
(81, 'pricing_menu_industry_services_text', 'Pricing Services', NULL, '2023-12-15 10:13:32'),
(82, 'copyright_text', 'Copyright - Aurionpro Solutions © 2023', NULL, '2023-12-15 13:26:11');

-- --------------------------------------------------------

--
-- Table structure for table `header_menus`
--

CREATE TABLE `header_menus` (
  `id` bigint UNSIGNED NOT NULL,
  `key` varchar(255) CHARACTER SET utf8mb4 COLLATE utf8mb4_unicode_ci NOT NULL,
  `title` varchar(255) CHARACTER SET utf8mb4 COLLATE utf8mb4_unicode_ci NOT NULL,
  `link` varchar(255) CHARACTER SET utf8mb4 COLLATE utf8mb4_unicode_ci DEFAULT NULL,
  `order` int NOT NULL DEFAULT '1',
  `created_by` int DEFAULT NULL,
  `updated_by` int DEFAULT NULL,
  `created_at` timestamp NULL DEFAULT NULL,
  `updated_at` timestamp NULL DEFAULT NULL
) ENGINE=InnoDB DEFAULT CHARSET=utf8mb4 COLLATE=utf8mb4_unicode_ci;

--
-- Dumping data for table `header_menus`
--

INSERT INTO `header_menus` (`id`, `key`, `title`, `link`, `order`, `created_by`, `updated_by`, `created_at`, `updated_at`) VALUES
(1, 'Go Online', 'Go Online', NULL, 1, NULL, 1, NULL, '2023-12-29 15:39:13'),
(2, 'Industries', 'Industries', NULL, 2, NULL, 1, NULL, '2024-04-11 17:37:42'),
(3, 'Financial Services', 'Financial Services', NULL, 3, NULL, 1, NULL, '2024-03-19 18:32:12'),
(4, 'Pricing', 'Pricing', NULL, 4, NULL, 1, NULL, '2024-03-19 18:33:37'),
(5, 'Become a partner', 'Become a partner', NULL, 5, NULL, 1, NULL, '2023-12-30 16:14:28');

-- --------------------------------------------------------

--
-- Table structure for table `header_menu_children`
--

CREATE TABLE `header_menu_children` (
  `id` bigint UNSIGNED NOT NULL,
  `header_menu_id` int NOT NULL,
  `table_id` int DEFAULT NULL,
  `table_name` varchar(255) CHARACTER SET utf8mb4 COLLATE utf8mb4_unicode_ci DEFAULT NULL,
  `title` varchar(255) CHARACTER SET utf8mb4 COLLATE utf8mb4_unicode_ci DEFAULT NULL,
  `description` varchar(255) CHARACTER SET utf8mb4 COLLATE utf8mb4_unicode_ci DEFAULT NULL,
  `link` varchar(255) CHARACTER SET utf8mb4 COLLATE utf8mb4_unicode_ci DEFAULT NULL,
  `icon` varchar(255) CHARACTER SET utf8mb4 COLLATE utf8mb4_unicode_ci DEFAULT NULL,
  `order` int DEFAULT NULL,
  `created_at` timestamp NULL DEFAULT NULL,
  `updated_at` timestamp NULL DEFAULT NULL
) ENGINE=InnoDB DEFAULT CHARSET=utf8mb4 COLLATE=utf8mb4_unicode_ci;

--
-- Dumping data for table `header_menu_children`
--

INSERT INTO `header_menu_children` (`id`, `header_menu_id`, `table_id`, `table_name`, `title`, `description`, `link`, `icon`, `order`, `created_at`, `updated_at`) VALUES
(1, 1, 1, 'go_online_create_websites', 'CREATE WEBSITE', 'Crafting digital spaces for you', NULL, 'upload/header/1795217575901788.png', 2, '2023-12-16 11:20:12', '2024-04-02 19:44:54'),
(2, 1, 2, 'go_online_create_websites', 'CREATE WEBSTORE', 'Empower business online', NULL, 'upload/header/1795217525498633.png', 1, '2023-12-16 11:28:07', '2024-04-02 19:44:06'),
(3, 1, NULL, NULL, 'CONNECT TO MARKETPLACES', 'Amplify your brand\'s presence', 'https://aurobees.projectsdemo.biz/go-online/create-webstore#connect-web', 'upload/header/1795217587128117.png', 3, '2023-12-16 11:38:03', '2025-01-17 08:02:46'),
(5, 3, 1, 'financial_service_business_payment_platforms', 'BUSINESS PAYMENTS PLATFORM', 'Simplifying payments seamlessly & digitally', NULL, 'upload/header/1795217793529682.png', 1, '2023-12-16 12:34:29', '2024-04-02 19:48:22'),
(6, 3, 1, 'financial_services', 'PAYMENT GATEWAY', 'Gateway to hassle-free transactions', NULL, 'upload/header/1795217806308977.png', 2, '2023-12-16 12:35:37', '2024-04-10 19:49:46'),
(7, 2, NULL, NULL, 'LOGISTICS SERVICES', NULL, NULL, NULL, 2, '2023-12-16 13:07:45', '2024-03-19 18:30:39'),
(8, 2, NULL, NULL, 'INDUSTRY SERVICES', NULL, NULL, NULL, 1, '2023-12-16 13:09:37', '2023-12-16 13:17:51'),
(9, 4, NULL, NULL, 'Logistic Services', NULL, NULL, NULL, 1, '2023-12-19 06:43:47', '2023-12-19 06:43:47'),
(10, 4, NULL, NULL, 'Industry Services', NULL, NULL, NULL, 2, '2023-12-19 06:44:12', '2023-12-19 06:44:12');

-- --------------------------------------------------------

--
-- Table structure for table `header_menu_sub_children`
--

CREATE TABLE `header_menu_sub_children` (
  `id` bigint UNSIGNED NOT NULL,
  `header_menu_id` int NOT NULL,
  `header_menu_child_id` int NOT NULL,
  `table_id` int DEFAULT NULL,
  `table_name` varchar(255) CHARACTER SET utf8mb4 COLLATE utf8mb4_unicode_ci DEFAULT NULL,
  `title` varchar(255) CHARACTER SET utf8mb4 COLLATE utf8mb4_unicode_ci DEFAULT NULL,
  `description` varchar(255) CHARACTER SET utf8mb4 COLLATE utf8mb4_unicode_ci DEFAULT NULL,
  `link` varchar(255) CHARACTER SET utf8mb4 COLLATE utf8mb4_unicode_ci DEFAULT NULL,
  `icon` varchar(255) CHARACTER SET utf8mb4 COLLATE utf8mb4_unicode_ci DEFAULT NULL,
  `order` int DEFAULT NULL,
  `created_at` timestamp NULL DEFAULT NULL,
  `updated_at` timestamp NULL DEFAULT NULL
) ENGINE=InnoDB DEFAULT CHARSET=utf8mb4 COLLATE=utf8mb4_unicode_ci;

--
-- Dumping data for table `header_menu_sub_children`
--

INSERT INTO `header_menu_sub_children` (`id`, `header_menu_id`, `header_menu_child_id`, `table_id`, `table_name`, `title`, `description`, `link`, `icon`, `order`, `created_at`, `updated_at`) VALUES
(1, 2, 8, 1, 'industries', 'Freight Forwarding', 'Boost efficiency with data-driven insights', NULL, 'upload/header/1795217645526300.png', 1, '2023-12-19 06:06:19', '2024-04-02 19:46:00'),
(2, 2, 8, 2, 'industries', 'Transportation', 'Improve routing and delivery times', NULL, 'upload/header/1795217663986683.png', 2, '2023-12-19 06:35:39', '2024-04-02 19:46:18'),
(3, 2, 8, 3, 'industries', 'Warehousing', 'Track inventory & eliminate redundant process', NULL, 'upload/header/1795293231225355.png', 3, '2023-12-19 06:38:43', '2024-04-03 15:47:25'),
(4, 2, 8, 4, 'industries', 'E-Commerce Fulfilment', 'Unrivaled end-to-end transparency', NULL, 'upload/header/1795217686146688.png', 4, '2023-12-19 06:39:27', '2024-04-02 19:46:39'),
(5, 2, 7, 5, 'industries', 'Manufacturing', 'Track and analyze supplier KPIs', NULL, 'upload/header/1795217723683980.png', 1, '2023-12-19 06:40:48', '2024-04-02 19:47:15'),
(6, 2, 7, 6, 'industries', 'Distribution', 'Optimize process & improve efficiency', NULL, 'upload/header/1795217735310346.png', 2, '2023-12-19 06:41:32', '2024-04-02 19:47:26'),
(7, 2, 7, 7, 'industries', 'Trading', 'Transparent & collaborative environment for partners', NULL, 'upload/header/1795217750800632.png', 3, '2023-12-19 06:42:25', '2024-04-02 19:47:41'),
(8, 4, 9, 1, 'industries', 'Freight Forwarding', 'Boost efficiency with data-driven insights', NULL, 'upload/header/1795937403522062.png', 1, '2023-12-19 06:45:16', '2024-04-10 18:26:15'),
(9, 4, 9, 2, 'industries', 'Transportation', 'Improve routing & delivery times', NULL, 'upload/header/1795937528798005.png', 2, '2023-12-19 06:45:59', '2024-04-10 18:28:15'),
(10, 4, 9, 3, 'industries', 'Warehousing', 'Track inventory & eliminate redundant process', NULL, 'upload/header/1795937548775079.png', 3, '2023-12-19 06:46:55', '2024-04-10 18:28:34'),
(11, 4, 9, 4, 'industries', 'E-Commerce Fulfilment', 'Unrivaled end-to-end transparency', NULL, 'upload/header/1795937567454003.png', 4, '2023-12-19 06:47:37', '2024-04-10 18:28:52'),
(12, 4, 10, 5, 'industries', 'Manufacturing', 'Track and analyze supplier KPIs', NULL, 'upload/header/1795936933192079.png', 1, '2023-12-19 06:48:59', '2024-04-10 18:18:47'),
(13, 4, 10, 6, 'industries', 'Distribution', 'Optimize process & improve efficiency', NULL, 'upload/header/1795937592913228.png', 2, '2023-12-19 06:49:46', '2024-04-10 18:29:16'),
(14, 4, 10, 7, 'industries', 'Trading', 'Transparent & collaborative environment for partners', NULL, 'upload/header/1795937609870387.png', 3, '2023-12-19 06:50:32', '2024-04-10 18:29:32');

-- --------------------------------------------------------

--
-- Table structure for table `home_brands`
--

CREATE TABLE `home_brands` (
  `id` bigint UNSIGNED NOT NULL,
  `logo` varchar(255) CHARACTER SET utf8mb4 COLLATE utf8mb4_unicode_ci DEFAULT NULL,
  `link` varchar(255) CHARACTER SET utf8mb4 COLLATE utf8mb4_unicode_ci DEFAULT NULL,
  `status` enum('Published','Draft','Trash') CHARACTER SET utf8mb4 COLLATE utf8mb4_unicode_ci NOT NULL DEFAULT 'Published',
  `created_by` int DEFAULT NULL,
  `updated_by` int DEFAULT NULL,
  `created_at` timestamp NULL DEFAULT NULL,
  `updated_at` timestamp NULL DEFAULT NULL
) ENGINE=InnoDB DEFAULT CHARSET=utf8mb4 COLLATE=utf8mb4_unicode_ci;

--
-- Dumping data for table `home_brands`
--

INSERT INTO `home_brands` (`id`, `logo`, `link`, `status`, `created_by`, `updated_by`, `created_at`, `updated_at`) VALUES
(1, 'upload/home/brands/1797396444813771.png', NULL, 'Published', 1, 1, '2023-04-13 07:46:16', '2024-04-26 20:57:05'),
(2, 'upload/home/brands/1797641060462856.png', NULL, 'Published', 1, 1, '2023-04-18 13:09:59', '2024-04-29 13:45:09'),
(3, 'upload/home/brands/1797305498711240.png', NULL, 'Published', 1, 1, '2023-04-18 13:10:21', '2024-04-25 20:51:32'),
(4, 'upload/home/brands/1763519695036505.png', NULL, 'Trash', 1, NULL, '2023-04-18 13:10:39', '2024-12-10 18:00:40'),
(5, 'upload/home/brands/1763519729741770.png', NULL, 'Trash', 1, NULL, '2023-04-18 13:11:12', '2024-12-10 18:00:54');

-- --------------------------------------------------------

--
-- Table structure for table `home_clouds`
--

CREATE TABLE `home_clouds` (
  `id` bigint UNSIGNED NOT NULL,
  `number` varchar(255) CHARACTER SET utf8mb4 COLLATE utf8mb4_unicode_ci DEFAULT NULL,
  `text` varchar(255) CHARACTER SET utf8mb4 COLLATE utf8mb4_unicode_ci DEFAULT NULL,
  `image` varchar(255) CHARACTER SET utf8mb4 COLLATE utf8mb4_unicode_ci DEFAULT NULL,
  `language` varchar(255) CHARACTER SET utf8mb4 COLLATE utf8mb4_unicode_ci NOT NULL DEFAULT 'en',
  `status` enum('Published','Draft','Trash') CHARACTER SET utf8mb4 COLLATE utf8mb4_unicode_ci NOT NULL DEFAULT 'Published',
  `created_by` int DEFAULT NULL,
  `updated_by` int DEFAULT NULL,
  `created_at` timestamp NULL DEFAULT NULL,
  `updated_at` timestamp NULL DEFAULT NULL
) ENGINE=InnoDB DEFAULT CHARSET=utf8mb4 COLLATE=utf8mb4_unicode_ci;

--
-- Dumping data for table `home_clouds`
--

INSERT INTO `home_clouds` (`id`, `number`, `text`, `image`, `language`, `status`, `created_by`, `updated_by`, `created_at`, `updated_at`) VALUES
(1, '25 +', 'COUNTRIES', 'upload/home/cloud/1802839609042629.jpg', 'en', 'Published', 1, 1, '2023-04-13 10:29:30', '2024-06-25 22:53:51'),
(2, '5000 +', 'USERS', 'upload/home/cloud/1795206515415652.jpg', 'en', 'Published', 1, 1, '2023-04-18 13:05:13', '2024-04-02 16:49:06'),
(3, '1000000 +', 'Transactions Processed', 'upload/home/cloud/1797205099088505.jpg', 'en', 'Published', 1, 1, '2023-04-18 13:07:55', '2024-04-24 18:15:44');

-- --------------------------------------------------------

--
-- Table structure for table `home_customers_derives`
--

CREATE TABLE `home_customers_derives` (
  `id` bigint UNSIGNED NOT NULL,
  `image` varchar(255) CHARACTER SET utf8mb4 COLLATE utf8mb4_unicode_ci DEFAULT NULL,
  `description` longtext CHARACTER SET utf8mb4 COLLATE utf8mb4_unicode_ci,
  `language` varchar(255) CHARACTER SET utf8mb4 COLLATE utf8mb4_unicode_ci NOT NULL DEFAULT 'en',
  `status` enum('Published','Draft','Trash') CHARACTER SET utf8mb4 COLLATE utf8mb4_unicode_ci NOT NULL DEFAULT 'Published',
  `created_by` int DEFAULT NULL,
  `updated_by` int DEFAULT NULL,
  `created_at` timestamp NULL DEFAULT NULL,
  `updated_at` timestamp NULL DEFAULT NULL
) ENGINE=InnoDB DEFAULT CHARSET=utf8mb4 COLLATE=utf8mb4_unicode_ci;

--
-- Dumping data for table `home_customers_derives`
--

INSERT INTO `home_customers_derives` (`id`, `image`, `description`, `language`, `status`, `created_by`, `updated_by`, `created_at`, `updated_at`) VALUES
(1, 'upload/home/customers-derive/1797194814354103.jpg', '<p>Pusthakakada, fueled by a love for Malayalam books, partnered with Aurobees to elevate user-friendly online shopping. The seamless e-commerce fulfilment ensures transparency and exceeds customer satisfaction.</p>\r\n\r\n<p><strong>Dr. Siddeek Ahamed,<br />\r\nChairman &amp; MD, Eram Group</strong></p>', 'en', 'Published', 1, 1, '2023-04-13 08:26:54', '2024-04-24 15:32:16'),
(2, 'upload/home/customers-derive/1797194842306210.jpg', '<p>Seamless onboarding with Aurobees, offering scalability and a robust digital platform for cost-effective end-to-end e-commerce fulfillment. Easy journey with a supportive team.</p>\r\n\r\n<p><strong>Tarun Pant,<br />\r\n&nbsp; &nbsp; Founder &amp; Director,&nbsp; &nbsp; &nbsp; Adimantar Lifestyle</strong></p>', 'en', 'Published', 1, 1, '2023-04-18 13:14:02', '2024-04-24 15:32:42'),
(3, 'upload/home/customers-derive/1797656625423710.jfif', '<p>Pusthakakada, fueled by a love for Malayalam books, partnered with Aurobees to elevate user-friendly online shopping. The seamless e-commerce fulfilment ensures transparency and exceeds customer satisfaction.</p>\r\n\r\n<p><strong>Dr. Siddeek Ahamed,<br />\r\nChairman &amp; MD, Eram Group</strong></p>', 'en', 'Published', 1, 1, '2024-04-29 17:52:33', '2025-01-17 06:46:43'),
(4, 'upload/home/customers-derive/1823123724068682.jpg', '<p>Pusthakakada, fueled by a love for Malayalam books, partnered with Aurobees to elevate user-friendly online shopping. The seamless e-commerce fulfilment ensures transparency and exceeds customer satisfaction.</p>\r\n\r\n<p><strong>Dr. Siddeek Ahamed,<br />\r\nChairman &amp; MD, Eram Group</strong></p>', 'en', 'Published', 1, NULL, '2025-02-04 10:51:11', '2025-02-04 10:51:11');

-- --------------------------------------------------------

--
-- Table structure for table `home_features`
--

CREATE TABLE `home_features` (
  `id` bigint UNSIGNED NOT NULL,
  `title` varchar(255) CHARACTER SET utf8mb4 COLLATE utf8mb4_unicode_ci DEFAULT NULL,
  `image` varchar(255) CHARACTER SET utf8mb4 COLLATE utf8mb4_unicode_ci DEFAULT NULL,
  `language` varchar(255) CHARACTER SET utf8mb4 COLLATE utf8mb4_unicode_ci NOT NULL DEFAULT 'en_US',
  `status` enum('Published','Draft','Trash') CHARACTER SET utf8mb4 COLLATE utf8mb4_unicode_ci NOT NULL DEFAULT 'Published',
  `created_by` int DEFAULT NULL,
  `updated_by` int DEFAULT NULL,
  `created_at` timestamp NULL DEFAULT NULL,
  `updated_at` timestamp NULL DEFAULT NULL
) ENGINE=InnoDB DEFAULT CHARSET=utf8mb4 COLLATE=utf8mb4_unicode_ci;

--
-- Dumping data for table `home_features`
--

INSERT INTO `home_features` (`id`, `title`, `image`, `language`, `status`, `created_by`, `updated_by`, `created_at`, `updated_at`) VALUES
(1, 'Economical', 'upload/home/features/1797124199942504.png', 'en', 'Published', 1, 1, '2023-04-12 11:45:04', '2024-04-23 20:49:52'),
(2, 'Easy integration', 'upload/home/features/1797124222222251.png', 'en', 'Published', 1, 1, '2023-04-18 12:36:21', '2024-04-23 20:50:14'),
(3, 'Future-proof scalability', 'upload/home/features/1797124246050474.png', 'en', 'Published', 1, 1, '2023-04-18 12:37:19', '2024-04-23 20:50:36'),
(4, 'Reduce overhead costs', 'upload/home/features/1797124266831764.png', 'en', 'Published', 1, 1, '2023-04-18 12:37:54', '2024-04-23 20:50:56'),
(5, 'Secure', 'upload/home/features/1797124276377260.png', 'en', 'Published', 1, 1, '2023-04-18 12:40:23', '2024-04-23 20:51:05');

-- --------------------------------------------------------

--
-- Table structure for table `home_industries`
--

CREATE TABLE `home_industries` (
  `id` bigint UNSIGNED NOT NULL,
  `title` varchar(255) CHARACTER SET utf8mb4 COLLATE utf8mb4_unicode_ci DEFAULT NULL,
  `description` longtext CHARACTER SET utf8mb4 COLLATE utf8mb4_unicode_ci,
  `image` text CHARACTER SET utf8mb4 COLLATE utf8mb4_unicode_ci,
  `button_text` varchar(255) CHARACTER SET utf8mb4 COLLATE utf8mb4_unicode_ci DEFAULT NULL,
  `button_link` text CHARACTER SET utf8mb4 COLLATE utf8mb4_unicode_ci,
  `language` varchar(255) CHARACTER SET utf8mb4 COLLATE utf8mb4_unicode_ci NOT NULL DEFAULT 'en_US',
  `status` enum('Published','Draft','Trash') CHARACTER SET utf8mb4 COLLATE utf8mb4_unicode_ci NOT NULL DEFAULT 'Published',
  `created_by` int DEFAULT NULL,
  `updated_by` int DEFAULT NULL,
  `created_at` timestamp NULL DEFAULT NULL,
  `updated_at` timestamp NULL DEFAULT NULL
) ENGINE=InnoDB DEFAULT CHARSET=utf8mb4 COLLATE=utf8mb4_unicode_ci;

--
-- Dumping data for table `home_industries`
--

INSERT INTO `home_industries` (`id`, `title`, `description`, `image`, `button_text`, `button_link`, `language`, `status`, `created_by`, `updated_by`, `created_at`, `updated_at`) VALUES
(1, 'TRANSPORTATION', '<p>Improve routing &amp; delivery times</p>', 'upload/home/industries/1763518638369480.png', 'READ MORE', 'https://aurobees.projectsdemo.biz/industry/transportation', 'en', 'Published', 1, 1, '2023-04-12 09:59:35', '2024-03-18 14:54:49'),
(2, 'WAREHOUSING', '<p>Track inventory &amp; eliminate redundant process</p>', 'upload/home/industries/1763518780120947.png', 'READ MORE', 'https://aurobees.projectsdemo.biz/industry/warehousing', 'en', 'Published', 1, 1, '2023-04-18 12:56:07', '2024-03-18 14:52:20'),
(3, 'E-COMMERCE FULFILMENT', '<p>Unrivaled end-to-end transparency</p>', 'upload/home/industries/1763518911788899.png', 'READ MORE', 'https://aurobees.projectsdemo.biz/industry/e-commerce-fulfillment', 'en', 'Published', 1, 1, '2023-04-18 12:58:12', '2024-03-18 14:52:56'),
(4, 'MANUFACTURING', '<p>Track and analyze supplier KPIs&nbsp;</p>', 'upload/home/industries/1763518995080351.png', 'READ MORE', 'https://aurobees.projectsdemo.biz/industry/manufacturing', 'en', 'Published', 1, 1, '2023-04-18 12:59:32', '2024-03-18 14:53:54'),
(5, 'TRADING', '<p>Transparent &amp; collaborative environment for partners</p>', 'upload/home/industries/1763519116476671.png', 'READ MORE', 'https://aurobees.projectsdemo.biz/industry/trading', 'en', 'Published', 1, 1, '2023-04-18 13:01:27', '2024-03-18 14:54:30'),
(6, 'DISTRIBUTION', '<p>Optimize process &amp; improve efficiency</p>', 'upload/home/industries/1763519214652909.png', 'READ MORE', 'https://aurobees.projectsdemo.biz/industry/distribution', 'en', 'Published', 1, 1, '2023-04-18 13:03:01', '2024-03-18 14:54:14'),
(7, 'FREIGHT FORWARDING', '<p>Boost efficiency with data-driven insights</p>', 'upload/home/industries/1763519286991785.png', 'READ MORE', 'https://aurobees.projectsdemo.biz/industry/freight-forwarding', 'en', 'Published', 1, 1, '2023-04-18 13:04:10', '2024-03-18 14:53:17');

-- --------------------------------------------------------

--
-- Table structure for table `home_integrated_supplies`
--

CREATE TABLE `home_integrated_supplies` (
  `id` bigint UNSIGNED NOT NULL,
  `title_1` varchar(255) CHARACTER SET utf8mb4 COLLATE utf8mb4_unicode_ci DEFAULT NULL,
  `title_2` varchar(255) CHARACTER SET utf8mb4 COLLATE utf8mb4_unicode_ci DEFAULT NULL,
  `description` longtext CHARACTER SET utf8mb4 COLLATE utf8mb4_unicode_ci,
  `image` varchar(255) CHARACTER SET utf8mb4 COLLATE utf8mb4_unicode_ci DEFAULT NULL,
  `language` varchar(255) CHARACTER SET utf8mb4 COLLATE utf8mb4_unicode_ci NOT NULL DEFAULT 'en_US',
  `button_text` varchar(255) CHARACTER SET utf8mb4 COLLATE utf8mb4_unicode_ci DEFAULT NULL,
  `button_link` text CHARACTER SET utf8mb4 COLLATE utf8mb4_unicode_ci,
  `status` enum('Published','Draft','Trash') CHARACTER SET utf8mb4 COLLATE utf8mb4_unicode_ci NOT NULL DEFAULT 'Published',
  `created_by` int DEFAULT NULL,
  `updated_by` int DEFAULT NULL,
  `created_at` timestamp NULL DEFAULT NULL,
  `updated_at` timestamp NULL DEFAULT NULL
) ENGINE=InnoDB DEFAULT CHARSET=utf8mb4 COLLATE=utf8mb4_unicode_ci;

--
-- Dumping data for table `home_integrated_supplies`
--

INSERT INTO `home_integrated_supplies` (`id`, `title_1`, `title_2`, `description`, `image`, `language`, `button_text`, `button_link`, `status`, `created_by`, `updated_by`, `created_at`, `updated_at`) VALUES
(1, 'Integrated Supply Chain', '& Financing Platform', '<p>Rejig your operations with our integrated platform by streamlining supply chains, enhancing transparency, and optimizing financing. Aurobees Business Payments Platform simplifies working capital for SMEs, offering invoice financing and integrated payment gateways for seamless cash flow management, credit risk mitigation, and sustainable business growth.</p>', 'upload/home/integrated-supply/1762948113558022.png', 'en', 'SIGN UP FOR FREE TRIAL', 'https://aurobees.projectsdemo.biz/account/customer-register', 'Published', 1, 1, '2023-04-12 05:45:37', '2024-04-02 23:00:42');

-- --------------------------------------------------------

--
-- Table structure for table `home_our_services`
--

CREATE TABLE `home_our_services` (
  `id` bigint UNSIGNED NOT NULL,
  `title` varchar(255) CHARACTER SET utf8mb4 COLLATE utf8mb4_unicode_ci DEFAULT NULL,
  `description` longtext CHARACTER SET utf8mb4 COLLATE utf8mb4_unicode_ci,
  `image_1` text CHARACTER SET utf8mb4 COLLATE utf8mb4_unicode_ci,
  `image_2` text CHARACTER SET utf8mb4 COLLATE utf8mb4_unicode_ci,
  `language` varchar(255) CHARACTER SET utf8mb4 COLLATE utf8mb4_unicode_ci NOT NULL DEFAULT 'en_US',
  `button_text` varchar(255) CHARACTER SET utf8mb4 COLLATE utf8mb4_unicode_ci DEFAULT NULL,
  `button_link` text CHARACTER SET utf8mb4 COLLATE utf8mb4_unicode_ci,
  `status` enum('Published','Draft','Trash') CHARACTER SET utf8mb4 COLLATE utf8mb4_unicode_ci NOT NULL DEFAULT 'Published',
  `created_by` int DEFAULT NULL,
  `updated_by` int DEFAULT NULL,
  `created_at` timestamp NULL DEFAULT NULL,
  `updated_at` timestamp NULL DEFAULT NULL
) ENGINE=InnoDB DEFAULT CHARSET=utf8mb4 COLLATE=utf8mb4_unicode_ci;

--
-- Dumping data for table `home_our_services`
--

INSERT INTO `home_our_services` (`id`, `title`, `description`, `image_1`, `image_2`, `language`, `button_text`, `button_link`, `status`, `created_by`, `updated_by`, `created_at`, `updated_at`) VALUES
(1, 'GO ONLINE', '<p>Elevate engagement, drive traffic, and boost sales. We help organizations to position as industry leaders and expand their online reach.</p>\r\n\r\n<p>&nbsp;</p>\r\n\r\n<p><iframe id=\"zShareTpcCheck\" src=\"chrome-extension://ddafdejlekcmnafgnbllcfkebabhabcl/html/tpc.html\" style=\"display: none;\"></iframe></p>', 'upload/home/our-services/1795206374175717.jpg', 'upload/home/our-services/1795206446637860.jpg', 'en', 'READ MORE', NULL, 'Published', 1, NULL, '2023-04-12 07:51:42', '2024-04-02 16:48:00'),
(2, 'FULFILMENT SERVICES', '<p>Monitor inventory, get regular reports, and ensure seamless operations with real-time order tracking for businesses and customers.</p>\r\n\r\n<p>&nbsp;</p>\r\n\r\n<p><iframe id=\"zShareTpcCheck\" src=\"chrome-extension://ddafdejlekcmnafgnbllcfkebabhabcl/html/tpc.html\" style=\"display: none;\"></iframe></p>', 'upload/home/our-services/1795206389733380.jpg', 'upload/home/our-services/1795206433007850.jpg', 'en', 'READ MORE', NULL, 'Published', 1, NULL, '2023-04-18 12:50:03', '2024-04-02 16:47:47'),
(3, 'FINANCIAL SERVICES', '<p>Aurobees&#39; AuroPayBiz tackles SMEs&#39; credit challenges, minimizing payment risks, fostering cash flow, and promoting sustainable business growth through effective trade financing.</p>\r\n\r\n<p><iframe id=\"zShareTpcCheck\" src=\"chrome-extension://ddafdejlekcmnafgnbllcfkebabhabcl/html/tpc.html\" style=\"display: none;\"></iframe></p>', 'upload/home/our-services/1795206412587105.jpg', 'upload/home/our-services/1795206412680613.jpg', 'en', 'READ MORE', NULL, 'Published', 1, NULL, '2023-04-18 12:52:17', '2024-04-02 16:47:28');

-- --------------------------------------------------------

--
-- Table structure for table `home_our_services_children`
--

CREATE TABLE `home_our_services_children` (
  `id` bigint UNSIGNED NOT NULL,
  `home_our_services_id` int NOT NULL COMMENT 'Home Page Our Service Table(home_our_services) id',
  `title` varchar(255) CHARACTER SET utf8mb4 COLLATE utf8mb4_unicode_ci DEFAULT NULL,
  `link` text CHARACTER SET utf8mb4 COLLATE utf8mb4_unicode_ci,
  `icon` varchar(255) CHARACTER SET utf8mb4 COLLATE utf8mb4_unicode_ci DEFAULT NULL,
  `created_at` timestamp NULL DEFAULT NULL,
  `updated_at` timestamp NULL DEFAULT NULL
) ENGINE=InnoDB DEFAULT CHARSET=utf8mb4 COLLATE=utf8mb4_unicode_ci;

--
-- Dumping data for table `home_our_services_children`
--

INSERT INTO `home_our_services_children` (`id`, `home_our_services_id`, `title`, `link`, `icon`, `created_at`, `updated_at`) VALUES
(103, 1, 'Create Website', 'https://aurobees.projectsdemo.biz/go-online/create-website', 'upload/home/our-services/1795291507630986.png', '2023-12-12 23:54:49', '2025-02-05 05:06:00'),
(104, 1, 'Create Webstore', 'https://aurobees.projectsdemo.biz/go-online/create-webstore', 'upload/home/our-services/1795291560000158.png', '2023-12-12 23:54:49', '2024-04-03 15:20:51'),
(105, 1, 'Connect to Marketplace', 'https://aurobees.projectsdemo.biz/go-online/create-webstore#connect-web', 'upload/home/our-services/1795291560021876.png', '2023-12-12 23:54:49', '2024-04-03 15:20:51'),
(107, 2, 'Freight Forwarding', 'https://aurobees.projectsdemo.biz/industry/freight-forwarding', 'upload/home/our-services/1795291601064310.png', '2023-12-12 23:56:54', '2024-04-03 15:21:30'),
(108, 2, 'Warehousing', 'https://aurobees.projectsdemo.biz/industry/warehousing', 'upload/home/our-services/1795291601086026.png', '2023-12-12 23:56:54', '2024-04-03 15:21:30'),
(109, 2, 'Transportation', 'https://aurobees.projectsdemo.biz/industry/transportation', 'upload/home/our-services/1795291601092513.png', '2023-12-12 23:56:54', '2024-04-03 15:21:30'),
(110, 2, 'E-Commerce Fulfilment', 'https://aurobees.projectsdemo.biz/industry/e-commerce-fulfillment', 'upload/home/our-services/1795291601098379.png', '2023-12-12 23:56:54', '2024-04-03 15:21:30'),
(111, 2, 'Manufacturing', 'https://aurobees.projectsdemo.biz/industry/manufacturing', 'upload/home/our-services/1795291601104501.png', '2023-12-12 23:56:54', '2024-04-03 15:21:30'),
(112, 2, 'Distribution', 'https://aurobees.projectsdemo.biz/industry/distribution', 'upload/home/our-services/1795291601110386.png', '2023-12-12 23:56:54', '2024-04-03 15:21:30'),
(113, 2, 'Trading', 'https://aurobees.projectsdemo.biz/industry/trading', 'upload/home/our-services/1795291601116555.png', '2023-12-12 23:56:54', '2024-04-03 15:21:30'),
(114, 3, 'Business Payments Platform', 'https://aurobees.projectsdemo.biz/financial-service/business-payments-platform', 'upload/home/our-services/1795291620324911.png', '2023-12-12 23:57:36', '2024-04-03 15:21:48'),
(115, 3, 'Payment Gateway', 'https://aurobees.projectsdemo.biz/financial-service/payment-gateway', 'upload/home/our-services/1795291620341657.png', '2023-12-12 23:57:36', '2024-04-03 15:21:48');

-- --------------------------------------------------------

--
-- Table structure for table `home_sections`
--

CREATE TABLE `home_sections` (
  `id` bigint UNSIGNED NOT NULL,
  `type` varchar(255) CHARACTER SET utf8mb4 COLLATE utf8mb4_unicode_ci DEFAULT NULL COMMENT 'section type',
  `title_1` varchar(255) CHARACTER SET utf8mb4 COLLATE utf8mb4_unicode_ci DEFAULT NULL,
  `title_2` varchar(255) CHARACTER SET utf8mb4 COLLATE utf8mb4_unicode_ci DEFAULT NULL,
  `description` longtext CHARACTER SET utf8mb4 COLLATE utf8mb4_unicode_ci,
  `button_text` varchar(255) CHARACTER SET utf8mb4 COLLATE utf8mb4_unicode_ci DEFAULT NULL,
  `button_link` text CHARACTER SET utf8mb4 COLLATE utf8mb4_unicode_ci,
  `language` varchar(255) CHARACTER SET utf8mb4 COLLATE utf8mb4_unicode_ci NOT NULL DEFAULT 'en',
  `status` enum('Published','Draft','Trash') CHARACTER SET utf8mb4 COLLATE utf8mb4_unicode_ci NOT NULL DEFAULT 'Published',
  `created_by` int DEFAULT NULL,
  `updated_by` int DEFAULT NULL,
  `created_at` timestamp NULL DEFAULT NULL,
  `updated_at` timestamp NULL DEFAULT NULL
) ENGINE=InnoDB DEFAULT CHARSET=utf8mb4 COLLATE=utf8mb4_unicode_ci;

--
-- Dumping data for table `home_sections`
--

INSERT INTO `home_sections` (`id`, `type`, `title_1`, `title_2`, `description`, `button_text`, `button_link`, `language`, `status`, `created_by`, `updated_by`, `created_at`, `updated_at`) VALUES
(1, 'our-service', 'Our', 'Services', NULL, NULL, NULL, 'en', 'Published', NULL, 1, '2023-04-14 14:05:00', '2023-04-17 11:38:50'),
(2, 'industries', 'Industries', 'We Cater To', '<p>Aurobees offers user-friendly interface, empowers industry players to make informed decisions swiftly, fosters a more agile and responsive global logistics ecosystem.&nbsp;</p>', NULL, NULL, 'en', 'Published', 1, 1, '2023-04-15 07:38:05', '2024-03-18 14:51:49'),
(3, 'cloud', 'Global Logistics, Millions Served, Infinite Connections', NULL, '<p>Our global operations symbolizes the commitment to delivering excellence and fostering endless connections in the ever-expanding landscape of logistics and supply chain management.</p>', NULL, NULL, 'en', 'Published', 1, 1, '2023-04-15 07:41:16', '2024-03-18 15:00:09'),
(4, 'latest-news', 'LATEST', 'NEWS', NULL, 'EXPLORE MORE News', 'https://aurobees.projectsdemo.biz/news', 'en', 'Published', 1, 1, '2023-04-15 07:43:37', '2023-12-02 20:21:07'),
(5, 'customers-derive', 'Testimonials', NULL, NULL, NULL, 'https://aurobees.projectsdemo.biz', 'en', 'Published', 1, 1, '2023-04-15 07:49:21', '2024-03-18 15:14:09'),
(6, 'blogs', 'BLOGS', NULL, NULL, 'EXPLORE MORE BLOGS', 'https://aurobees.projectsdemo.biz/blog', 'en', 'Published', 1, 1, '2023-04-15 07:50:39', '2023-11-17 17:57:16'),
(7, 'our-service', 'Our', 'Service', NULL, NULL, NULL, 'hi', 'Published', 1, 1, '2023-04-15 10:20:17', '2023-04-15 10:28:34'),
(8, 'brands', 'Brands We Work With', NULL, NULL, NULL, NULL, 'en', 'Published', 1, 1, '2023-04-25 11:39:05', '2024-03-18 15:04:08');

-- --------------------------------------------------------

--
-- Table structure for table `home_sliders`
--

CREATE TABLE `home_sliders` (
  `id` bigint UNSIGNED NOT NULL,
  `title` varchar(255) CHARACTER SET utf8mb4 COLLATE utf8mb4_unicode_ci DEFAULT NULL,
  `description` longtext CHARACTER SET utf8mb4 COLLATE utf8mb4_unicode_ci,
  `image` varchar(255) CHARACTER SET utf8mb4 COLLATE utf8mb4_unicode_ci DEFAULT NULL,
  `icon` text CHARACTER SET utf8mb4 COLLATE utf8mb4_unicode_ci,
  `text` text CHARACTER SET utf8mb4 COLLATE utf8mb4_unicode_ci,
  `language` varchar(255) CHARACTER SET utf8mb4 COLLATE utf8mb4_unicode_ci NOT NULL DEFAULT 'en_US',
  `status` enum('Published','Draft','Trash') CHARACTER SET utf8mb4 COLLATE utf8mb4_unicode_ci NOT NULL DEFAULT 'Published',
  `created_by` int DEFAULT NULL,
  `updated_by` int DEFAULT NULL,
  `created_at` timestamp NULL DEFAULT NULL,
  `updated_at` timestamp NULL DEFAULT NULL
) ENGINE=InnoDB DEFAULT CHARSET=utf8mb4 COLLATE=utf8mb4_unicode_ci;

--
-- Dumping data for table `home_sliders`
--

INSERT INTO `home_sliders` (`id`, `title`, `description`, `image`, `icon`, `text`, `language`, `status`, `created_by`, `updated_by`, `created_at`, `updated_at`) VALUES
(1, 'Bring business into action', '<h2>Transform your supply chain</h2>\r\n\r\n<p>&nbsp;</p>\r\n\r\n<p>&nbsp;</p>\r\n\r\n<p>&nbsp;</p>\r\n\r\n<p>&nbsp;</p>\r\n\r\n<p>&nbsp;</p>\r\n\r\n<p><iframe id=\"zShareTpcCheck\" src=\"chrome-extension://ddafdejlekcmnafgnbllcfkebabhabcl/html/tpc.html\" style=\"display: none;\"></iframe></p>', 'upload/home/slider/1795213034985787.jpg', 'upload/home/slider/1802473450376416.png', 'Fulfilment Services', 'en', 'Published', 1, 1, '2023-04-11 12:26:21', '2024-06-21 21:53:55'),
(2, 'Giving wings to ideas', '<h2>&nbsp;Elevate your logistics game</h2>\r\n\r\n<p>&nbsp;</p>\r\n\r\n<p>&nbsp;</p>', 'upload/home/slider/1795212742434535.jpg', 'upload/home/slider/1762884286810642.png', 'Go Online', 'en', 'Published', 1, 1, '2023-04-11 12:51:07', '2025-01-17 08:04:43'),
(3, 'Power to grow business', '<h2>&nbsp;Unlock Cash Flow, Fuel Growth</h2>\r\n\r\n<p>&nbsp;</p>\r\n\r\n<p><iframe id=\"zShareTpcCheck\" src=\"chrome-extension://ddafdejlekcmnafgnbllcfkebabhabcl/html/tpc.html\" style=\"display: none;\"></iframe></p>', 'upload/home/slider/1795212789261366.jpg', 'upload/home/slider/1762884517588570.png', 'Financial Services', 'en', 'Published', 1, 1, '2023-04-11 12:54:47', '2024-04-02 18:28:50');

-- --------------------------------------------------------

--
-- Table structure for table `home_slider_autos`
--

CREATE TABLE `home_slider_autos` (
  `id` bigint UNSIGNED NOT NULL,
  `title` varchar(255) CHARACTER SET utf8mb4 COLLATE utf8mb4_unicode_ci DEFAULT NULL,
  `image` varchar(255) CHARACTER SET utf8mb4 COLLATE utf8mb4_unicode_ci DEFAULT NULL,
  `language` varchar(255) CHARACTER SET utf8mb4 COLLATE utf8mb4_unicode_ci NOT NULL DEFAULT 'en',
  `status` enum('Published','Draft','Trash') CHARACTER SET utf8mb4 COLLATE utf8mb4_unicode_ci NOT NULL DEFAULT 'Published',
  `created_by` int DEFAULT NULL,
  `updated_by` int DEFAULT NULL,
  `created_at` timestamp NULL DEFAULT NULL,
  `updated_at` timestamp NULL DEFAULT NULL
) ENGINE=InnoDB DEFAULT CHARSET=utf8mb4 COLLATE=utf8mb4_unicode_ci;

--
-- Dumping data for table `home_slider_autos`
--

INSERT INTO `home_slider_autos` (`id`, `title`, `image`, `language`, `status`, `created_by`, `updated_by`, `created_at`, `updated_at`) VALUES
(1, 'Digital Leap Into The Next Gen Supply Chain', 'upload/home/slider/1794853344157040.jpg', 'en', 'Published', 1, 1, '2023-10-21 23:02:17', '2024-04-01 18:35:04'),
(2, 'Smart Moves for Small Businesses', 'upload/home/slider/1795124578237813.jpg', 'en', 'Published', 1, 1, '2023-10-21 23:02:41', '2024-04-01 19:06:46'),
(3, 'Journey to Logistics Mastery Begins Here', 'upload/home/slider/1794853424122975.jpg', 'en', 'Published', 1, 1, '2023-10-21 23:03:17', '2024-03-29 19:16:54'),
(4, 'Redefine Route to Success', 'upload/home/slider/1795122648400280.jpg', 'en', 'Published', 1, 1, '2023-10-21 23:03:48', '2024-04-01 18:36:06'),
(5, 'Turbocharge Your Supply Chain', 'upload/home/slider/1795122613994133.jpg', 'en', 'Published', 1, 1, '2023-10-21 23:04:13', '2024-04-01 18:35:33'),
(6, 'Propel Business into the Digital Era', 'upload/home/slider/1795122457674726.jpg', 'en', 'Published', 1, 1, '2023-10-21 23:04:34', '2024-04-01 18:33:04'),
(9, 'अगली पीढ़ी की आपूर्ति श्रृंखला में डिजिटल छलांग', 'upload/home/slider/1795931653794789.jpg', 'hi', 'Published', 1, NULL, '2024-04-10 16:54:52', '2024-04-10 16:54:52');

-- --------------------------------------------------------

--
-- Table structure for table `home_slider_children`
--

CREATE TABLE `home_slider_children` (
  `id` bigint UNSIGNED NOT NULL,
  `home_slider_id` int NOT NULL,
  `button_text` varchar(255) CHARACTER SET utf8mb4 COLLATE utf8mb4_unicode_ci DEFAULT NULL,
  `button_link` text CHARACTER SET utf8mb4 COLLATE utf8mb4_unicode_ci,
  `created_at` timestamp NULL DEFAULT NULL,
  `updated_at` timestamp NULL DEFAULT NULL
) ENGINE=InnoDB DEFAULT CHARSET=utf8mb4 COLLATE=utf8mb4_unicode_ci;

--
-- Dumping data for table `home_slider_children`
--

INSERT INTO `home_slider_children` (`id`, `home_slider_id`, `button_text`, `button_link`, `created_at`, `updated_at`) VALUES
(90, 3, 'BUSINESS PAYMENTS PLATFORM', 'https://aurobees.projectsdemo.biz/financial-service/business-payments-platform', '2024-04-02 18:28:50', '2024-04-02 18:28:50'),
(91, 3, 'PAYMENT GATEWAY', 'https://aurobees.projectsdemo.biz/financial-service/payment-gateway', '2024-04-02 18:28:50', '2024-04-02 18:28:50'),
(127, 1, 'FRIGHT FORWARDING', 'https://aurobees.projectsdemo.biz/industry/freight-forwarding', '2024-06-21 21:53:55', '2024-06-21 21:53:55'),
(128, 1, 'TRANSPORTATION', 'https://aurobees.projectsdemo.biz/industry/transportation', '2024-06-21 21:53:55', '2024-06-21 21:53:55'),
(129, 1, 'WAREHOUSING', 'https://aurobees.projectsdemo.biz/industry/warehousing', '2024-06-21 21:53:55', '2024-06-21 21:53:55'),
(130, 1, 'E-COMMERCE FULFILMENT', 'https://aurobees.projectsdemo.biz/industry/e-commerce-fulfillment', '2024-06-21 21:53:55', '2024-06-21 21:53:55'),
(131, 1, 'MANUFACTURING', 'https://aurobees.projectsdemo.biz/industry/manufacturing', '2024-06-21 21:53:55', '2024-06-21 21:53:55'),
(132, 1, 'DISTRIBUTION', 'https://aurobees.projectsdemo.biz/industry/distribution', '2024-06-21 21:53:55', '2024-06-21 21:53:55'),
(133, 1, 'TRADING', 'https://aurobees.projectsdemo.biz/industry/trading', '2024-06-21 21:53:55', '2024-06-21 21:53:55'),
(134, 2, 'create website', 'https://aurobees.projectsdemo.biz/go-online/create-website', '2025-01-17 08:04:43', '2025-01-17 08:04:43'),
(135, 2, 'create webstore', 'https://aurobees.projectsdemo.biz/go-online/create-webstore', '2025-01-17 08:04:43', '2025-01-17 08:04:43'),
(136, 2, 'Connect to marketplaces', 'https://aurobees.projectsdemo.biz/go-online/create-webstore#connect-web', '2025-01-17 08:04:43', '2025-01-17 08:04:43');

-- --------------------------------------------------------

--
-- Table structure for table `industries`
--

CREATE TABLE `industries` (
  `id` bigint UNSIGNED NOT NULL,
  `default_language_page` int DEFAULT NULL,
  `industries_category_id` int NOT NULL COMMENT 'Industry Category Table(industries_categories) id',
  `title` varchar(255) CHARACTER SET utf8mb4 COLLATE utf8mb4_unicode_ci DEFAULT NULL,
  `slug` varchar(255) CHARACTER SET utf8mb4 COLLATE utf8mb4_unicode_ci DEFAULT NULL,
  `sub_title` varchar(255) CHARACTER SET utf8mb4 COLLATE utf8mb4_unicode_ci DEFAULT NULL,
  `description` longtext CHARACTER SET utf8mb4 COLLATE utf8mb4_unicode_ci,
  `button_text` varchar(255) CHARACTER SET utf8mb4 COLLATE utf8mb4_unicode_ci DEFAULT NULL,
  `button_link` text CHARACTER SET utf8mb4 COLLATE utf8mb4_unicode_ci,
  `key_offerings_text` varchar(255) CHARACTER SET utf8mb4 COLLATE utf8mb4_unicode_ci DEFAULT NULL,
  `header_icon` varchar(255) CHARACTER SET utf8mb4 COLLATE utf8mb4_unicode_ci DEFAULT NULL,
  `banner_image` varchar(255) CHARACTER SET utf8mb4 COLLATE utf8mb4_unicode_ci DEFAULT NULL,
  `media_type` enum('Image','Video') CHARACTER SET utf8mb4 COLLATE utf8mb4_unicode_ci DEFAULT NULL,
  `image` varchar(255) CHARACTER SET utf8mb4 COLLATE utf8mb4_unicode_ci DEFAULT NULL,
  `video_type` enum('MP4','Youtube') CHARACTER SET utf8mb4 COLLATE utf8mb4_unicode_ci DEFAULT NULL,
  `video` varchar(255) CHARACTER SET utf8mb4 COLLATE utf8mb4_unicode_ci DEFAULT NULL,
  `thumbnail_image` varchar(255) CHARACTER SET utf8mb4 COLLATE utf8mb4_unicode_ci DEFAULT NULL,
  `youtube` longtext CHARACTER SET utf8mb4 COLLATE utf8mb4_unicode_ci,
  `language` varchar(255) CHARACTER SET utf8mb4 COLLATE utf8mb4_unicode_ci DEFAULT NULL,
  `meta_key` varchar(255) CHARACTER SET utf8mb4 COLLATE utf8mb4_unicode_ci DEFAULT NULL,
  `meta_title` varchar(255) CHARACTER SET utf8mb4 COLLATE utf8mb4_unicode_ci DEFAULT NULL,
  `meta_description` longtext CHARACTER SET utf8mb4 COLLATE utf8mb4_unicode_ci,
  `status` enum('Published','Draft','Trash') CHARACTER SET utf8mb4 COLLATE utf8mb4_unicode_ci NOT NULL DEFAULT 'Published',
  `created_by` int DEFAULT NULL,
  `updated_by` int DEFAULT NULL,
  `created_at` timestamp NULL DEFAULT NULL,
  `updated_at` timestamp NULL DEFAULT NULL
) ENGINE=InnoDB DEFAULT CHARSET=utf8mb4 COLLATE=utf8mb4_unicode_ci;

--
-- Dumping data for table `industries`
--

INSERT INTO `industries` (`id`, `default_language_page`, `industries_category_id`, `title`, `slug`, `sub_title`, `description`, `button_text`, `button_link`, `key_offerings_text`, `header_icon`, `banner_image`, `media_type`, `image`, `video_type`, `video`, `thumbnail_image`, `youtube`, `language`, `meta_key`, `meta_title`, `meta_description`, `status`, `created_by`, `updated_by`, `created_at`, `updated_at`) VALUES
(1, NULL, 1, 'FREIGHT FORWARDING', 'freight-forwarding', 'Boost efficiency with data-driven insights', '<p>Our digital freight forwarding services platform provides end-to-end logistics services for businesses and individuals involved in the transportation of goods. It streamlines the logistics process by leveraging digital technology to automate and optimize key processes such as shipping, tracking, and delivery. The platform allows businesses to choose from a variety of carriers, based on factors such as price, speed, and reliability. It gives real-time tracking of shipments, giving businesses visibility into the location and status of their goods.</p>', 'Sign Up', 'https://aurobees.projectsdemo.biz/pricing/freight-forwarding', 'KEY OFFERINGS', 'upload/industry/1762782174684972.png', 'upload/industry/1796670087672864.jpg', 'Image', 'upload/industry/1795485467827408.jpg', 'MP4', NULL, NULL, NULL, 'en', 'FREIGHT FORWARDING', 'FREIGHT FORWARDING', 'FREIGHT FORWARDING', 'Published', 1, 1, '2023-04-10 09:48:05', '2025-02-05 05:45:57'),
(2, NULL, 1, 'TRANSPORTATION', 'transportation', 'Improve routing and delivery times', '<p>Aurobees&#39;&nbsp;transport management system (TMS) enables companies to manage and optimize the end-to-end transportation process, from planning and procurement to execution and settlement. Our system can optimize routing to reduce costs and improve delivery times. It automates the process of auditing and paying freight bills, reducing errors and saving time. By incorporating our TMS, businesses can benefit from real-time visibility into their transportation operations.</p>', 'SIGN UP', 'https://aurobees.projectsdemo.biz/pricing/transportation', 'KEY OFFERINGS', 'upload/industry/1763592576310907.png', 'upload/industry/1795949404664314.jpg', 'Image', 'upload/industry/1795948991517645.jpg', 'MP4', NULL, NULL, NULL, 'en', 'TRANSPORTATION', 'TRANSPORTATION', 'TRANSPORTATION', 'Published', 1, 1, '2023-04-19 08:29:05', '2025-02-05 05:46:36'),
(3, NULL, 1, 'WAREHOUSING', 'warehousing', 'Track inventory & eliminate redundant process', '<p>Aurobees&#39;&nbsp;WMS offers comprehensive inventory management features, including real-time tracking of inventory levels, receiving and putaway of goods, picking and packing of orders, and shipment preparation. WMS provides customizable reporting and analytics to track KPIs such as inventory levels, order accuracy, and productivity. Its integrates with enterprise resource planning (ERP), transportation management systems (TMS), and order management systems (OMS) to streamline operations and improve visibility.</p>', 'SIGN UP', 'https://aurobees.projectsdemo.biz/pricing/warehousing', 'KEY OFFERINGS', 'upload/industry/1763596781862644.png', 'upload/industry/1796020524646009.jpg', 'Image', 'upload/industry/1796020524809174.jpg', 'MP4', NULL, NULL, NULL, 'en', 'WAREHOUSING', 'WAREHOUSING', 'WAREHOUSING', 'Published', 1, 1, '2023-04-19 09:35:55', '2025-02-05 05:46:51'),
(4, NULL, 1, 'E-COMMERCE FULFILMENT', 'e-commerce-fulfillment', 'Unrivaled end-to-end transparency', '<p>Efficient and effective e-commerce fulfilment can impact customer satisfaction, repeat business, and ultimately, revenue.</p>\r\n\r\n<p>Aurobees with its robust integrated platform enables companies to expand and transform their operations into an SLA-driven high-performance e-commerce operation. The system is designed to scale up small, medium, and enterprise-level organizations as per the operational requirements.</p>', 'SIGN UP', 'https://aurobees.projectsdemo.biz/pricing/e-commerce-fulfillment', 'KEY OFFERINGS', 'upload/industry/1763598089477584.png', 'upload/industry/1796564711734342.jpg', 'Image', 'upload/industry/1796563728391437.jpg', 'MP4', NULL, NULL, NULL, 'en', 'E-COMMERCE FULFILLMENT', 'E-COMMERCE FULFILLMENT', 'E-COMMERCE FULFILLMENT', 'Published', 1, 1, '2023-04-19 09:56:42', '2025-02-05 05:57:06'),
(5, NULL, 2, 'MANUFACTURING', 'manufacturing', 'Track and analyze supplier KPIs', '<p>Adopting&nbsp;Aurobees&nbsp;can help the manufacturing industry improve efficiency, reduce costs, enhance collaboration, and manage risks, leading to increased profitability and competitiveness. Manufacturers can provide customer service with accurate delivery estimates and tracking information. With real-time visibility manufacturers can make informed decisions quickly and respond to changes in demand or supply, reducing delays and inefficiencies. Thus, leading to increased efficiency in the supply chain and manufacturing processes.</p>', 'SIGN UP', 'https://aurobees.projectsdemo.biz/pricing/manufacturing', 'KEY OFFERINGS', 'upload/industry/1763599303736977.png', 'upload/industry/1796579825700977.jpg', 'Image', 'upload/industry/1796579719850881.jpg', 'MP4', NULL, NULL, NULL, 'en', 'MANUFACTURING', 'MANUFACTURING', 'MANUFACTURING', 'Published', 1, 1, '2023-04-19 10:16:01', '2025-02-05 05:48:15'),
(6, NULL, 2, 'DISTRIBUTION', 'distribution', 'Optimize process & improve efficiency', '<p>Aurobees&nbsp;allows efficient communication between suppliers, manufacturers, distributors, and retailers. By using a single platform, all parties can share information and collaborate more effectively, leading to faster decision-making and problem-solving. Our platform provides real-time data and visibility into the supply chain, allowing all parties involved to track shipments, inventory levels, and delivery times. Additionally, Aurobees can help optimize shipping routes and reduce transportation costs.</p>', 'SIGN UP', 'https://aurobees.projectsdemo.biz/pricing/distribution', 'KEY OFFERINGS', 'upload/industry/1763600158508541.png', 'upload/industry/1796662338041175.jpg', 'Image', 'upload/industry/1796662338160204.jpg', 'MP4', NULL, NULL, NULL, 'en', 'DISTRIBUTION', 'DISTRIBUTION', 'DISTRIBUTION', 'Published', 1, 1, '2023-04-19 10:29:36', '2025-02-05 05:48:35'),
(7, NULL, 2, 'TRADING', 'trading', 'Transparent & collaborative environment for partners', '<p>Aurobees&nbsp;ensures that all parties such as retailers, wholesalers, distributors, among others are on the same page when it comes to timelines, quality standards, pricing, and other critical factors. It helps automate order processing, quality control, and logistics management. With real-time data on the status of the supply chain, inventory levels, production schedules, and delivery times can be managed. It facilitates collaboration between different parties thus promoting transparency and trust among stakeholders.</p>', 'SIGN UP', 'https://aurobees.projectsdemo.biz/pricing/trading', 'KEY OFFERINGS', 'upload/industry/1763601143624366.png', 'upload/industry/1796669366909942.jpg', 'Image', 'upload/industry/1796669367059880.jpg', 'MP4', NULL, NULL, NULL, 'en', 'TRADING', 'TRADING', 'TRADING', 'Published', 1, 1, '2023-04-19 10:45:15', '2025-02-05 05:50:18');

-- --------------------------------------------------------

--
-- Table structure for table `industries_categories`
--

CREATE TABLE `industries_categories` (
  `id` bigint UNSIGNED NOT NULL,
  `default_language_page` int DEFAULT NULL,
  `name` varchar(255) CHARACTER SET utf8mb4 COLLATE utf8mb4_unicode_ci DEFAULT NULL,
  `slug` varchar(255) CHARACTER SET utf8mb4 COLLATE utf8mb4_unicode_ci DEFAULT NULL,
  `language` varchar(255) CHARACTER SET utf8mb4 COLLATE utf8mb4_unicode_ci NOT NULL DEFAULT 'en_US',
  `meta_key` text CHARACTER SET utf8mb4 COLLATE utf8mb4_unicode_ci,
  `meta_title` text CHARACTER SET utf8mb4 COLLATE utf8mb4_unicode_ci,
  `meta_description` text CHARACTER SET utf8mb4 COLLATE utf8mb4_unicode_ci,
  `status` enum('Published','Draft','Trash') CHARACTER SET utf8mb4 COLLATE utf8mb4_unicode_ci NOT NULL DEFAULT 'Published',
  `created_by` int DEFAULT NULL,
  `updated_by` int DEFAULT NULL,
  `created_at` timestamp NULL DEFAULT NULL,
  `updated_at` timestamp NULL DEFAULT NULL
) ENGINE=InnoDB DEFAULT CHARSET=utf8mb4 COLLATE=utf8mb4_unicode_ci;

--
-- Dumping data for table `industries_categories`
--

INSERT INTO `industries_categories` (`id`, `default_language_page`, `name`, `slug`, `language`, `meta_key`, `meta_title`, `meta_description`, `status`, `created_by`, `updated_by`, `created_at`, `updated_at`) VALUES
(1, NULL, 'LOGISTIC SERVICES', 'logistic-services', 'en', 'LOGISTIC SERVICES', 'LOGISTIC SERVICES', 'LOGISTIC SERVICES', 'Published', 1, 1, '2023-04-10 06:16:46', '2023-07-27 18:29:50'),
(2, NULL, 'INDUSTRY SERVICES', 'INDUSTRY-SERVICES', 'en', 'INDUSTRY SERVICES', 'INDUSTRY SERVICES', 'INDUSTRY SERVICES', 'Published', 1, NULL, '2023-04-19 08:19:29', '2023-04-19 08:19:29');

-- --------------------------------------------------------

--
-- Table structure for table `industries_key_offerings`
--

CREATE TABLE `industries_key_offerings` (
  `id` bigint UNSIGNED NOT NULL,
  `industries_id` int NOT NULL COMMENT 'Industry Table(industries) id',
  `title` varchar(255) CHARACTER SET utf8mb4 COLLATE utf8mb4_unicode_ci DEFAULT NULL,
  `image` varchar(255) CHARACTER SET utf8mb4 COLLATE utf8mb4_unicode_ci DEFAULT NULL,
  `description` longtext CHARACTER SET utf8mb4 COLLATE utf8mb4_unicode_ci,
  `created_by` int DEFAULT NULL,
  `updated_by` int DEFAULT NULL,
  `created_at` timestamp NULL DEFAULT NULL,
  `updated_at` timestamp NULL DEFAULT NULL
) ENGINE=InnoDB DEFAULT CHARSET=utf8mb4 COLLATE=utf8mb4_unicode_ci;

--
-- Dumping data for table `industries_key_offerings`
--

INSERT INTO `industries_key_offerings` (`id`, `industries_id`, `title`, `image`, `description`, `created_by`, `updated_by`, `created_at`, `updated_at`) VALUES
(1, 1, 'Efficient Billing Process', 'upload/industry/key-offerings/1795938360344954.jpg', '<p>Automated freight software ensures transparent billing, timely invoices, and robust support for efficient payment handling.</p>', 1, 1, '2023-04-11 09:39:48', '2024-04-10 18:41:28'),
(3, 1, 'Document Management', 'upload/industry/key-offerings/1795938360398779.jpg', '<p>Digital documents streamline operations, enhance accuracy, boost collaboration, saving time and costs, and eliminates the need of physical signature.</p>', 1, 1, '2023-04-19 08:17:37', '2024-04-10 18:41:28'),
(4, 1, 'End-To-End Customer Service', 'upload/industry/key-offerings/1774641865238186.jpg', '<p>Seamless customer service from purchase to delivery, our platform ensures communication, transparency, and trust.</p>', 1, 1, '2023-04-19 08:17:37', '2024-03-18 15:56:08'),
(5, 1, 'Multi-Dimensional Track & Trace', 'upload/industry/key-offerings/1795938360438927.jpg', '<p>Real-time track and trace for goods by monitoring location, condition, status, minimizing delays, and boost profitability.</p>', 1, 1, '2023-04-19 08:18:57', '2024-04-10 18:41:28'),
(6, 2, 'Streamlined Transportation Execution', 'upload/industry/key-offerings/1796019110693230.jpg', '<p>Streamlines supply chain for efficiency, cost reduction, and improved customer service through end-to-end automation and real-time visibility.</p>', 1, 1, '2023-04-19 09:28:02', '2024-04-11 16:04:57'),
(7, 2, 'Mobility-Enabled Operations', 'upload/industry/key-offerings/1796019110747955.jpg', '<p>Revolutionizes transportation with mobility-enabled operations, integrating advanced analytics, IoT, and real-time insights for safety.</p>', 1, 1, '2023-04-19 09:28:02', '2024-04-11 16:04:57'),
(8, 2, 'Transportation Costing, Settlement & Billing', 'upload/industry/key-offerings/1796019110771556.jpg', '<p>Automates transportation costing, payment settlement, and billing, integrating with TMS for error reduction and faster payments.</p>', 1, 1, '2023-04-19 09:28:02', '2024-04-11 16:04:57'),
(9, 2, 'Control & Collaboration', 'upload/industry/key-offerings/1796019110797061.jpg', '<p>Ensures real-time visibility of goods movement, enabling swift issue resolution, optimal transport choices, and supply chain efficiency for companies, leading to cost reduction and improved operations.</p>', 1, 1, '2023-04-19 09:28:02', '2024-04-11 16:04:57'),
(10, 2, 'Real-Time Tracking & Analysis', 'upload/industry/key-offerings/1796019110821441.jpg', '<p>Offers real-time visibility into shipments, inventory, and routes, harnessing data for insights, predictive analytics, and efficient decision-making, aiding companies in optimizing operations.</p>', 1, 1, '2023-04-19 09:29:49', '2024-04-11 16:04:57'),
(11, 3, 'Warehouse Management With Pre-Defined SOP', 'upload/industry/key-offerings/1796475675800285.jpg', '<p>Improve warehouse operations with tailored SOPs. Regular reviews and performance monitoring ensures accuracy.</p>', 1, 1, '2023-04-19 09:37:33', '2024-04-16 17:01:52'),
(12, 3, 'Eliminate Redundant Processes', 'upload/industry/key-offerings/1796475675864876.jpg', '<p>Enhance warehouse efficiency with standardized procedures, reducing errors, optimizing inventory, and tracking performance metrics.</p>', 1, 1, '2023-04-19 09:50:46', '2024-04-16 17:01:52'),
(13, 3, 'WMS Billing & Contract Management', 'upload/industry/key-offerings/1796475675897256.jpg', '<p>Automate invoices, track contracts, enable online payments, and access valuable data for informed decision-making.</p>', 1, 1, '2023-04-19 09:50:46', '2024-04-16 17:01:52'),
(15, 3, 'Future-proofing', 'upload/industry/key-offerings/1796475675931069.jpg', '<p>Cloud-based inventory management ensures flexibility, scalability, and efficiency. Real-time data and analytics optimize operations for adaptability and competitiveness.</p>', 1, 1, '2023-04-19 09:50:46', '2024-04-16 17:01:52'),
(16, 4, 'Save Time, Space & Money', 'upload/industry/key-offerings/1796563867589822.jpg', '<p>Automates data entry, enhances inventory control, and streamlines warehouse operations for efficiency.</p>', 1, 1, '2023-04-19 09:58:54', '2024-04-17 16:23:38'),
(17, 4, 'Manage Multi-Brand Storage & Operations', 'upload/industry/key-offerings/1796563867631869.jpg', '<p>Centralizes inventory, manages multiple brands efficiently, ensuring stock control and avoiding shortages.</p>', 1, 1, '2023-04-19 10:04:25', '2024-04-17 16:23:38'),
(18, 4, 'Seamless Collaboration', 'upload/industry/key-offerings/1774643092178018.jpg', '<p>Offers real-time visibility of shipments, inventory and critical data, strengthening collaboration, reducing delays, and enabling agile supply chain adjustments.</p>', 1, 1, '2023-04-19 10:04:25', '2024-03-18 16:25:25'),
(19, 4, 'Boost Sales Growth', 'upload/industry/key-offerings/1796563867663212.jpg', '<p>Develops sales management with real-time visibility, inventory integration, efficient communication, and valuable data insights.</p>', 1, 1, '2023-04-19 10:04:26', '2024-04-17 16:23:38'),
(20, 4, 'Complete Order Status View', 'upload/industry/key-offerings/1796563867689953.jpg', '<p>Real-time order updates, tracking, and notifications increase operational efficiency and customer satisfaction.</p>', 1, 1, '2023-04-19 10:04:26', '2024-04-17 16:23:38'),
(21, 5, 'Reduction in Delivery Time & Supply Chain Costs', 'upload/industry/key-offerings/1796580182353215.jpg', '<p>Transforms manufacturing with real-time supply chain optimization, cost reduction, and faster deliveries.</p>', 1, 1, '2023-04-19 10:26:36', '2024-04-17 20:42:57'),
(22, 5, 'Monitor KPIs of Suppliers & Service Providers', 'upload/industry/key-offerings/1796580182404543.jpg', '<p>Enhance manufacturing by tracking supplier / service providers, KPIs, optimizing supply chains, and improving quality.</p>', 1, 1, '2023-04-19 10:26:37', '2024-04-18 20:41:09'),
(24, 5, 'Seamless Connectivity With Supplier’s/Vendor\'s ERP', 'upload/industry/key-offerings/1796580182441839.jpg', '<p>Augments supply chain by connecting with suppliers&#39; / vendors&#39; ERP systems, reducing errors, and automating logistics, leading to cost savings.</p>', 1, 1, '2023-04-19 10:26:37', '2024-04-17 20:42:57'),
(25, 5, 'Alert & Exception Management', 'upload/industry/key-offerings/1796580182476494.jpg', '<p>Ensures system reliability with proactive alert and exception management, minimizing downtime and safeguarding critical business operations.</p>', 1, 1, '2023-04-19 10:26:37', '2024-04-17 20:42:57'),
(26, 6, 'Workflow & Strategy Management', 'upload/industry/key-offerings/1796662190576825.jpg', '<p>Optimizes supply chain with real-time insights, WMS, TMS, and analytics, ensuring efficiency, cost reduction, and customer satisfaction.</p>', 1, 1, '2023-04-19 10:41:01', '2024-04-18 18:26:26'),
(27, 6, 'Product-Based Inventory Handling', 'upload/industry/key-offerings/1796662190630606.jpg', '<p>Enables distribution by tracking inventory, analyzing demand, setting alerts, and integrating with suppliers, and reducing costs.</p>', 1, 1, '2023-04-19 10:41:01', '2024-04-18 18:26:26'),
(28, 6, 'Efficient Mobility Solutions', 'upload/industry/key-offerings/1796662190668366.jpg', '<p>Allows real-time inventory management, reducing manual entry, ensuring accuracy, tracking deliveries, and optimizing routes for efficient operations.</p>', 1, 1, '2023-04-19 10:41:01', '2024-04-18 18:26:26'),
(29, 6, 'B2B Platform for Online Reach', 'upload/industry/key-offerings/1796662190702809.jpg', '<p>Centralized B2B platform boosts reach, connects buyers/sellers, automates orders, integrates systems, and offers insights for informed decisions.</p>', 1, 1, '2023-04-19 10:41:02', '2024-04-18 18:26:26'),
(30, 6, 'Supplier & Dealer Financing', 'upload/industry/key-offerings/1796662190735645.jpg', '<p>Provides financing for suppliers and dealers, enhancing competitiveness and growth.</p>', 1, 1, '2023-04-19 10:41:02', '2024-04-18 18:26:26'),
(31, 7, 'Multiple Brands & Product Category', 'upload/industry/key-offerings/1796669331502626.jpg', '<p>Serves diverse brands, industries, and products, with adaptable features for efficient inventory management in a dynamic supply chain.</p>', 1, 1, '2023-04-19 12:31:44', '2024-04-18 20:19:56'),
(32, 7, 'Advanced Workflow & Strategy Management', 'upload/industry/key-offerings/1796669331553486.jpg', '<p>Fosters collaboration among partners, streamlining supply chain with advanced workflows, real-time data insights, and automation for efficiency.</p>', 1, 1, '2023-04-19 12:31:44', '2024-04-18 20:19:56'),
(33, 7, 'Solutions To Maximize Efficiency', 'upload/industry/key-offerings/1796669331591618.jpg', '<p>Simplifies online trading, enhancing speed and accuracy, reducing costs, offers flexible access, and analytics for supply chain optimization.</p>', 1, 1, '2023-04-19 12:31:44', '2024-04-18 20:19:56'),
(34, 7, 'Alerts & Exceptions ​', 'upload/industry/key-offerings/1796669331626031.jpg', '<p>Empowers traders with real-time alerts, customizable rules, and market data, enhancing decision-making and trading efficiency.</p>', 1, 1, '2023-04-19 12:31:44', '2024-04-18 20:19:56'),
(35, 7, 'Online Reach', 'upload/industry/key-offerings/1796669331660762.jpg', '<p>Boosts traders&#39; visibility with a user-friendly site, engaging content, and global digital marketing to connect with new clients and grow businesses.</p>', 1, 1, '2023-04-19 12:31:45', '2024-04-18 20:19:56'),
(36, 1, 'Alerts & Exceptions', 'upload/industry/key-offerings/1795938360474389.jpg', '<p>Live shipment monitoring with automatic alerts and issue resolution. Enables quick responses, efficient exception management, and detailed analysis.</p>', 1, 1, '2023-08-19 17:02:47', '2024-04-10 18:41:28'),
(37, 3, 'Standard Integration To Connect With Customer\'s/Vendor\'s ERP', 'upload/industry/key-offerings/1796475675969027.jpg', '<p>WMS enables logistics firms to seamlessly integrate with customer&#39;s/vendor&#39;s ERP systems, enhancing data exchange, and reducing errors.</p>', 1, 1, '2024-04-16 17:01:52', '2024-04-16 19:03:20');

-- --------------------------------------------------------

--
-- Table structure for table `industries_services`
--

CREATE TABLE `industries_services` (
  `id` bigint UNSIGNED NOT NULL,
  `industries_id` int NOT NULL COMMENT 'Industry Table(industries) id',
  `title` varchar(255) CHARACTER SET utf8mb4 COLLATE utf8mb4_unicode_ci DEFAULT NULL,
  `image` varchar(255) CHARACTER SET utf8mb4 COLLATE utf8mb4_unicode_ci DEFAULT NULL,
  `created_by` int DEFAULT NULL,
  `updated_by` int DEFAULT NULL,
  `created_at` timestamp NULL DEFAULT NULL,
  `updated_at` timestamp NULL DEFAULT NULL
) ENGINE=InnoDB DEFAULT CHARSET=utf8mb4 COLLATE=utf8mb4_unicode_ci;

--
-- Dumping data for table `industries_services`
--

INSERT INTO `industries_services` (`id`, `industries_id`, `title`, `image`, `created_by`, `updated_by`, `created_at`, `updated_at`) VALUES
(2, 1, 'Implement Website', 'upload/industry/service/1795483056377699.png', 1, 1, '2023-04-11 09:59:46', '2024-04-05 18:04:36'),
(3, 1, 'Enhance Global Visibility', 'upload/industry/service/1795483056408172.png', 1, 1, '2023-04-19 06:15:00', '2024-04-05 18:04:36'),
(4, 1, 'Manage Export & Import', 'upload/industry/service/1795483056426256.png', 1, 1, '2023-04-19 06:15:00', '2024-04-05 18:04:36'),
(5, 1, 'Consolidation / De-Consolidation', 'upload/industry/service/1795483056440547.png', 1, 1, '2023-04-19 06:15:00', '2024-04-05 18:04:36'),
(6, 1, 'Multimodal Transportation', 'upload/industry/service/1795483056457323.png', 1, 1, '2023-04-19 06:15:00', '2024-04-05 18:04:36'),
(7, 1, 'Robust Warehouse Management System', 'upload/industry/service/1795483056468971.png', 1, 1, '2023-04-19 06:15:00', '2024-04-05 18:04:36'),
(8, 1, 'Document Automation / E-doc', 'upload/industry/service/1795483056479582.png', 1, 1, '2023-04-19 06:15:00', '2024-04-05 18:04:36'),
(9, 1, 'Alerts & Exceptions', 'upload/industry/service/1795483056491137.png', 1, 1, '2023-04-19 06:15:01', '2025-02-05 05:55:39'),
(10, 1, 'Paperless Contract & Billing Management', 'upload/industry/service/1795483056502565.png', 1, 1, '2023-04-19 06:15:01', '2024-04-05 18:04:36'),
(11, 2, 'Publish Website', 'upload/industry/service/1795949523044152.png', 1, 1, '2023-04-19 08:32:45', '2024-04-10 21:38:53'),
(12, 2, 'Direct Shipments', 'upload/industry/service/1795949523067770.png', 1, 1, '2023-04-19 08:32:45', '2024-04-10 21:38:53'),
(13, 2, 'Multi Pick/Drop shipments', 'upload/industry/service/1795949523086057.png', 1, 1, '2023-04-19 08:32:45', '2024-04-10 21:38:53'),
(14, 2, 'Cross-Border Shipments', 'upload/industry/service/1795949523103999.png', 1, 1, '2023-04-19 09:24:18', '2024-04-10 21:38:53'),
(15, 2, 'E-POD & E-Status Update', 'upload/industry/service/1795949523125892.png', 1, 1, '2023-04-19 09:24:18', '2024-04-10 21:38:53'),
(16, 2, 'Notifications & Exceptions', 'upload/industry/service/1795949523143756.png', 1, 1, '2023-04-19 09:24:18', '2024-04-10 21:38:53'),
(17, 2, 'Contract & Billing', 'upload/industry/service/1795949523161367.png', 1, 1, '2023-04-19 09:24:18', '2024-04-10 21:38:53'),
(18, 2, 'Track & Trace', 'upload/industry/service/1795949523180802.png', 1, 1, '2023-04-19 09:24:18', '2024-04-10 21:38:53'),
(19, 2, 'Trip Level P&L', 'upload/industry/service/1795949523201190.png', 1, 1, '2023-04-19 09:24:18', '2024-04-10 21:38:53'),
(20, 3, 'Inventory Visibility', 'upload/industry/service/1796035093891937.png', 1, 1, '2023-04-19 09:37:05', '2024-04-11 20:19:00'),
(21, 3, 'Manage Inbound & Outbound', 'upload/industry/service/1796035093918371.png', 1, 1, '2023-04-19 09:44:12', '2024-04-11 20:19:00'),
(22, 3, 'Stock Management', 'upload/industry/service/1796035093931240.png', 1, 1, '2023-04-19 09:44:12', '2024-04-11 20:19:00'),
(23, 3, 'Transfer & Returns', 'upload/industry/service/1796035093943842.png', 1, 1, '2023-04-19 09:44:12', '2024-04-11 20:19:00'),
(24, 3, 'Cycle Count & Adjustment', 'upload/industry/service/1796035093957663.png', 1, 1, '2023-04-19 09:44:12', '2024-04-11 20:19:00'),
(25, 3, 'Label Printing', 'upload/industry/service/1796035093976090.png', 1, 1, '2023-04-19 09:44:12', '2024-04-11 20:19:00'),
(26, 3, 'Kitting & Assembly', 'upload/industry/service/1796035093993743.png', 1, 1, '2023-04-19 09:44:12', '2024-04-11 20:19:00'),
(27, 3, 'Storage & Billing', 'upload/industry/service/1796035094014454.png', 1, 1, '2023-04-19 09:44:13', '2024-04-11 20:19:00'),
(28, 3, 'Notifications & Exceptions', 'upload/industry/service/1796035094031125.png', 1, 1, '2023-04-19 09:44:13', '2024-04-11 20:19:00'),
(29, 4, 'Virtual Marketplace', 'upload/industry/service/1796563809119261.png', 1, 1, '2023-04-19 10:10:38', '2024-04-17 16:22:42'),
(30, 4, 'Multi-Brand Management', 'upload/industry/service/1796563809154956.png', 1, 1, '2023-04-19 10:10:38', '2024-04-17 16:22:42'),
(31, 4, 'Operations Empowered by Mobility', 'upload/industry/service/1796563809177571.png', 1, 1, '2023-04-19 10:10:38', '2024-04-17 16:22:42'),
(32, 4, 'Picking Strategy and Implementation', 'upload/industry/service/1796563809195722.png', 1, 1, '2023-04-19 10:10:38', '2024-04-17 16:22:42'),
(33, 4, 'Print Order Labels', 'upload/industry/service/1796563809216735.png', 1, 1, '2023-04-19 10:10:39', '2024-04-17 16:22:42'),
(34, 4, 'Manage Stock and Location', 'upload/industry/service/1796563809234283.png', 1, 1, '2023-04-19 10:10:39', '2024-04-17 16:22:42'),
(35, 4, 'Link to Multiple Marketplaces', 'upload/industry/service/1796563809251643.png', 1, 1, '2023-04-19 10:10:39', '2024-04-17 16:22:42'),
(36, 4, 'Connect to Last-Mile Delivery Providers', 'upload/industry/service/1796563809272571.png', 1, 1, '2023-04-19 10:10:39', '2024-04-17 16:22:42'),
(37, 4, 'Cycle Count & Adjustment', 'upload/industry/service/1796563809291962.png', 1, 1, '2023-04-19 10:11:34', '2024-04-17 16:22:42'),
(38, 5, 'Finished Goods & Raw Material Inventory', 'upload/industry/service/1796579664988486.png', 1, 1, '2023-04-19 10:20:15', '2024-04-17 20:34:43'),
(39, 5, 'Inventory & Location Management', 'upload/industry/service/1796579665013692.png', 1, 1, '2023-04-19 10:20:15', '2024-04-17 20:34:43'),
(40, 5, 'Transfer & Returns', 'upload/industry/service/1796579665032229.png', 1, 1, '2023-04-19 10:20:15', '2024-04-17 20:34:43'),
(41, 5, 'Cycle Count & Adjustment', 'upload/industry/service/1796579665049807.png', 1, 1, '2023-04-19 10:20:15', '2024-04-17 20:34:43'),
(42, 5, 'Item Barcode/QR Printing', 'upload/industry/service/1796579665117217.png', 1, 1, '2023-04-19 10:20:15', '2024-04-17 20:34:44'),
(43, 5, 'Mobility-Based Operations', 'upload/industry/service/1796579665134840.png', 1, 1, '2023-04-19 10:20:16', '2024-04-17 20:34:44'),
(44, 5, 'Notifications & Exceptions', 'upload/industry/service/1796579665153410.png', 1, 1, '2023-04-19 10:20:16', '2024-04-17 20:34:44'),
(45, 5, 'Connect To Marketplaces', 'upload/industry/service/1796579665171474.png', 1, 1, '2023-04-19 10:20:16', '2024-04-17 20:34:44'),
(46, 5, 'Connect To ERP', 'upload/industry/service/1796579665193112.png', 1, 1, '2023-04-19 10:20:16', '2024-04-17 20:34:44'),
(47, 6, 'Launch Website', 'upload/industry/service/1796662267413885.png', 1, 1, '2023-04-19 10:35:56', '2024-04-18 18:27:39'),
(48, 6, 'Control Global Delivery Channels', 'upload/industry/service/1796662267436021.png', 1, 1, '2023-04-19 10:35:56', '2024-04-18 18:27:39'),
(49, 6, 'Inventory Visibility', 'upload/industry/service/1796662267448902.png', 1, 1, '2023-04-19 10:35:56', '2024-04-18 18:27:39'),
(50, 6, 'Delivery Management', 'upload/industry/service/1796662267459672.png', 1, 1, '2023-04-19 10:35:56', '2024-04-18 18:27:39'),
(51, 6, 'Integrated Supplier & 3PL Inventory', 'upload/industry/service/1796662267471107.png', 1, 1, '2023-04-19 10:35:57', '2024-04-18 18:27:39'),
(52, 6, 'Product Management', 'upload/industry/service/1796662267483031.png', 1, 1, '2023-04-19 10:35:57', '2024-04-18 18:27:39'),
(53, 6, 'Transfer & Returns', 'upload/industry/service/1796662267494585.png', 1, 1, '2023-04-19 10:35:57', '2024-04-18 18:27:39'),
(54, 6, 'Mobility-based Operations', 'upload/industry/service/1796662267505663.png', 1, 1, '2023-04-19 10:35:57', '2024-04-18 18:27:39'),
(55, 6, 'Connectivity to ERP', 'upload/industry/service/1796662267516803.png', 1, 1, '2023-04-19 10:35:57', '2024-04-18 18:27:39'),
(56, 7, 'Activate Website', 'upload/industry/service/1796669286318036.png', 1, 1, '2023-04-19 10:49:29', '2024-04-18 20:19:13'),
(57, 7, 'Order Management', 'upload/industry/service/1796669286356931.png', 1, 1, '2023-04-19 10:49:29', '2024-04-18 20:19:13'),
(58, 7, 'International Distribution Centers', 'upload/industry/service/1796669286375404.png', 1, 1, '2023-04-19 10:49:30', '2024-04-18 20:19:13'),
(59, 7, 'Inventory & Location Management', 'upload/industry/service/1796669286396241.png', 1, 1, '2023-04-19 10:49:30', '2024-04-18 20:19:13'),
(60, 7, 'Integration With Stakeholders', 'upload/industry/service/1796669286412783.png', 1, 1, '2023-04-19 10:49:30', '2024-04-18 20:19:13'),
(61, 7, 'Effortless Documentation', 'upload/industry/service/1796669286433762.png', 1, 1, '2023-04-19 10:49:30', '2024-04-18 20:19:13'),
(62, 7, 'Item Barcode/QR Printing', 'upload/industry/service/1796669286450140.png', 1, 1, '2023-04-19 10:49:30', '2024-04-18 20:19:13'),
(63, 7, 'Digital Mobility Management', 'upload/industry/service/1796669286467143.png', 1, 1, '2023-04-19 10:49:30', '2024-04-18 20:19:13'),
(64, 7, 'Connect To E-Commerce Marketplaces', 'upload/industry/service/1796669286485970.png', 1, 1, '2023-04-19 10:49:30', '2024-04-18 20:19:13');

-- --------------------------------------------------------

--
-- Table structure for table `industry_lists`
--

CREATE TABLE `industry_lists` (
  `id` bigint UNSIGNED NOT NULL,
  `name` text CHARACTER SET utf8mb4 COLLATE utf8mb4_unicode_ci,
  `created_at` timestamp NULL DEFAULT NULL,
  `updated_at` timestamp NULL DEFAULT NULL
) ENGINE=InnoDB DEFAULT CHARSET=utf8mb4 COLLATE=utf8mb4_unicode_ci;

--
-- Dumping data for table `industry_lists`
--

INSERT INTO `industry_lists` (`id`, `name`, `created_at`, `updated_at`) VALUES
(1, 'Agriculture', NULL, NULL),
(2, 'Airlines', NULL, NULL),
(3, 'Amusement & Recreation', NULL, NULL),
(4, 'Arts & Culture', NULL, NULL),
(5, 'Automobile', NULL, NULL),
(6, 'Banking', NULL, NULL),
(7, 'Business Services', NULL, NULL),
(8, 'Chemical Industry', NULL, NULL),
(9, 'Construction', NULL, NULL),
(10, 'Consumer Discretionary', NULL, NULL),
(11, 'Consumer Services', NULL, NULL),
(12, 'Consumer Staples', NULL, NULL),
(13, 'Ecommerce', NULL, NULL),
(14, 'Education', NULL, NULL),
(15, 'Electrical', NULL, NULL),
(16, 'Electronics', NULL, NULL),
(17, 'Energy', NULL, NULL),
(18, 'Engineering', NULL, NULL),
(19, 'Entertainment', NULL, NULL),
(20, 'Environment', NULL, NULL),
(21, 'Fashion', NULL, NULL),
(22, 'Food & Beverages', NULL, NULL),
(23, 'Forestry', NULL, NULL),
(24, 'Government', NULL, NULL),
(25, 'Healthcare', NULL, NULL),
(26, 'Heavy Industry', NULL, NULL),
(27, 'Hotels', NULL, NULL),
(28, 'Information Technology', NULL, NULL),
(29, 'Infrastructure', NULL, NULL),
(30, 'Insurance', NULL, NULL),
(31, 'Law', NULL, NULL),
(32, 'Life Sciences', NULL, NULL),
(33, 'Logistics', NULL, NULL),
(34, 'Manual Test Industry', NULL, NULL),
(35, 'Manufacturing', NULL, NULL),
(36, 'Media', NULL, NULL),
(37, 'Mining', NULL, NULL),
(38, 'Non-profits', NULL, NULL),
(39, 'Oil & Gas', NULL, NULL),
(40, 'Professional Services', NULL, NULL),
(41, 'Publishing', NULL, NULL),
(42, 'Real Estate', NULL, NULL),
(43, 'Restaurants', NULL, NULL),
(44, 'Retail', NULL, NULL),
(45, 'RS_Industry', NULL, NULL),
(46, 'Science & Technology', NULL, NULL),
(47, 'Space', NULL, NULL),
(48, 'Telecom', NULL, NULL),
(49, 'Tourism', NULL, NULL),
(50, 'Transportation', NULL, NULL),
(51, 'Utilities', NULL, NULL),
(52, 'Wholesale', NULL, NULL);

-- --------------------------------------------------------

--
-- Table structure for table `label_management`
--

CREATE TABLE `label_management` (
  `id` bigint UNSIGNED NOT NULL,
  `key` varchar(255) CHARACTER SET utf8mb4 COLLATE utf8mb4_unicode_ci NOT NULL,
  `value` varchar(255) CHARACTER SET utf8mb4 COLLATE utf8mb4_unicode_ci DEFAULT NULL,
  `created_at` timestamp NULL DEFAULT NULL,
  `updated_at` timestamp NULL DEFAULT NULL
) ENGINE=InnoDB DEFAULT CHARSET=utf8mb4 COLLATE=utf8mb4_unicode_ci;

--
-- Dumping data for table `label_management`
--

INSERT INTO `label_management` (`id`, `key`, `value`, `created_at`, `updated_at`) VALUES
(1, 'login', 'Login', NULL, NULL),
(2, 'user', 'User', NULL, NULL),
(3, 'partner', 'Partner', NULL, NULL),
(4, 'remember_me', 'Remember me', NULL, NULL),
(5, 'forgot_password?', 'Forgot password?', NULL, NULL),
(6, 'sign_up_as_user', 'Sign Up as user', NULL, NULL),
(7, 'email_not_validated', 'Email not Validated ?', NULL, NULL),
(8, 'validate_email', 'Validate email', NULL, NULL),
(9, 'sign_up_as_partner', 'Sign Up as partner', NULL, NULL),
(10, 'user_signup', 'User Signup', NULL, NULL),
(11, 'first_name', 'First Name', NULL, NULL),
(12, 'last_name', 'Last Name', NULL, NULL),
(13, 'company_name', 'Company Name', NULL, NULL),
(14, 'country', 'Country', NULL, NULL),
(15, 'city', 'City', NULL, NULL),
(16, 'address', 'Address', NULL, NULL),
(17, 'pincode_zipcode', 'Pincode/Zipcode', NULL, NULL),
(18, 'email_address', 'Email Address', NULL, NULL),
(19, 'password', 'Password', NULL, NULL),
(20, 'confirm_password', 'Confirm Password', NULL, NULL),
(21, 'contact_number', 'Contact Number', NULL, NULL),
(22, 'phone_number', 'Phone Number', NULL, NULL),
(23, 'submit', 'Submit', NULL, NULL),
(24, 'clear_all', 'Clear All', NULL, NULL),
(25, 'already_a_member', 'Already A member?', NULL, NULL),
(27, 'forgot_password', 'Forgot Password', NULL, NULL),
(28, 'registered_email_id', 'Registered Email Id', NULL, NULL),
(29, 'please_enter_your_registered_email_address', 'Please enter your registered email address', NULL, NULL),
(30, 'create_new_password', 'Create New Password', NULL, NULL),
(31, 'account_not_found?', 'Account not found?', NULL, NULL),
(32, 'register_as_user', 'Register as User', NULL, NULL),
(33, 'register_as_partner', 'Register as Partner', NULL, NULL),
(34, 'otp_verification', 'OTP Verification', NULL, NULL),
(35, 'enter_the_otp_shared_over_registered_email_id', 'Enter the OTP shared over registered email ID', NULL, NULL),
(36, 'request_new_otp', 'Request new otp', NULL, NULL),
(38, 'change_password', 'Change Password', NULL, NULL),
(41, 'validate', 'Validate', NULL, NULL),
(42, 'already_a_partner?', 'Already a Partner?', NULL, NULL),
(43, 'sign_in', 'Sign In', NULL, NULL),
(44, 'register_now', 'Register Now', NULL, NULL),
(45, 'signup', 'Signup', NULL, NULL),
(46, 'login_information', 'Login Information', NULL, NULL),
(47, 'designation', 'Designation', NULL, NULL),
(48, 'business_email', 'Business Email', NULL, NULL),
(49, 'basic_information', 'Basic Information', NULL, NULL),
(50, 'how_did_you_hear_about_our_program?', 'How did you hear about our program?', NULL, NULL),
(51, 'in_what_region_do_you_want_to_represent_aurobees_as_a_channel_partner?', 'In what region do you want to represent Aurobees as a channel partner?', NULL, NULL),
(52, 'individual_business', 'Individual / Business', NULL, NULL),
(53, 'individual', 'Individual', NULL, NULL),
(54, 'business', 'Business', NULL, NULL),
(55, 'company_information', 'Company Information', NULL, NULL),
(57, 'address_line_1', 'Address Line 1', NULL, NULL),
(58, 'address_line_2', 'Address Line 2', NULL, NULL),
(59, 'what_is_your_primary_business_domain_focus?', 'What is your primary business domain focus?', NULL, NULL),
(60, 'primary_company_website_or_social_media_page', 'Primary Company Website or Social Media Page', NULL, NULL),
(61, 'provide_a_short_description_of_your_company', 'Provide a short description of your company and the value you provide (Max 300 words)', NULL, NULL),
(62, 'note_that_these_details_may_be_used', '(Note that these details may be used on the Aurobees Partner and Application Locator)', NULL, NULL),
(63, 'short_description', 'Short Description', NULL, NULL),
(64, 'company_financial_information', 'Company Financial Information', NULL, NULL),
(65, 'what_was_the_total_sales_and_services', 'What was the total sales and services revenue generated by your company in its last fiscal year (USD)', NULL, NULL),
(66, 'what_percentage_of_your_revenue_directly_results', 'What percentage of your revenue directly results from the following sales methods in the last fiscal year (must be total 100%)', NULL, NULL),
(67, 'face-to-face_field_sales', 'Face-to-Face / Field sales', NULL, NULL),
(68, 'telephone_based_consultative_sales_resources', 'Telephone Based Consultative Sales Resources', NULL, NULL),
(69, 'via_internet_with_limited_human_interference', 'Via Internet with limited human interference', NULL, NULL),
(70, 'do_you_have_a_single_primary_vertical_market?', 'Do you have a single primary vertical market?', NULL, NULL),
(71, 'yes', 'Yes', NULL, NULL),
(72, 'no', 'No', NULL, NULL),
(73, 'what_is_your_companys_primary_vertical_market_focus?', 'What is your company’s primary vertical market focus?', NULL, NULL),
(74, 'save_and_next', 'Save and Next', NULL, NULL),
(76, 'please_specify_the_number_of_employees_by_job_category', 'Please specify the number of employees by job category', NULL, NULL),
(77, 'if_a_person_has_multiple_roles_count_them_in_one_category', '(If a person has multiple roles, count them in one category)', NULL, NULL),
(78, 'total_number_of_employees', 'Total number of Employees', NULL, NULL),
(79, 'total_number_of_sales_employees', 'Total number of Sales Employees', NULL, NULL),
(80, 'total_number_of_services', 'Total number of Services', NULL, NULL),
(81, 'total_number_of_technical_support_employees', 'Total number of Technical Support Employees', NULL, NULL),
(83, 'total_number_of_marketing_employees', 'Total number of Marketing Employees', NULL, NULL),
(84, 'company_documents_upload', 'Company Documents Upload', NULL, NULL),
(86, 'gst_number', 'GST Number', NULL, NULL),
(87, 'pan_number', 'PAN Number', NULL, NULL),
(88, 'pan_card_copy', 'PAN Card Copy', NULL, NULL),
(89, 'aadhar_card_number', 'Aadhar Card Number', NULL, NULL),
(90, 'aadhar_card_copy', 'Aadhar Card Copy', NULL, NULL),
(91, 'company_address_proof', 'Company Address Proof', NULL, NULL),
(92, 'company_registration_number', 'Company Registration Number', NULL, NULL),
(93, 'company_registration_copy', 'Company Registration Copy', NULL, NULL),
(94, 'passport_number', 'Passport Number', NULL, NULL),
(95, 'passport_copy', 'Passport Copy', NULL, NULL),
(96, 'passport_size_photo', 'Passport Size Photo', NULL, NULL),
(97, 'partners_signature_copy', 'Partners Signature Copy', NULL, NULL),
(98, 'kyc_form', 'KYC Form', NULL, NULL),
(99, 'upload_kyc_form', 'Upload KYC Form', NULL, NULL),
(100, 'on_the_behalf_of_the_company', 'On the behalf of the company, I had read & Reviewed the partner Agrement and Confirm that appropriate Contact will be assigned this responsibility.', NULL, NULL),
(101, 'acra_number', 'ACRA Number', NULL, NULL),
(102, 'acra_profile_copy', 'ACRA Profile Copy', NULL, NULL),
(103, 'trn_number', 'TRN Number', NULL, NULL),
(104, 'tax_registration_number', 'Tax Registration Number', NULL, NULL),
(106, 'tax_registration_document', 'Tax Registration Document', NULL, NULL),
(107, 'npwp_number', 'NPWP Number', NULL, NULL),
(109, 'preview_details', 'Preview Details', NULL, NULL),
(110, 'profile_verification_summary', 'Profile Verification Summary', NULL, NULL),
(111, 'partners_first_name', 'Partners First Name', NULL, NULL),
(112, 'partners_last_name', 'Partners Last Name', NULL, NULL),
(113, 'verification_status', 'Verification Status', NULL, NULL),
(114, 'go_to_reason', 'Go to Reason', NULL, NULL),
(115, 'update', 'Update', NULL, NULL),
(116, 'upload_contract', 'Upload Contract', NULL, NULL),
(117, 'finalised_agreement', 'Finalised Agreement', NULL, NULL),
(118, 'sign_up_for_free_trial', 'Sign up for free trial', NULL, NULL),
(119, 'lets_get_started', 'Let’s get started', NULL, NULL),
(120, 'contact_us', 'Contact Us', NULL, NULL),
(121, 'how_can_we_help_you?', 'How can we help you?', NULL, NULL),
(122, 'sign_up_for_newsletter', 'Sign up for Newsletter\r\n', NULL, NULL),
(123, 'sign_up_now', 'Sign Up Now', NULL, NULL),
(124, 'click_here_for_details', 'Click Here for Details', NULL, NULL),
(125, 'news_media', 'News & Media', NULL, NULL),
(126, 'all_blogs', 'All Blogs', NULL, NULL),
(127, 'newest', 'Newest', NULL, NULL),
(128, 'oldest', 'Oldest', NULL, NULL),
(129, 'related_articles', 'Related articles', NULL, NULL),
(130, 'comment', 'Comment', NULL, NULL),
(131, 'read_more', 'Read more...', NULL, NULL),
(132, 'write_a_comment', 'Write a comment...', NULL, NULL),
(133, 'payment_failed', 'Payment Failed.', NULL, NULL),
(134, 'thank_you', 'Thank You', NULL, NULL),
(135, 'state', 'State', NULL, NULL),
(136, 'payment_pending', 'Payment Pending', NULL, NULL),
(137, 'download_agenda', 'Download Agenda', NULL, NULL),
(138, 'email', 'Email', NULL, NULL),
(139, 'register', 'Register', NULL, NULL),
(140, 'view', 'View', NULL, NULL),
(141, 'load_more', 'Load More', NULL, NULL),
(142, 'download_pdf', 'Download PDF', NULL, NULL),
(143, 'notifications', 'Notifications', NULL, NULL),
(144, 'mark_all_as_seen', 'Mark All as Seen', NULL, NULL),
(145, 'my_account', 'My Account', NULL, NULL),
(146, 'dashboard', 'Dashboard', NULL, NULL),
(147, 'log_out', 'Log out', NULL, NULL),
(148, 'subscribe_now', 'Subscribe Now', NULL, NULL),
(149, 'checkout', 'Checkout', NULL, NULL),
(150, 'fill_in_the_form_below_for_gst_invoice', 'Fill in the form below for GST invoice', NULL, NULL),
(151, 'general_information', 'General Information', NULL, NULL),
(152, 'registered_company_name', 'Registered Company Name', NULL, NULL),
(153, 'company_code', 'Company Code', NULL, NULL),
(154, 'industry', 'Industry', NULL, NULL),
(155, 'no_of_employees', 'No. of Employees', NULL, NULL),
(156, 'contact_information', 'Contact Information', NULL, NULL),
(157, 'billing_information', 'Billing Information', NULL, NULL),
(158, 'same_as_above', 'Same as above', NULL, NULL),
(160, 'document_information', 'Document Information', NULL, NULL),
(161, 'subscription_model', 'Subscription Model', NULL, NULL),
(162, 'no_of_user', 'No. of user', NULL, NULL),
(163, 'payment_plan', 'Payment plan', NULL, NULL),
(164, 'sub_total', 'Sub Total', NULL, NULL),
(165, 'total', 'Total', NULL, NULL),
(166, 'payment_mode', 'Payment Mode', NULL, NULL),
(167, 'proceed_to_payment', 'Proceed To Payment', NULL, NULL),
(168, 'i_agree_to_the_terms_of_use', 'I agree to the terms of use', NULL, NULL),
(169, 'view_terms_and_condition', 'View terms and condition', NULL, NULL),
(170, 'offline', 'Offline', NULL, NULL),
(171, 'subscribe', 'Subscribe', NULL, NULL),
(172, 'feature', 'Feature', NULL, NULL),
(173, 'users', 'Users', NULL, NULL),
(174, 'free_trial', 'Free Trial', NULL, NULL),
(175, 'basic', 'Basic', NULL, NULL),
(176, 'advanced', 'Advanced', NULL, NULL),
(177, 'enable-e-commerce', 'Enable E-commerce', NULL, NULL),
(178, 'see-all', 'See All', NULL, NULL),
(179, 'partner_code', 'Partner Code', NULL, NULL);

-- --------------------------------------------------------

--
-- Table structure for table `label_management_values`
--

CREATE TABLE `label_management_values` (
  `id` bigint UNSIGNED NOT NULL,
  `key` varchar(255) CHARACTER SET utf8mb4 COLLATE utf8mb4_unicode_ci NOT NULL COMMENT 'Table label_management key',
  `value` varchar(255) CHARACTER SET utf8mb4 COLLATE utf8mb4_unicode_ci DEFAULT NULL,
  `language` varchar(255) CHARACTER SET utf8mb4 COLLATE utf8mb4_unicode_ci NOT NULL DEFAULT 'en',
  `created_at` timestamp NULL DEFAULT NULL,
  `updated_at` timestamp NULL DEFAULT NULL
) ENGINE=InnoDB DEFAULT CHARSET=utf8mb4 COLLATE=utf8mb4_unicode_ci;

--
-- Dumping data for table `label_management_values`
--

INSERT INTO `label_management_values` (`id`, `key`, `value`, `language`, `created_at`, `updated_at`) VALUES
(1, 'login', 'लॉग इन करें', 'hi', '2024-04-05 12:28:40', '2024-04-06 12:25:48'),
(2, 'total', 'कुल', 'hi', '2024-04-06 12:27:27', '2024-04-06 12:27:27'),
(3, 'payment_mode', 'भुगतान का प्रकार', 'hi', '2024-04-06 12:27:56', '2024-04-06 12:27:56'),
(4, 'fill_in_the_form_below_for_gst_invoice', 'जीएसटी चालान के लिए नीचे दिया गया फॉर्म भरें', 'hi', '2024-04-06 12:28:36', '2024-04-06 12:28:36'),
(5, 'general_information', 'सामान्य जानकारी', 'hi', '2024-04-06 12:33:23', '2024-04-06 12:39:03'),
(6, 'forgot_password?', 'पासवर्ड भूल गए?', 'hi', '2024-04-06 12:48:41', '2024-04-06 12:48:41'),
(7, 'forgot_password', 'पासवर्ड भूल गए', 'hi', '2024-04-06 12:50:00', '2024-04-06 12:50:00'),
(8, 'sign_up_as_partner', 'Sign up as partner', 'en', '2024-04-06 12:50:38', '2024-07-25 18:24:29'),
(9, 'validate_email', 'Validate email', 'en', '2024-04-06 12:51:44', '2024-08-22 09:59:50'),
(10, 'my_account', 'मेरा खाता', 'hi', '2024-04-06 12:52:50', '2024-04-06 12:52:50'),
(11, 'log_out', 'लॉग आउट', 'hi', '2024-04-06 12:54:41', '2024-04-06 12:54:41'),
(12, 'please_enter_your_registered_email_address', 'कृपया अपना पंजीकृत ईमेल पता दर्ज करें', 'hi', '2024-04-06 12:56:22', '2024-04-06 12:56:22'),
(13, 'account_not_found?', 'खाता नहीं मिला?', 'hi', '2024-04-06 12:57:42', '2024-04-06 12:57:42'),
(14, 'register_as_user', 'उपयोगकर्ता के रूप में पंजीकरण करें', 'hi', '2024-04-06 12:59:15', '2024-04-06 12:59:15'),
(15, 'register_as_partner', 'भागीदार के रूप में पंजीकरण करें', 'hi', '2024-04-06 13:00:24', '2024-04-06 13:00:24'),
(16, 'registered_email_id', 'पंजीकृत ईमेल आईडी', 'hi', '2024-04-06 13:02:17', '2024-04-06 13:02:17'),
(17, 'validate', 'मान्य', 'hi', '2024-04-06 13:07:57', '2024-04-06 13:07:57'),
(18, 'user_signup', 'उपयोगकर्ता साइनअप', 'hi', '2024-04-06 13:11:56', '2024-04-06 13:11:56'),
(19, 'already_a_member', 'क्या पहले से ही सदस्य हैं?', 'hi', '2024-04-06 13:12:50', '2024-04-06 13:12:50'),
(20, 'contact_number', 'संपर्क संख्या', 'hi', '2024-04-06 13:14:49', '2024-04-06 13:14:49'),
(21, 'first_name', 'पहला नाम', 'hi', '2024-04-06 13:15:33', '2024-04-06 13:15:33'),
(22, 'last_name', 'उपनाम', 'hi', '2024-04-06 13:16:56', '2024-04-06 13:16:56'),
(23, 'company_name', 'कंपनी का नाम', 'hi', '2024-04-06 13:17:27', '2024-04-06 13:17:27'),
(24, 'country', 'देश', 'hi', '2024-04-06 13:18:29', '2024-04-06 13:18:29'),
(25, 'city', 'शहर', 'hi', '2024-04-06 13:19:02', '2024-04-06 13:19:02'),
(26, 'state', 'राज्य', 'hi', '2024-04-06 13:19:35', '2024-04-06 13:19:35'),
(27, 'address', 'पता', 'hi', '2024-04-06 13:20:46', '2024-04-06 13:20:46'),
(28, 'pincode_zipcode', 'पिनकोड/ज़िपकोड', 'hi', '2024-04-06 13:21:27', '2024-04-06 13:21:27'),
(29, 'email_address', 'मेल पता', 'hi', '2024-04-06 13:22:24', '2024-04-06 13:22:24'),
(30, 'password', 'पासवर्ड', 'hi', '2024-04-06 13:22:57', '2024-04-06 13:22:57'),
(31, 'confirm_password', 'पासवर्ड की पुष्टि कीजिये', 'hi', '2024-04-06 13:24:18', '2024-04-06 13:24:18'),
(32, 'phone_number', 'फ़ोन नंबर', 'hi', '2024-04-06 13:25:12', '2024-04-06 13:31:00'),
(33, 'submit', 'जमा करना', 'hi', '2024-04-06 13:32:13', '2024-04-06 13:32:13'),
(34, 'clear_all', 'सभी साफ करें', 'hi', '2024-04-06 13:35:01', '2024-04-06 13:35:01'),
(35, 'remember_me', 'मुझे याद करो', 'hi', '2024-04-06 13:35:54', '2024-04-06 13:35:54'),
(36, 'sign_up_as_user', 'उपयोगकर्ता के रूप में साइन अप करें', 'hi', '2024-04-06 13:36:33', '2024-04-06 13:36:52'),
(37, 'email_not_validated', 'ईमेल मान्य नहीं है?', 'hi', '2024-04-06 13:37:27', '2024-04-06 13:37:27'),
(38, 'user', 'उपयोगकर्ता', 'hi', '2024-04-06 13:38:11', '2024-04-06 13:38:11'),
(39, 'subscribe', 'सदस्यता लें', 'hi', '2024-04-08 12:22:21', '2024-04-08 12:22:21'),
(40, 'free_trial', 'मुफ्त परीक्षण', 'hi', '2024-04-08 12:27:26', '2024-04-08 12:27:26'),
(41, 'basic', 'बुनियादी', 'hi', '2024-04-08 12:27:54', '2024-04-08 12:27:54'),
(42, 'advanced', 'विकसित', 'hi', '2024-04-08 12:28:20', '2024-04-08 12:28:20'),
(43, 'enable-e-commerce', 'ई-कॉमर्स सक्षम करें', 'hi', '2024-04-08 12:28:57', '2024-04-08 12:28:57'),
(44, 'feature', 'विशेषता', 'hi', '2024-04-08 12:31:09', '2024-04-08 12:31:09'),
(45, 'contact_us', 'संपर्क करें', 'hi', '2024-04-09 10:46:09', '2024-04-09 10:46:09'),
(46, 'how_can_we_help_you?', 'हम आपकी कैसे मदद कर सकते हैं?', 'hi', '2024-04-09 10:46:40', '2024-04-09 10:46:40'),
(47, 'click_here_for_details', 'विवरण के लिए यहां दबाएं', 'hi', '2024-04-09 10:47:21', '2024-04-09 10:47:21'),
(48, 'sign_up_for_newsletter', 'न्यूज़लेटर के लिए साइन इन करें', 'hi', '2024-04-09 10:47:48', '2024-04-09 10:47:48'),
(49, 'lets_get_started', 'आएँ शुरू करें', 'hi', '2024-04-09 10:48:15', '2024-04-09 10:48:15'),
(50, 'subscribe_now', 'अब सदस्यता लें', 'hi', '2024-04-09 10:48:56', '2024-04-09 10:49:09'),
(51, 'sign_up_for_free_trial', 'निःशुल्क परीक्षण के लिए साइन अप करें', 'hi', '2024-04-09 10:51:49', '2024-04-09 10:51:49'),
(52, 'sign_up_now', 'अभी साइनअप करें', 'hi', '2024-04-09 10:52:27', '2024-04-09 10:52:27'),
(53, 'users', 'उपयोगकर्ताओं', 'hi', '2024-04-09 11:07:07', '2024-04-09 11:07:07'),
(54, 'already_a_partner?', 'क्या आप पहले से ही भागीदार हैं?', 'hi', '2024-04-09 11:18:49', '2024-04-09 11:18:49'),
(55, 'sign_in', 'दाखिल करना', 'hi', '2024-04-09 11:19:22', '2024-04-09 11:19:22'),
(56, 'register_now', 'अभी पंजीकरण करें', 'hi', '2024-04-09 11:19:55', '2024-04-09 11:19:55'),
(57, 'dashboard', 'डैशबोर्ड', 'hi', '2024-04-09 11:20:43', '2024-04-09 11:20:43'),
(58, 'create_new_password', 'नया पासवर्ड बनाएं', 'hi', '2024-04-09 11:28:26', '2024-04-09 11:28:26'),
(59, 'partner', 'साथी', 'hi', '2024-04-09 11:29:55', '2024-04-09 11:29:55'),
(60, 'otp_verification', 'ओटीपी सत्यापन', 'hi', '2024-04-09 11:31:01', '2024-04-09 11:31:01'),
(61, 'enter_the_otp_shared_over_registered_email_id', 'पंजीकृत ईमेल आईडी पर साझा किया गया ओटीपी दर्ज करें', 'hi', '2024-04-09 11:35:59', '2024-04-09 11:35:59'),
(62, 'request_new_otp', 'नए ओटीपी का अनुरोध करें', 'hi', '2024-04-09 11:38:04', '2024-04-09 11:38:04'),
(63, 'change_password', 'पासवर्ड बदलें', 'hi', '2024-04-09 11:39:18', '2024-04-09 11:39:18'),
(64, 'login_information', 'लॉगिन जानकारी', 'hi', '2024-04-09 11:45:33', '2024-04-09 11:45:33'),
(65, 'signup', 'साइन अप करें', 'hi', '2024-04-09 11:46:36', '2024-04-09 11:46:36'),
(66, 'basic_information', 'मूल जानकारी', 'hi', '2024-04-09 11:49:53', '2024-04-09 11:49:53'),
(67, 'how_did_you_hear_about_our_program?', 'आपको हमारे कार्यक्रम के बारे में कैसे पता चला?', 'hi', '2024-04-09 11:50:28', '2024-04-09 11:50:28'),
(68, 'in_what_region_do_you_want_to_represent_aurobees_as_a_channel_partner?', 'आप ऑरोबीज़ को चैनल पार्टनर के रूप में किस क्षेत्र में प्रतिनिधित्व करना चाहते हैं?', 'hi', '2024-04-09 11:51:02', '2024-04-09 11:51:02'),
(69, 'individual_business', 'व्यक्तिगत /  व्यवसाय', 'hi', '2024-04-09 11:51:39', '2024-04-09 11:51:39'),
(70, 'individual', 'व्यक्ति', 'hi', '2024-04-09 11:52:12', '2024-04-09 11:52:12'),
(71, 'business', 'व्यापार', 'hi', '2024-04-09 11:52:44', '2024-04-09 11:52:44'),
(72, 'company_information', 'कारखाना की जानकारी', 'hi', '2024-04-09 11:53:47', '2024-04-09 11:53:47'),
(73, 'address_line_1', 'पता पंक्ति 1', 'hi', '2024-04-09 11:59:12', '2024-04-09 11:59:12'),
(74, 'address_line_2', 'पता पंक्ति 2', 'hi', '2024-04-09 11:59:45', '2024-04-09 11:59:45'),
(75, 'what_is_your_primary_business_domain_focus?', 'आपका प्राथमिक व्यावसायिक डोमेन फोकस क्या है?', 'hi', '2024-04-09 12:01:23', '2024-04-09 12:01:23'),
(76, 'primary_company_website_or_social_media_page', 'प्राथमिक कंपनी की वेबसाइट या सोशल मीडिया पेज', 'hi', '2024-04-09 12:02:07', '2024-04-09 12:02:07'),
(77, 'provide_a_short_description_of_your_company', 'अपनी कंपनी और आपके द्वारा प्रदान किए गए मूल्य का संक्षिप्त विवरण प्रदान करें (अधिकतम 300 शब्द)', 'hi', '2024-04-09 12:02:40', '2024-04-09 12:02:40'),
(78, 'note_that_these_details_may_be_used', '(ध्यान दें कि इन विवरणों का उपयोग ऑरोबीज़ पार्टनर और एप्लिकेशन लोकेटर पर किया जा सकता है)', 'hi', '2024-04-09 12:03:27', '2024-04-09 12:03:27'),
(79, 'short_description', 'संक्षिप्त वर्णन', 'hi', '2024-04-09 12:04:01', '2024-04-09 12:04:01'),
(80, 'save_and_next', 'सहेजें और अगला', 'hi', '2024-04-09 12:05:01', '2024-04-09 12:05:01'),
(81, 'company_financial_information', 'कंपनी की वित्तीय जानकारी', 'hi', '2024-04-09 12:05:50', '2024-04-09 12:05:50'),
(82, 'what_was_the_total_sales_and_services', 'पिछले वित्तीय वर्ष में आपकी कंपनी द्वारा अर्जित कुल बिक्री और सेवा राजस्व (यूएसडी) क्या था', 'hi', '2024-04-09 12:06:27', '2024-04-09 12:06:27'),
(83, 'what_percentage_of_your_revenue_directly_results', 'पिछले वित्तीय वर्ष में आपके राजस्व का कितना प्रतिशत सीधे निम्नलिखित बिक्री विधियों से प्राप्त हुआ (कुल 100% होना चाहिए)', 'hi', '2024-04-09 12:07:08', '2024-04-09 12:07:08'),
(84, 'face-to-face_field_sales', 'आमने-सामने / फ़ील्ड बिक्री', 'hi', '2024-04-09 12:08:53', '2024-04-09 12:08:53'),
(85, 'telephone_based_consultative_sales_resources', 'टेलीफोन आधारित परामर्शी बिक्री संसाधन', 'hi', '2024-04-09 12:09:19', '2024-04-09 12:09:19'),
(86, 'via_internet_with_limited_human_interference', 'सीमित मानवीय हस्तक्षेप के साथ इंटरनेट के माध्यम से', 'hi', '2024-04-09 12:09:50', '2024-04-09 12:09:50'),
(87, 'do_you_have_a_single_primary_vertical_market?', 'क्या आपके पास एकल प्राथमिक ऊर्ध्वाधर बाज़ार है?', 'hi', '2024-04-09 12:11:08', '2024-04-09 12:11:08'),
(88, 'yes', 'हाँ', 'hi', '2024-04-09 12:11:41', '2024-04-09 12:11:41'),
(89, 'no', 'नहीं', 'hi', '2024-04-09 12:12:14', '2024-04-09 12:12:14'),
(90, 'what_is_your_companys_primary_vertical_market_focus?', 'आपकी कंपनी का प्राथमिक ऊर्ध्वाधर बाज़ार फोकस क्या है?', 'hi', '2024-04-09 12:12:48', '2024-04-09 12:12:48'),
(91, 'please_specify_the_number_of_employees_by_job_category', 'कृपया कार्य श्रेणी के अनुसार कर्मचारियों की संख्या निर्दिष्ट करें', 'hi', '2024-04-09 12:13:54', '2024-04-09 12:13:54'),
(92, 'if_a_person_has_multiple_roles_count_them_in_one_category', '(यदि किसी व्यक्ति की कई भूमिकाएँ हैं, तो उन्हें एक श्रेणी में गिनें)', 'hi', '2024-04-09 12:14:25', '2024-04-09 12:14:25'),
(93, 'total_number_of_employees', 'कर्मचारियों की कुल संख्या', 'hi', '2024-04-09 12:15:07', '2024-04-09 12:15:07'),
(94, 'total_number_of_sales_employees', 'बिक्री कर्मचारियों की कुल संख्या', 'hi', '2024-04-09 12:15:50', '2024-04-09 12:15:50'),
(95, 'total_number_of_services', 'सेवाओं की कुल संख्या', 'hi', '2024-04-09 12:17:08', '2024-04-09 12:17:08'),
(96, 'total_number_of_technical_support_employees', 'तकनीकी सहायता कर्मचारियों की कुल संख्या', 'hi', '2024-04-09 12:17:52', '2024-04-09 12:17:52'),
(97, 'total_number_of_marketing_employees', 'विपणन कर्मचारियों की कुल संख्या', 'hi', '2024-04-09 12:18:56', '2024-04-09 12:18:56'),
(98, 'preview_details', 'पूर्वावलोकन विवरण', 'hi', '2024-04-09 12:20:14', '2024-04-09 12:20:14'),
(99, 'company_documents_upload', 'कंपनी दस्तावेज़ अपलोड करें', 'hi', '2024-04-09 12:21:56', '2024-04-09 12:21:56'),
(100, 'gst_number', 'जीएसटी नंबर', 'hi', '2024-04-09 12:23:27', '2024-04-09 12:23:27'),
(101, 'pan_number', 'पैन नंबर', 'hi', '2024-04-09 12:24:00', '2024-04-09 12:24:00'),
(102, 'pan_card_copy', 'पैन कार्ड कॉपी', 'hi', '2024-04-09 12:24:31', '2024-04-09 12:24:31'),
(103, 'aadhar_card_number', 'आधार कार्ड नंबर', 'hi', '2024-04-09 12:25:00', '2024-04-09 12:25:00'),
(104, 'aadhar_card_copy', 'आधार कार्ड की कॉपी', 'hi', '2024-04-09 12:25:30', '2024-04-09 12:25:30'),
(105, 'company_address_proof', 'कंपनी का पता प्रमाण', 'hi', '2024-04-09 12:26:05', '2024-04-09 12:26:05'),
(106, 'company_registration_number', 'कंपनी की पंजीकरण संख्या', 'hi', '2024-04-09 12:26:41', '2024-04-09 12:26:41'),
(107, 'company_registration_copy', 'कंपनी पंजीकरण प्रति', 'hi', '2024-04-09 12:28:29', '2024-04-09 12:28:29'),
(108, 'passport_number', 'पासपोर्ट संख्या', 'hi', '2024-04-09 12:29:00', '2024-04-09 12:29:00'),
(109, 'passport_copy', 'पासपोर्ट की कॉपी', 'hi', '2024-04-09 12:29:38', '2024-04-09 12:29:38'),
(110, 'passport_size_photo', 'पासपोर्ट साइज फोटो', 'hi', '2024-04-09 12:31:34', '2024-04-09 12:31:34'),
(111, 'partners_signature_copy', 'साझेदारों के हस्ताक्षर की प्रति', 'hi', '2024-04-09 12:32:12', '2024-04-09 12:32:12'),
(112, 'kyc_form', 'केवाईसी फॉर्म', 'hi', '2024-04-09 12:33:20', '2024-04-09 12:33:20'),
(113, 'upload_kyc_form', 'केवाईसी फॉर्म अपलोड करें', 'hi', '2024-04-09 12:33:46', '2024-04-09 12:33:46'),
(114, 'on_the_behalf_of_the_company', 'कंपनी की ओर से, मैंने साझेदार अनुबंध को पढ़ा और समीक्षा की है और पुष्टि की है कि उपयुक्त संपर्क को यह जिम्मेदारी सौंपी जाएगी।', 'hi', '2024-04-09 12:37:06', '2024-04-09 12:37:06'),
(115, 'profile_verification_summary', 'प्रोफ़ाइल सत्यापन सारांश', 'hi', '2024-04-09 12:38:40', '2024-04-09 12:38:40'),
(116, 'partners_first_name', 'साझेदारों का प्रथम नाम', 'hi', '2024-04-09 12:39:42', '2024-04-09 12:39:42'),
(117, 'partners_last_name', 'साझेदारों का अंतिम नाम', 'hi', '2024-04-09 12:40:19', '2024-04-09 12:40:19'),
(118, 'designation', 'पद का नाम', 'hi', '2024-04-09 12:40:49', '2024-04-09 12:40:49'),
(119, 'verification_status', 'सत्यापन स्थिति', 'hi', '2024-04-09 12:41:20', '2024-04-09 12:41:20'),
(120, 'go_to_reason', 'कारण पर जाएँ', 'hi', '2024-04-09 12:42:10', '2024-04-09 12:42:10'),
(121, 'go_to_reason', 'कारण पर जाएँ', 'ne', '2024-04-09 12:42:52', '2024-04-10 20:45:01'),
(122, 'update', 'अद्यतन', 'hi', '2024-04-09 12:45:18', '2024-04-09 12:45:18'),
(123, 'upload_contract', 'अनुबंध अपलोड करें', 'hi', '2024-04-09 13:04:42', '2024-04-09 13:04:42'),
(124, 'finalised_agreement', 'अंतिम समझौता', 'hi', '2024-04-09 13:08:35', '2024-04-09 13:08:35'),
(125, 'checkout', 'चेक आउट', 'hi', '2024-04-10 17:53:16', '2024-04-10 17:53:16'),
(126, 'registered_company_name', 'पंजीकृत कंपनी का नाम', 'hi', '2024-04-10 17:53:58', '2024-04-10 17:53:58'),
(127, 'i_agree_to_the_terms_of_use', 'इस्तेमाल की शर्तों से मैं सहमत हूं', 'hi', '2024-04-10 19:25:38', '2024-04-10 19:25:38'),
(128, 'contact_information', 'System credentials/ Contact information', 'en', '2024-06-10 15:32:31', '2024-08-22 10:00:39'),
(130, 'sign_up_as_user', 'Sign up as user', 'en', '2024-07-05 16:12:56', '2024-08-21 06:54:04'),
(132, 'login', 'Login', 'en', '2024-07-25 18:26:38', '2024-07-25 18:26:38'),
(133, 'already_a_member', 'Already a member?', 'en', '2024-08-21 06:51:31', '2024-08-21 06:51:31'),
(134, 'email_not_validated', 'Email not validated', 'en', '2024-08-21 06:52:16', '2024-08-30 04:32:06'),
(135, 'clear_all', 'Clear all', 'en', '2024-08-21 08:50:45', '2024-08-21 08:50:45'),
(136, 'user', 'User', 'en', '2024-08-30 04:29:47', '2024-08-30 04:29:47'),
(137, 'partner', 'Partner', 'en', '2024-08-30 04:32:24', '2024-08-30 04:32:24'),
(138, 'remember_me', 'Remember me', 'en', '2024-08-30 04:32:52', '2024-08-30 04:32:52'),
(139, 'forgot_password?', 'Forgot password?', 'en', '2024-08-30 04:34:21', '2024-08-30 04:34:21'),
(140, 'user_signup', 'User sign up', 'en', '2024-08-30 04:44:39', '2024-08-30 04:44:39'),
(141, 'first_name', 'First name', 'en', '2024-08-30 04:44:58', '2024-08-30 04:44:58'),
(142, 'last_name', 'Last name', 'en', '2024-08-30 04:45:19', '2024-08-30 04:45:19'),
(143, 'company_name', 'Company name', 'en', '2024-08-30 04:45:43', '2024-08-30 04:45:43'),
(144, 'country', 'Country', 'en', '2024-08-30 04:50:13', '2024-08-30 04:50:13'),
(145, 'city', 'City', 'en', '2024-08-30 04:50:35', '2024-08-30 04:50:35'),
(146, 'address', 'Address', 'en', '2024-08-30 04:51:30', '2024-08-30 04:51:30'),
(147, 'pincode_zipcode', 'Pincode / Zipcode', 'en', '2024-08-30 04:51:50', '2024-08-30 04:51:50'),
(148, 'email_address', 'Email address', 'en', '2024-08-30 04:52:08', '2024-08-30 04:52:08'),
(149, 'password', 'Password', 'en', '2024-08-30 04:52:24', '2024-08-30 04:52:24'),
(150, 'confirm_password', 'Confirm password', 'en', '2024-08-30 04:52:43', '2024-08-30 04:52:43'),
(151, 'contact_number', 'Contact number', 'en', '2024-08-30 05:49:52', '2024-08-30 05:49:52'),
(152, 'phone_number', 'Phone number', 'en', '2024-08-30 05:50:10', '2024-08-30 05:50:10'),
(153, 'submit', 'Submit', 'en', '2024-08-30 05:50:26', '2024-08-30 05:50:26'),
(154, 'forgot_password', 'Forgot password?', 'en', '2024-08-30 05:51:16', '2024-08-30 05:51:16'),
(155, 'registered_email_id', 'Registered email ID', 'en', '2024-08-30 05:51:33', '2024-08-30 05:51:33'),
(156, 'please_enter_your_registered_email_address', 'Enter registered email address', 'en', '2024-08-30 05:52:52', '2024-08-30 05:52:52'),
(157, 'create_new_password', 'Create new password', 'en', '2024-08-30 05:53:13', '2024-08-30 05:53:13'),
(158, 'account_not_found?', 'Account not found', 'en', '2024-08-30 05:54:15', '2024-08-30 05:54:15'),
(159, 'register_as_user', 'Register as user', 'en', '2024-08-30 05:54:33', '2024-08-30 05:54:33'),
(160, 'register_as_partner', 'Register as partner', 'en', '2024-08-30 05:55:00', '2024-08-30 05:55:00'),
(161, 'otp_verification', 'OTP verification', 'en', '2024-08-30 05:55:22', '2024-08-30 05:55:22'),
(162, 'enter_the_otp_shared_over_registered_email_id', 'Enter OTP sent on email ID', 'en', '2024-08-30 05:57:27', '2024-08-30 05:57:27'),
(163, 'request_new_otp', 'Resend OTP', 'en', '2024-08-30 05:57:52', '2024-08-30 05:57:52'),
(164, 'change_password', 'Change password', 'en', '2024-08-30 05:58:23', '2024-08-30 05:58:23'),
(165, 'validate', 'Validate', 'en', '2024-08-30 05:58:41', '2024-08-30 05:58:41'),
(166, 'already_a_partner?', 'Already a partner?', 'en', '2024-08-30 05:59:12', '2024-08-30 05:59:12'),
(167, 'sign_in', 'Sign in', 'en', '2024-08-30 05:59:31', '2024-08-30 05:59:31'),
(168, 'register_now', 'Register', 'en', '2024-08-30 06:00:08', '2024-08-30 06:00:08'),
(169, 'signup', 'Sign up', 'en', '2024-08-30 06:00:40', '2024-08-30 06:00:40'),
(170, 'login_information', 'Login information', 'en', '2024-08-30 06:01:35', '2024-08-30 06:01:35'),
(171, 'designation', 'Designation', 'en', '2024-08-30 06:02:03', '2024-08-30 06:02:03'),
(172, 'business_email', 'Business email ID', 'en', '2024-08-30 06:02:38', '2024-08-30 06:02:38'),
(173, 'basic_information', 'Basic information', 'en', '2024-08-30 06:03:26', '2024-08-30 06:03:26'),
(174, 'how_did_you_hear_about_our_program?', 'How did you hear about us?', 'en', '2024-08-30 06:05:55', '2024-08-30 06:05:55'),
(175, 'in_what_region_do_you_want_to_represent_aurobees_as_a_channel_partner?', 'In which region do you want to represent Aurobees as a partner?', 'en', '2024-08-30 06:06:43', '2024-08-30 06:06:43'),
(176, 'individual_business', 'Individual / Company', 'en', '2024-08-30 06:07:56', '2024-08-30 06:07:56'),
(177, 'individual', 'Individual', 'en', '2024-08-30 06:08:19', '2024-08-30 06:08:19'),
(178, 'business', 'Company', 'en', '2024-08-30 06:08:37', '2024-08-30 06:08:37'),
(179, 'company_information', 'Company information', 'en', '2024-08-30 06:09:11', '2024-08-30 06:09:11'),
(180, 'address_line_1', 'Address Line 1', 'en', '2024-08-30 06:11:03', '2024-08-30 06:11:03'),
(181, 'address_line_2', 'Address Line 2', 'en', '2024-08-30 06:11:22', '2024-08-30 06:11:22'),
(182, 'what_is_your_primary_business_domain_focus?', 'What is your primary business domain?', 'en', '2024-08-30 06:12:02', '2024-08-30 06:12:02'),
(183, 'primary_company_website_or_social_media_page', 'Company website or social media page', 'en', '2024-08-30 06:12:36', '2024-08-30 06:12:36'),
(184, 'provide_a_short_description_of_your_company', 'Provide a short company description and the value it provides (Max 300 words)', 'en', '2024-08-30 06:14:06', '2024-08-30 06:14:06'),
(185, 'note_that_these_details_may_be_used', '(Note: The details will be used on Aurobees partner and application locator)', 'en', '2024-08-30 06:15:18', '2024-08-30 06:15:18'),
(186, 'short_description', 'Short description of the company', 'en', '2024-08-30 06:18:46', '2024-08-30 06:18:46'),
(187, 'company_financial_information', 'Company\'s financial information', 'en', '2024-08-30 06:19:24', '2024-08-30 06:19:24'),
(188, 'what_was_the_total_sales_and_services', 'Total sales revenue generated by your company in the last fiscal year (USD)', 'en', '2024-08-30 06:24:35', '2024-08-30 06:24:35'),
(189, 'what_percentage_of_your_revenue_directly_results', 'Mention the revenue percentage directly resulting from the following sales methods in the last  fiscal year (must be 100%)', 'en', '2024-08-30 06:27:08', '2024-08-30 06:27:08'),
(190, 'face-to-face_field_sales', 'Field sales', 'en', '2024-08-30 06:28:32', '2024-08-30 06:28:32'),
(191, 'telephone_based_consultative_sales_resources', 'Telephone-based consultative sales resource', 'en', '2024-08-30 06:29:23', '2024-08-30 06:48:33'),
(192, 'via_internet_with_limited_human_interference', 'Via internet with limited human interference', 'en', '2024-08-30 06:49:59', '2024-08-30 06:49:59'),
(193, 'do_you_have_a_single_primary_vertical_market?', 'Do you have a single primary market vertical?', 'en', '2024-08-30 06:50:50', '2024-08-30 06:50:50'),
(194, 'yes', 'Yes', 'en', '2024-08-30 06:51:13', '2024-08-30 06:51:13'),
(195, 'no', 'No', 'en', '2024-08-30 06:51:26', '2024-08-30 06:51:26'),
(196, 'what_is_your_companys_primary_vertical_market_focus?', 'What is your company\'s primary market vertical?', 'en', '2024-08-30 06:52:26', '2024-08-30 06:52:26'),
(197, 'save_and_next', 'Save & Next', 'en', '2024-08-30 06:53:43', '2024-08-30 06:53:43'),
(198, 'please_specify_the_number_of_employees_by_job_category', 'Specify number of employees by job category', 'en', '2024-08-30 06:55:08', '2024-08-30 06:55:08'),
(199, 'if_a_person_has_multiple_roles_count_them_in_one_category', '(If a person has multiple roles, count in one category)', 'en', '2024-08-30 06:56:01', '2024-08-30 06:56:01'),
(200, 'total_number_of_employees', 'Number of employees', 'en', '2024-08-30 06:56:31', '2024-08-30 06:56:31'),
(201, 'total_number_of_sales_employees', 'Number of sales employees', 'en', '2024-08-30 06:57:07', '2024-08-30 06:57:20'),
(202, 'total_number_of_services', 'Number of services', 'en', '2024-08-30 06:57:43', '2024-08-30 06:57:43'),
(203, 'total_number_of_technical_support_employees', 'Number of technical support employees', 'en', '2024-08-30 06:58:08', '2024-08-30 06:58:08'),
(204, 'total_number_of_marketing_employees', 'Number of marketing employees', 'en', '2024-08-30 06:58:46', '2024-08-30 06:58:46'),
(205, 'company_documents_upload', 'Upload company documents', 'en', '2024-08-30 06:59:39', '2024-08-30 06:59:39'),
(206, 'gst_number', 'GST No.', 'en', '2024-08-30 07:00:03', '2024-08-30 07:00:03'),
(207, 'pan_number', 'PAN No.', 'en', '2024-08-30 07:00:29', '2024-08-30 07:00:29'),
(208, 'aadhar_card_number', 'Aadhaar No.', 'en', '2024-08-30 07:01:00', '2024-08-30 07:01:00'),
(209, 'aadhar_card_copy', 'Aadhaar copy', 'en', '2024-08-30 07:01:28', '2024-08-30 08:11:49'),
(210, 'company_address_proof', 'Company address proof', 'en', '2024-08-30 07:02:26', '2024-08-30 07:02:26'),
(211, 'company_registration_number', 'Company registration No.', 'en', '2024-08-30 07:02:50', '2024-08-30 07:03:05'),
(212, 'company_registration_copy', 'Company registration document', 'en', '2024-08-30 07:04:30', '2024-08-30 08:12:11'),
(213, 'passport_number', 'Passport No.', 'en', '2024-08-30 07:04:57', '2024-08-30 07:04:57'),
(214, 'passport_copy', 'Passport copy', 'en', '2024-08-30 07:06:13', '2024-08-30 08:11:20'),
(215, 'passport_size_photo', 'Passport size photo', 'en', '2024-08-30 07:06:45', '2024-08-30 08:10:59'),
(216, 'partners_signature_copy', 'Signed partner  document', 'en', '2024-08-30 08:05:08', '2024-08-30 08:10:42'),
(217, 'kyc_form', 'KYC form', 'en', '2024-08-30 08:09:38', '2024-08-30 08:09:38'),
(218, 'upload_kyc_form', 'Upload KYC form', 'en', '2024-08-30 08:13:33', '2024-08-30 08:13:33'),
(219, 'on_the_behalf_of_the_company', 'I have read & reviewed the partner agreement. Appropriate contact will be assigned to handle the responsibility.', 'en', '2024-08-30 08:16:07', '2024-08-30 08:16:07'),
(220, 'acra_number', 'ACRA No.', 'en', '2024-08-30 08:16:41', '2024-08-30 08:16:41'),
(221, 'acra_profile_copy', 'ACRA profile copy', 'en', '2024-08-30 08:17:07', '2024-08-30 08:17:07'),
(223, 'tax_registration_number', 'Tax registration No.', 'en', '2024-08-30 08:18:06', '2024-08-30 08:18:06'),
(224, 'tax_registration_document', 'TRN document', 'en', '2024-08-30 08:19:04', '2024-08-30 08:19:04'),
(225, 'npwp_number', 'NPWP No.', 'en', '2024-08-30 08:20:30', '2024-08-30 08:20:30'),
(226, 'preview_details', 'Preview', 'en', '2024-08-30 08:20:57', '2024-08-30 08:20:57'),
(227, 'profile_verification_summary', 'Profile verification summary', 'en', '2024-08-30 08:21:33', '2024-08-30 08:21:33'),
(228, 'partners_first_name', 'Partner\'s first name', 'en', '2024-08-30 08:22:03', '2024-08-30 08:22:03'),
(229, 'partners_last_name', 'Partner\'s last name', 'en', '2024-08-30 08:22:21', '2024-08-30 08:22:37'),
(230, 'verification_status', 'Verification status', 'en', '2024-08-30 08:23:14', '2024-08-30 08:23:14'),
(231, 'go_to_reason', 'Reason', 'en', '2024-08-30 08:23:46', '2024-08-30 08:23:46'),
(232, 'update', 'Update', 'en', '2024-08-30 08:24:09', '2024-08-30 08:24:09'),
(233, 'upload_contract', 'Upload contract', 'en', '2024-08-30 08:24:31', '2024-08-30 08:24:31'),
(234, 'finalised_agreement', 'Finalised agreement', 'en', '2024-08-30 08:25:19', '2024-08-30 08:25:19'),
(236, 'lets_get_started', 'Let\'s get started!', 'en', '2024-08-30 08:26:24', '2024-08-30 08:26:24'),
(237, 'contact_us', 'Contact us', 'en', '2024-08-30 08:26:49', '2024-08-30 08:26:49'),
(238, 'how_can_we_help_you?', 'How can we help you?', 'en', '2024-08-30 08:27:21', '2024-08-30 08:27:21'),
(239, 'sign_up_for_newsletter', 'Sign up for newsletter', 'en', '2024-08-30 08:27:44', '2024-08-30 08:27:44'),
(240, 'sign_up_now', 'Sign up now', 'en', '2024-08-30 08:28:04', '2024-08-30 08:28:04'),
(241, 'click_here_for_details', 'Click here for details', 'en', '2024-08-30 08:28:28', '2024-08-30 08:28:28'),
(242, 'news_media', 'News & Media', 'en', '2024-08-30 08:28:51', '2024-08-30 08:28:51'),
(243, 'see-all', 'See all', 'en', '2024-08-30 08:29:05', '2024-08-30 08:29:05'),
(244, 'enable-e-commerce', 'Enable e-commerce', 'en', '2024-08-30 08:30:22', '2024-08-30 08:30:22'),
(245, 'advanced', 'Advanced', 'en', '2024-08-30 08:30:38', '2024-08-30 08:30:38'),
(246, 'basic', 'Basic', 'en', '2024-08-30 08:31:45', '2024-08-30 08:31:45'),
(247, 'users', 'Users', 'en', '2024-08-30 08:32:09', '2024-08-30 08:32:09'),
(248, 'feature', 'Features', 'en', '2024-08-30 08:32:24', '2024-08-30 08:32:24'),
(249, 'subscribe', 'Subscribe', 'en', '2024-08-30 08:32:42', '2024-08-30 08:32:42'),
(250, 'offline', 'Offline', 'en', '2024-08-30 08:32:56', '2024-08-30 08:32:56'),
(251, 'view_terms_and_condition', 'Terms & Conditions', 'en', '2024-08-30 08:33:31', '2024-08-30 08:33:31'),
(252, 'i_agree_to_the_terms_of_use', 'I agree to the terms of use', 'en', '2024-08-30 08:33:54', '2024-08-30 08:33:54'),
(253, 'proceed_to_payment', 'Proceed to pay', 'en', '2024-08-30 08:34:11', '2024-08-30 08:34:11'),
(254, 'payment_mode', 'Payment mode', 'en', '2024-08-30 08:34:32', '2024-08-30 08:34:32'),
(255, 'total', 'Total', 'en', '2024-08-30 08:34:55', '2024-08-30 08:34:55'),
(256, 'sub_total', 'Sub total', 'en', '2024-08-30 08:35:13', '2024-08-30 08:35:13'),
(257, 'payment_plan', 'Payment plan', 'en', '2024-08-30 08:35:33', '2024-08-30 08:35:33'),
(258, 'no_of_user', 'No. of users', 'en', '2024-08-30 08:35:52', '2024-08-30 08:35:52'),
(259, 'subscription_model', 'Subscription model', 'en', '2024-08-30 08:36:18', '2024-08-30 08:36:18'),
(260, 'document_information', 'Document information', 'en', '2024-08-30 08:36:45', '2024-08-30 08:36:45'),
(261, 'same_as_above', 'Same as above', 'en', '2024-08-30 08:37:17', '2024-08-30 08:37:17'),
(262, 'billing_information', 'Billing information', 'en', '2024-08-30 08:38:22', '2024-08-30 08:38:22'),
(263, 'no_of_employees', 'No. of employees', 'en', '2024-08-30 08:39:15', '2024-08-30 08:39:15'),
(264, 'industry', 'Industry', 'en', '2024-08-30 08:39:40', '2024-08-30 08:39:40'),
(265, 'company_code', 'Company code', 'en', '2024-08-30 08:40:10', '2024-08-30 08:40:10'),
(266, 'all_blogs', 'All blogs', 'en', '2024-08-30 08:41:44', '2024-08-30 08:41:44'),
(267, 'registered_company_name', 'Registered company name', 'en', '2024-08-30 08:42:09', '2024-08-30 08:42:09'),
(268, 'general_information', 'General information', 'en', '2024-08-30 08:42:34', '2024-08-30 08:42:34'),
(269, 'fill_in_the_form_below_for_gst_invoice', 'Fill the form below for GST invoice', 'en', '2024-08-30 08:43:35', '2024-08-30 08:43:35'),
(270, 'checkout', 'Checkout', 'en', '2024-08-30 08:43:54', '2024-08-30 08:43:54'),
(271, 'subscribe_now', 'Subscribe now', 'en', '2024-08-30 08:46:28', '2024-08-30 08:46:28'),
(272, 'log_out', 'Log out', 'en', '2024-08-30 08:46:44', '2024-08-30 08:46:44'),
(273, 'dashboard', 'Dashboard', 'en', '2024-08-30 08:48:24', '2024-08-30 08:48:24'),
(274, 'newest', 'Newest', 'en', '2024-08-30 08:48:54', '2024-08-30 08:48:54'),
(275, 'my_account', 'My account', 'en', '2024-08-30 08:49:14', '2024-08-30 08:49:14'),
(276, 'mark_all_as_seen', 'Mark all as seen', 'en', '2024-08-30 08:49:33', '2024-08-30 08:49:33'),
(277, 'notifications', 'Notifications', 'en', '2024-08-30 08:49:57', '2024-08-30 08:49:57'),
(278, 'oldest', 'Oldest', 'en', '2024-08-30 08:50:15', '2024-08-30 08:50:15'),
(279, 'related_articles', 'Related articles', 'en', '2024-08-30 08:50:51', '2024-08-30 08:50:51'),
(280, 'download_pdf', 'Download PDF', 'en', '2024-08-30 08:52:35', '2024-08-30 08:52:35'),
(281, 'load_more', 'Load more ...', 'en', '2024-08-30 08:53:09', '2024-08-30 08:53:09'),
(282, 'free_trial', 'Free trail', 'en', '2024-08-30 08:53:31', '2024-08-30 08:53:31'),
(283, 'view', 'View', 'en', '2024-08-30 08:53:59', '2024-08-30 08:53:59'),
(284, 'register', 'Register', 'en', '2024-08-30 08:54:31', '2024-08-30 08:54:31'),
(285, 'email', 'Email', 'en', '2024-08-30 08:54:53', '2024-08-30 08:54:53'),
(286, 'comment', 'Comment', 'en', '2024-08-30 08:57:48', '2024-08-30 08:57:48'),
(287, 'read_more', 'Read more ...', 'en', '2024-08-30 08:58:17', '2024-08-30 08:58:17'),
(288, 'write_a_comment', 'Write a comment', 'en', '2024-08-30 08:58:48', '2024-08-30 08:58:48'),
(289, 'payment_failed', 'Payment failed', 'en', '2024-08-30 08:59:34', '2024-08-30 08:59:34'),
(290, 'thank_you', 'Thank you', 'en', '2024-08-30 09:00:10', '2024-08-30 09:00:10'),
(291, 'state', 'State', 'en', '2024-08-30 09:00:32', '2024-08-30 09:00:32'),
(292, 'download_agenda', 'Download agenda', 'en', '2024-08-30 09:01:05', '2024-08-30 09:01:05'),
(293, 'payment_pending', 'Payment pending', 'en', '2024-08-30 09:01:51', '2024-08-30 09:01:51');

-- --------------------------------------------------------

--
-- Table structure for table `languages`
--

CREATE TABLE `languages` (
  `id` bigint UNSIGNED NOT NULL,
  `code` varchar(255) CHARACTER SET utf8mb4 COLLATE utf8mb4_unicode_ci NOT NULL,
  `name` varchar(255) CHARACTER SET utf8mb4 COLLATE utf8mb4_unicode_ci NOT NULL,
  `status` enum('Active','Inactive') CHARACTER SET utf8mb4 COLLATE utf8mb4_unicode_ci NOT NULL DEFAULT 'Inactive',
  `created_by` int DEFAULT NULL,
  `updated_by` int DEFAULT NULL,
  `created_at` timestamp NULL DEFAULT NULL,
  `updated_at` timestamp NULL DEFAULT NULL
) ENGINE=InnoDB DEFAULT CHARSET=utf8mb4 COLLATE=utf8mb4_unicode_ci;

--
-- Dumping data for table `languages`
--

INSERT INTO `languages` (`id`, `code`, `name`, `status`, `created_by`, `updated_by`, `created_at`, `updated_at`) VALUES
(1, 'en', 'English', 'Active', 1, 1, '2023-04-12 11:14:47', '2024-04-10 16:44:50'),
(2, 'hi', 'Hindi', 'Active', 1, NULL, '2023-04-12 11:17:38', '2024-04-10 16:44:55'),
(3, 'fr', 'French', 'Active', 1, NULL, '2023-04-12 11:17:54', '2024-04-15 14:35:09'),
(4, 'ne', 'Nepali', 'Inactive', 1, NULL, '2023-04-12 11:18:10', '2023-04-12 11:18:10'),
(5, 'span', 'Spanish', 'Active', 1, NULL, '2024-04-15 14:36:53', '2024-04-15 14:37:14'),
(6, 'pt', 'Portugese', 'Active', 1, NULL, '2024-05-28 18:16:29', '2024-05-28 18:42:01'),
(7, 'ar', 'Arabic', 'Active', 1, NULL, '2024-05-29 14:07:05', '2024-05-29 14:07:36');

-- --------------------------------------------------------

--
-- Table structure for table `market_sectors_lists`
--

CREATE TABLE `market_sectors_lists` (
  `id` bigint UNSIGNED NOT NULL,
  `name` varchar(255) CHARACTER SET utf8mb4 COLLATE utf8mb4_unicode_ci DEFAULT NULL,
  `created_at` timestamp NULL DEFAULT NULL,
  `updated_at` timestamp NULL DEFAULT NULL
) ENGINE=InnoDB DEFAULT CHARSET=utf8mb4 COLLATE=utf8mb4_unicode_ci;

--
-- Dumping data for table `market_sectors_lists`
--

INSERT INTO `market_sectors_lists` (`id`, `name`, `created_at`, `updated_at`) VALUES
(1, 'Agro Chemicals', NULL, NULL),
(2, 'Air Transport Service', NULL, NULL),
(3, 'Alcoholic Beverages', NULL, NULL),
(4, 'Auto Ancillaries', NULL, NULL),
(5, 'Automobile', NULL, NULL),
(6, 'Banks', NULL, NULL),
(7, 'Bearings', NULL, NULL),
(8, 'Cables', NULL, NULL),
(9, 'Capital Goods - Electrical Equipment', NULL, NULL),
(10, 'Capital Goods-Non Electrical Equipment', NULL, NULL),
(11, 'Castings, Forgings & Fastners', NULL, NULL),
(12, 'Cement', NULL, NULL),
(13, 'Cement - Products', NULL, NULL),
(14, 'Ceramic Products', NULL, NULL),
(15, 'Chemicals', NULL, NULL),
(16, 'Computer Education', NULL, NULL),
(17, 'Construction', NULL, NULL),
(18, 'Consumer Durables', NULL, NULL),
(19, 'Credit Rating Agencies', NULL, NULL),
(20, 'Crude Oil & Natural Gas', NULL, NULL),
(21, 'Diamond, Gems and Jewellery', NULL, NULL),
(22, 'Diversified', NULL, NULL),
(23, 'Dry cells', NULL, NULL),
(24, 'E-Commerce/App based Aggregator', NULL, NULL),
(25, 'Edible Oil', NULL, NULL),
(26, 'Education', NULL, NULL),
(27, 'Electronics', NULL, NULL),
(28, 'Engineering', NULL, NULL),
(29, 'Entertainment', NULL, NULL),
(30, 'Ferro Alloys', NULL, NULL),
(31, 'Fertilizers', NULL, NULL),
(32, 'Finance', NULL, NULL),
(33, 'FMCG', NULL, NULL),
(34, 'Gas Distribution', NULL, NULL),
(35, 'Glass & Glass Products', NULL, NULL),
(36, 'Healthcare', NULL, NULL),
(37, 'Hotels & Restaurants', NULL, NULL),
(38, 'Infrastructure Developers & Operators', NULL, NULL),
(39, 'Infrastructure Investment Trusts', NULL, NULL),
(40, 'Insurance', NULL, NULL),
(41, 'IT - Hardware', NULL, NULL),
(42, 'IT - Software', NULL, NULL),
(43, 'Leather', NULL, NULL),
(44, 'Logistics', NULL, NULL),
(45, 'Marine Port & Services', NULL, NULL),
(46, 'Media - Print/Television/Radio', NULL, NULL),
(47, 'Mining & Mineral products', NULL, NULL),
(48, 'Miscellaneous', NULL, NULL),
(49, 'Non Ferrous Metals', NULL, NULL),
(50, 'Oil Drill/Allied', NULL, NULL),
(51, 'Packaging', NULL, NULL),
(52, 'Paints/Varnish', NULL, NULL),
(53, 'Paper', NULL, NULL),
(54, 'Petrochemicals', NULL, NULL),
(55, 'Pharmaceuticals', NULL, NULL),
(56, 'Plantation & Plantation Products', NULL, NULL),
(57, 'Plastic products', NULL, NULL),
(58, 'Power Generation & Distribution', NULL, NULL),
(59, 'Power Infrastructure', NULL, NULL),
(60, 'Printing & Stationery', NULL, NULL),
(61, 'Quick Service Restaurant', NULL, NULL),
(62, 'Railways', NULL, NULL),
(63, 'Readymade Garments/ Apparells', NULL, NULL),
(64, 'Real Estate Investment Trusts', NULL, NULL),
(65, 'Realty', NULL, NULL),
(66, 'Refineries', NULL, NULL),
(67, 'Refractories', NULL, NULL),
(68, 'Retail', NULL, NULL),
(69, 'Ship Building', NULL, NULL),
(70, 'Shipping', NULL, NULL),
(71, 'Steel', NULL, NULL),
(72, 'Stock/ Commodity Brokers', NULL, NULL),
(73, 'Sugar', NULL, NULL),
(74, 'Telecom-Handsets/Mobile', NULL, NULL),
(75, 'Telecomm Equipment & Infra Services', NULL, NULL),
(76, 'Telecomm-Service', NULL, NULL),
(77, 'Textiles', NULL, NULL),
(78, 'Tobacco Products', NULL, NULL),
(79, 'Trading', NULL, NULL),
(80, 'Tyres', NULL, NULL);

-- --------------------------------------------------------

--
-- Table structure for table `menu_language_management`
--

CREATE TABLE `menu_language_management` (
  `id` bigint UNSIGNED NOT NULL,
  `table` varchar(255) CHARACTER SET utf8mb4 COLLATE utf8mb4_unicode_ci NOT NULL COMMENT 'menu table name',
  `table_id` int NOT NULL COMMENT 'menu table id',
  `title` varchar(255) CHARACTER SET utf8mb4 COLLATE utf8mb4_unicode_ci DEFAULT NULL,
  `description` varchar(255) CHARACTER SET utf8mb4 COLLATE utf8mb4_unicode_ci DEFAULT NULL,
  `language` varchar(255) CHARACTER SET utf8mb4 COLLATE utf8mb4_unicode_ci DEFAULT NULL,
  `created_at` timestamp NULL DEFAULT NULL,
  `updated_at` timestamp NULL DEFAULT NULL
) ENGINE=InnoDB DEFAULT CHARSET=utf8mb4 COLLATE=utf8mb4_unicode_ci;

--
-- Dumping data for table `menu_language_management`
--

INSERT INTO `menu_language_management` (`id`, `table`, `table_id`, `title`, `description`, `language`, `created_at`, `updated_at`) VALUES
(1, 'top_header_menus', 1, 'हमारे बारे में', NULL, 'hi', '2024-04-10 19:37:39', '2024-04-10 19:37:39'),
(2, 'top_header_menus', 3, 'समाचार', NULL, 'hi', '2024-04-10 19:38:10', '2024-04-10 19:38:10'),
(4, 'header_menus', 5, 'भागीदार बनें', NULL, 'hi', '2024-04-10 19:39:03', '2024-04-10 19:39:03'),
(7, 'header_menu_children', 6, 'भुगतान गेटवे', 'भुगतान गेटवे भुगतान गेटवे', 'hi', '2024-04-10 19:49:46', '2024-04-10 19:49:46'),
(8, 'header_menu_children', 2, 'वेबस्टोर बनाएं', 'व्यवसाय को ऑनलाइन सशक्त बनाएं', 'hi', '2024-04-11 17:10:05', '2024-04-11 17:10:05'),
(9, 'header_menu_children', 1, 'वेबसाइट बनाएं', 'आपके लिए डिजिटल स्थान तैयार करना', 'hi', '2024-04-11 17:10:47', '2024-04-11 17:10:47'),
(10, 'header_menu_children', 3, 'बाज़ारों से जुड़ें', 'अपने ब्रांड की उपस्थिति बढ़ाएँ', 'hi', '2024-04-11 17:11:24', '2024-04-11 17:11:24'),
(11, 'header_menu_children', 4, 'डिजिटल विपणन', 'प्रभाव को अधिकतम करें, विकास को गति दें', 'hi', '2024-04-11 17:13:03', '2024-04-11 17:13:03'),
(12, 'header_menu_sub_children', 1, 'माल भाड़ा अग्रेषण', 'डेटा-संचालित अंतर्दृष्टि के साथ दक्षता बढ़ाएँ', 'hi', '2024-04-11 17:27:20', '2024-04-11 17:27:20'),
(13, 'header_menu_sub_children', 8, 'माल भाड़ा अग्रेषण', 'डेटा-संचालित अंतर्दृष्टि के साथ दक्षता बढ़ाएँ', 'hi', '2024-04-11 17:27:23', '2024-04-11 17:27:23'),
(17, 'header_menu_sub_children', 3, 'भंडारण', 'इन्वेंट्री को ट्रैक करें और अनावश्यक प्रक्रिया को समाप्त करें', 'hi', '2024-04-11 17:29:24', '2024-04-11 17:29:24'),
(18, 'header_menu_sub_children', 4, 'ई-कॉमर्स पूर्ति', 'बेजोड़ अंत-से-अंत पारदर्शिता', 'hi', '2024-04-11 17:30:10', '2024-04-11 17:30:10'),
(20, 'header_menu_sub_children', 5, 'उत्पादन', 'Track and analyze supplier KPIs', 'hi', '2024-04-11 17:31:10', '2024-04-11 17:31:10'),
(23, 'header_menu_sub_children', 6, 'वितरण', 'प्रक्रिया को अनुकूलित करें और दक्षता में सुधार करें', 'hi', '2024-04-11 17:32:17', '2024-04-11 17:32:17'),
(24, 'header_menu_sub_children', 7, 'व्यापार', 'साझेदारों के लिए पारदर्शी एवं सहयोगी वातावरण', 'hi', '2024-04-11 17:33:03', '2024-04-11 17:33:03'),
(25, 'header_menu_sub_children', 14, 'व्यापार', 'साझेदारों के लिए पारदर्शी एवं सहयोगी वातावरण', 'hi', '2024-04-11 17:33:07', '2024-04-11 17:33:07'),
(26, 'header_menu_sub_children', 9, 'परिवहन', 'रूटिंग और डिलीवरी समय में सुधार करें', 'hi', '2024-04-11 17:34:16', '2024-04-11 17:34:16'),
(27, 'header_menu_sub_children', 2, 'परिवहन', 'रूटिंग और डिलीवरी समय में सुधार करें', 'hi', '2024-04-11 17:34:39', '2024-04-11 17:34:39'),
(29, 'header_menu_children', 5, 'व्यवसाय भुगतान मंच', 'भुगतान को निर्बाध और डिजिटल रूप से सरल बनाना', 'hi', '2024-04-11 17:36:38', '2024-04-11 17:36:38'),
(30, 'header_menus', 1, 'ऑनलाइन जाओ', NULL, 'hi', '2024-04-11 17:37:17', '2024-04-11 17:37:17'),
(31, 'header_menus', 2, 'इंडस्ट्रीज', NULL, 'hi', '2024-04-11 17:37:42', '2024-04-11 17:37:42'),
(32, 'header_menus', 3, 'वित्तीय सेवाएं', NULL, 'hi', '2024-04-11 17:37:51', '2024-04-11 17:37:51'),
(33, 'header_menus', 4, 'मूल्य निर्धारण', NULL, 'hi', '2024-04-11 17:38:12', '2024-04-11 17:38:12'),
(34, 'top_header_menus', 2, 'आयोजन', NULL, 'hi', '2024-04-11 17:38:59', '2024-04-11 17:38:59'),
(35, 'top_header_menus', 4, 'ब्लॉग', NULL, 'hi', '2024-04-11 17:39:18', '2024-04-11 17:39:18'),
(36, 'top_header_menus', 5, 'संपर्क करें', NULL, 'hi', '2024-04-11 17:39:44', '2024-04-11 17:39:44'),
(37, 'header_menu_sub_children', 10, 'भंडारण', 'इन्वेंट्री को ट्रैक करें और अनावश्यक प्रक्रिया को समाप्त करें', 'hi', '2025-02-11 05:21:22', '2025-02-11 05:21:22'),
(38, 'header_menu_sub_children', 11, 'ई-कॉमर्स पूर्ति', 'बेजोड़ अंत-से-अंत पारदर्शिता', 'hi', '2025-02-11 05:23:06', '2025-02-11 05:23:06'),
(39, 'header_menu_sub_children', 12, 'उत्पादन', 'Track and analyze supplier KPIs', 'hi', '2025-02-11 05:24:34', '2025-02-11 05:24:34'),
(40, 'header_menu_sub_children', 13, 'वितरण', 'प्रक्रिया को अनुकूलित करें और दक्षता में सुधार करें', 'hi', '2025-02-11 05:25:31', '2025-02-11 05:25:31');

-- --------------------------------------------------------

--
-- Table structure for table `message_management`
--

CREATE TABLE `message_management` (
  `id` bigint UNSIGNED NOT NULL,
  `key` varchar(255) CHARACTER SET utf8mb4 COLLATE utf8mb4_unicode_ci NOT NULL,
  `value` varchar(255) CHARACTER SET utf8mb4 COLLATE utf8mb4_unicode_ci DEFAULT NULL,
  `created_at` timestamp NULL DEFAULT NULL,
  `updated_at` timestamp NULL DEFAULT NULL
) ENGINE=InnoDB DEFAULT CHARSET=utf8mb4 COLLATE=utf8mb4_unicode_ci;

--
-- Dumping data for table `message_management`
--

INSERT INTO `message_management` (`id`, `key`, `value`, `created_at`, `updated_at`) VALUES
(1, 'duplicate-email', 'User already exits, signup with different email address.', NULL, NULL),
(2, 'wrong-otp', 'Incorrect OTP, Please try again.', NULL, NULL),
(3, 'otp-expired', 'OTP has been expired.', NULL, NULL),
(4, 'email-again', 'You need to validate email again through email validation process.', NULL, NULL),
(5, 'email-not-exist', 'The email address you have entered does not belong to any account.', NULL, NULL),
(6, 'email-verified', 'Your email address is already verified. Now you can login.', NULL, NULL),
(7, 'email-verify', 'Your email address has been verified.', NULL, NULL),
(8, 'registred-mail', 'Please enter your registered email address', NULL, NULL),
(9, 'registred-mail-email-verify', 'Please enter your registered email address', NULL, NULL),
(10, 'old-password-not-match', 'Password Incorrect, please re-enter old password.', NULL, NULL),
(11, 'password-save', 'Your password has been changed successfully.', NULL, NULL),
(12, 'account-delete', 'Your account is deleted by admin!', NULL, NULL),
(13, 'account-delete-email-verify', 'Your account is being disabled. Please sign up again', NULL, NULL),
(14, 'account-not-verified', 'Your account has been deleted by admin!', NULL, NULL),
(15, 'otp-sent', 'OTP has been sent to your registered email address.', NULL, NULL),
(16, 'email-not-verified', 'The entered email address is not validated. Please validate your email address ({EMAIL_ADDRESS}) through {LINK}.', NULL, NULL),
(17, 'otp-sent-account-verified', 'You will receive an OTP in your registered email address for further verification.', NULL, NULL),
(18, 'resend-otp', 'OTP has been sent to your registered email address. Please check your email.', NULL, NULL),
(19, 'duplicate-company-email', 'Company is already registered.', NULL, NULL),
(20, 'validate-email-popup', 'You will receive a One-Time Password (OTP) in your registered email address for further verification.', NULL, NULL),
(21, 'contact-us-thankyou', 'Thank you for contacting us.', NULL, NULL),
(22, 'customer-new-registered', 'OTP has been sent to your email address for further verification.', NULL, NULL),
(23, 'subscription-success', 'Thank You for Subscription', NULL, NULL),
(24, 'excetion-error', '500 Server Error', NULL, NULL),
(25, 'customer-profile-photo-update-successfully', 'Photo uploaded successfully.', NULL, NULL),
(26, 'customer-profile-photo-select-a-photo', 'Please select a photo first.', NULL, NULL),
(27, 'customer-profile-photo-error-uploading-photo', 'Error in uploading photo. Please try again..', NULL, NULL),
(28, 'customer-profile-photo-remove-successfully', 'Photo removed successfully.', NULL, NULL),
(29, 'customer-profile-photo-error-remove-photo', 'Error uploading photo. Please try again..', NULL, NULL),
(30, 'customer-profile-record-update-successfully', 'Record updated successfully.', NULL, NULL),
(31, 'customer-profile-something-wrong', 'something went wrong.', NULL, NULL),
(32, 'customer-profile-about-blank', 'Please Write About Yourself', NULL, NULL),
(33, 'subscription-upgrade-success', 'Subscription upgraded successfully.', NULL, NULL),
(34, 'subscription-upgrade-error', 'something wrong', NULL, NULL),
(35, 'subscription-paid-success', 'Subscription paid successfully.', NULL, NULL),
(36, 'subscription-paid-error', 'something wrong', NULL, NULL),
(37, 'post-comment-add-successfully', 'Comment added successfully', NULL, NULL),
(38, 'post-comment-add-error', 'Something went wrong', NULL, NULL),
(39, 'domain-may-not-exist', 'The account or domain may not exist, they may be blacklisted, or missing', NULL, NULL),
(40, 'please-fill-all-fields', 'Please fill all fields', NULL, NULL),
(41, 'registration-success-message', 'Thank you for registering with us, you will receive an OTP in your registered email address for further verification.', NULL, NULL),
(42, 'unable-to-create-the-payment-link', 'Unable to create the payment link {Message}', NULL, NULL),
(43, 'registration-completed-successfully', 'Registration Completed Successfully', NULL, NULL),
(44, 'please-update-contract', 'Registration Completed Successfully, Please Update Contract', NULL, NULL),
(45, 'your-email-address-has-been-verified', 'Your email address has been verified.', NULL, NULL),
(46, 'processing', 'Processing....', NULL, NULL),
(47, 'admin-reject-kyc-document', 'Admin rejected your some Fields or Documents, Please again Update rejected Fields or Documents', NULL, NULL),
(48, 'admin-reject-contract-document', 'Admin rejected your contract, Please again Upload Contract', NULL, NULL),
(49, 'kyc-document-uploaded-successfully', 'Your KYC Document Uploaded Successfully', NULL, NULL),
(50, 'contract-uploaded-successfully', 'Your Contract Uploaded Successfully', NULL, NULL),
(51, 'rejected-files-fields-uploaded-successfully', 'Your rejected files and fields Uploaded Successfully', NULL, NULL),
(52, 'partner-contract-uploaded-successfully', 'Contract Uploaded Successfully', NULL, NULL),
(53, 'partner-uploaded-files-and-fields-successfully', 'Files and Fields Uploaded Successfully', NULL, NULL),
(54, 'partner-contract-renewal-for-partner-notification', 'Please update contract and kyc form', NULL, NULL);

-- --------------------------------------------------------

--
-- Table structure for table `message_management_values`
--

CREATE TABLE `message_management_values` (
  `id` bigint UNSIGNED NOT NULL,
  `key` varchar(255) CHARACTER SET utf8mb4 COLLATE utf8mb4_unicode_ci NOT NULL COMMENT 'Table message_management key',
  `value` varchar(255) CHARACTER SET utf8mb4 COLLATE utf8mb4_unicode_ci DEFAULT NULL,
  `language` varchar(255) CHARACTER SET utf8mb4 COLLATE utf8mb4_unicode_ci NOT NULL DEFAULT 'en',
  `created_at` timestamp NULL DEFAULT NULL,
  `updated_at` timestamp NULL DEFAULT NULL
) ENGINE=InnoDB DEFAULT CHARSET=utf8mb4 COLLATE=utf8mb4_unicode_ci;

--
-- Dumping data for table `message_management_values`
--

INSERT INTO `message_management_values` (`id`, `key`, `value`, `language`, `created_at`, `updated_at`) VALUES
(1, 'duplicate-email', 'उपयोगकर्ता पहले से मौजूद है, किसी भिन्न ईमेल आईडी से साइन अप करें।', 'hi', '2024-04-11 06:31:28', '2024-07-25 15:18:06'),
(2, 'email-not-exist', 'आपके द्वारा दर्ज किया गया ईमेल पता किसी खाते से संबंधित नहीं है।', 'hi', '2024-04-11 08:18:28', '2024-04-11 08:18:28'),
(3, 'processing', 'प्रसंस्करण', 'hi', '2024-04-11 19:09:56', '2024-04-11 19:09:56'),
(4, 'duplicate-email', 'User already exists, sign up with a different email address.', 'en', '2024-07-25 14:40:02', '2024-07-25 15:40:20'),
(6, 'wrong-otp', 'Incorrect OTP entered. Try again.', 'en', '2024-07-25 15:27:52', '2024-07-25 15:27:52'),
(7, 'otp-expired', 'OTP expired.', 'en', '2024-07-25 15:31:03', '2024-07-25 15:31:03'),
(8, 'email-again', 'Validate email address again.', 'en', '2024-07-25 15:32:47', '2024-07-25 15:32:47'),
(9, 'email-not-exist', 'Email address invalid.', 'en', '2024-07-25 15:40:10', '2024-07-25 16:23:55'),
(10, 'email-verified', 'Email address already verified. Login now.', 'en', '2024-07-25 15:41:25', '2024-07-25 15:42:36'),
(11, 'email-verify', 'Email address verified.', 'en', '2024-07-25 15:43:07', '2024-07-25 15:43:07'),
(12, 'registred-mail', 'Enter your registered email address.', 'en', '2024-07-25 15:43:38', '2024-07-25 15:43:38'),
(13, 'old-password-not-match', 'Incorrect password. Try again.', 'en', '2024-07-25 15:51:43', '2024-07-25 15:51:43'),
(14, 'password-save', 'Password changed successfully.', 'en', '2024-07-25 15:53:12', '2024-07-25 15:53:12'),
(15, 'account-delete', 'Account deleted by admin!', 'en', '2024-07-25 15:54:26', '2024-07-25 15:54:26'),
(16, 'account-delete-email-verify', 'Account disabled. Sign up again.', 'en', '2024-07-25 15:55:09', '2024-07-25 15:55:28'),
(17, 'otp-sent', 'OTP sent to your registered email address.', 'en', '2024-07-25 15:56:51', '2024-07-25 16:24:37'),
(18, 'email-not-verified', 'Email address not validated. Validate (email address) through (link)', 'en', '2024-07-25 15:58:16', '2024-07-25 15:58:16'),
(19, 'otp-sent-account-verified', 'For further verification, OTP will be sent to your registered email address.', 'en', '2024-07-25 16:02:12', '2024-07-25 16:25:04'),
(20, 'registred-mail-email-verify', 'Enter your registered email address.', 'en', '2024-07-25 16:03:33', '2024-07-25 16:03:33'),
(21, 'account-not-verified', 'Account deleted by admin.', 'en', '2024-07-25 16:04:36', '2024-07-25 16:04:36'),
(22, 'resend-otp', 'OTP sent to your registered email address.', 'en', '2024-07-25 16:09:49', '2024-07-25 16:09:49'),
(23, 'duplicate-company-email', 'Company already registered.', 'en', '2024-07-25 16:12:29', '2024-07-25 16:12:29'),
(24, 'validate-email-popup', 'For further verification, OTP will be sent to your registered email address.', 'en', '2024-07-25 16:13:19', '2024-07-25 16:23:05'),
(25, 'contact-us-thankyou', 'Thank you for contacting us.', 'en', '2024-07-25 16:14:56', '2024-07-25 16:14:56'),
(26, 'customer-new-registered', 'OTP sent to your registered email address.', 'en', '2024-07-25 16:17:20', '2024-07-25 16:20:52'),
(27, 'subscription-success', 'Thank you for subscribing!', 'en', '2024-07-25 16:27:24', '2024-07-25 16:27:24'),
(28, 'customer-profile-photo-update-successfully', 'Uploaded successfully.', 'en', '2024-07-25 16:28:40', '2024-07-25 16:28:40'),
(29, 'customer-profile-photo-select-a-photo', 'Select a photo', 'en', '2024-07-25 16:29:18', '2024-07-25 16:29:18'),
(30, 'customer-profile-photo-error-uploading-photo', 'Error in uploading. Try again.', 'en', '2024-07-25 16:30:01', '2024-07-25 16:30:01'),
(31, 'customer-profile-record-update-successfully', 'Record updated successfully.', 'en', '2024-07-25 16:31:03', '2024-07-25 16:31:03'),
(32, 'customer-profile-something-wrong', 'Something went wrong.', 'en', '2024-07-25 16:31:58', '2024-07-25 16:31:58'),
(33, 'customer-profile-about-blank', 'About your company', 'en', '2024-07-25 16:32:46', '2024-07-25 16:32:46'),
(34, 'subscription-upgrade-success', 'Subscription upgraded.', 'en', '2024-07-25 16:33:37', '2024-07-25 16:33:37'),
(35, 'subscription-upgrade-error', 'Something went wrong.', 'en', '2024-07-25 16:34:40', '2024-07-25 16:34:40'),
(36, 'subscription-paid-success', 'Payment successful.', 'en', '2024-07-25 16:35:39', '2024-07-25 16:35:39'),
(37, 'subscription-paid-error', 'Something went wrong.', 'en', '2024-07-25 16:37:39', '2024-07-25 16:37:39'),
(38, 'post-comment-add-successfully', 'Comment added.', 'en', '2024-07-25 16:38:36', '2024-07-25 16:38:36'),
(39, 'post-comment-add-error', 'Something went wrong.', 'en', '2024-07-25 16:39:18', '2024-07-25 16:39:18'),
(40, 'domain-may-not-exist', 'Account / Domain does not exist.', 'en', '2024-07-25 16:40:34', '2024-07-25 16:40:34'),
(41, 'please-fill-all-fields', 'Fill all the fields.', 'en', '2024-07-25 16:41:17', '2024-07-25 16:41:17'),
(42, 'registration-success-message', 'Thank you registering. For further verification, OTP will be sent to your registered email address.', 'en', '2024-07-25 16:43:26', '2024-07-25 16:43:26'),
(43, 'unable-to-create-the-payment-link', 'Unable to create payment link', 'en', '2024-07-25 17:51:06', '2024-07-25 17:51:06'),
(44, 'registration-completed-successfully', 'Registration completed.', 'en', '2024-07-25 17:52:38', '2024-07-25 17:52:38'),
(45, 'please-update-contract', 'Registration Completed. Update Contract.', 'en', '2024-07-25 17:55:39', '2024-07-25 17:57:31'),
(46, 'your-email-address-has-been-verified', 'Email address verified.', 'en', '2024-07-25 17:57:09', '2024-07-25 17:57:09'),
(47, 'processing', 'Your request is in process.', 'en', '2024-07-25 18:01:02', '2024-07-25 18:01:02'),
(48, 'admin-reject-kyc-document', 'Few fields / documents rejected. Update again.', 'en', '2024-07-25 18:05:41', '2024-07-25 18:05:41'),
(49, 'admin-reject-contract-document', 'Contract rejected. Upload again.', 'en', '2024-07-25 18:07:36', '2024-07-25 18:07:36'),
(50, 'kyc-document-uploaded-successfully', 'KYC documents uploaded.', 'en', '2024-07-25 18:11:15', '2024-07-25 18:11:15'),
(51, 'contract-uploaded-successfully', 'Contract uploaded.', 'en', '2024-07-25 18:14:01', '2024-07-25 18:14:01'),
(52, 'rejected-files-fields-uploaded-successfully', 'Documents / fields uploaded.', 'en', '2024-07-25 18:15:08', '2024-07-25 18:16:30');

-- --------------------------------------------------------

--
-- Table structure for table `migrations`
--

CREATE TABLE `migrations` (
  `id` int UNSIGNED NOT NULL,
  `migration` varchar(255) COLLATE utf8mb4_unicode_ci NOT NULL,
  `batch` int NOT NULL
) ENGINE=InnoDB DEFAULT CHARSET=utf8mb4 COLLATE=utf8mb4_unicode_ci;

--
-- Dumping data for table `migrations`
--

INSERT INTO `migrations` (`id`, `migration`, `batch`) VALUES
(1, '2014_10_12_000000_create_users_table', 1),
(2, '2014_10_12_100000_create_password_resets_table', 1),
(3, '2014_10_12_200000_add_two_factor_columns_to_users_table', 1),
(4, '2019_08_19_000000_create_failed_jobs_table', 1),
(5, '2019_12_14_000001_create_personal_access_tokens_table', 1),
(6, '2020_05_21_100000_create_teams_table', 1),
(7, '2020_05_21_200000_create_team_user_table', 1),
(8, '2020_05_21_300000_create_team_invitations_table', 1),
(9, '2022_08_08_131334_create_sessions_table', 1),
(10, '2022_08_12_124859_create_blog_categories_table', 1),
(11, '2023_01_07_122221_create_users_verify_table', 1),
(12, '2023_01_09_055050_create_email_management_table', 1),
(13, '2023_04_04_135419_create_posts_table', 1),
(14, '2023_04_07_174857_create_industries_categories_table', 1),
(15, '2023_04_10_121417_create_industries_table', 1),
(16, '2023_04_10_161104_create_industries_services_table', 1),
(17, '2023_04_11_134136_create_industries_key_offerings_table', 1),
(18, '2023_04_11_161318_create_home_sliders_table', 1),
(19, '2023_04_11_183232_create_home_features_table', 1),
(20, '2023_04_11_191558_create_home_integrated_supplies_table', 1),
(21, '2023_04_12_112616_create_home_our_services_table', 1),
(22, '2023_04_12_113008_create_home_our_services_children_table', 1),
(23, '2023_04_12_145504_create_home_industries_table', 1),
(24, '2023_04_12_154035_create_languages_table', 1),
(25, '2023_04_12_162816_create_pricings_table', 1),
(26, '2023_04_13_123826_create_home_brands_table', 1),
(27, '2023_04_13_132304_create_home_customers_derives_table', 1),
(28, '2023_04_13_145419_create_home_clouds_table', 1),
(29, '2023_04_13_160610_create_home_sections_table', 1),
(30, '2023_04_15_173105_create_header_management_table', 1),
(31, '2023_04_17_192102_create_pricing_addons_table', 1),
(32, '2023_04_17_192233_create_pricing_features_table', 1),
(33, '2023_04_19_120805_create_currencies_table', 1),
(34, '2023_04_19_124353_create_g_s_t_s_table', 1),
(35, '2023_04_19_183214_create_financial_services_table', 1),
(36, '2023_04_19_183308_create_financial_services_cards_table', 1),
(37, '2023_04_19_183849_create_financial_services_services_table', 1),
(38, '2023_05_05_153828_create_notifications_table', 1),
(39, '2023_05_17_181437_create_plan_pricings_table', 1),
(40, '2023_05_20_124043_create_financial_service_business_payment_platforms_table', 1),
(41, '2023_05_20_191526_create_go_online_digital_marketing_services_table', 1),
(42, '2023_05_22_130247_create_go_online_digital_marketing_services_benefits_table', 1),
(43, '2023_05_22_130308_create_go_online_digital_marketing_services_features_table', 1),
(44, '2023_05_22_162809_create_go_online_create_websites_table', 1),
(45, '2023_05_22_163218_create_go_online_create_website_features_table', 1),
(46, '2023_05_22_163237_create_go_online_create_website_themes_table', 1),
(48, '2023_05_23_125205_create_order_metas_table', 1),
(49, '2023_05_23_125414_create_transactions_table', 1),
(50, '2023_05_25_155005_create_general_page_management_table', 1),
(51, '2023_05_25_180430_create_vission_and_missions_table', 1),
(52, '2023_05_25_180458_create_vission_and_mission_our_core_values_table', 1),
(53, '2023_05_25_182022_create_vission_and_mission_features_table', 1),
(54, '2023_06_01_134946_create_contact_us_table', 1),
(55, '2023_06_01_135033_create_contact_us_global_offices_table', 1),
(56, '2023_06_01_135049_create_contact_us_global_offices_addresses_table', 1),
(57, '2023_06_07_153411_create_calling_codes_table', 1),
(58, '2023_07_04_190726_create_post_likes_table', 1),
(59, '2023_07_04_190749_create_post_comments_table', 1),
(60, '2023_07_07_104001_create_contact_us_form_data_table', 1),
(61, '2023_07_12_154026_create_events_table', 1),
(62, '2023_07_13_163853_create_event_dates_table', 1),
(63, '2023_07_17_125531_create_event_form_data_table', 1),
(64, '2023_07_26_160224_create_customer_details_table', 1),
(65, '2023_08_01_111554_create_currency_lists_table', 1),
(66, '2023_08_01_111646_create_country_lists_table', 1),
(67, '2023_08_01_111736_create_state_lists_table', 1),
(68, '2023_08_03_133321_create_industry_lists_table', 1),
(69, '2023_09_29_125950_create_email_notifications_table', 1),
(70, '2023_10_13_170652_create_home_slider_children_table', 1),
(71, '2023_10_13_170843_create_home_slider_autos_table', 1),
(72, '2023_10_21_133746_create_customer_notifications_table', 1),
(73, '2023_12_01_120256_create_partner_detail_meta_data_table', 1),
(74, '2023_12_15_194117_create_footer_social_icons_table', 1),
(75, '2023_12_16_125835_create_header_menus_table', 1),
(76, '2023_12_16_150559_create_header_menu_children_table', 1),
(77, '2023_12_16_185621_create_header_menu_sub_children_table', 1),
(78, '2023_12_28_173043_create_payment_gateway_keys_table', 1),
(79, '2023_12_30_111715_create_footer_menus_table', 1),
(80, '2023_12_30_111926_create_footer_menu_children_table', 1),
(81, '2023_12_30_140339_create_top_header_menus_table', 1),
(82, '2024_01_06_162020_create_market_sectors_lists_table', 1),
(84, '2024_03_22_152205_create_partner_page_contents_table', 1),
(85, '2024_03_27_105500_create_partner_page_contracts_table', 1),
(88, '2024_04_05_113332_create_label_management_table', 2),
(90, '2024_04_05_173124_create_label_management_values_table', 3),
(91, '2024_04_08_182947_create_menu_language_management_table', 4),
(92, '2024_04_11_110349_create_message_management_table', 4),
(94, '2024_04_11_110527_create_message_management_values_table', 4),
(95, '2024_08_24_115028_create_pricing_addones_prices_table', 5),
(98, '2023_05_23_125007_create_subscriptions_table', 6),
(99, '2024_08_24_184209_create_subscription_addons_table', 6),
(100, '2024_09_13_173806_create_partner_bios_table', 7),
(101, '2024_03_13_182456_create_partner_notifications_table', 8);

-- --------------------------------------------------------

--
-- Table structure for table `notifications`
--

CREATE TABLE `notifications` (
  `id` bigint UNSIGNED NOT NULL,
  `title` varchar(255) CHARACTER SET utf8mb4 COLLATE utf8mb4_unicode_ci DEFAULT NULL,
  `description` longtext CHARACTER SET utf8mb4 COLLATE utf8mb4_unicode_ci,
  `status` enum('0','1') CHARACTER SET utf8mb4 COLLATE utf8mb4_unicode_ci NOT NULL DEFAULT '0',
  `notification_from` enum('0','1','2','3','4','5') CHARACTER SET utf8mb4 COLLATE utf8mb4_unicode_ci NOT NULL DEFAULT '0' COMMENT '0->default, 1->customer registration, 2->partner registration, 3->lob subscription, 4->post/blog comment, , 5->event form	',
  `table_id` bigint DEFAULT NULL,
  `created_at` timestamp NULL DEFAULT NULL,
  `updated_at` timestamp NULL DEFAULT NULL
) ENGINE=InnoDB DEFAULT CHARSET=utf8mb4 COLLATE=utf8mb4_unicode_ci;

--
-- Dumping data for table `notifications`
--

INSERT INTO `notifications` (`id`, `title`, `description`, `status`, `notification_from`, `table_id`, `created_at`, `updated_at`) VALUES
(1, 'Hitesh Chaudahri has registered as a partner', 'Hitesh Registered as partner <b>Email:</b>hitesh.chaudhari@trejhara.com', '1', '2', 2, '2024-11-14 05:04:24', '2025-01-09 05:46:21'),
(2, 'Hitesh Chaudahri partner has upload KYC form', 'partner uploaded KYC document current partner status is under verification.', '1', '2', 2, '2024-11-14 05:17:38', '2025-01-09 05:46:21'),
(3, 'Hitesh Chaudahri partner contract Uploaded', 'partner contract under process', '1', '2', 2, '2024-11-14 05:29:52', '2025-01-09 05:46:21'),
(4, 'Shubham Chaudhari has registered as a customer', 'Shubham Registered as customer <br> <b>Code:</b>AU202401 <b>Email:</b>hitesh.chaudhari27@gmail.com', '1', '1', 3, '2024-11-14 05:50:35', '2025-01-09 05:46:21'),
(5, 'Prasad Chaudhari has registered as a customer', 'Prasad Registered as customer <br> <b>Code:</b>GO202401 <b>Email:</b>hiteshschaudhari27@gmail.com', '1', '1', 4, '2024-11-14 05:54:03', '2025-01-09 05:46:21'),
(6, 'Prasad Chaudhari Purchase Lob Subscription', 'Prasad Chaudhari Purchase FREIGHT FORWARDING (Basic).', '1', '3', 1, '2024-11-14 06:06:58', '2025-01-09 05:46:21'),
(7, 'Hemant Chaudhari has registered as a customer', 'Hemant Registered as customer <br> <b>Code:</b>ZO202401 <b>Email:</b>hiteshprasad123@gmail.com', '1', '1', 5, '2024-11-14 06:32:17', '2025-01-09 05:46:21'),
(8, 'Hemant Chaudhari Purchase Lob Subscription', 'Hemant Chaudhari Purchase WAREHOUSING (Basic).', '1', '3', 2, '2024-11-14 06:46:37', '2025-01-09 05:46:21'),
(9, 'Satya Tiwari has registered in the event.', 'Registered in event: <br><b>Event Name:</b>Aurobees 2.0 Warehousing the Boost test <br><b>Event Date:</b>01-12-2024 12:30 PM', '1', '5', 4, '2024-11-29 09:43:10', '2025-01-09 05:46:21'),
(10, 'Satya Ti has registered as a customer', 'Satya Registered as customer <br> <b>Code:</b>DE202401 <b>Email:</b>sntiwari710@gmail.com', '1', '1', 6, '2024-11-29 09:49:35', '2025-01-09 05:46:21'),
(11, 'Satya Ti Purchase Lob Subscription', 'Satya Ti Purchase FREIGHT FORWARDING (Basic).', '1', '3', 3, '2024-11-29 10:03:14', '2025-01-09 05:46:21'),
(12, 'Vaibhav Pitale has registered as a customer', 'Vaibhav Registered as customer <br> <b>Code:</b>AP202401 <b>Email:</b>vaibhav.pitale@aurionpro.com', '1', '1', 7, '2024-12-03 10:48:41', '2025-01-09 05:46:21'),
(13, 'Vaibhav Pitale Purchase Lob Subscription', 'Vaibhav Pitale Purchase FREIGHT FORWARDING (Basic).', '1', '3', 4, '2024-12-03 10:54:01', '2025-01-09 05:46:21'),
(14, 'Siddhesh Lad has registered as a customer', 'Siddhesh Registered as customer <br> <b>Code:</b>AP202402 <b>Email:</b>siddhesh.lad@trejhara.com', '1', '1', 8, '2024-12-05 04:28:45', '2025-01-09 05:46:21'),
(15, 'Siddhesh Lad Purchase Lob Subscription', 'Siddhesh Lad Purchase MANUFACTURING (Basic).', '1', '3', 5, '2024-12-05 04:31:50', '2025-01-09 05:46:21'),
(16, 'Saurabh Tiwari has registered as a partner', 'Saurabh Registered as partner <b>Email:</b>saurabh.tiwari@aurionpro.com', '1', '2', 9, '2024-12-18 06:06:38', '2025-01-09 05:46:21'),
(17, 'Saurabh Tiwari partner has upload KYC form', 'partner uploaded KYC document current partner status is under verification.', '1', '2', 9, '2024-12-18 06:11:50', '2025-01-09 05:46:21'),
(18, 'Saurabh Tiwari partner contract Uploaded', 'partner contract under process', '1', '2', 9, '2024-12-18 06:18:07', '2025-01-09 05:46:21'),
(19, 'Sanket Pal has registered as a customer', 'Sanket Registered as customer <br> <b>Code:</b>BA202401 <b>Email:</b>sanket.pal@aurionpro.com', '1', '1', 10, '2024-12-18 06:22:21', '2025-01-09 05:46:21'),
(20, 'Sanket Pal Purchase Lob Subscription', 'Sanket Pal Purchase FREIGHT FORWARDING (Basic).', '1', '3', 6, '2024-12-18 06:26:34', '2025-01-09 05:46:21'),
(21, 'jatin Kumar has registered as a customer', 'jatin Registered as customer <br> <b>Code:</b>AU202402 <b>Email:</b>jatin.kumar@aurionpro.com', '1', '1', 11, '2024-12-18 06:35:40', '2025-01-09 05:46:21'),
(22, 'Jatin Kumar Purchase Lob Subscription', 'Jatin Kumar Purchase FREIGHT FORWARDING (Basic).', '1', '3', 7, '2024-12-18 06:40:00', '2025-01-09 05:46:21'),
(23, 'Sampada Bhadane has registered as a customer', 'Sampada Registered as customer <br> <b>Code:</b>GO202402 <b>Email:</b>sampada.bhadane@aurionpro.com', '1', '1', 12, '2024-12-18 06:44:46', '2025-01-09 05:46:21'),
(24, 'Sampada Bhadane Purchase Lob Subscription', 'Sampada Bhadane Purchase MANUFACTURING (Basic).', '1', '3', 8, '2024-12-18 06:47:27', '2025-01-09 05:46:21'),
(25, 'Saurabh Tiwari partner contract Uploaded', 'partner contract under process', '1', '2', 9, '2024-12-18 11:09:21', '2025-01-09 05:46:21'),
(26, 'Snehal Pandit has registered as a customer', 'Snehal Registered as customer <br> <b>Code:</b>AU202501 <b>Email:</b>snehal.pandit@aurionpro.com', '1', '1', 13, '2025-01-03 08:49:25', '2025-01-09 05:46:21'),
(27, 'Snehal Pandit Purchase Lob Subscription', 'Snehal Pandit Purchase FREIGHT FORWARDING (Basic).', '1', '3', 9, '2025-01-03 08:58:05', '2025-01-09 05:46:21'),
(28, 'Jatin Kumar Purchase Lob Subscription', 'Jatin Kumar Purchase FREIGHT FORWARDING (Basic).', '1', '3', 10, '2025-01-06 18:38:36', '2025-01-09 05:46:21'),
(29, 'Admin User has comment on post', 'Admin User comment on post Digitalising supply chains to unlock trade inefficiencies', '1', '4', 6, '2025-01-09 05:36:28', '2025-01-09 05:46:21'),
(30, 'Hitesh Chaudahri has registered in the event.', 'Registered in event: <br><b>Event Name:</b>Aurobees onboarding <br><b>Event Date:</b>16-01-2025 12:00 PM', '1', '5', 5, '2025-01-09 05:39:26', '2025-01-09 05:46:21'),
(31, 'Administrator Sign up', 'Hitesh Registered as Administrator <br>Email:sarojkumar.panda@aurionpro.com', '1', '0', NULL, '2025-01-13 08:28:07', '2025-01-18 09:19:16'),
(32, 'Satya Ti Purchase Lob Subscription', 'Satya Ti Purchase E-COMMERCE FULFILMENT (Ecommerce) and payment is pending.', '1', '3', 11, '2025-01-18 08:20:15', '2025-01-18 09:19:16'),
(33, 'Satya Ti Purchase Lob Subscription', 'Satya Ti Purchase E-COMMERCE FULFILMENT (Ecommerce) and payment is pending.', '1', '3', 11, '2025-01-18 08:33:22', '2025-01-18 09:19:16'),
(34, 'Satya Ti Purchase Lob Subscription', 'Satya Ti Purchase DISTRIBUTION (Basic) and payment is pending.', '1', '3', 12, '2025-01-18 09:32:10', '2025-01-18 09:42:55'),
(35, 'Satya Ti Purchase Lob Subscription', 'Satya Ti Purchase DISTRIBUTION (Basic) and payment is pending.', '1', '3', 12, '2025-01-18 09:42:14', '2025-01-18 09:42:55'),
(36, 'Satya Ti Purchase Lob Subscription', 'Satya Ti Purchase WAREHOUSING (Advance) and payment is pending.', '1', '3', 13, '2025-01-18 09:52:28', '2025-01-18 09:54:41'),
(37, 'Satya Ti Purchase Lob Subscription', 'Satya Ti Purchase WAREHOUSING (Advance).', '1', '3', 13, '2025-01-18 09:59:43', '2025-01-20 08:22:37'),
(38, 'Satya Ti Purchase Lob Subscription', 'Satya Ti Purchase FREIGHT FORWARDING (Basic) and payment is pending.', '0', '3', 14, '2025-01-28 10:42:39', '2025-01-28 10:42:39'),
(39, 'Hitesh Chaudahri has registered as a customer', 'Hitesh Registered as customer <br> <b>Code:</b>AP202501 <b>Email:</b>abc@aurionpro.com', '0', '1', 15, '2025-02-03 09:02:42', '2025-02-03 09:02:42'),
(40, 'Sampada Bhadan Purchase Lob Subscription', 'Sampada Bhadan Purchase TRANSPORTATION (Basic) and payment is pending.', '0', '3', 15, '2025-02-03 10:35:58', '2025-02-03 10:35:58'),
(41, 'Sampada Bhadan Purchase Lob Subscription', 'Sampada Bhadan Purchase DISTRIBUTION (Basic) and payment is pending.', '0', '3', 16, '2025-02-04 06:11:25', '2025-02-04 06:11:25'),
(42, 'Sampada Bhadan Purchase Lob Subscription', 'Sampada Bhadan Purchase E-COMMERCE FULFILMENT (Ecommerce) and payment is pending.', '0', '3', 17, '2025-02-04 06:35:20', '2025-02-04 06:35:20'),
(43, 'Satya Ti Purchase Lob Subscription', 'Satya Ti Purchase MANUFACTURING (Basic).', '0', '3', 22, '2025-02-11 10:58:17', '2025-02-11 10:58:17'),
(44, 'Sampada Bhadan Purchase Lob Subscription', 'Sampada Bhadan Purchase TRADING (Basic).', '0', '3', 23, '2025-02-12 06:33:22', '2025-02-12 06:33:22'),
(45, 'Sampada Bhadan Purchase Lob Subscription', 'Sampada Bhadan Purchase DISTRIBUTION (Basic) and payment is pending.', '0', '3', 24, '2025-03-07 06:06:15', '2025-03-07 06:06:15'),
(46, 'Sampada Bhadan Purchase Lob Subscription', 'Sampada Bhadan Purchase DISTRIBUTION (Basic).', '0', '3', 24, '2025-03-07 06:13:18', '2025-03-07 06:13:18'),
(47, 'Sampada Bhadan Purchase Lob Subscription', 'Sampada Bhadan Purchase FREIGHT FORWARDING (Basic) and payment is pending.', '0', '3', 25, '2025-03-12 05:22:12', '2025-03-12 05:22:12'),
(48, 'Sampada Bhadan Purchase Lob Subscription', 'Sampada Bhadan Purchase FREIGHT FORWARDING (Basic).', '0', '3', 25, '2025-03-12 05:36:02', '2025-03-12 05:36:02'),
(49, 'Sampada Bhadan Purchase Lob Subscription', 'Sampada Bhadan Purchase TRANSPORTATION (Basic) and payment is pending.', '0', '3', 26, '2025-03-12 05:44:22', '2025-03-12 05:44:22'),
(50, 'Sampada Bhadan Purchase Lob Subscription', 'Sampada Bhadan Purchase TRANSPORTATION (Basic).', '0', '3', 26, '2025-03-12 05:45:51', '2025-03-12 05:45:51'),
(51, 'Sampada Bhadan Purchase Lob Subscription', 'Sampada Bhadan Purchase TRADING (Basic) and payment is pending.', '0', '3', 27, '2025-03-12 10:04:59', '2025-03-12 10:04:59'),
(52, 'Sampada Bhadan Purchase Lob Subscription', 'Sampada Bhadan Purchase MANUFACTURING (Basic) and payment is pending.', '0', '3', 28, '2025-03-12 10:11:00', '2025-03-12 10:11:00'),
(53, 'Satya Ti Purchase Lob Subscription', 'Satya Ti Purchase TRADING (Basic) and payment is pending.', '0', '3', 29, '2025-03-12 10:42:00', '2025-03-12 10:42:00'),
(54, 'Sampada Bhadan Purchase Lob Subscription', 'Sampada Bhadan Purchase FREIGHT FORWARDING (Basic) and payment is pending.', '0', '3', 30, '2025-03-13 06:32:43', '2025-03-13 06:32:43'),
(55, 'Sampada Bhadan Purchase Lob Subscription', 'Sampada Bhadan Purchase FREIGHT FORWARDING (Basic).', '0', '3', 30, '2025-03-13 06:45:22', '2025-03-13 06:45:22');

-- --------------------------------------------------------

--
-- Table structure for table `order_metas`
--

CREATE TABLE `order_metas` (
  `id` bigint UNSIGNED NOT NULL,
  `subscription_id` int NOT NULL COMMENT 'subscription Table(subscriptions) id',
  `key` varchar(255) CHARACTER SET utf8mb4 COLLATE utf8mb4_unicode_ci NOT NULL,
  `value` text CHARACTER SET utf8mb4 COLLATE utf8mb4_unicode_ci,
  `created_at` timestamp NULL DEFAULT NULL,
  `updated_at` timestamp NULL DEFAULT NULL
) ENGINE=InnoDB DEFAULT CHARSET=utf8mb4 COLLATE=utf8mb4_unicode_ci;

--
-- Dumping data for table `order_metas`
--

INSERT INTO `order_metas` (`id`, `subscription_id`, `key`, `value`, `created_at`, `updated_at`) VALUES
(1, 1, 'company_name', 'Google', NULL, NULL),
(2, 1, 'company_code', 'GO202401', NULL, NULL),
(3, 1, 'country', 'India', NULL, NULL),
(4, 1, 'state', 'Maharashtra', NULL, NULL),
(5, 1, 'city', 'kharghar, Navi Mumbai', NULL, NULL),
(6, 1, 'address_1', 'Flat Number 102', NULL, NULL),
(7, 1, 'address_2', 'Kesari Nandan Apartment, Belpada Setor 3, Kahrghar.', NULL, NULL),
(8, 1, 'pincode', '410210', NULL, NULL),
(9, 1, 'industry', 'Agriculture', NULL, NULL),
(10, 1, 'no_of_employee', '1-10', NULL, NULL),
(11, 1, 'first_name', 'Hitesh', NULL, NULL),
(12, 1, 'last_name', 'Chaudahri', NULL, NULL),
(13, 1, 'designation', 'BA', NULL, NULL),
(14, 1, 'address', 'Flat Number 102', NULL, NULL),
(15, 1, 'email', 'hiteshschaudhari27@gmail.com', NULL, NULL),
(16, 1, 'calling_code', '91', NULL, NULL),
(17, 1, 'phone', '07719980230', NULL, NULL),
(18, 1, 'billing_company_name', 'Google', NULL, NULL),
(19, 1, 'billing_country', 'India', NULL, NULL),
(20, 1, 'billing_state', 'Maharashtra', NULL, NULL),
(21, 1, 'billing_city', 'kharghar, Navi Mumbai', NULL, NULL),
(22, 1, 'billing_address_1', 'Flat Number 102', NULL, NULL),
(23, 1, 'billing_address_2', 'Kesari Nandan Apartment, Belpada Setor 3, Kahrghar.', NULL, NULL),
(24, 1, 'billing_email', 'hiteshschaudhari27@gmail.com', NULL, NULL),
(25, 1, 'billing_calling_code', '91', NULL, NULL),
(26, 1, 'billing_phone', '07719980230', NULL, NULL),
(27, 2, 'company_name', 'Zomato', NULL, NULL),
(28, 2, 'company_code', 'ZO202401', NULL, NULL),
(29, 2, 'country', 'India', NULL, NULL),
(30, 2, 'state', 'Maharashtra', NULL, NULL),
(31, 2, 'city', 'kharghar, Navi Mumbai', NULL, NULL),
(32, 2, 'address_1', 'Flat Number 102', NULL, NULL),
(33, 2, 'address_2', 'Flat Number 102', NULL, NULL),
(34, 2, 'pincode', '410210', NULL, NULL),
(35, 2, 'industry', 'Agriculture', NULL, NULL),
(36, 2, 'no_of_employee', '1-10', NULL, NULL),
(37, 2, 'first_name', 'Hemant', NULL, NULL),
(38, 2, 'last_name', 'Chaudhari', NULL, NULL),
(39, 2, 'designation', 'BA', NULL, NULL),
(40, 2, 'address', 'Flat Number 102', NULL, NULL),
(41, 2, 'email', 'hiteshprasad123@gmail.com', NULL, NULL),
(42, 2, 'calling_code', '91', NULL, NULL),
(43, 2, 'phone', '7719980230', NULL, NULL),
(44, 2, 'billing_company_name', 'Zomato', NULL, NULL),
(45, 2, 'billing_country', 'India', NULL, NULL),
(46, 2, 'billing_state', 'Maharashtra', NULL, NULL),
(47, 2, 'billing_city', 'kharghar, Navi Mumbai', NULL, NULL),
(48, 2, 'billing_address_1', 'Flat Number 102', NULL, NULL),
(49, 2, 'billing_address_2', 'Flat Number 102', NULL, NULL),
(50, 2, 'billing_email', 'hiteshprasad123@gmail.com', NULL, NULL),
(51, 2, 'billing_calling_code', '91', NULL, NULL),
(52, 2, 'billing_phone', '7719980230', NULL, NULL),
(53, 3, 'company_name', 'Dev', NULL, NULL),
(54, 3, 'company_code', 'DE202401', NULL, NULL),
(55, 3, 'country', 'India', NULL, NULL),
(56, 3, 'state', 'Delhi', NULL, NULL),
(57, 3, 'city', 'Delhi', NULL, NULL),
(58, 3, 'address_1', 'ASD 133', NULL, NULL),
(59, 3, 'address_2', 'ASD 133', NULL, NULL),
(60, 3, 'pincode', '110001', NULL, NULL),
(61, 3, 'industry', 'Agriculture', NULL, NULL),
(62, 3, 'no_of_employee', '1-10', NULL, NULL),
(63, 3, 'first_name', 'Satya', NULL, NULL),
(64, 3, 'last_name', 'Ti', NULL, NULL),
(65, 3, 'designation', 'Dev', NULL, NULL),
(66, 3, 'address', 'ASD 133', NULL, NULL),
(67, 3, 'email', 'sntiwari710@gmail.com', NULL, NULL),
(68, 3, 'calling_code', '91', NULL, NULL),
(69, 3, 'phone', '8989898989', NULL, NULL),
(70, 3, 'billing_company_name', 'Dev', NULL, NULL),
(71, 3, 'billing_country', 'India', NULL, NULL),
(72, 3, 'billing_state', 'Delhi', NULL, NULL),
(73, 3, 'billing_city', 'Delhi', NULL, NULL),
(74, 3, 'billing_address_1', 'ASD 133', NULL, NULL),
(75, 3, 'billing_address_2', 'ASD 133', NULL, NULL),
(76, 3, 'billing_email', 'sntiwari710@gmail.com', NULL, NULL),
(77, 3, 'billing_calling_code', '91', NULL, NULL),
(78, 3, 'billing_phone', '8989898989', NULL, NULL),
(79, 4, 'company_name', 'AP', NULL, NULL),
(80, 4, 'company_code', 'AP202401', NULL, NULL),
(81, 4, 'country', 'India', NULL, NULL),
(82, 4, 'state', 'Maharashtra', NULL, NULL),
(83, 4, 'city', 'kharghar, Navi Mumbai', NULL, NULL),
(84, 4, 'address_1', 'Flat Number 102', NULL, NULL),
(85, 4, 'address_2', 'Flat Number 102', NULL, NULL),
(86, 4, 'pincode', '410210', NULL, NULL),
(87, 4, 'industry', 'Agriculture', NULL, NULL),
(88, 4, 'no_of_employee', '1-10', NULL, NULL),
(89, 4, 'first_name', 'Vaibhav', NULL, NULL),
(90, 4, 'last_name', 'Pitale', NULL, NULL),
(91, 4, 'designation', 'BA', NULL, NULL),
(92, 4, 'address', 'Flat Number 102', NULL, NULL),
(93, 4, 'email', 'vaibhav.pitale@aurionpro.com', NULL, NULL),
(94, 4, 'calling_code', '91', NULL, NULL),
(95, 4, 'phone', '07719980230', NULL, NULL),
(96, 4, 'billing_company_name', 'AP', NULL, NULL),
(97, 4, 'billing_country', 'India', NULL, NULL),
(98, 4, 'billing_state', 'Maharashtra', NULL, NULL),
(99, 4, 'billing_city', 'kharghar, Navi Mumbai', NULL, NULL),
(100, 4, 'billing_address_1', 'Flat Number 102', NULL, NULL),
(101, 4, 'billing_address_2', 'Flat Number 102', NULL, NULL),
(102, 4, 'billing_email', 'vaibhav.pitale@aurionpro.com', NULL, NULL),
(103, 4, 'billing_calling_code', '91', NULL, NULL),
(104, 4, 'billing_phone', '07719980230', NULL, NULL),
(105, 5, 'company_name', 'AP', NULL, NULL),
(106, 5, 'company_code', 'AP202402', NULL, NULL),
(107, 5, 'country', 'India', NULL, NULL),
(108, 5, 'state', 'Maharashtra', NULL, NULL),
(109, 5, 'city', 'Amravati', NULL, NULL),
(110, 5, 'address_1', '523173', NULL, NULL),
(111, 5, 'address_2', '23713', NULL, NULL),
(112, 5, 'pincode', '676667', NULL, NULL),
(113, 5, 'industry', 'Agriculture', NULL, NULL),
(114, 5, 'no_of_employee', '1-10', NULL, NULL),
(115, 5, 'first_name', 'Siddhesh', NULL, NULL),
(116, 5, 'last_name', 'Lad', NULL, NULL),
(117, 5, 'designation', 'BA', NULL, NULL),
(118, 5, 'address', 'Amravati', NULL, NULL),
(119, 5, 'email', 'siddhesh.lad@trejhara.com', NULL, NULL),
(120, 5, 'calling_code', '91', NULL, NULL),
(121, 5, 'phone', '7719980230', NULL, NULL),
(122, 5, 'billing_company_name', 'AP', NULL, NULL),
(123, 5, 'billing_country', 'India', NULL, NULL),
(124, 5, 'billing_state', 'Maharashtra', NULL, NULL),
(125, 5, 'billing_city', 'Amravati', NULL, NULL),
(126, 5, 'billing_address_1', '523173', NULL, NULL),
(127, 5, 'billing_address_2', '23713', NULL, NULL),
(128, 5, 'billing_email', 'siddhesh.lad@trejhara.com', NULL, NULL),
(129, 5, 'billing_calling_code', '91', NULL, NULL),
(130, 5, 'billing_phone', '7719980230', NULL, NULL),
(131, 6, 'company_name', 'BA', NULL, NULL),
(132, 6, 'company_code', 'BA202401', NULL, NULL),
(133, 6, 'country', 'India', NULL, NULL),
(134, 6, 'state', 'Maharashtra', NULL, NULL),
(135, 6, 'city', 'Navi Mumbai', NULL, NULL),
(136, 6, 'address_1', 'Kharghar', NULL, NULL),
(137, 6, 'address_2', 'Kharghar', NULL, NULL),
(138, 6, 'pincode', '444606', NULL, NULL),
(139, 6, 'industry', 'Agriculture', NULL, NULL),
(140, 6, 'no_of_employee', '1-10', NULL, NULL),
(141, 6, 'first_name', 'Sanket', NULL, NULL),
(142, 6, 'last_name', 'Pal', NULL, NULL),
(143, 6, 'designation', 'BA', NULL, NULL),
(144, 6, 'address', 'Kharghar', NULL, NULL),
(145, 6, 'email', 'sanket.pal@aurionpro.com', NULL, NULL),
(146, 6, 'calling_code', '91', NULL, NULL),
(147, 6, 'phone', '7719980230', NULL, NULL),
(148, 6, 'billing_company_name', 'BA', NULL, NULL),
(149, 6, 'billing_country', 'India', NULL, NULL),
(150, 6, 'billing_state', 'Maharashtra', NULL, NULL),
(151, 6, 'billing_city', 'Navi Mumbai', NULL, NULL),
(152, 6, 'billing_address_1', 'Kharghar', NULL, NULL),
(153, 6, 'billing_address_2', 'Kharghar', NULL, NULL),
(154, 6, 'billing_email', 'sanket.pal@aurionpro.com', NULL, NULL),
(155, 6, 'billing_calling_code', '91', NULL, NULL),
(156, 6, 'billing_phone', '7719980230', NULL, NULL),
(157, 6, 'gst_number', '3156', NULL, NULL),
(158, 6, 'pan_number', '13561', NULL, NULL),
(159, 7, 'company_name', 'Aurionpro', NULL, NULL),
(160, 7, 'company_code', 'AU202402', NULL, NULL),
(161, 7, 'country', 'India', NULL, NULL),
(162, 7, 'state', 'Maharashtra', NULL, NULL),
(163, 7, 'city', 'Navi Mumbai', NULL, NULL),
(164, 7, 'address_1', 'Nerul', NULL, NULL),
(165, 7, 'address_2', 'Nerul', NULL, NULL),
(166, 7, 'pincode', '444606', NULL, NULL),
(167, 7, 'industry', 'Agriculture', NULL, NULL),
(168, 7, 'no_of_employee', '1-10', NULL, NULL),
(169, 7, 'first_name', 'Jatin', NULL, NULL),
(170, 7, 'last_name', 'Kumar', NULL, NULL),
(171, 7, 'designation', 'BA', NULL, NULL),
(172, 7, 'address', 'Nerul', NULL, NULL),
(173, 7, 'email', 'jatin.kumar@aurionpro.com', NULL, NULL),
(174, 7, 'calling_code', '91', NULL, NULL),
(175, 7, 'phone', '7719980230', NULL, NULL),
(176, 7, 'billing_company_name', 'Aurionpro', NULL, NULL),
(177, 7, 'billing_country', 'India', NULL, NULL),
(178, 7, 'billing_state', 'Maharashtra', NULL, NULL),
(179, 7, 'billing_city', 'Navi Mumbai', NULL, NULL),
(180, 7, 'billing_address_1', 'Nerul', NULL, NULL),
(181, 7, 'billing_address_2', 'Nerul', NULL, NULL),
(182, 7, 'billing_email', 'jatin.kumar@aurionpro.com', NULL, NULL),
(183, 7, 'billing_calling_code', '91', NULL, NULL),
(184, 7, 'billing_phone', '7719980230', NULL, NULL),
(185, 8, 'company_name', 'Google', NULL, NULL),
(186, 8, 'company_code', 'GO202402', NULL, NULL),
(187, 8, 'country', 'India', NULL, NULL),
(188, 8, 'state', 'Maharashtra', NULL, NULL),
(189, 8, 'city', 'Navi Mumbai', NULL, NULL),
(190, 8, 'address_1', 'Panvel', NULL, NULL),
(191, 8, 'address_2', 'Panvel', NULL, NULL),
(192, 8, 'pincode', '444606', NULL, NULL),
(193, 8, 'industry', 'Agriculture', NULL, NULL),
(194, 8, 'no_of_employee', '1-10', NULL, NULL),
(195, 8, 'first_name', 'Sampada', NULL, NULL),
(196, 8, 'last_name', 'Bhadane', NULL, NULL),
(197, 8, 'designation', 'BA', NULL, NULL),
(198, 8, 'address', 'Panvel', NULL, NULL),
(199, 8, 'email', 'sampada.bhadane@aurionpro.com', NULL, NULL),
(200, 8, 'calling_code', '91', NULL, NULL),
(201, 8, 'phone', '7719980230', NULL, NULL),
(202, 8, 'billing_company_name', 'Google', NULL, NULL),
(203, 8, 'billing_country', 'India', NULL, NULL),
(204, 8, 'billing_state', 'Maharashtra', NULL, NULL),
(205, 8, 'billing_city', 'Navi Mumbai', NULL, NULL),
(206, 8, 'billing_address_1', 'Panvel', NULL, NULL),
(207, 8, 'billing_address_2', 'Panvel', NULL, NULL),
(208, 8, 'billing_email', 'sampada.bhadane@aurionpro.com', NULL, NULL),
(209, 8, 'billing_calling_code', '91', NULL, NULL),
(210, 8, 'billing_phone', '7719980230', NULL, NULL),
(211, 9, 'company_name', 'Aurionpro', NULL, NULL),
(212, 9, 'company_code', 'AU202501', NULL, NULL),
(213, 9, 'country', 'India', NULL, NULL),
(214, 9, 'state', 'Maharashtra', NULL, NULL),
(215, 9, 'city', 'Mumbai', NULL, NULL),
(216, 9, 'address_1', 'kharghar', NULL, NULL),
(217, 9, 'address_2', NULL, NULL, NULL),
(218, 9, 'pincode', '444606', NULL, NULL),
(219, 9, 'industry', 'Agriculture', NULL, NULL),
(220, 9, 'no_of_employee', '1-10', NULL, NULL),
(221, 9, 'first_name', 'Snehal', NULL, NULL),
(222, 9, 'last_name', 'Pandit', NULL, NULL),
(223, 9, 'designation', 'BA', NULL, NULL),
(224, 9, 'address', 'kharghar', NULL, NULL),
(225, 9, 'email', 'snehal.pandit@aurionpro.com', NULL, NULL),
(226, 9, 'calling_code', '91', NULL, NULL),
(227, 9, 'phone', '7719980230', NULL, NULL),
(228, 9, 'billing_company_name', 'Aurionpro', NULL, NULL),
(229, 9, 'billing_country', 'India', NULL, NULL),
(230, 9, 'billing_state', 'Maharashtra', NULL, NULL),
(231, 9, 'billing_city', 'Mumbai', NULL, NULL),
(232, 9, 'billing_address_1', 'kharghar', NULL, NULL),
(233, 9, 'billing_address_2', NULL, NULL, NULL),
(234, 9, 'billing_email', 'snehal.pandit@aurionpro.com', NULL, NULL),
(235, 9, 'billing_calling_code', '91', NULL, NULL),
(236, 9, 'billing_phone', '7719980230', NULL, NULL),
(237, 9, 'gst_number', 'GSTIN7878', NULL, NULL),
(238, 9, 'pan_number', 'ADVSXS5646545', NULL, NULL),
(239, 10, 'company_name', 'Aurionpro', NULL, NULL),
(240, 10, 'company_code', 'AU202402', NULL, NULL),
(241, 10, 'country', 'India', NULL, NULL),
(242, 10, 'state', 'Maharashtra', NULL, NULL),
(243, 10, 'city', 'Navi Mumbai', NULL, NULL),
(244, 10, 'address_1', 'Nerul', NULL, NULL),
(245, 10, 'address_2', 'Nerul', NULL, NULL),
(246, 10, 'pincode', '444606', NULL, NULL),
(247, 10, 'industry', 'Agriculture', NULL, NULL),
(248, 10, 'no_of_employee', '1-10', NULL, NULL),
(249, 10, 'first_name', 'Jatin', NULL, NULL),
(250, 10, 'last_name', 'Kumar', NULL, NULL),
(251, 10, 'designation', 'BA', NULL, NULL),
(252, 10, 'address', 'Nerul', NULL, NULL),
(253, 10, 'email', 'jatin.kumar@aurionpro.com', NULL, NULL),
(254, 10, 'calling_code', '91', NULL, NULL),
(255, 10, 'phone', '7719980230', NULL, NULL),
(256, 10, 'billing_company_name', 'Aurionpro', NULL, NULL),
(257, 10, 'billing_country', 'India', NULL, NULL),
(258, 10, 'billing_state', 'Maharashtra', NULL, NULL),
(259, 10, 'billing_city', 'Navi Mumbai', NULL, NULL),
(260, 10, 'billing_address_1', 'Nerul', NULL, NULL),
(261, 10, 'billing_address_2', 'Nerul', NULL, NULL),
(262, 10, 'billing_email', 'jatin.kumar@aurionpro.com', NULL, NULL),
(263, 10, 'billing_calling_code', '91', NULL, NULL),
(264, 10, 'billing_phone', '7719980230', NULL, NULL),
(265, 11, 'company_name', 'Dev', NULL, NULL),
(266, 11, 'company_code', 'DE202401', NULL, NULL),
(267, 11, 'country', 'India', NULL, NULL),
(268, 11, 'state', 'Delhi', NULL, NULL),
(269, 11, 'city', 'Delhi', NULL, NULL),
(270, 11, 'address_1', 'ASD 133', NULL, NULL),
(271, 11, 'address_2', 'ASD 133', NULL, NULL),
(272, 11, 'pincode', '110001', NULL, NULL),
(273, 11, 'industry', 'Agriculture', NULL, NULL),
(274, 11, 'no_of_employee', '1-10', NULL, NULL),
(275, 11, 'first_name', 'Satya', NULL, NULL),
(276, 11, 'last_name', 'Ti', NULL, NULL),
(277, 11, 'designation', 'test', NULL, NULL),
(278, 11, 'address', 'ASD 133', NULL, NULL),
(279, 11, 'email', 'sntiwari710123@gmail.com', NULL, NULL),
(280, 11, 'calling_code', '91', NULL, NULL),
(281, 11, 'phone', '8989898989', NULL, NULL),
(282, 11, 'billing_company_name', 'Dev', NULL, NULL),
(283, 11, 'billing_country', 'India', NULL, NULL),
(284, 11, 'billing_state', 'Delhi', NULL, NULL),
(285, 11, 'billing_city', 'Delhi', NULL, NULL),
(286, 11, 'billing_address_1', 'ASD 133', NULL, NULL),
(287, 11, 'billing_address_2', 'ASD 133', NULL, NULL),
(288, 11, 'billing_email', 'sntiwari710123@gmail.com', NULL, NULL),
(289, 11, 'billing_calling_code', '91', NULL, NULL),
(290, 11, 'billing_phone', '8989898989', NULL, NULL),
(291, 12, 'company_name', 'Dev', NULL, NULL),
(292, 12, 'company_code', 'DE202401', NULL, NULL),
(293, 12, 'country', 'India', NULL, NULL),
(294, 12, 'state', 'Delhi', NULL, NULL),
(295, 12, 'city', 'Delhi', NULL, NULL),
(296, 12, 'address_1', 'ASD 133', NULL, NULL),
(297, 12, 'address_2', 'ASD 133', NULL, NULL),
(298, 12, 'pincode', '110001', NULL, NULL),
(299, 12, 'industry', 'Agriculture', NULL, NULL),
(300, 12, 'no_of_employee', '1-10', NULL, NULL),
(301, 12, 'first_name', 'Satya', NULL, NULL),
(302, 12, 'last_name', 'Ti', NULL, NULL),
(303, 12, 'designation', 'test', NULL, NULL),
(304, 12, 'address', 'ASD 133', NULL, NULL),
(305, 12, 'email', 'sntiwari32710@gmail.com', NULL, NULL),
(306, 12, 'calling_code', '91', NULL, NULL),
(307, 12, 'phone', '8989898989', NULL, NULL),
(308, 12, 'billing_company_name', 'Dev', NULL, NULL),
(309, 12, 'billing_country', 'India', NULL, NULL),
(310, 12, 'billing_state', 'Delhi', NULL, NULL),
(311, 12, 'billing_city', 'Delhi', NULL, NULL),
(312, 12, 'billing_address_1', 'ASD 133', NULL, NULL),
(313, 12, 'billing_address_2', 'ASD 133', NULL, NULL),
(314, 12, 'billing_email', 'sntiwari710@gmail.com', NULL, NULL),
(315, 12, 'billing_calling_code', '91', NULL, NULL),
(316, 12, 'billing_phone', '8989898989', NULL, NULL),
(317, 13, 'company_name', 'Dev', NULL, NULL),
(318, 13, 'company_code', 'DE202401', NULL, NULL),
(319, 13, 'country', 'India', NULL, NULL),
(320, 13, 'state', 'Delhi', NULL, NULL),
(321, 13, 'city', 'Delhi', NULL, NULL),
(322, 13, 'address_1', 'ASD 133', NULL, NULL),
(323, 13, 'address_2', 'ASD 133', NULL, NULL),
(324, 13, 'pincode', '110001', NULL, NULL),
(325, 13, 'industry', 'Agriculture', NULL, NULL),
(326, 13, 'no_of_employee', '1-10', NULL, NULL),
(327, 13, 'first_name', 'Satya', NULL, NULL),
(328, 13, 'last_name', 'Ti', NULL, NULL),
(329, 13, 'designation', 'test', NULL, NULL),
(330, 13, 'address', 'ASD 133', NULL, NULL),
(331, 13, 'email', 'sntiw3213ari710@gmail.com', NULL, NULL),
(332, 13, 'calling_code', '91', NULL, NULL),
(333, 13, 'phone', '8989898989', NULL, NULL),
(334, 13, 'billing_company_name', 'Dev', NULL, NULL),
(335, 13, 'billing_country', 'India', NULL, NULL),
(336, 13, 'billing_state', 'Delhi', NULL, NULL),
(337, 13, 'billing_city', 'Delhi', NULL, NULL),
(338, 13, 'billing_address_1', 'ASD 133', NULL, NULL),
(339, 13, 'billing_address_2', 'ASD 133', NULL, NULL),
(340, 13, 'billing_email', 'sntiw3213ari710@gmail.com', NULL, NULL),
(341, 13, 'billing_calling_code', '91', NULL, NULL),
(342, 13, 'billing_phone', '8989898989', NULL, NULL),
(343, 14, 'company_name', 'Dev', NULL, NULL),
(344, 14, 'company_code', 'DE202401', NULL, NULL),
(345, 14, 'country', 'India', NULL, NULL),
(346, 14, 'state', 'Delhi', NULL, NULL),
(347, 14, 'city', 'Delhi', NULL, NULL),
(348, 14, 'address_1', 'ASD 133', NULL, NULL),
(349, 14, 'address_2', 'ASD 133', NULL, NULL),
(350, 14, 'pincode', '110001', NULL, NULL),
(351, 14, 'industry', 'Agriculture', NULL, NULL),
(352, 14, 'no_of_employee', '1-10', NULL, NULL),
(353, 14, 'first_name', 'Satya', NULL, NULL),
(354, 14, 'last_name', 'Ti', NULL, NULL),
(355, 14, 'designation', 'Dev', NULL, NULL),
(356, 14, 'address', 'ASD 133', NULL, NULL),
(357, 14, 'email', 'sntiwari710@gmail.com', NULL, NULL),
(358, 14, 'calling_code', '91', NULL, NULL),
(359, 14, 'phone', '8989898989', NULL, NULL),
(360, 14, 'billing_company_name', 'Dev', NULL, NULL),
(361, 14, 'billing_country', 'India', NULL, NULL),
(362, 14, 'billing_state', 'Delhi', NULL, NULL),
(363, 14, 'billing_city', 'Delhi', NULL, NULL),
(364, 14, 'billing_address_1', 'ASD 133', NULL, NULL),
(365, 14, 'billing_address_2', 'ASD 133', NULL, NULL),
(366, 14, 'billing_email', 'sntiwari710@gmail.com', NULL, NULL),
(367, 14, 'billing_calling_code', '91', NULL, NULL),
(368, 14, 'billing_phone', '8989898989', NULL, NULL),
(369, 15, 'company_name', 'Google', NULL, NULL),
(370, 15, 'company_code', 'GO202402', NULL, NULL),
(371, 15, 'country', 'India', NULL, NULL),
(372, 15, 'state', 'Maharashtra', NULL, NULL),
(373, 15, 'city', 'Navi Mumbai', NULL, NULL),
(374, 15, 'address_1', 'Panvel', NULL, NULL),
(375, 15, 'address_2', 'Panvel', NULL, NULL),
(376, 15, 'pincode', '444606', NULL, NULL),
(377, 15, 'industry', 'Agriculture', NULL, NULL),
(378, 15, 'no_of_employee', '1-10', NULL, NULL),
(379, 15, 'first_name', 'Sampada', NULL, NULL),
(380, 15, 'last_name', 'Bhadan', NULL, NULL),
(381, 15, 'designation', 'BA', NULL, NULL),
(382, 15, 'address', 'Panvel', NULL, NULL),
(383, 15, 'email', 'sama.bhadane@aurionpro.com', NULL, NULL),
(384, 15, 'calling_code', '91', NULL, NULL),
(385, 15, 'phone', '7719980230', NULL, NULL),
(386, 15, 'billing_company_name', 'Google', NULL, NULL),
(387, 15, 'billing_country', 'India', NULL, NULL),
(388, 15, 'billing_state', 'Maharashtra', NULL, NULL),
(389, 15, 'billing_city', 'Navi Mumbai', NULL, NULL),
(390, 15, 'billing_address_1', 'Panvel', NULL, NULL),
(391, 15, 'billing_address_2', 'Panvel', NULL, NULL),
(392, 15, 'billing_email', 'sama.bhadane@aurionpro.com', NULL, NULL),
(393, 15, 'billing_calling_code', '91', NULL, NULL),
(394, 15, 'billing_phone', '7719980230', NULL, NULL),
(395, 16, 'company_name', 'Google', NULL, NULL),
(396, 16, 'company_code', 'GO202402', NULL, NULL),
(397, 16, 'country', 'India', NULL, NULL),
(398, 16, 'state', 'Maharashtra', NULL, NULL),
(399, 16, 'city', 'Navi Mumbai', NULL, NULL),
(400, 16, 'address_1', 'Panvel', NULL, NULL),
(401, 16, 'address_2', 'Panvel', NULL, NULL),
(402, 16, 'pincode', '444606', NULL, NULL),
(403, 16, 'industry', 'Agriculture', NULL, NULL),
(404, 16, 'no_of_employee', '1-10', NULL, NULL),
(405, 16, 'first_name', 'Sampada', NULL, NULL),
(406, 16, 'last_name', 'Bhadan', NULL, NULL),
(407, 16, 'designation', 'BA', NULL, NULL),
(408, 16, 'address', 'Panvel', NULL, NULL),
(409, 16, 'email', 'sampada.bane@aurionpro.com', NULL, NULL),
(410, 16, 'calling_code', '91', NULL, NULL),
(411, 16, 'phone', '7719980230', NULL, NULL),
(412, 16, 'billing_company_name', 'Google', NULL, NULL),
(413, 16, 'billing_country', 'India', NULL, NULL),
(414, 16, 'billing_state', 'Maharashtra', NULL, NULL),
(415, 16, 'billing_city', 'Navi Mumbai', NULL, NULL),
(416, 16, 'billing_address_1', 'Panvel', NULL, NULL),
(417, 16, 'billing_address_2', 'Panvel', NULL, NULL),
(418, 16, 'billing_email', 'sampada.bhadane@aurionpro.com', NULL, NULL),
(419, 16, 'billing_calling_code', '91', NULL, NULL),
(420, 16, 'billing_phone', '7719980230', NULL, NULL),
(421, 17, 'company_name', 'Google', NULL, NULL),
(422, 17, 'company_code', 'GO202402', NULL, NULL),
(423, 17, 'country', 'India', NULL, NULL),
(424, 17, 'state', 'Maharashtra', NULL, NULL),
(425, 17, 'city', 'Navi Mumbai', NULL, NULL),
(426, 17, 'address_1', 'Panvel', NULL, NULL),
(427, 17, 'address_2', 'Panvel', NULL, NULL),
(428, 17, 'pincode', '444606', NULL, NULL),
(429, 17, 'industry', 'Agriculture', NULL, NULL),
(430, 17, 'no_of_employee', '1-10', NULL, NULL),
(431, 17, 'first_name', 'Sampada', NULL, NULL),
(432, 17, 'last_name', 'Bhadan', NULL, NULL),
(433, 17, 'designation', 'PA', NULL, NULL),
(434, 17, 'address', 'Panvel', NULL, NULL),
(435, 17, 'email', 'samp.bhadane@aurionpro.com', NULL, NULL),
(436, 17, 'calling_code', '91', NULL, NULL),
(437, 17, 'phone', '7719980230', NULL, NULL),
(438, 17, 'billing_company_name', 'Google', NULL, NULL),
(439, 17, 'billing_country', 'India', NULL, NULL),
(440, 17, 'billing_state', 'Maharashtra', NULL, NULL),
(441, 17, 'billing_city', 'Navi Mumbai', NULL, NULL),
(442, 17, 'billing_address_1', 'Panvel', NULL, NULL),
(443, 17, 'billing_address_2', 'Panvel', NULL, NULL),
(444, 17, 'billing_email', 'sampada.bhadane@aurionpro.com', NULL, NULL),
(445, 17, 'billing_calling_code', '91', NULL, NULL),
(446, 17, 'billing_phone', '7719980230', NULL, NULL),
(447, 18, 'company_name', 'Dev', NULL, NULL),
(448, 18, 'company_code', 'DE202401', NULL, NULL),
(449, 18, 'country', 'India', NULL, NULL),
(450, 18, 'state', 'Delhi', NULL, NULL),
(451, 18, 'city', 'Delhi', NULL, NULL),
(452, 18, 'address_1', 'ASD 133', NULL, NULL),
(453, 18, 'address_2', 'ASD 133', NULL, NULL),
(454, 18, 'pincode', '110001', NULL, NULL),
(455, 18, 'industry', 'Agriculture', NULL, NULL),
(456, 18, 'no_of_employee', '1-10', NULL, NULL),
(457, 18, 'first_name', 'Satya', NULL, NULL),
(458, 18, 'last_name', 'Ti', NULL, NULL),
(459, 18, 'designation', 'test', NULL, NULL),
(460, 18, 'address', 'ASD 133', NULL, NULL),
(461, 18, 'email', 'sntiwari7107@gmail.com', NULL, NULL),
(462, 18, 'calling_code', '91', NULL, NULL),
(463, 18, 'phone', '8989898989', NULL, NULL),
(464, 18, 'billing_company_name', 'Dev', NULL, NULL),
(465, 18, 'billing_country', 'India', NULL, NULL),
(466, 18, 'billing_state', 'Delhi', NULL, NULL),
(467, 18, 'billing_city', 'Delhi', NULL, NULL),
(468, 18, 'billing_address_1', 'ASD 133', NULL, NULL),
(469, 18, 'billing_address_2', 'ASD 133', NULL, NULL),
(470, 18, 'billing_email', 'sntiwari7107@gmail.com', NULL, NULL),
(471, 18, 'billing_calling_code', '91', NULL, NULL),
(472, 18, 'billing_phone', '8989898989', NULL, NULL),
(473, 19, 'company_name', 'Dev', NULL, NULL),
(474, 19, 'company_code', 'DE202401', NULL, NULL),
(475, 19, 'country', 'India', NULL, NULL),
(476, 19, 'state', 'Delhi', NULL, NULL),
(477, 19, 'city', 'Delhi', NULL, NULL),
(478, 19, 'address_1', 'ASD 133', NULL, NULL),
(479, 19, 'address_2', 'ASD 133', NULL, NULL),
(480, 19, 'pincode', '110001', NULL, NULL),
(481, 19, 'industry', 'Agriculture', NULL, NULL),
(482, 19, 'no_of_employee', '1-10', NULL, NULL),
(483, 19, 'first_name', 'Satya', NULL, NULL),
(484, 19, 'last_name', 'Ti', NULL, NULL),
(485, 19, 'designation', 'test', NULL, NULL),
(486, 19, 'address', 'ASD 133', NULL, NULL),
(487, 19, 'email', 'sntiwari32710@gmail.com', NULL, NULL),
(488, 19, 'calling_code', '91', NULL, NULL),
(489, 19, 'phone', '8989898989', NULL, NULL),
(490, 19, 'billing_company_name', 'Dev', NULL, NULL),
(491, 19, 'billing_country', 'India', NULL, NULL),
(492, 19, 'billing_state', 'Delhi', NULL, NULL),
(493, 19, 'billing_city', 'Delhi', NULL, NULL),
(494, 19, 'billing_address_1', 'ASD 133', NULL, NULL),
(495, 19, 'billing_address_2', 'ASD 133', NULL, NULL),
(496, 19, 'billing_email', 'sntiwari710@gmail.com', NULL, NULL),
(497, 19, 'billing_calling_code', '91', NULL, NULL),
(498, 19, 'billing_phone', '8989898989', NULL, NULL),
(499, 20, 'company_name', 'Dev', NULL, NULL),
(500, 20, 'company_code', 'DE202401', NULL, NULL),
(501, 20, 'country', 'India', NULL, NULL),
(502, 20, 'state', 'Delhi', NULL, NULL),
(503, 20, 'city', 'Delhi', NULL, NULL),
(504, 20, 'address_1', 'ASD 133', NULL, NULL),
(505, 20, 'address_2', 'ASD 133', NULL, NULL),
(506, 20, 'pincode', '110001', NULL, NULL),
(507, 20, 'industry', 'Agriculture', NULL, NULL),
(508, 20, 'no_of_employee', '1-10', NULL, NULL),
(509, 20, 'first_name', 'Satya', NULL, NULL),
(510, 20, 'last_name', 'Ti', NULL, NULL),
(511, 20, 'designation', 'uiui', NULL, NULL),
(512, 20, 'address', 'ASD 133', NULL, NULL),
(513, 20, 'email', 'sntiwaliri710@gmail.com', NULL, NULL),
(514, 20, 'calling_code', '91', NULL, NULL),
(515, 20, 'phone', '8989898989', NULL, NULL),
(516, 20, 'billing_company_name', 'Dev', NULL, NULL),
(517, 20, 'billing_country', 'India', NULL, NULL),
(518, 20, 'billing_state', 'Delhi', NULL, NULL),
(519, 20, 'billing_city', 'Delhi', NULL, NULL),
(520, 20, 'billing_address_1', 'ASD 133', NULL, NULL),
(521, 20, 'billing_address_2', 'ASD 133', NULL, NULL),
(522, 20, 'billing_email', 'sntiwaliri710@gmail.com', NULL, NULL),
(523, 20, 'billing_calling_code', '91', NULL, NULL),
(524, 20, 'billing_phone', '8989898989', NULL, NULL),
(525, 21, 'company_name', 'Dev', NULL, NULL),
(526, 21, 'company_code', 'DE202401', NULL, NULL),
(527, 21, 'country', 'India', NULL, NULL),
(528, 21, 'state', 'Delhi', NULL, NULL),
(529, 21, 'city', 'Delhi', NULL, NULL),
(530, 21, 'address_1', 'ASD 133', NULL, NULL),
(531, 21, 'address_2', 'ASD 133', NULL, NULL),
(532, 21, 'pincode', '110001', NULL, NULL),
(533, 21, 'industry', 'Agriculture', NULL, NULL),
(534, 21, 'no_of_employee', '1-10', NULL, NULL),
(535, 21, 'first_name', 'Satya', NULL, NULL),
(536, 21, 'last_name', 'Ti', NULL, NULL),
(537, 21, 'designation', 'Dev', NULL, NULL),
(538, 21, 'address', 'ASD 133', NULL, NULL),
(539, 21, 'email', 'sntiwari710@gmail.com', NULL, NULL),
(540, 21, 'calling_code', '91', NULL, NULL),
(541, 21, 'phone', '8989898989', NULL, NULL),
(542, 21, 'billing_company_name', 'Dev', NULL, NULL),
(543, 21, 'billing_country', 'India', NULL, NULL),
(544, 21, 'billing_state', 'Delhi', NULL, NULL),
(545, 21, 'billing_city', 'Delhi', NULL, NULL),
(546, 21, 'billing_address_1', 'ASD 133', NULL, NULL),
(547, 21, 'billing_address_2', 'ASD 133', NULL, NULL),
(548, 21, 'billing_email', 'sntiwari710@gmail.com', NULL, NULL),
(549, 21, 'billing_calling_code', '91', NULL, NULL),
(550, 21, 'billing_phone', '8989898989', NULL, NULL),
(551, 22, 'company_name', 'Dev', NULL, NULL),
(552, 22, 'company_code', 'DE202401', NULL, NULL),
(553, 22, 'country', 'India', NULL, NULL),
(554, 22, 'state', 'Delhi', NULL, NULL),
(555, 22, 'city', 'Delhi', NULL, NULL),
(556, 22, 'address_1', 'ASD 133', NULL, NULL),
(557, 22, 'address_2', 'ASD 133', NULL, NULL),
(558, 22, 'pincode', '110001', NULL, NULL),
(559, 22, 'industry', 'Agriculture', NULL, NULL),
(560, 22, 'no_of_employee', '1-10', NULL, NULL),
(561, 22, 'first_name', 'Satya', NULL, NULL),
(562, 22, 'last_name', 'Ti', NULL, NULL),
(563, 22, 'designation', 'fadas', NULL, NULL),
(564, 22, 'address', 'ASD 133', NULL, NULL),
(565, 22, 'email', 'sntiwari123710@gmail.com', NULL, NULL),
(566, 22, 'calling_code', '91', NULL, NULL),
(567, 22, 'phone', '8989898989', NULL, NULL),
(568, 22, 'billing_company_name', 'Dev', NULL, NULL),
(569, 22, 'billing_country', 'India', NULL, NULL),
(570, 22, 'billing_state', 'Delhi', NULL, NULL),
(571, 22, 'billing_city', 'Delhi', NULL, NULL),
(572, 22, 'billing_address_1', 'ASD 133', NULL, NULL),
(573, 22, 'billing_address_2', 'ASD 133', NULL, NULL),
(574, 22, 'billing_email', 'sntiwari710@gmail.com', NULL, NULL),
(575, 22, 'billing_calling_code', '91', NULL, NULL),
(576, 22, 'billing_phone', '8989898989', NULL, NULL),
(577, 23, 'company_name', 'Google', NULL, NULL),
(578, 23, 'company_code', 'GO202402', NULL, NULL),
(579, 23, 'country', 'India', NULL, NULL),
(580, 23, 'state', 'Maharashtra', NULL, NULL),
(581, 23, 'city', 'Navi Mumbai', NULL, NULL),
(582, 23, 'address_1', 'Panvel', NULL, NULL),
(583, 23, 'address_2', 'Panvel', NULL, NULL),
(584, 23, 'pincode', '444606', NULL, NULL),
(585, 23, 'industry', 'Agriculture', NULL, NULL),
(586, 23, 'no_of_employee', '1-10', NULL, NULL),
(587, 23, 'first_name', 'Sampada', NULL, NULL),
(588, 23, 'last_name', 'Bhadan', NULL, NULL),
(589, 23, 'designation', 'BA', NULL, NULL),
(590, 23, 'address', 'Panvel', NULL, NULL),
(591, 23, 'email', 'sampadadane@aurionpro.com', NULL, NULL),
(592, 23, 'calling_code', '91', NULL, NULL),
(593, 23, 'phone', '7719980230', NULL, NULL),
(594, 23, 'billing_company_name', 'Google', NULL, NULL),
(595, 23, 'billing_country', 'India', NULL, NULL),
(596, 23, 'billing_state', 'Maharashtra', NULL, NULL),
(597, 23, 'billing_city', 'Navi Mumbai', NULL, NULL),
(598, 23, 'billing_address_1', 'Panvel', NULL, NULL),
(599, 23, 'billing_address_2', 'Panvel', NULL, NULL),
(600, 23, 'billing_email', 'sampada.bhadane@aurionpro.com', NULL, NULL),
(601, 23, 'billing_calling_code', '91', NULL, NULL),
(602, 23, 'billing_phone', '7719980230', NULL, NULL),
(603, 24, 'company_name', 'Google', NULL, NULL),
(604, 24, 'company_code', 'GO202402', NULL, NULL),
(605, 24, 'country', 'India', NULL, NULL),
(606, 24, 'state', 'Maharashtra', NULL, NULL),
(607, 24, 'city', 'Navi Mumbai', NULL, NULL),
(608, 24, 'address_1', 'Panvel', NULL, NULL),
(609, 24, 'address_2', 'Panvel', NULL, NULL),
(610, 24, 'pincode', '444606', NULL, NULL),
(611, 24, 'industry', 'Agriculture', NULL, NULL),
(612, 24, 'no_of_employee', '1-10', NULL, NULL),
(613, 24, 'first_name', 'Sampada', NULL, NULL),
(614, 24, 'last_name', 'Bhadan', NULL, NULL),
(615, 24, 'designation', 'BA', NULL, NULL),
(616, 24, 'address', 'Panvel', NULL, NULL),
(617, 24, 'email', 'sampada.bane@aurionpro.com', NULL, NULL),
(618, 24, 'calling_code', '91', NULL, NULL),
(619, 24, 'phone', '7719980230', NULL, NULL),
(620, 24, 'billing_company_name', 'Google', NULL, NULL),
(621, 24, 'billing_country', 'India', NULL, NULL),
(622, 24, 'billing_state', 'Maharashtra', NULL, NULL),
(623, 24, 'billing_city', 'Navi Mumbai', NULL, NULL),
(624, 24, 'billing_address_1', 'Panvel', NULL, NULL),
(625, 24, 'billing_address_2', 'Panvel', NULL, NULL),
(626, 24, 'billing_email', 'sampada.bhadane@aurionpro.com', NULL, NULL),
(627, 24, 'billing_calling_code', '91', NULL, NULL),
(628, 24, 'billing_phone', '7719980230', NULL, NULL),
(629, 25, 'company_name', 'Google', NULL, NULL),
(630, 25, 'company_code', 'GO202402', NULL, NULL),
(631, 25, 'country', 'India', NULL, NULL),
(632, 25, 'state', 'Maharashtra', NULL, NULL),
(633, 25, 'city', 'Navi Mumbai', NULL, NULL),
(634, 25, 'address_1', 'Panvel', NULL, NULL),
(635, 25, 'address_2', 'Panvel', NULL, NULL),
(636, 25, 'pincode', '444606', NULL, NULL),
(637, 25, 'industry', 'Agriculture', NULL, NULL),
(638, 25, 'no_of_employee', '1-10', NULL, NULL),
(639, 25, 'first_name', 'Sampada', NULL, NULL),
(640, 25, 'last_name', 'Bhadan', NULL, NULL),
(641, 25, 'designation', 'BA', NULL, NULL),
(642, 25, 'address', 'Panvel', NULL, NULL),
(643, 25, 'email', 'sam.bhadane@aurionpro.com', NULL, NULL),
(644, 25, 'calling_code', '91', NULL, NULL),
(645, 25, 'phone', '7719980230', NULL, NULL),
(646, 25, 'billing_company_name', 'Google', NULL, NULL),
(647, 25, 'billing_country', 'India', NULL, NULL),
(648, 25, 'billing_state', 'Maharashtra', NULL, NULL),
(649, 25, 'billing_city', 'Navi Mumbai', NULL, NULL),
(650, 25, 'billing_address_1', 'Panvel', NULL, NULL),
(651, 25, 'billing_address_2', 'Panvel', NULL, NULL),
(652, 25, 'billing_email', 'sampada.bhadane@aurionpro.com', NULL, NULL),
(653, 25, 'billing_calling_code', '91', NULL, NULL),
(654, 25, 'billing_phone', '7719980230', NULL, NULL),
(655, 26, 'company_name', 'Google', NULL, NULL),
(656, 26, 'company_code', 'GO202402', NULL, NULL),
(657, 26, 'country', 'India', NULL, NULL),
(658, 26, 'state', 'Maharashtra', NULL, NULL),
(659, 26, 'city', 'Navi Mumbai', NULL, NULL),
(660, 26, 'address_1', 'Panvel', NULL, NULL),
(661, 26, 'address_2', 'Panvel', NULL, NULL),
(662, 26, 'pincode', '444606', NULL, NULL),
(663, 26, 'industry', 'Agriculture', NULL, NULL),
(664, 26, 'no_of_employee', '1-10', NULL, NULL),
(665, 26, 'first_name', 'Sampada', NULL, NULL),
(666, 26, 'last_name', 'Bhadan', NULL, NULL),
(667, 26, 'designation', 'BA', NULL, NULL),
(668, 26, 'address', 'Panvel', NULL, NULL),
(669, 26, 'email', 'sama.bhadane@aurionpro.com', NULL, NULL),
(670, 26, 'calling_code', '91', NULL, NULL),
(671, 26, 'phone', '7719980230', NULL, NULL),
(672, 26, 'billing_company_name', 'Google', NULL, NULL),
(673, 26, 'billing_country', 'India', NULL, NULL),
(674, 26, 'billing_state', 'Maharashtra', NULL, NULL),
(675, 26, 'billing_city', 'Navi Mumbai', NULL, NULL),
(676, 26, 'billing_address_1', 'Panvel', NULL, NULL),
(677, 26, 'billing_address_2', 'Panvel', NULL, NULL),
(678, 26, 'billing_email', 'sama.bhadane@aurionpro.com', NULL, NULL),
(679, 26, 'billing_calling_code', '91', NULL, NULL),
(680, 26, 'billing_phone', '7719980230', NULL, NULL),
(681, 27, 'company_name', 'Google', NULL, NULL),
(682, 27, 'company_code', 'GO202402', NULL, NULL),
(683, 27, 'country', 'India', NULL, NULL),
(684, 27, 'state', 'Maharashtra', NULL, NULL),
(685, 27, 'city', 'Navi Mumbai', NULL, NULL),
(686, 27, 'address_1', 'Panvel', NULL, NULL),
(687, 27, 'address_2', 'Panvel', NULL, NULL),
(688, 27, 'pincode', '444606', NULL, NULL),
(689, 27, 'industry', 'Agriculture', NULL, NULL),
(690, 27, 'no_of_employee', '1-10', NULL, NULL),
(691, 27, 'first_name', 'Sampada', NULL, NULL),
(692, 27, 'last_name', 'Bhadan', NULL, NULL),
(693, 27, 'designation', 'BA', NULL, NULL),
(694, 27, 'address', 'Panvel', NULL, NULL),
(695, 27, 'email', 'sampada.bhadaoe@aurionpro.com', NULL, NULL),
(696, 27, 'calling_code', '91', NULL, NULL),
(697, 27, 'phone', '7719980230', NULL, NULL),
(698, 27, 'billing_company_name', 'Google', NULL, NULL),
(699, 27, 'billing_country', 'India', NULL, NULL),
(700, 27, 'billing_state', 'Maharashtra', NULL, NULL),
(701, 27, 'billing_city', 'Navi Mumbai', NULL, NULL),
(702, 27, 'billing_address_1', 'Panvel', NULL, NULL),
(703, 27, 'billing_address_2', 'Panvel', NULL, NULL),
(704, 27, 'billing_email', 'sampada.bhadaoe@aurionpro.com', NULL, NULL),
(705, 27, 'billing_calling_code', '91', NULL, NULL),
(706, 27, 'billing_phone', '7719980230', NULL, NULL),
(707, 28, 'company_name', 'Google', NULL, NULL),
(708, 28, 'company_code', 'GO202402', NULL, NULL),
(709, 28, 'country', 'India', NULL, NULL),
(710, 28, 'state', 'Maharashtra', NULL, NULL),
(711, 28, 'city', 'Navi Mumbai', NULL, NULL),
(712, 28, 'address_1', 'Panvel', NULL, NULL),
(713, 28, 'address_2', 'Panvel', NULL, NULL),
(714, 28, 'pincode', '444606', NULL, NULL),
(715, 28, 'industry', 'Agriculture', NULL, NULL),
(716, 28, 'no_of_employee', '1-10', NULL, NULL),
(717, 28, 'first_name', 'Sampada', NULL, NULL),
(718, 28, 'last_name', 'Bhadane', NULL, NULL),
(719, 28, 'designation', 'BA', NULL, NULL),
(720, 28, 'address', 'Panvel', NULL, NULL),
(721, 28, 'email', 'sampada.bhadane@aurionpro.com', NULL, NULL),
(722, 28, 'calling_code', '91', NULL, NULL),
(723, 28, 'phone', '7719980230', NULL, NULL),
(724, 28, 'billing_company_name', 'Google', NULL, NULL),
(725, 28, 'billing_country', 'India', NULL, NULL),
(726, 28, 'billing_state', 'Maharashtra', NULL, NULL),
(727, 28, 'billing_city', 'Navi Mumbai', NULL, NULL),
(728, 28, 'billing_address_1', 'Panvel', NULL, NULL),
(729, 28, 'billing_address_2', 'Panvel', NULL, NULL),
(730, 28, 'billing_email', 'sampada.bhadane@aurionpro.com', NULL, NULL),
(731, 28, 'billing_calling_code', '91', NULL, NULL),
(732, 28, 'billing_phone', '7719980230', NULL, NULL),
(733, 29, 'company_name', 'Dev', NULL, NULL),
(734, 29, 'company_code', 'DE202401', NULL, NULL),
(735, 29, 'country', 'India', NULL, NULL),
(736, 29, 'state', 'Delhi', NULL, NULL),
(737, 29, 'city', 'Delhi', NULL, NULL),
(738, 29, 'address_1', 'ASD 133', NULL, NULL),
(739, 29, 'address_2', 'ASD 133', NULL, NULL),
(740, 29, 'pincode', '110001', NULL, NULL),
(741, 29, 'industry', 'Agriculture', NULL, NULL),
(742, 29, 'no_of_employee', '1-10', NULL, NULL),
(743, 29, 'first_name', 'Satya', NULL, NULL),
(744, 29, 'last_name', 'Ti', NULL, NULL),
(745, 29, 'designation', 'DD', NULL, NULL),
(746, 29, 'address', 'ASD 133', NULL, NULL),
(747, 29, 'email', 'sntiwari7100@gmail.com', NULL, NULL),
(748, 29, 'calling_code', '91', NULL, NULL),
(749, 29, 'phone', '8989898989', NULL, NULL),
(750, 29, 'billing_company_name', 'Dev', NULL, NULL),
(751, 29, 'billing_country', 'India', NULL, NULL),
(752, 29, 'billing_state', 'Delhi', NULL, NULL),
(753, 29, 'billing_city', 'Delhi', NULL, NULL),
(754, 29, 'billing_address_1', 'ASD 133', NULL, NULL),
(755, 29, 'billing_address_2', 'ASD 133', NULL, NULL),
(756, 29, 'billing_email', 'sntiwari7100@gmail.com', NULL, NULL),
(757, 29, 'billing_calling_code', '91', NULL, NULL),
(758, 29, 'billing_phone', '8989898989', NULL, NULL),
(759, 30, 'company_name', 'Google', NULL, NULL),
(760, 30, 'company_code', 'GO202402', NULL, NULL),
(761, 30, 'country', 'India', NULL, NULL),
(762, 30, 'state', 'Maharashtra', NULL, NULL),
(763, 30, 'city', 'Navi Mumbai', NULL, NULL),
(764, 30, 'address_1', 'Panvel', NULL, NULL),
(765, 30, 'address_2', 'Panvel', NULL, NULL),
(766, 30, 'pincode', '444606', NULL, NULL),
(767, 30, 'industry', 'Agriculture', NULL, NULL),
(768, 30, 'no_of_employee', '1-10', NULL, NULL),
(769, 30, 'first_name', 'Sampada', NULL, NULL),
(770, 30, 'last_name', 'Bhadan', NULL, NULL),
(771, 30, 'designation', 'BA', NULL, NULL),
(772, 30, 'address', 'Panvel', NULL, NULL),
(773, 30, 'email', 'sampada.badne@aurionpro.com', NULL, NULL),
(774, 30, 'calling_code', '91', NULL, NULL),
(775, 30, 'phone', '7719980230', NULL, NULL),
(776, 30, 'billing_company_name', 'Google', NULL, NULL),
(777, 30, 'billing_country', 'India', NULL, NULL),
(778, 30, 'billing_state', 'Maharashtra', NULL, NULL),
(779, 30, 'billing_city', 'Navi Mumbai', NULL, NULL),
(780, 30, 'billing_address_1', 'Panvel', NULL, NULL),
(781, 30, 'billing_address_2', 'Panvel', NULL, NULL),
(782, 30, 'billing_email', 'sampada.badne@aurionpro.com', NULL, NULL),
(783, 30, 'billing_calling_code', '91', NULL, NULL),
(784, 30, 'billing_phone', '7719980230', NULL, NULL);

-- --------------------------------------------------------

--
-- Table structure for table `partner_bios`
--

CREATE TABLE `partner_bios` (
  `id` bigint UNSIGNED NOT NULL,
  `user_id` bigint NOT NULL,
  `bio` text COLLATE utf8mb4_unicode_ci,
  `created_at` timestamp NULL DEFAULT NULL,
  `updated_at` timestamp NULL DEFAULT NULL
) ENGINE=InnoDB DEFAULT CHARSET=utf8mb4 COLLATE=utf8mb4_unicode_ci;

-- --------------------------------------------------------

--
-- Table structure for table `partner_detail_meta_data`
--

CREATE TABLE `partner_detail_meta_data` (
  `id` bigint UNSIGNED NOT NULL,
  `user_id` bigint NOT NULL COMMENT 'Users Table id',
  `key` varchar(255) CHARACTER SET utf8mb4 COLLATE utf8mb4_unicode_ci NOT NULL,
  `value` longtext CHARACTER SET utf8mb4 COLLATE utf8mb4_unicode_ci,
  `verify` enum('Approve','Reject') CHARACTER SET utf8mb4 COLLATE utf8mb4_unicode_ci DEFAULT NULL,
  `remarks` longtext CHARACTER SET utf8mb4 COLLATE utf8mb4_unicode_ci,
  `created_at` timestamp NULL DEFAULT NULL,
  `updated_at` timestamp NULL DEFAULT NULL
) ENGINE=InnoDB DEFAULT CHARSET=utf8mb4 COLLATE=utf8mb4_unicode_ci;

--
-- Dumping data for table `partner_detail_meta_data`
--

INSERT INTO `partner_detail_meta_data` (`id`, `user_id`, `key`, `value`, `verify`, `remarks`, `created_at`, `updated_at`) VALUES
(1, 2, 'designation', 'BA', 'Approve', NULL, '2024-11-14 05:04:24', '2024-11-14 05:19:19'),
(2, 2, 'how_did_you_hear_about_our_program', 'Website', 'Approve', NULL, NULL, '2024-11-14 05:19:19'),
(3, 2, 'in_what_region_do_you_want_to_represent_aurobees_as_a_channel_partner', 'India', 'Approve', NULL, NULL, '2024-11-14 05:19:19'),
(4, 2, 'individual_business', 'Individual', 'Approve', NULL, NULL, '2024-11-14 05:19:19'),
(5, 2, 'what_is_your_primary_business_domain_focus', 'scm', 'Approve', NULL, NULL, '2024-11-14 05:19:19'),
(6, 2, 'primary_company_website_or_social_media_page', 'www.aurobees.com', 'Approve', NULL, NULL, '2024-11-14 05:19:19'),
(7, 2, 'short_description_of_your_company', 'Provide a short company description and the value it provides (Max 300 words)', 'Approve', NULL, NULL, '2024-11-14 05:19:19'),
(8, 2, 'company_phone', '09921635194', 'Approve', NULL, NULL, '2024-11-14 05:19:19'),
(9, 2, 'address_2', 'MIDC', 'Approve', NULL, NULL, '2024-11-14 05:19:19'),
(10, 2, 'company_calling_code', 'in', 'Approve', NULL, NULL, '2024-11-14 05:19:19'),
(11, 2, 'what_was_the_total_sales_and_services_revenue_generated_by_your_company_in_its_last_fiscal_year', 'Less than 50,000', 'Approve', NULL, NULL, '2024-11-14 05:19:19'),
(12, 2, 'face_to_face_field_sales', NULL, 'Approve', NULL, NULL, '2024-11-14 05:19:19'),
(13, 2, 'telephone_based_consultative_sales_resources', NULL, 'Approve', NULL, NULL, '2024-11-14 05:19:19'),
(14, 2, 'via_internet_with_limited_human_interference', NULL, 'Approve', NULL, NULL, '2024-11-14 05:19:19'),
(15, 2, 'do_you_have_a_single_primary_vertical_market', 'Yes', 'Approve', NULL, NULL, '2024-11-14 05:19:19'),
(16, 2, 'what_is_your_company_primary_vertical_market_focus', 'Air Transport Service', 'Approve', NULL, NULL, '2024-11-14 05:19:19'),
(17, 2, 'total_number_of_employees', NULL, 'Approve', NULL, NULL, '2024-11-14 05:19:19'),
(18, 2, 'total_number_of_sales_employees', NULL, 'Approve', NULL, NULL, '2024-11-14 05:19:19'),
(19, 2, 'total_number_of_services', NULL, 'Approve', NULL, NULL, '2024-11-14 05:19:19'),
(20, 2, 'total_number_of_technical_support_employees', NULL, 'Approve', NULL, NULL, '2024-11-14 05:19:19'),
(21, 2, 'total_number_of_marketing_employees', NULL, 'Approve', NULL, NULL, '2024-11-14 05:19:19'),
(22, 2, 'company_registration_number', '32314', 'Approve', NULL, NULL, '2024-11-14 05:19:19'),
(23, 2, 'passport_number', 'q36153', 'Approve', NULL, NULL, '2024-11-14 05:19:19'),
(24, 2, 'partner_agrement_and_confirm', 'Yes', 'Approve', NULL, NULL, '2024-11-14 05:19:19'),
(25, 2, 'gst_number', '5235', 'Approve', NULL, NULL, '2024-11-14 05:19:19'),
(26, 2, 'pan_number', '26351', 'Approve', NULL, NULL, '2024-11-14 05:19:19'),
(27, 2, 'aadhar_card_number', '1254143', 'Approve', NULL, NULL, '2024-11-14 05:19:19'),
(28, 2, 'pan_card_copy', 'upload/partner/1815673787443817.png', 'Approve', NULL, NULL, '2024-11-14 05:19:19'),
(29, 2, 'aadhar_card_copy', 'upload/partner/1815673787452178.png', 'Approve', NULL, NULL, '2024-11-14 05:19:19'),
(30, 2, 'company_address_proof', 'upload/partner/1815673787454130.pdf', 'Approve', NULL, NULL, '2024-11-14 05:19:20'),
(31, 2, 'company_registration_copy', 'upload/partner/1815673787457644.png', 'Approve', NULL, NULL, '2024-11-14 05:19:20'),
(32, 2, 'passport_copy', 'upload/partner/1815673787458815.png', 'Approve', NULL, NULL, '2024-11-14 05:19:20'),
(33, 2, 'passport_size_photo', 'upload/partner/1815673787460351.png', 'Approve', NULL, NULL, '2024-11-14 05:19:20'),
(34, 2, 'partners_signature_copy', 'upload/partner/1815673787461843.png', 'Approve', NULL, NULL, '2024-11-14 05:19:20'),
(35, 2, 'kyc_form', 'upload/partner/1815673787463611.png', 'Approve', NULL, NULL, '2024-11-14 05:19:20'),
(36, 2, 'partner_contract', 'upload/partner/1815674557395526.png', 'Approve', NULL, '2024-11-14 05:29:52', '2024-11-14 05:32:00'),
(37, 9, 'designation', 'Tester', 'Approve', NULL, '2024-12-18 06:06:38', '2024-12-18 06:15:19'),
(38, 9, 'how_did_you_hear_about_our_program', 'Google', 'Approve', NULL, NULL, '2024-12-18 06:15:19'),
(39, 9, 'in_what_region_do_you_want_to_represent_aurobees_as_a_channel_partner', 'Europe', 'Approve', NULL, NULL, '2024-12-18 06:15:19'),
(40, 9, 'individual_business', 'Individual', 'Approve', NULL, NULL, '2024-12-18 06:15:19'),
(41, 9, 'what_is_your_primary_business_domain_focus', '7631', 'Approve', NULL, NULL, '2024-12-18 06:15:19'),
(42, 9, 'primary_company_website_or_social_media_page', 'www.trejhara.com', 'Approve', NULL, NULL, '2024-12-18 06:15:19'),
(43, 9, 'short_description_of_your_company', 'rovide a short company description and the value it provides (Max 300 woNote: The details will be used on Aurobees partner and application locator)', 'Approve', NULL, NULL, '2024-12-18 06:15:19'),
(44, 9, 'company_phone', '09921635194', 'Approve', NULL, NULL, '2024-12-18 06:15:19'),
(45, 9, 'address_2', 'MIDC', 'Approve', NULL, NULL, '2024-12-18 06:15:19'),
(46, 9, 'company_calling_code', 'in', 'Approve', NULL, NULL, '2024-12-18 06:15:19'),
(47, 9, 'what_was_the_total_sales_and_services_revenue_generated_by_your_company_in_its_last_fiscal_year', 'Less than 50,000', 'Approve', NULL, NULL, '2024-12-18 06:15:19'),
(48, 9, 'face_to_face_field_sales', NULL, 'Approve', NULL, NULL, '2024-12-18 06:15:19'),
(49, 9, 'telephone_based_consultative_sales_resources', NULL, 'Approve', NULL, NULL, '2024-12-18 06:15:19'),
(50, 9, 'via_internet_with_limited_human_interference', NULL, 'Approve', NULL, NULL, '2024-12-18 06:15:19'),
(51, 9, 'do_you_have_a_single_primary_vertical_market', 'Yes', 'Approve', NULL, NULL, '2024-12-18 06:15:19'),
(52, 9, 'what_is_your_company_primary_vertical_market_focus', 'Construction', 'Approve', NULL, NULL, '2024-12-18 06:15:19'),
(53, 9, 'total_number_of_employees', NULL, 'Approve', NULL, NULL, '2024-12-18 06:15:19'),
(54, 9, 'total_number_of_sales_employees', NULL, 'Approve', NULL, NULL, '2024-12-18 06:15:19'),
(55, 9, 'total_number_of_services', NULL, 'Approve', NULL, NULL, '2024-12-18 06:15:19'),
(56, 9, 'total_number_of_technical_support_employees', NULL, 'Approve', NULL, NULL, '2024-12-18 06:15:19'),
(57, 9, 'total_number_of_marketing_employees', NULL, 'Approve', NULL, NULL, '2024-12-18 06:15:19'),
(58, 9, 'company_registration_number', '36512531', 'Approve', NULL, NULL, '2024-12-18 06:15:19'),
(59, 9, 'passport_number', '62356123', 'Approve', NULL, NULL, '2024-12-18 06:15:19'),
(60, 9, 'partner_agrement_and_confirm', 'Yes', 'Approve', NULL, NULL, '2024-12-18 06:15:19'),
(61, 9, 'gst_number', '16235165', 'Approve', NULL, NULL, '2024-12-18 06:15:19'),
(62, 9, 'pan_number', '13551356', 'Approve', NULL, NULL, '2024-12-18 06:15:19'),
(63, 9, 'aadhar_card_number', '1351635', 'Approve', NULL, NULL, '2024-12-18 06:15:19'),
(64, 9, 'pan_card_copy', 'upload/partner/1818757494486872.png', 'Approve', NULL, NULL, '2024-12-18 06:15:19'),
(65, 9, 'aadhar_card_copy', 'upload/partner/1818757494502125.png', 'Approve', NULL, NULL, '2024-12-18 06:15:19'),
(66, 9, 'company_address_proof', 'upload/partner/1818757494503543.png', 'Approve', NULL, NULL, '2024-12-18 06:15:19'),
(67, 9, 'company_registration_copy', 'upload/partner/1818757494505522.pdf', 'Approve', NULL, NULL, '2024-12-18 06:15:19'),
(68, 9, 'passport_copy', 'upload/partner/1818757494507411.jpg', 'Approve', NULL, NULL, '2024-12-18 06:15:19'),
(69, 9, 'passport_size_photo', 'upload/partner/1818757494508599.jpg', 'Approve', NULL, NULL, '2024-12-18 06:15:19'),
(70, 9, 'partners_signature_copy', 'upload/partner/1818757494509811.pdf', 'Approve', NULL, NULL, '2024-12-18 06:15:19'),
(71, 9, 'kyc_form', 'upload/partner/1818757494514237.pdf', 'Approve', NULL, NULL, '2024-12-18 06:15:19'),
(73, 9, 'partner_contract', 'upload/partner/1818776212535480.txt', 'Approve', NULL, '2024-12-18 11:09:21', '2024-12-18 11:10:45');

-- --------------------------------------------------------

--
-- Table structure for table `partner_notifications`
--

CREATE TABLE `partner_notifications` (
  `id` bigint UNSIGNED NOT NULL,
  `user_id` int NOT NULL,
  `notification_from` enum('0','1','2','3') COLLATE utf8mb4_unicode_ci NOT NULL DEFAULT '0' COMMENT '0->default, 1->customer, 2->account, 3->subscription',
  `table_id` int DEFAULT NULL,
  `notification` longtext CHARACTER SET utf8mb4 COLLATE utf8mb4_unicode_ci,
  `status` enum('0','1') CHARACTER SET utf8mb4 COLLATE utf8mb4_unicode_ci NOT NULL DEFAULT '0',
  `created_at` timestamp NULL DEFAULT NULL,
  `updated_at` timestamp NULL DEFAULT NULL
) ENGINE=InnoDB DEFAULT CHARSET=utf8mb4 COLLATE=utf8mb4_unicode_ci;

--
-- Dumping data for table `partner_notifications`
--

INSERT INTO `partner_notifications` (`id`, `user_id`, `notification_from`, `table_id`, `notification`, `status`, `created_at`, `updated_at`) VALUES
(1, 2, '0', NULL, 'KYC documents uploaded.', '1', '2024-11-14 05:17:38', '2024-12-11 06:47:51'),
(2, 2, '0', NULL, 'Registration Completed. Update Contract.', '1', '2024-11-14 05:19:21', '2024-12-11 06:47:51'),
(3, 2, '0', NULL, 'Contract uploaded.', '1', '2024-11-14 05:29:52', '2024-12-11 06:47:51'),
(4, 2, '0', NULL, 'Registration completed.', '1', '2024-11-14 05:32:01', '2024-12-11 06:47:51'),
(5, 2, '1', 3, 'New CustomerShubham Chaudhari( AU202401 ) Registered', '1', '2024-11-14 05:50:35', '2024-12-11 06:47:51'),
(6, 2, '1', 4, 'New CustomerPrasad Chaudhari( GO202401 ) Registered', '1', '2024-11-14 05:54:03', '2024-12-11 06:47:51'),
(7, 2, '3', 1, 'Prasad Chaudhari Purchase FREIGHT FORWARDING (Basic).', '1', '2024-11-14 06:06:58', '2024-12-11 06:47:51'),
(8, 2, '0', NULL, 'Registration completed.', '1', '2024-11-14 06:21:55', '2024-12-11 06:47:51'),
(9, 2, '0', NULL, 'Registration completed.', '1', '2024-11-14 06:25:13', '2024-12-11 06:47:51'),
(10, 2, '1', 5, 'New CustomerHemant Chaudhari( ZO202401 ) Registered', '1', '2024-11-14 06:32:17', '2024-12-11 06:47:51'),
(11, 2, '3', 2, 'Hemant Chaudhari Purchase WAREHOUSING (Basic).', '1', '2024-11-14 06:46:37', '2024-12-11 06:47:51'),
(12, 2, '1', 6, 'New CustomerSatya Ti( DE202401 ) Registered', '1', '2024-11-29 09:49:35', '2024-12-11 06:47:51'),
(13, 2, '3', 3, 'Satya Ti Purchase FREIGHT FORWARDING (Basic).', '1', '2024-11-29 10:03:14', '2024-12-11 06:47:51'),
(14, 9, '0', NULL, 'KYC documents uploaded.', '1', '2024-12-18 06:11:50', '2025-01-03 07:57:04'),
(15, 9, '0', NULL, 'Registration Completed. Update Contract.', '1', '2024-12-18 06:15:20', '2025-01-03 07:57:04'),
(16, 9, '0', NULL, 'Contract uploaded.', '1', '2024-12-18 06:18:07', '2025-01-03 07:57:04'),
(17, 9, '0', NULL, 'Registration completed.', '1', '2024-12-18 06:19:05', '2025-01-03 07:57:04'),
(18, 9, '1', 10, 'New CustomerSanket Pal( BA202401 ) Registered', '1', '2024-12-18 06:22:21', '2025-01-03 07:57:04'),
(19, 9, '3', 6, 'Sanket Pal Purchase FREIGHT FORWARDING (Basic).', '1', '2024-12-18 06:26:34', '2025-01-03 07:57:04'),
(20, 9, '1', 11, 'New Customerjatin Kumar( AU202402 ) Registered', '1', '2024-12-18 06:35:40', '2025-01-03 07:57:04'),
(21, 9, '3', 7, 'Jatin Kumar Purchase FREIGHT FORWARDING (Basic).', '1', '2024-12-18 06:40:00', '2025-01-03 07:57:04'),
(22, 9, '1', 12, 'New CustomerSampada Bhadane( GO202402 ) Registered', '1', '2024-12-18 06:44:46', '2025-01-03 07:57:04'),
(23, 9, '3', 8, 'Sampada Bhadane Purchase MANUFACTURING (Basic).', '1', '2024-12-18 06:47:27', '2025-01-03 07:57:04'),
(24, 9, '0', NULL, 'Contract rejected. Upload again.', '1', '2024-12-18 10:56:17', '2025-01-03 07:57:04'),
(25, 9, '0', NULL, 'Contract uploaded.', '1', '2024-12-18 11:09:21', '2025-01-03 07:57:04'),
(26, 9, '0', NULL, 'Registration completed.', '1', '2024-12-18 11:10:51', '2025-01-03 07:57:04'),
(27, 9, '3', 10, 'Jatin Kumar Purchase FREIGHT FORWARDING (Basic).', '0', '2025-01-06 18:38:36', '2025-01-06 18:38:36'),
(28, 2, '0', NULL, 'Registration completed.', '0', '2025-01-17 11:44:04', '2025-01-17 11:44:04'),
(29, 2, '0', NULL, 'Registration completed.', '0', '2025-01-17 11:46:02', '2025-01-17 11:46:02'),
(30, 2, '0', NULL, 'Registration completed.', '0', '2025-01-17 11:46:15', '2025-01-17 11:46:15'),
(31, 9, '0', NULL, 'Registration completed.', '0', '2025-01-17 11:46:38', '2025-01-17 11:46:38'),
(32, 2, '0', NULL, 'Registration completed.', '0', '2025-01-17 11:47:31', '2025-01-17 11:47:31'),
(33, 2, '0', NULL, 'Registration completed.', '0', '2025-01-17 11:47:58', '2025-01-17 11:47:58'),
(34, 2, '0', NULL, 'Registration completed.', '0', '2025-01-18 08:13:27', '2025-01-18 08:13:27'),
(35, 9, '3', 15, 'Sampada Bhadan Purchase TRANSPORTATION (Basic)  and payment is pending.', '0', '2025-02-03 10:35:58', '2025-02-03 10:35:58'),
(36, 9, '3', 16, 'Sampada Bhadan Purchase DISTRIBUTION (Basic)  and payment is pending.', '0', '2025-02-04 06:11:25', '2025-02-04 06:11:25'),
(37, 9, '3', 17, 'Sampada Bhadan Purchase E-COMMERCE FULFILMENT (Ecommerce)  and payment is pending.', '0', '2025-02-04 06:35:20', '2025-02-04 06:35:20'),
(38, 9, '3', 23, 'Sampada Bhadan Purchase TRADING (Basic).', '0', '2025-02-12 06:33:22', '2025-02-12 06:33:22'),
(39, 9, '3', 24, 'Sampada Bhadan Purchase DISTRIBUTION (Basic)  and payment is pending.', '0', '2025-03-07 06:06:15', '2025-03-07 06:06:15'),
(40, 9, '3', 24, 'Sampada Bhadan Purchase DISTRIBUTION (Basic).', '0', '2025-03-07 06:13:18', '2025-03-07 06:13:18'),
(41, 9, '3', 25, 'Sampada Bhadan Purchase FREIGHT FORWARDING (Basic)  and payment is pending.', '0', '2025-03-12 05:22:12', '2025-03-12 05:22:12'),
(42, 9, '3', 25, 'Sampada Bhadan Purchase FREIGHT FORWARDING (Basic).', '0', '2025-03-12 05:36:02', '2025-03-12 05:36:02'),
(43, 9, '3', 26, 'Sampada Bhadan Purchase TRANSPORTATION (Basic)  and payment is pending.', '0', '2025-03-12 05:44:22', '2025-03-12 05:44:22'),
(44, 9, '3', 26, 'Sampada Bhadan Purchase TRANSPORTATION (Basic).', '0', '2025-03-12 05:45:51', '2025-03-12 05:45:51'),
(45, 9, '3', 27, 'Sampada Bhadan Purchase TRADING (Basic)  and payment is pending.', '0', '2025-03-12 10:04:59', '2025-03-12 10:04:59'),
(46, 9, '3', 28, 'Sampada Bhadan Purchase MANUFACTURING (Basic)  and payment is pending.', '0', '2025-03-12 10:11:01', '2025-03-12 10:11:01'),
(47, 9, '3', 30, 'Sampada Bhadan Purchase FREIGHT FORWARDING (Basic)  and payment is pending.', '0', '2025-03-13 06:32:43', '2025-03-13 06:32:43'),
(48, 9, '3', 30, 'Sampada Bhadan Purchase FREIGHT FORWARDING (Basic).', '0', '2025-03-13 06:45:23', '2025-03-13 06:45:23');

-- --------------------------------------------------------

--
-- Table structure for table `partner_page_contents`
--

CREATE TABLE `partner_page_contents` (
  `id` bigint UNSIGNED NOT NULL,
  `title` varchar(255) CHARACTER SET utf8mb4 COLLATE utf8mb4_unicode_ci DEFAULT NULL,
  `sub_title` varchar(255) CHARACTER SET utf8mb4 COLLATE utf8mb4_unicode_ci DEFAULT NULL,
  `banner_image` varchar(255) CHARACTER SET utf8mb4 COLLATE utf8mb4_unicode_ci DEFAULT NULL,
  `description` longtext CHARACTER SET utf8mb4 COLLATE utf8mb4_unicode_ci,
  `business_text` varchar(255) CHARACTER SET utf8mb4 COLLATE utf8mb4_unicode_ci DEFAULT NULL,
  `business_description` longtext CHARACTER SET utf8mb4 COLLATE utf8mb4_unicode_ci,
  `marketing_text` varchar(255) CHARACTER SET utf8mb4 COLLATE utf8mb4_unicode_ci DEFAULT NULL,
  `marketing_description` longtext CHARACTER SET utf8mb4 COLLATE utf8mb4_unicode_ci,
  `typical_benefits_text` varchar(255) CHARACTER SET utf8mb4 COLLATE utf8mb4_unicode_ci DEFAULT NULL,
  `typical_benefits_description` longtext CHARACTER SET utf8mb4 COLLATE utf8mb4_unicode_ci,
  `partnership_documents_text` varchar(255) CHARACTER SET utf8mb4 COLLATE utf8mb4_unicode_ci DEFAULT NULL,
  `partnership_documents_description` longtext CHARACTER SET utf8mb4 COLLATE utf8mb4_unicode_ci,
  `image` varchar(255) CHARACTER SET utf8mb4 COLLATE utf8mb4_unicode_ci DEFAULT NULL,
  `how_to_join_as_a_partner_text` varchar(255) CHARACTER SET utf8mb4 COLLATE utf8mb4_unicode_ci DEFAULT NULL,
  `how_to_join_as_a_partner_description` longtext CHARACTER SET utf8mb4 COLLATE utf8mb4_unicode_ci,
  `page_2_image` varchar(255) CHARACTER SET utf8mb4 COLLATE utf8mb4_unicode_ci DEFAULT NULL,
  `page_3_image` varchar(255) CHARACTER SET utf8mb4 COLLATE utf8mb4_unicode_ci DEFAULT NULL,
  `page_4_image` varchar(255) CHARACTER SET utf8mb4 COLLATE utf8mb4_unicode_ci DEFAULT NULL,
  `page_5_image` varchar(255) CHARACTER SET utf8mb4 COLLATE utf8mb4_unicode_ci DEFAULT NULL,
  `page_6_image` varchar(255) CHARACTER SET utf8mb4 COLLATE utf8mb4_unicode_ci DEFAULT NULL,
  `page_7_image` varchar(255) CHARACTER SET utf8mb4 COLLATE utf8mb4_unicode_ci DEFAULT NULL,
  `kyc_form_text` varchar(255) CHARACTER SET utf8mb4 COLLATE utf8mb4_unicode_ci DEFAULT NULL,
  `kyc_form` varchar(255) CHARACTER SET utf8mb4 COLLATE utf8mb4_unicode_ci DEFAULT NULL,
  `view_terms_of_use_text` varchar(255) CHARACTER SET utf8mb4 COLLATE utf8mb4_unicode_ci DEFAULT NULL,
  `view_terms_of_use_link` varchar(255) CHARACTER SET utf8mb4 COLLATE utf8mb4_unicode_ci DEFAULT NULL,
  `status_reject_text` varchar(255) CHARACTER SET utf8mb4 COLLATE utf8mb4_unicode_ci DEFAULT NULL,
  `status_under_process_text` varchar(255) CHARACTER SET utf8mb4 COLLATE utf8mb4_unicode_ci DEFAULT NULL,
  `status_success_text` varchar(255) CHARACTER SET utf8mb4 COLLATE utf8mb4_unicode_ci DEFAULT NULL,
  `language` varchar(255) CHARACTER SET utf8mb4 COLLATE utf8mb4_unicode_ci NOT NULL DEFAULT 'en',
  `meta_key` varchar(255) CHARACTER SET utf8mb4 COLLATE utf8mb4_unicode_ci DEFAULT NULL,
  `meta_title` varchar(255) CHARACTER SET utf8mb4 COLLATE utf8mb4_unicode_ci DEFAULT NULL,
  `meta_description` longtext CHARACTER SET utf8mb4 COLLATE utf8mb4_unicode_ci,
  `status` enum('Published','Draft','Trash') CHARACTER SET utf8mb4 COLLATE utf8mb4_unicode_ci NOT NULL DEFAULT 'Published',
  `created_by` int DEFAULT NULL,
  `updated_by` int DEFAULT NULL,
  `created_at` timestamp NULL DEFAULT NULL,
  `updated_at` timestamp NULL DEFAULT NULL
) ENGINE=InnoDB DEFAULT CHARSET=utf8mb4 COLLATE=utf8mb4_unicode_ci;

--
-- Dumping data for table `partner_page_contents`
--

INSERT INTO `partner_page_contents` (`id`, `title`, `sub_title`, `banner_image`, `description`, `business_text`, `business_description`, `marketing_text`, `marketing_description`, `typical_benefits_text`, `typical_benefits_description`, `partnership_documents_text`, `partnership_documents_description`, `image`, `how_to_join_as_a_partner_text`, `how_to_join_as_a_partner_description`, `page_2_image`, `page_3_image`, `page_4_image`, `page_5_image`, `page_6_image`, `page_7_image`, `kyc_form_text`, `kyc_form`, `view_terms_of_use_text`, `view_terms_of_use_link`, `status_reject_text`, `status_under_process_text`, `status_success_text`, `language`, `meta_key`, `meta_title`, `meta_description`, `status`, `created_by`, `updated_by`, `created_at`, `updated_at`) VALUES
(1, 'Become a Partner', 'Connect with us, <br>Together we can grow more!', 'upload/partner-page/1802468248847659.jpg', '<p>Partner with us to drive mutual growth and success by combining strengths, mitigating weaknesses, and seizing new business prospects.</p>', 'Business', '<p>Get training to ensure smooth onboarding and adoption of the cloud-based platform.</p>\r\n\r\n<p>&nbsp;</p>', 'Marketing', '<p>Increase brand visibility, expand market reach, and foster success.</p>\r\n\r\n<p>&nbsp;</p>\r\n\r\n<p>&nbsp;</p>', 'Typical Benefits*', '<ul>\r\n	<li>Co-branding Opportunity</li>\r\n	<li>Scalability and Expansion Opportunities</li>\r\n	<li>Enhanced Service Offerings</li>\r\n	<li>Access to a Wider Customer Base</li>\r\n	<li>Market Visibility and Brand Exposure</li>\r\n	<li>Collaboration and Knowledge Sharing</li>\r\n	<li>Access to Technology and Innovation</li>\r\n	<li>Competitive Advantage</li>\r\n	<li>Shared Resources and Cost Savings</li>\r\n</ul>', NULL, NULL, 'upload/partner-page/1794580181439687.jpg', 'How to join as a Partner?', '<ol>\r\n	<li>Enter your company&#39;s business email and password</li>\r\n	<li>Fill basic and mandatory information</li>\r\n	<li>Upload required documents</li>\r\n	<li>You will receive a welcome email within 2-3 working days</li>\r\n	<li>Start your journey with us!</li>\r\n</ol>\r\n\r\n<p>&nbsp;</p>', 'upload/partner-page/1794580182002748.jpg', 'upload/partner-page/1794580182077679.jpg', 'upload/partner-page/1794580182184783.jpg', 'upload/partner-page/1794580182249981.jpg', 'upload/partner-page/1794580182307520.jpg', 'upload/partner-page/1794580182370085.jpg', 'Click Here', 'upload/partner-page/1794778587393092.png', 'View Terms of Use Text', 'https://aurobees.projectsdemo.biz/', 'Rejected due to following reasons', 'Partner Registration Under-process', 'Partner Registration Successfully Completed', 'en', 'Become a Partner', 'Become a Partner', 'Become a Partner', 'Published', 1, 1, '2024-03-26 09:23:48', '2024-07-11 15:09:34'),
(2, 'भागीदार बनें', 'हमारे साथ जुड़ें, <br>एक साथ मिलकर हम और', 'upload/partner-page/1795934052701289.png', '<p>शक्तियों के संयोजन, कमजोरियों को कम करने और नई व्यावसायिक संभावनाओं का लाभ उठाकर आपसी विकास और सफलता को आगे बढ़ाने के लिए हमारे साथ भागीदार बनें।</p>', 'व्यापार', '<p>शक्तियों के संयोजन, कमजोरियों को कम करने और नई व्यावसायिक संभावनाओं का लाभ उठाकर आपसी विकास और सफलता को आगे बढ़ाने के लिए हमारे साथ भागीदार बनें।</p>', 'विपणन', '<p>शक्तियों के संयोजन, कमजोरियों को कम करने और नई व्यावसायिक संभावनाओं का लाभ उठाकर आपसी विकास और सफलता को आगे बढ़ाने के लिए हमारे साथ भागीदार बनें।</p>', 'विशिष्ट लाभ', '<p>क्लाउड-आधारित प्लेटफ़ॉर्म को सुचारू रूप से अपनाने और अपनाने को सुनिश्चित करने के लिए प्रशिक्षण प्राप्त करें।</p>', 'विपणन', '<p>ब्रांड की दृश्यता बढ़ाएँ, बाज़ार तक पहुँच बढ़ाएँ और सफलता को बढ़ावा दें।</p>', 'upload/partner-page/1795934053828168.jpg', 'विशिष्ट लाभ*', '<p>रिचालन दक्षता में वृद्धि<br />\r\nस्केलेबिलिटी और विस्तार के अवसर<br />\r\nउन्नत सेवा पेशकश<br />\r\nव्यापक ग्राहक आधार तक पहुंच<br />\r\nबाज़ार दृश्यता और ब्रांड एक्सपोज़र<br />\r\nसहयोग और ज्ञान साझा करना<br />\r\nप्रौद्योगिकी और नवाचार तक पहुंच<br />\r\nप्रतिस्पर्धात्मक लाभ<br />\r\nसाझा संसाधन और लागत बचत</p>', 'upload/partner-page/1795934053942382.jpg', 'upload/partner-page/1795934053955002.jpg', 'upload/partner-page/1795934053968791.jpg', 'upload/partner-page/1795934053982125.jpg', 'upload/partner-page/1795934053993346.jpg', 'upload/partner-page/1795934054004912.jpg', 'यहाँ क्लिक करें', 'upload/partner-page/1795934052699611.png', 'पयोग की शर्तें पाठ देखें', 'https://aurobees.projectsdemo.biz/', 'निम्नलिखित कारणों से अस्वीकृत', 'भागीदार पंजीकरण प्रक्रियाधीन है', 'भागीदार पंजीकरण सफलतापूर्वक पूरा हुआ', 'hi', 'भागीदार बनें', 'भागीदार बनें', 'भागीदार बनें', 'Published', 1, NULL, '2024-04-10 17:33:01', '2024-04-10 17:33:01');

-- --------------------------------------------------------

--
-- Table structure for table `partner_page_contracts`
--

CREATE TABLE `partner_page_contracts` (
  `id` bigint UNSIGNED NOT NULL,
  `partner_page_contents_id` int NOT NULL,
  `title` varchar(255) CHARACTER SET utf8mb4 COLLATE utf8mb4_unicode_ci DEFAULT NULL,
  `sub_title` varchar(255) CHARACTER SET utf8mb4 COLLATE utf8mb4_unicode_ci DEFAULT NULL,
  `banner_image` varchar(255) CHARACTER SET utf8mb4 COLLATE utf8mb4_unicode_ci DEFAULT NULL,
  `contract_page_image` varchar(255) CHARACTER SET utf8mb4 COLLATE utf8mb4_unicode_ci DEFAULT NULL,
  `partner_contract_text` varchar(255) CHARACTER SET utf8mb4 COLLATE utf8mb4_unicode_ci DEFAULT NULL,
  `partner_contract_description` longtext CHARACTER SET utf8mb4 COLLATE utf8mb4_unicode_ci,
  `benefits_of_partnership_text` varchar(255) CHARACTER SET utf8mb4 COLLATE utf8mb4_unicode_ci DEFAULT NULL,
  `benefits_of_partnership_description` longtext CHARACTER SET utf8mb4 COLLATE utf8mb4_unicode_ci,
  `typical_benefits_text` varchar(255) CHARACTER SET utf8mb4 COLLATE utf8mb4_unicode_ci DEFAULT NULL,
  `business_text` varchar(255) CHARACTER SET utf8mb4 COLLATE utf8mb4_unicode_ci DEFAULT NULL,
  `business_description_1` longtext CHARACTER SET utf8mb4 COLLATE utf8mb4_unicode_ci,
  `business_description_2` longtext CHARACTER SET utf8mb4 COLLATE utf8mb4_unicode_ci,
  `technical_text` varchar(255) CHARACTER SET utf8mb4 COLLATE utf8mb4_unicode_ci DEFAULT NULL,
  `technical_description_1` longtext CHARACTER SET utf8mb4 COLLATE utf8mb4_unicode_ci,
  `technical_description_2` longtext CHARACTER SET utf8mb4 COLLATE utf8mb4_unicode_ci,
  `marketing_text` varchar(255) CHARACTER SET utf8mb4 COLLATE utf8mb4_unicode_ci DEFAULT NULL,
  `marketing_description_1` longtext CHARACTER SET utf8mb4 COLLATE utf8mb4_unicode_ci,
  `marketing_description_2` longtext CHARACTER SET utf8mb4 COLLATE utf8mb4_unicode_ci,
  `draft_agreement_text` varchar(255) CHARACTER SET utf8mb4 COLLATE utf8mb4_unicode_ci DEFAULT NULL,
  `draft_agreement` varchar(255) CHARACTER SET utf8mb4 COLLATE utf8mb4_unicode_ci DEFAULT NULL,
  `draft_agreement_checkbox_text` longtext CHARACTER SET utf8mb4 COLLATE utf8mb4_unicode_ci,
  `contract_verification_image` varchar(255) CHARACTER SET utf8mb4 COLLATE utf8mb4_unicode_ci DEFAULT NULL,
  `contract_verification_description` longtext CHARACTER SET utf8mb4 COLLATE utf8mb4_unicode_ci,
  `created_at` timestamp NULL DEFAULT NULL,
  `updated_at` timestamp NULL DEFAULT NULL
) ENGINE=InnoDB DEFAULT CHARSET=utf8mb4 COLLATE=utf8mb4_unicode_ci;

--
-- Dumping data for table `partner_page_contracts`
--

INSERT INTO `partner_page_contracts` (`id`, `partner_page_contents_id`, `title`, `sub_title`, `banner_image`, `contract_page_image`, `partner_contract_text`, `partner_contract_description`, `benefits_of_partnership_text`, `benefits_of_partnership_description`, `typical_benefits_text`, `business_text`, `business_description_1`, `business_description_2`, `technical_text`, `technical_description_1`, `technical_description_2`, `marketing_text`, `marketing_description_1`, `marketing_description_2`, `draft_agreement_text`, `draft_agreement`, `draft_agreement_checkbox_text`, `contract_verification_image`, `contract_verification_description`, `created_at`, `updated_at`) VALUES
(1, 1, 'Partnership Agreement', 'Partnership Agreement', 'upload/partner-page/1794768899261169.png', 'upload/partner-page/1802987346888031.png', 'Partnership Agreement', '<p>.</p>', NULL, '<p>.</p>', NULL, NULL, '<p>.</p>', '<p>.</p>', 'Technical', '<p>Access the tools and training necessary to develop, deploy, and optimise Google Cloud solutions.</p>', '<ul>\r\n	<li>Exclusive technical training courses</li>\r\n	<li>Product roadmaps</li>\r\n	<li>Sandbox toolkits</li>\r\n	<li>Hands-on labs</li>\r\n</ul>', 'Marketing', '<p>Promote vour solutions and services with a wide arrav of marketing resources that allow you to reach new customer hulld awarenece and drive demand</p>', '<ul>\r\n	<li>Marketing campaign platform</li>\r\n	<li>Co-branding</li>\r\n	<li>Marketing Funds consideration</li>\r\n	<li>Tools to promote our customer success</li>\r\n</ul>', 'Download The Draft Agreement', 'upload/partner-page/1815673515809407.doc', '<p>On the behalf of the company, I had read &amp; Reviewed the partner Agreement and Confirm that appropriate Contact will be assigned this responsibility. <a href=\"http://localhost:8000/partner/partner-contract#\">View terms of use.</a></p>', 'upload/partner-page/1794768900045405.png', '<p>Contract Submission Successful</p>\r\n\r\n<p>Contract Under Verfication</p>', '2024-03-28 11:22:12', '2024-11-14 05:24:40'),
(2, 2, 'भागीदार बनें', 'हमारे साथ जुड़ें, <br>एक साथ मिलकर हम औ', 'upload/partner-page/1795934450172196.png', NULL, 'साझेदार अनुबंध', '<p>पार्टनर एडवांटेज को बिजनेस मॉडल, ग्राहक आवश्यकताओं, सफलता मेट्रिक्स और रणनीतिक प्राथमिकताओं में हमारे भागीदारों की सफलता को अधिकतम करने के लिए डिज़ाइन किया गया है।</p>', 'साझेदारी का लाभ उठाएँ', '<p>भागीदार अपने व्यवसाय के अनुरूप एंगेजमेंट मॉडल के आधार पर कई लाभों का आनंद लेते हैं। लाभों में वित्तीय प्रोत्साहन, बिक्री और विपणन संसाधन और बहुत कुछ शामिल हैं।</p>', 'विशिष्ट लाभ*', 'व्यापार', '<p>अपने व्यवसाय को बढ़ाने के लिए कार्यक्रम आधारित समर्थन के माध्यम से अपने भागीदार अनुभव को बढ़ाएं</p>', '<p>कार्यक्रम समर्थन (स्तर के अनुसार भिन्न होता है) पार्टनर एडवांटेज पोर्टल तक पहुंच भागीदार निर्देशिका सूचीकरण कार्यक्रम और उत्पाद वेबिनार</p>', 'तकनीकी', '<p>Google क्लाउड समाधानों को विकसित करने, तैनात करने और अनुकूलित करने के लिए आवश्यक टूल और प्रशिक्षण तक पहुंचें।</p>', '<p>विशिष्ट तकनीकी प्रशिक्षण पाठ्यक्रम उत्पाद रोडमैप सैंडबॉक्स टूलकिट व्यावहारिक प्रयोगशालाएँ</p>', 'विपणन', '<p>विपणन संसाधनों की एक विस्तृत श्रृंखला के साथ अपने समाधानों और सेवाओं को बढ़ावा दें जो आपको नए ग्राहकों तक पहुंचने, जागरूकता बढ़ाने और मांग बढ़ाने की अनुमति देते हैं।</p>', '<p>विपणन अभियान मंच<br />\r\nसह ब्रांडिंग<br />\r\nमार्केटिंग फंड पर विचार<br />\r\nहमारे ग्राहकों की सफलता को बढ़ावा देने के लिए उपकरण</p>', 'ड्राफ्ट अनुबंध डाउनलोड करें', 'upload/partner-page/1795934450171239.jpg', '<p>कंपनी की ओर से, मैंने साझेदार अनुबंध को पढ़ा और समीक्षा की है और पुष्टि की है कि उचित संपर्क को यह जिम्मेदारी सौंपी जाएगी। उपयोग की शर्तें देखें.</p>', 'upload/partner-page/1795934450902419.png', '<h2>अनुबंधअनुबंध सत्यापनाधीन</h2>\r\n\r\n<h3>प्रस्तुतीकरण सफल</h3>', '2024-04-10 17:39:19', '2024-04-10 17:39:19');

-- --------------------------------------------------------

--
-- Table structure for table `password_resets`
--

CREATE TABLE `password_resets` (
  `email` varchar(255) CHARACTER SET utf8mb4 COLLATE utf8mb4_unicode_ci NOT NULL,
  `token` varchar(255) CHARACTER SET utf8mb4 COLLATE utf8mb4_unicode_ci NOT NULL,
  `created_at` timestamp NULL DEFAULT NULL
) ENGINE=InnoDB DEFAULT CHARSET=utf8mb4 COLLATE=utf8mb4_unicode_ci;

-- --------------------------------------------------------

--
-- Table structure for table `payment_gateway_keys`
--

CREATE TABLE `payment_gateway_keys` (
  `id` bigint UNSIGNED NOT NULL,
  `country_code` varchar(255) CHARACTER SET utf8mb4 COLLATE utf8mb4_unicode_ci DEFAULT NULL,
  `payment_method` enum('auropay') CHARACTER SET utf8mb4 COLLATE utf8mb4_unicode_ci NOT NULL,
  `apikey` varchar(255) CHARACTER SET utf8mb4 COLLATE utf8mb4_unicode_ci DEFAULT NULL,
  `accesskey` varchar(255) CHARACTER SET utf8mb4 COLLATE utf8mb4_unicode_ci DEFAULT NULL,
  `secretkey` varchar(255) CHARACTER SET utf8mb4 COLLATE utf8mb4_unicode_ci DEFAULT NULL,
  `created_by` int DEFAULT NULL,
  `updated_by` int DEFAULT NULL,
  `created_at` timestamp NULL DEFAULT NULL,
  `updated_at` timestamp NULL DEFAULT NULL
) ENGINE=InnoDB DEFAULT CHARSET=utf8mb4 COLLATE=utf8mb4_unicode_ci;

--
-- Dumping data for table `payment_gateway_keys`
--

INSERT INTO `payment_gateway_keys` (`id`, `country_code`, `payment_method`, `apikey`, `accesskey`, `secretkey`, `created_by`, `updated_by`, `created_at`, `updated_at`) VALUES
(1, 'IN', 'auropay', 'bGF5bWVudCBnYXRld2F5MDA5=dfsdfsdfdsfsdf432423423434+sfjejd9ghjk', '0B609BC7D162E22C22A5E8CB10BDB9A1', 'v44Hrnxt+RDy9lJHous26t9V4chybOAHO/zT5JxQ2Do=', NULL, 1, NULL, '2023-12-28 12:24:30'),
(2, 'SG', 'auropay', 'bGF5bWVudCBnYXRld2F5MDA5=dfsdfsdfdsfsdf432423423434+sfjejd9ghjk', '2CBCCCF2FF09DB705E140078F542847A', '4ghJpgCs3bPVxQW4D3f6s6RX95Jj+V9+ifQJBicrIbs=', NULL, 1, NULL, '2024-01-04 17:30:57'),
(3, 'ID', 'auropay', 'bGF5bWVudCBnYXRld2F5MDA5=dfsdfsdfdsfsdf432423423434+sfjejd9ghjk', '4D162CB5923BBCD63B2377FFB50134F1', 'mUcCzYXNS/MyO7+v5bhAgXM46n6QOb6GgZvisDqRm2A=', NULL, 1, NULL, '2024-01-04 16:50:20'),
(4, 'AE', 'auropay', NULL, NULL, NULL, NULL, NULL, NULL, NULL),
(5, 'Other', 'auropay', NULL, NULL, NULL, NULL, NULL, NULL, NULL);

-- --------------------------------------------------------

--
-- Table structure for table `personal_access_tokens`
--

CREATE TABLE `personal_access_tokens` (
  `id` bigint UNSIGNED NOT NULL,
  `tokenable_type` varchar(255) CHARACTER SET utf8mb4 COLLATE utf8mb4_unicode_ci NOT NULL,
  `tokenable_id` bigint UNSIGNED NOT NULL,
  `name` varchar(255) CHARACTER SET utf8mb4 COLLATE utf8mb4_unicode_ci NOT NULL,
  `token` varchar(64) CHARACTER SET utf8mb4 COLLATE utf8mb4_unicode_ci NOT NULL,
  `abilities` text CHARACTER SET utf8mb4 COLLATE utf8mb4_unicode_ci,
  `last_used_at` timestamp NULL DEFAULT NULL,
  `expires_at` timestamp NULL DEFAULT NULL,
  `created_at` timestamp NULL DEFAULT NULL,
  `updated_at` timestamp NULL DEFAULT NULL
) ENGINE=InnoDB DEFAULT CHARSET=utf8mb4 COLLATE=utf8mb4_unicode_ci;

-- --------------------------------------------------------

--
-- Table structure for table `plan_pricings`
--

CREATE TABLE `plan_pricings` (
  `id` bigint UNSIGNED NOT NULL,
  `price_id` int NOT NULL COMMENT 'Price Table(pricing) id',
  `plan_type` varchar(255) CHARACTER SET utf8mb4 COLLATE utf8mb4_unicode_ci DEFAULT NULL,
  `country_code` varchar(255) CHARACTER SET utf8mb4 COLLATE utf8mb4_unicode_ci DEFAULT NULL,
  `country_name` varchar(255) CHARACTER SET utf8mb4 COLLATE utf8mb4_unicode_ci DEFAULT NULL,
  `currency` varchar(255) CHARACTER SET utf8mb4 COLLATE utf8mb4_unicode_ci DEFAULT NULL,
  `monthly` double(8,2) DEFAULT NULL,
  `quaterly` double(8,2) DEFAULT NULL,
  `yearly` double(8,2) DEFAULT NULL,
  `no_of_order` int DEFAULT NULL,
  `created_at` timestamp NULL DEFAULT NULL,
  `updated_at` timestamp NULL DEFAULT NULL
) ENGINE=InnoDB DEFAULT CHARSET=utf8mb4 COLLATE=utf8mb4_unicode_ci;

--
-- Dumping data for table `plan_pricings`
--

INSERT INTO `plan_pricings` (`id`, `price_id`, `plan_type`, `country_code`, `country_name`, `currency`, `monthly`, `quaterly`, `yearly`, `no_of_order`, `created_at`, `updated_at`) VALUES
(1515, 3, 'Basic', 'IN', 'India', 'INR', 1199.00, 3597.00, 14388.00, 1, '2025-02-11 05:19:49', '2025-02-11 05:19:49'),
(1516, 3, 'Advance', 'IN', 'India', 'INR', 4500.00, 13500.00, 54000.00, 1, '2025-02-11 05:19:49', '2025-02-11 05:19:49'),
(1517, 3, 'Basic', 'SG', 'Singapore', 'SGD', 20.00, 60.00, 240.00, 1, '2025-02-11 05:19:49', '2025-02-11 05:19:49'),
(1518, 3, 'Advance', 'SG', 'Singapore', 'SGD', 75.00, 225.00, 900.00, 1, '2025-02-11 05:19:49', '2025-02-11 05:19:49'),
(1519, 3, 'Basic', 'ID', 'Indonesia', 'IDR', 225.00, 675.00, 2700.00, 1, '2025-02-11 05:19:49', '2025-02-11 05:19:49'),
(1520, 3, 'Advance', 'ID', 'Indonesia', 'IDR', 825.00, 2475.00, 9900.00, 1, '2025-02-11 05:19:49', '2025-02-11 05:19:49'),
(1521, 3, 'Basic', 'AE', 'United Arab Emirates', 'AED', 55.00, 165.00, 660.00, 1, '2025-02-11 05:19:49', '2025-02-11 05:19:49'),
(1522, 3, 'Advance', 'AE', 'United Arab Emirates', 'AED', 200.00, 600.00, 1200.00, 1, '2025-02-11 05:19:49', '2025-02-11 05:19:49'),
(1523, 3, 'Basic', 'Other', 'Other', 'USD', 15.00, 45.00, 180.00, 1, '2025-02-11 05:19:49', '2025-02-11 05:19:49'),
(1524, 3, 'Advance', 'Other', 'Other', 'USD', 55.00, 165.00, 660.00, 1, '2025-02-11 05:19:49', '2025-02-11 05:19:49'),
(1525, 2, 'Basic', 'IN', 'India', 'INR', 1199.00, 2878.00, 14388.00, 1, '2025-02-11 05:20:18', '2025-02-11 05:20:18'),
(1526, 2, 'Advance', 'IN', 'India', 'INR', 4500.00, 13500.00, 54000.00, 1, '2025-02-11 05:20:18', '2025-02-11 05:20:18'),
(1527, 2, 'Basic', 'SG', 'Singapore', 'SGD', 20.00, 60.00, 240.00, 1, '2025-02-11 05:20:18', '2025-02-11 05:20:18'),
(1528, 2, 'Advance', 'SG', 'Singapore', 'SGD', 75.00, 225.00, 900.00, 1, '2025-02-11 05:20:18', '2025-02-11 05:20:18'),
(1529, 2, 'Free-Trial', 'ID', 'Indonesia', 'IDR', 0.00, 0.00, 0.00, 1, '2025-02-11 05:20:18', '2025-02-11 05:20:18'),
(1530, 2, 'Basic', 'ID', 'Indonesia', 'IDR', 225.00, 675.00, 2700.00, 1, '2025-02-11 05:20:18', '2025-02-11 05:20:18'),
(1531, 2, 'Advance', 'ID', 'Indonesia', 'IDR', 825.00, 2475.00, 9900.00, 1, '2025-02-11 05:20:18', '2025-02-11 05:20:18'),
(1532, 2, 'Basic', 'AE', 'United Arab Emirates', 'AED', 55.00, 165.00, 660.00, 1, '2025-02-11 05:20:18', '2025-02-11 05:20:18'),
(1533, 2, 'Advance', 'AE', 'United Arab Emirates', 'AED', 200.00, 600.00, 2400.00, 1, '2025-02-11 05:20:18', '2025-02-11 05:20:18'),
(1534, 2, 'Basic', 'Other', 'Other', 'USD', 15.00, 45.00, 180.00, 1, '2025-02-11 05:20:18', '2025-02-11 05:20:18'),
(1535, 2, 'Advance', 'Other', 'Other', 'USD', 55.00, 165.00, 660.00, 1, '2025-02-11 05:20:18', '2025-02-11 05:20:18'),
(1536, 2, 'Basic', 'IT', 'Italy', 'EUR', 13.26, 31.83, 159.12, 1, '2025-02-11 05:20:18', '2025-02-11 05:20:18'),
(1537, 2, 'Advance', 'IT', 'Italy', 'EUR', 49.77, 149.30, 597.22, 1, '2025-02-11 05:20:18', '2025-02-11 05:20:18'),
(1538, 2, 'Free-Trial', 'AF', 'Afghanistan', 'AFN', 0.00, 0.00, 0.00, 1, '2025-02-11 05:20:18', '2025-02-11 05:20:18'),
(1539, 6, 'Basic', 'IN', 'India', 'INR', 1199.00, 3597.00, 14388.00, 1, '2025-02-11 05:21:22', '2025-02-11 05:21:22'),
(1540, 6, 'Advance', 'IN', 'India', 'INR', 4500.00, 13500.00, 54000.00, 1, '2025-02-11 05:21:22', '2025-02-11 05:21:22'),
(1541, 6, 'Basic', 'SG', 'Singapore', 'SGD', 20.00, 60.00, 240.00, 1, '2025-02-11 05:21:22', '2025-02-11 05:21:22'),
(1542, 6, 'Advance', 'SG', 'Singapore', 'SGD', 75.00, 225.00, 900.00, 1, '2025-02-11 05:21:22', '2025-02-11 05:21:22'),
(1543, 6, 'Basic', 'ID', 'Indonesia', 'IDR', 225.00, 675.00, 2700.00, 1, '2025-02-11 05:21:22', '2025-02-11 05:21:22'),
(1544, 6, 'Advance', 'ID', 'Indonesia', 'IDR', 825.00, 2475.00, 9900.00, 1, '2025-02-11 05:21:22', '2025-02-11 05:21:22'),
(1545, 6, 'Basic', 'AE', 'United Arab Emirates', 'AED', 55.00, 165.00, 660.00, 1, '2025-02-11 05:21:22', '2025-02-11 05:21:22'),
(1546, 6, 'Advance', 'AE', 'United Arab Emirates', 'AED', 200.00, 600.00, 2400.00, 1, '2025-02-11 05:21:22', '2025-02-11 05:21:22'),
(1547, 6, 'Basic', 'Other', 'Other', 'USD', 15.00, 45.00, 180.00, 1, '2025-02-11 05:21:22', '2025-02-11 05:21:22'),
(1548, 6, 'Advance', 'Other', 'Other', 'USD', 55.00, 165.00, 660.00, 1, '2025-02-11 05:21:22', '2025-02-11 05:21:22'),
(1549, 4, 'Ecommerce', 'IN', 'India', 'INR', 2.50, 7.50, 30.00, 1000, '2025-02-11 05:23:03', '2025-02-11 05:23:03'),
(1550, 4, 'Ecommerce', 'SG', 'Singapore', 'SGD', 0.05, 0.15, 0.60, 1000, '2025-02-11 05:23:03', '2025-02-11 05:23:03'),
(1551, 4, 'Ecommerce', 'ID', 'Indonesia', 'IDR', 400.00, 1200.00, 4800.00, 1000, '2025-02-11 05:23:03', '2025-02-11 05:23:03'),
(1552, 4, 'Ecommerce', 'AE', 'United Arab Emirates', 'AED', 0.11, 0.33, 1.32, 1000, '2025-02-11 05:23:03', '2025-02-11 05:23:03'),
(1553, 4, 'Ecommerce', 'Other', 'Other', 'USD', 0.03, 0.09, 0.36, 1000, '2025-02-11 05:23:03', '2025-02-11 05:23:03'),
(1554, 1, 'Basic', 'IN', 'India', 'INR', 1199.00, 3597.00, 14388.00, 1, '2025-02-11 05:24:20', '2025-02-11 05:24:20'),
(1555, 1, 'Advance', 'IN', 'India', 'INR', 4140.00, 12420.00, 54000.00, 1, '2025-02-11 05:24:20', '2025-02-11 05:24:20'),
(1556, 1, 'Ecommerce', 'IN', 'India', 'INR', 2.50, 7.50, 30.00, 1000, '2025-02-11 05:24:20', '2025-02-11 05:24:20'),
(1557, 1, 'Basic', 'SG', 'Singapore', 'SGD', 20.00, 60.00, 240.00, 1, '2025-02-11 05:24:20', '2025-02-11 05:24:20'),
(1558, 1, 'Advance', 'SG', 'Singapore', 'SGD', 75.00, 225.00, 900.00, 1, '2025-02-11 05:24:20', '2025-02-11 05:24:20'),
(1559, 1, 'Ecommerce', 'SG', 'Singapore', 'SGD', 0.05, 0.15, 0.60, 1000, '2025-02-11 05:24:20', '2025-02-11 05:24:20'),
(1560, 1, 'Basic', 'ID', 'Indonesia', 'IDR', 225.00, 675.00, 2700.00, 1, '2025-02-11 05:24:20', '2025-02-11 05:24:20'),
(1561, 1, 'Advance', 'ID', 'Indonesia', 'IDR', 825.00, 2475.00, 9900.00, 1, '2025-02-11 05:24:20', '2025-02-11 05:24:20'),
(1562, 1, 'Ecommerce', 'ID', 'Indonesia', 'IDR', 400.00, 1200.00, 4800.00, 1000, '2025-02-11 05:24:20', '2025-02-11 05:24:20'),
(1563, 1, 'Basic', 'AE', 'United Arab Emirates', 'AED', 55.00, 165.00, 605.00, 1, '2025-02-11 05:24:20', '2025-02-11 05:24:20'),
(1564, 1, 'Advance', 'AE', 'United Arab Emirates', 'AED', 200.00, 600.00, 2400.00, 1, '2025-02-11 05:24:20', '2025-02-11 05:24:20'),
(1565, 1, 'Ecommerce', 'AE', 'United Arab Emirates', 'AED', 0.11, 0.33, 1.32, 1000, '2025-02-11 05:24:20', '2025-02-11 05:24:20'),
(1566, 1, 'Basic', 'Other', 'Other', 'USD', 15.00, 45.00, 180.00, 1, '2025-02-11 05:24:20', '2025-02-11 05:24:20'),
(1567, 1, 'Advance', 'Other', 'Other', 'USD', 55.00, 165.00, 605.00, 1, '2025-02-11 05:24:20', '2025-02-11 05:24:20'),
(1568, 1, 'Ecommerce', 'Other', 'Other', 'USD', 0.03, 0.09, 0.36, 1000, '2025-02-11 05:24:20', '2025-02-11 05:24:20'),
(1569, 7, 'Basic', 'IN', 'India', 'INR', 1199.00, 3597.00, 14388.00, 1, '2025-02-11 05:25:37', '2025-02-11 05:25:37'),
(1570, 7, 'Advance', 'IN', 'India', 'INR', 4500.00, 13500.00, 54000.00, 1, '2025-02-11 05:25:37', '2025-02-11 05:25:37'),
(1571, 7, 'Ecommerce', 'IN', 'India', 'INR', 2.50, 7.50, 30.00, 1000, '2025-02-11 05:25:37', '2025-02-11 05:25:37'),
(1572, 7, 'Basic', 'SG', 'Singapore', 'SGD', 20.00, 60.00, 240.00, 1, '2025-02-11 05:25:37', '2025-02-11 05:25:37'),
(1573, 7, 'Advance', 'SG', 'Singapore', 'SGD', 75.00, 225.00, 900.00, 1, '2025-02-11 05:25:37', '2025-02-11 05:25:37'),
(1574, 7, 'Ecommerce', 'SG', 'Singapore', 'SGD', 0.05, 0.15, 0.60, 1000, '2025-02-11 05:25:37', '2025-02-11 05:25:37'),
(1575, 7, 'Basic', 'ID', 'Indonesia', 'IDR', 225.00, 675.00, 2700.00, 1, '2025-02-11 05:25:37', '2025-02-11 05:25:37'),
(1576, 7, 'Advance', 'ID', 'Indonesia', 'IDR', 825.00, 2475.00, 9900.00, 1, '2025-02-11 05:25:37', '2025-02-11 05:25:37'),
(1577, 7, 'Ecommerce', 'ID', 'Indonesia', 'IDR', 400.00, 1200.00, 4800.00, 1000, '2025-02-11 05:25:37', '2025-02-11 05:25:37'),
(1578, 7, 'Basic', 'AE', 'United Arab Emirates', 'AED', 55.00, 165.00, 660.00, 1, '2025-02-11 05:25:37', '2025-02-11 05:25:37'),
(1579, 7, 'Advance', 'AE', 'United Arab Emirates', 'AED', 200.00, 600.00, 2400.00, 1, '2025-02-11 05:25:37', '2025-02-11 05:25:37'),
(1580, 7, 'Ecommerce', 'AE', 'United Arab Emirates', 'AED', 0.11, 0.33, 1.32, 1000, '2025-02-11 05:25:37', '2025-02-11 05:25:37'),
(1581, 7, 'Basic', 'Other', 'Other', 'USD', 15.00, 45.00, 180.00, 1, '2025-02-11 05:25:37', '2025-02-11 05:25:37'),
(1582, 7, 'Advance', 'Other', 'Other', 'USD', 55.00, 165.00, 660.00, 1, '2025-02-11 05:25:37', '2025-02-11 05:25:37'),
(1583, 7, 'Ecommerce', 'Other', 'Other', 'USD', 0.03, 0.09, 0.36, 1000, '2025-02-11 05:25:37', '2025-02-11 05:25:37'),
(1584, 5, 'Basic', 'IN', 'India', 'INR', 1199.00, 3300.00, 10000.00, 1, '2025-02-11 05:26:32', '2025-02-11 05:26:32'),
(1585, 5, 'Advance', 'IN', 'India', 'INR', 4500.00, 13500.00, 54000.00, 1, '2025-02-11 05:26:32', '2025-02-11 05:26:32'),
(1586, 5, 'Ecommerce', 'IN', 'India', 'INR', 2.50, 7.50, 30.00, 1000, '2025-02-11 05:26:32', '2025-02-11 05:26:32'),
(1587, 5, 'Basic', 'SG', 'Singapore', 'SGD', 20.00, 60.00, 240.00, 1, '2025-02-11 05:26:32', '2025-02-11 05:26:32'),
(1588, 5, 'Advance', 'SG', 'Singapore', 'SGD', 75.00, 225.00, 900.00, 1, '2025-02-11 05:26:32', '2025-02-11 05:26:32'),
(1589, 5, 'Ecommerce', 'SG', 'Singapore', 'SGD', 0.05, 0.15, 0.60, 1000, '2025-02-11 05:26:32', '2025-02-11 05:26:32'),
(1590, 5, 'Basic', 'ID', 'Indonesia', 'IDR', 225.00, 675.00, 2700.00, 1, '2025-02-11 05:26:32', '2025-02-11 05:26:32'),
(1591, 5, 'Advance', 'ID', 'Indonesia', 'IDR', 825.00, 2475.00, 9900.00, 1, '2025-02-11 05:26:32', '2025-02-11 05:26:32'),
(1592, 5, 'Ecommerce', 'ID', 'Indonesia', 'IDR', 400.00, 1200.00, 4800.00, 1000, '2025-02-11 05:26:32', '2025-02-11 05:26:32'),
(1593, 5, 'Basic', 'AE', 'United Arab Emirates', 'AED', 55.00, 165.00, 660.00, 1, '2025-02-11 05:26:32', '2025-02-11 05:26:32'),
(1594, 5, 'Advance', 'AE', 'United Arab Emirates', 'AED', 200.00, 600.00, 2400.00, 1, '2025-02-11 05:26:32', '2025-02-11 05:26:32'),
(1595, 5, 'Ecommerce', 'AE', 'United Arab Emirates', 'AED', 0.11, 0.33, 1.32, 1000, '2025-02-11 05:26:32', '2025-02-11 05:26:32'),
(1596, 5, 'Basic', 'Other', 'Other', 'USD', 15.00, 45.00, 180.00, 1, '2025-02-11 05:26:32', '2025-02-11 05:26:32'),
(1597, 5, 'Advance', 'Other', 'Other', 'USD', 55.00, 165.00, 660.00, 1, '2025-02-11 05:26:32', '2025-02-11 05:26:32'),
(1598, 5, 'Ecommerce', 'Other', 'Other', 'USD', 0.03, 0.09, 1.32, 1000, '2025-02-11 05:26:32', '2025-02-11 05:26:32');

-- --------------------------------------------------------

--
-- Table structure for table `posts`
--

CREATE TABLE `posts` (
  `id` bigint UNSIGNED NOT NULL,
  `blog_category_id` int DEFAULT NULL COMMENT 'Blog Category Table(blog_categories) id',
  `default_language_page` int DEFAULT NULL,
  `post_title` text CHARACTER SET utf8mb4 COLLATE utf8mb4_unicode_ci,
  `post_content` longtext CHARACTER SET utf8mb4 COLLATE utf8mb4_unicode_ci,
  `post_slug` text CHARACTER SET utf8mb4 COLLATE utf8mb4_unicode_ci,
  `post_type` varchar(255) CHARACTER SET utf8mb4 COLLATE utf8mb4_unicode_ci DEFAULT NULL,
  `post_status` enum('Published','Draft','Trash') CHARACTER SET utf8mb4 COLLATE utf8mb4_unicode_ci NOT NULL DEFAULT 'Published',
  `media_type` enum('Image','Video') CHARACTER SET utf8mb4 COLLATE utf8mb4_unicode_ci DEFAULT NULL,
  `image` varchar(255) CHARACTER SET utf8mb4 COLLATE utf8mb4_unicode_ci DEFAULT NULL,
  `video_type` enum('MP4','Youtube') CHARACTER SET utf8mb4 COLLATE utf8mb4_unicode_ci DEFAULT NULL,
  `video` varchar(255) CHARACTER SET utf8mb4 COLLATE utf8mb4_unicode_ci DEFAULT NULL,
  `youtube` longtext CHARACTER SET utf8mb4 COLLATE utf8mb4_unicode_ci,
  `location` varchar(255) CHARACTER SET utf8mb4 COLLATE utf8mb4_unicode_ci DEFAULT NULL,
  `pdf` varchar(255) CHARACTER SET utf8mb4 COLLATE utf8mb4_unicode_ci DEFAULT NULL,
  `language` varchar(255) CHARACTER SET utf8mb4 COLLATE utf8mb4_unicode_ci NOT NULL DEFAULT 'en_US',
  `meta_key` text CHARACTER SET utf8mb4 COLLATE utf8mb4_unicode_ci,
  `meta_title` text CHARACTER SET utf8mb4 COLLATE utf8mb4_unicode_ci,
  `meta_description` text CHARACTER SET utf8mb4 COLLATE utf8mb4_unicode_ci,
  `total_post_view` bigint NOT NULL DEFAULT '0',
  `created_by` int DEFAULT NULL,
  `created_at` timestamp NOT NULL DEFAULT CURRENT_TIMESTAMP,
  `updated_by` int DEFAULT NULL,
  `updated_at` timestamp NULL DEFAULT NULL ON UPDATE CURRENT_TIMESTAMP
) ENGINE=InnoDB DEFAULT CHARSET=utf8mb4 COLLATE=utf8mb4_unicode_ci;

--
-- Dumping data for table `posts`
--

INSERT INTO `posts` (`id`, `blog_category_id`, `default_language_page`, `post_title`, `post_content`, `post_slug`, `post_type`, `post_status`, `media_type`, `image`, `video_type`, `video`, `youtube`, `location`, `pdf`, `language`, `meta_key`, `meta_title`, `meta_description`, `total_post_view`, `created_by`, `created_at`, `updated_by`, `updated_at`) VALUES
(2, 2, NULL, 'Offsetting supply chain disruptions with working capital initiative', '<p>Supply chain disruption is no longer a temporary bug, but a continuing feature. Now, it has been two years since we are into a global pandemic that has transformed the way we operate supply chains. Sooner we believe the end of crisis is near, a different set of challenge pushes supply chain into a pit. The so-called new normal is highly volatile. However, supply chain professionals focused on efficiency in pre-pandemic era the focus has shifted to agility and resilience to keep the supplier operations perpetual.</p>\r\n\r\n<p>The crisis has thrown supply chains into an atmosphere of volatility creating uncertainty in logistics and major transformation in consumer demand. In regards to supplier, late payments push many companies to draw their working capital to pay their bills thus resulting into insolvencies.</p>\r\n\r\n<p>To stave off instability, banks have rolled out supply chain finance programmes to suppliers who face cash flow gaps by providing them immediate payment on outstanding invoices without coercing the buyer&rsquo;s working capital. Working capital and cash flow are the two important metrics to keep close watch on for efficiency, liquidity and overall health of a company. Without sufficient fund, a company cannot meet daily expenses, pay employee salaries, and make other payments.</p>\r\n\r\n<p>Holding working capital is not only useful for a business but also downright necessary. If your business carries accounts receivable i.e. the sales for which you don&rsquo;t receive payment immediately, you require cash to keep the business continuing. It becomes need of the hour while the business is expanding as there is a need to pay for materials and labour to continue the production process and it takes time for customer payments to catch up with your cash expenditure.</p>\r\n\r\n<p>To avert the ship sinking for SMEs under such circumstances, Aurobees&rsquo; AuroPayBiz assures to manage the credit risk of the seller and buyer to improve their cash flows and working capital requirements. AuroPayBiz provides mileage to suppliers to receive invoice financing, a form of short-term borrowing to suppliers based on outstanding invoices. Here, sellers get shortened days sales outstanding and buyers get extended days payable outstanding. Apart from invoice financing, AuroPayBiz also provides option for buyers to make payments using commercial cards and for suppliers to receive payments in T+1 day through our acquiring partners.</p>\r\n\r\n<p>Businesses must enjoy an impeccable rhythm of selling goods and services to use the incoming cash to finance future operations. But in reality, there is a discrepancy when you sell a product and when you get paid. A well-managed working capital helps to create strong financial shield to finance the current operations.</p>\r\n\r\n<p>Overall, a working capital initiative can help a company offset the effects of supply chain disruptions by providing it with a cushion of cash to fall back on. By implementing such an initiative, a company can be better prepared to weather any disruptions that may come its way.</p>', 'offsetting-supply-chain-disruptions-with-working-capital-initiative', 'post', 'Published', 'Image', 'upload/blog/1774823406152872.jpg', 'MP4', 'upload/blog/1680775454-rainmp4.mp4', NULL, 'Mumbai', NULL, 'en', 'Offsetting supply chain disruptions with working capital initiative', 'Offsetting supply chain disruptions with working capital initiative', 'Offsetting supply chain disruptions with working capital initiative', 43, 1, '2023-01-23 05:00:00', 1, '2025-03-04 13:03:48'),
(3, 3, NULL, 'Aurobees joins Maharashtra Chamber of Commerce, Industry & Agriculture as a member', '<p>Aurobees has become a member of the Maharashtra Chamber of Commerce, Industry &amp; Agriculture (MACCIA), a platform for policy directions to the government of Maharashtra on various issues related to trade, commerce, industry &amp; agriculture for economic development.</p>\r\n\r\n<p><strong>Inder Singh, Head Sales, SCM</strong>&nbsp;- India, Aurionpro Solutions Ltd, said, &ldquo;It is indeed a pleasure to be a member of MACCIA. This allows us to work with 4500+ SMEs comprising industries, traders, agriculturists &amp; professionals and to enhance their digital capabilities. The SMEs will be able to connect to multiple marketplaces and grow their businesses exponentially.&rdquo;</p>\r\n\r\n<p>As a member, Aurobees can now organize workshops, conduct training, and educate MACCIA associated members about digitization in the supply chain under a single roof.</p>\r\n\r\n<p>Founded in 1927, MACCIA works closely with the state government for chalking out growth-oriented policies.</p>', 'aurobees-joins-maharashtra-chamber-of-commerce--industry---agriculture-as-a-member', 'news', 'Published', 'Image', 'upload/blog/1774826884711869.png', 'MP4', 'upload/blog/1680861193-rainmp4.mp4', 'https://www.youtube.com/embed/iPLAUk2r0es', 'Mumbai', 'upload/blog/1785079074930769.pdf', 'en', 'Aurobees joins Maharashtra Chamber of Commerce, Industry & Agriculture as a member', 'Aurobees joins Maharashtra Chamber of Commerce, Industry & Agriculture as a member', 'Aurobees joins Maharashtra Chamber of Commerce, Industry & Agriculture as a member', 0, 1, '2022-12-14 05:00:00', 1, '2023-12-12 22:57:46'),
(4, 3, NULL, 'Aurionpro announces partnership with BSE E-Agricultural Marketing Ltd. (BEAM), a subsidiary of BSE', '<p>Aurionpro Solutions Ltd is pleased to be selected as partner by BSE E-Agricultural Marketing Ltd. (BEAM), a subsidiary of BSE India Ltd, Asia&rsquo;s oldest stock exchange. Under the partnership, Aurionpro will provide Aurobees, an e-commerce and supply chain fulfilment platform for SMEs and corporates of BEAM Agricultural market ecosystem. The platform will enable the Agricultural ecosystem to move their businesses online seamlessly by facilitating digital presence, market place and enabling them to run their supply chains efficiently to seize growth opportunities in the new digital economy.</p>\r\n\r\n<p>BSE E Agricultural Markets (BEAM) is an e-markets and services company that enhances efficiency of spot commodity trades in India. It is set up by BSE through its wholly owned subsidiary BSE Investments. The company takes ecosystem approach to developing commodity spot markets in India and works closely with Government, Corporate, Farmer and Farmer Producer Organizations (FPOs).</p>\r\n\r\n<p>Mr. Sanjay Bali, President &ndash;Aurionpro said &ldquo;We thank BEAM for selecting Aurionpro as partner. Aurobees, is an innovative and integrated digital supply chain fulfilment and financing platform, focused at transforming SMEs. This partnership will facilitate seamless onboarding of the participants on the BEAM platform.&rdquo;</p>\r\n\r\n<p>Mr. Rajesh Sinha, CEO &ndash; BEAM said &ldquo;It&rsquo;s a win-win partnership which will provide a technology boost and will reduce onboarding time and will facilitate efficient management of the trading members on our platform.&rdquo;</p>\r\n\r\n<p><strong>About Aurionpro</strong></p>\r\n\r\n<p>Aurionpro Solutions Limited (NSE: AURIONPRO) (BSE: 532668) is an advanced technology solutions company catering to the needs of the Banking, Mobility, Payments, and Government sectors. It converges multiple technology solutions under a single umbrella &ndash; Advanced and Accelerated Platform-led Transformation (ADAPT) to the &lsquo;New Digital World&rsquo;. Headquartered in Mumbai, India, the company serves globally with the expertise and commitment of 1800+ passionate people supporting its journey.<br />\r\nFor more information, visit&nbsp;<a href=\"https://www.aurionpro.com/\" target=\"_blank\">www.aurionpro.com</a><br />\r\n<strong>For more information, please contact</strong><br />\r\n<strong>Ninad Kelkar</strong>&nbsp;<a href=\"mailto:%20investor@aurionpro.com\">investor@aurionpro.com</a></p>\r\n\r\n<p>&nbsp;</p>', 'aurionpro-announces-partnership-with-bse-e-agricultural-marketing-ltd-beam-a-subsidiary-of-bse', 'news', 'Published', 'Image', 'upload/blog/1763520031561923.jpg', 'MP4', NULL, NULL, 'Mumbai', NULL, 'en', 'Aurionpro announces partnership with BSE E-Agricultural Marketing Ltd. (BEAM), a subsidiary of BSE', 'Aurionpro announces partnership with BSE E-Agricultural Marketing Ltd. (BEAM), a subsidiary of BSE', 'Aurionpro announces partnership with BSE E-Agricultural Marketing Ltd. (BEAM), a subsidiary of BSE', 0, 1, '2023-04-17 04:00:00', 1, '2023-08-21 18:49:10'),
(5, 2, NULL, 'Levelling up sustainability in warehousing operations', '<p>The goal of warehouse sustainability is to minimize the negative environmental impact of operations in a warehouse or distribution centre and promote a more sustainable supply chain. By implementing sustainable practices, warehouses can improve their environmental performance, reduce costs, and improve their reputation as responsible corporate citizens.</p>\r\n\r\n<p>Warehouse sustainability is a practice of designing, operating, and maintaining a warehouse in an environmentally responsible and resource-efficient manner. This involves reducing waste, conserving energy, using sustainable materials and improving operational processes to reduce their impact on the environment. Additionally, it can also include measures to improve the well-being of workers and reduce the carbon footprint of the supply chain.</p>\r\n\r\n<p>Digitization in logistics can have a significant positive impact on sustainability. Adopting a paperless transaction can eliminate the need for physical paper documentation in the warehouse operations. This can be achieved by using digital systems such as warehouse management systems (WMS), electronic data interchange (EDI), barcode scanning, and mobile devices. Aurobees&rsquo; WMS integrates with other systems such as an enterprise resource planning (ERP) system, providing real-time information and automating tasks including receiving, put-away, picking, packing, and shipping, as well as inventory management, space utilization, and labour management.</p>\r\n\r\n<p>Digitization in logistics can help to reduce the amount of paper used, which can lead to lower greenhouse gas emissions and less deforestation. For example, electronic documentation, such as electronic bills of lading and invoices, can replace paper-based processes. It uses barcode scanning for inventory management, and digital record keeping for tracking and reporting. With our WMS, embracing paperless transactions can give impetus to increased efficiency, improved accuracy, reduced costs, increased transparency, and improved data management. By eliminating paper-based processes, warehouse operations can become more streamlined and automated, leading to better decision-making, improved visibility throughout the supply chain, and reduced errors. Additionally, real-time data and updates can be easily accessed and shared, improving collaboration between departments and streamlining communication. WMS provides real-time visibility into the inventory, order status, supports multi-channel fulfilment, automates and streamlines warehouse processes, and helps optimize the use of storage space and resources. Overall, it aims to improve efficiency, accuracy, and customer satisfaction in the storage and distribution of goods.</p>\r\n\r\n<p>By going paperless, additionally digitization can contribute to sustainability in warehouse as below:</p>\r\n\r\n<ul>\r\n	<li>Improved transportation efficiency: By using digital tools, logistics providers can optimize their transportation routes and reduce the number of empty miles driven, leading to reduced fuel consumption and lower emissions.</li>\r\n	<li>Better inventory management: Digital tools can help companies manage their inventory more efficiently, reducing waste and minimizing the amount of excess stock that needs to be transported and stored.</li>\r\n	<li>Digital tools can provide real-time visibility into supply chain operations, allowing companies to identify inefficiencies and areas where they can improve sustainability.</li>\r\n	<li>Enhanced visibility and transparency: Digitization can provide greater visibility into the entire supply chain, from raw material sourcing to final delivery. This can help identify inefficiencies and opportunities to reduce waste and emissions.</li>\r\n	<li>Increased collaboration and resource sharing: Digital platforms can facilitate collaboration and resource sharing among logistics companies, reducing the need for duplication of resources and improving efficiency.</li>\r\n</ul>\r\n\r\n<p>A best warehouse management software can result in less staff carrying out the essential duties of a warehouse. More can be picked in less time, picking errors can be greatly reduced and orders can be fulfilled swiftly. Overall, digitization can help reduce the environmental impact of the industry while also increasing efficiency and improving customer service.</p>', 'levelling-up-sustainability-in-warehousing-operations', 'post', 'Published', 'Image', 'upload/blog/1763522592562897.jpg', 'MP4', NULL, NULL, 'Mumbai', NULL, 'en', 'Levelling up sustainability in warehousing operations', 'Levelling up sustainability in warehousing operations', 'Levelling up sustainability in warehousing operations', 120, 1, '2023-02-16 05:00:00', 1, '2024-11-30 18:04:30'),
(6, 2, NULL, 'Digitalising supply chains to unlock trade inefficiencies', '<p>During the pandemic, countless supply chains have been crippled around the world due to their outdated systems. Traceability falls apart when certain aspects of the network have to be forcefully shut down due to unprecedented events. Many processes that revolve around deliveries still run with a face-to-face, paper-based signature. Thus, using a digital approach can eliminate the need for face-to-face interactions, improving business both during and after Covid-19.</p>\r\n\r\n<p>When looking to improve a business&#39; supply chain, there are several digitalisation options available to help automate each step in this process. Before digitalisation, every step in the supply chain had to be performed manually, as very little was able to be tracked digitally. The increasing adoption of Industry 4.0 continues to sweep across the world bringing never-seen-before innovative technologies that can completely transform the operations of a supply chain network, company, or procurement process.</p>\r\n\r\n<p>The supply chain is demanding digitisation across all industry verticals, including manufacturing, retail, food, and beverage, energy, medical devices, and healthcare. Supply chains have generated a lot of data over the years, but this has not been analysed to determine its real value. Now, with supply chain databases, analytics is a must. This will help reduce congestion and speed up decision-making, transforming the supply chain by optimising resources and making systems more efficient.</p>\r\n\r\n<p>But the story is different for SMEs. As per the Ministry of Micro, Small &amp; Medium Enterprises, India has more than 7.9 million MSMEs, which will be the major contributor to the country&rsquo;s success stories. The government in July 2021 announced the inclusion of retail and wholesale traders as MSMEs to strengthen the sector and boost economic growth. Giving more vent to the sector, in the same year in November, the government launched the Special Credit Linked Capital Subsidy Scheme (SCLCSS) for the services sector. This scheme will help enterprises in the services sector meet various technological requirements.</p>\r\n\r\n<p>In line with the government&rsquo;s agenda of bringing down logistics cost to GDP to 8% by 2030 from the current 14%, Aurobees is participating to uplift and transform the way SMEs work. As SMEs lack the bandwidth to acquire the required working capital and compete with established industry players, Aurobees platform ensures them a complete makeover for their business by creating a website, webstore and establishing their footprint in the right marketplace. It enhances business automation by providing end-to-end supply chain fulfilment from order management, B2B /B2C warehousing and last-mile distribution.</p>\r\n\r\n<p>Along similar lines, Aurobees&rsquo; Business Payments Platform (BPP) facilitates invoice financing and commercial card payment, a form of short-term borrowing to the customers, shortening the days&#39; sales outstanding. The platform facilitates businesses to collect cash immediately without waiting for the customers to pay against the amount due on invoices issued which keeps working capital stable. Thus, avoiding credit and cash flow problems.</p>\r\n\r\n<p>Healthy deliberations among policymakers and industry players on revitalising India&rsquo;s logistics industry are much needed to enhance its contribution to the economic growth potential of the country. The performance of the logistics sector in India has never been more compelling. A robust logistics sector can go a long way in boosting India&rsquo;s quest for being a manufacturing giant given initiatives like &lsquo;Make in India&rsquo;. Increasingly, companies across the world are looking at the world for a unified production base and a market that a competitive logistics sector can successfully tap into.</p>', 'digitalising-supply-chains-to-unlock-trade-inefficiencies', 'post', 'Published', 'Image', 'upload/blog/1763522679416644.jpg', 'MP4', NULL, NULL, 'Mumbai', NULL, 'en', 'Digitalising supply chains to unlock trade inefficiencies', 'Digitalising supply chains to unlock trade inefficiencies', 'Digitalising supply chains to unlock trade inefficiencies', 93, 1, '2022-12-19 05:00:00', 1, '2025-02-17 23:13:58'),
(7, 3, NULL, 'Leading online book store enables customers to browse, purchase books seamlessly with Aurobees', '<ul>\r\n	<li><strong>Improved sales</strong></li>\r\n	<li><strong>Increase in global footprint</strong></li>\r\n	<li><strong>Effective inventory management</strong></li>\r\n	<li><strong>End-to-end digital marketing</strong></li>\r\n</ul>\r\n\r\n<blockquote>\r\n<p>&nbsp;</p>\r\n\r\n<p>The transition from traditional shopping to online buying is progressively extending across multiple markets. Hence, understanding the power of digitization, one of the leading online bookstores chose Aurobees, a one-stop cloud solution for SMEs to help them step into the next level of digitalizing. Earlier, the online store customers&rsquo; faced challenges in browsing and extended digital presence which impacted their sales growth.</p>\r\n\r\n<p>Now, Aurionpro Solutions&rsquo; Aurobees provides seamless walkthrough of books for readers and helps the bookstore to boost their sales and visibility through digital marketing services. Aurobees provides SMEs to digitalize, expand and grow their business faster than ever before by creating a unique and engaging online shopping webstore/website. It empowers SMEs to expand across various geographies and conduct online business with both B2B and B2C consumers.</p>\r\n\r\n<p>The idea of Pusthakakada was born out of a collective passion to provide a reliable platform for book lovers to buy Malayalam books of their choice. Due to the large demand, we intend to further enhance the buying experience hassle-free and thus Aurobees has helped us to create an even more user-friendly cloud-based platform by connecting the portal to multiple marketplaces. Now, we can ensure that end-to-end e-commerce fulfilment is also carried out to enjoy complete transparency and to exceed customer satisfaction.</p>\r\n\r\n<p><strong>Dr. Siddeek Ahamed, Chairman &amp; MD, Eram Group</strong></p>\r\n</blockquote>', 'leading-online-book-store-enables-customers-to-browse--purchase-books-seamlessly-with-aurobees', 'news', 'Published', 'Video', NULL, 'MP4', 'upload/blog/1681882233-filemp4.mp4', NULL, 'Mumbai', NULL, 'en', 'Leading online book store enables customers to browse, purchase books seamlessly with Aurobees', 'Leading online book store enables customers to browse, purchase books seamlessly with Aurobees', 'Leading online book store enables customers to browse, purchase books seamlessly with Aurobees', 0, 1, '2022-12-09 05:00:00', 1, '2023-08-21 19:00:47'),
(11, 2, NULL, 'Pandemic reinventing trade digitally', '<p>As we are nearing to the end of the year, rewinding the clock we need to do a reality check to understand what drove the digital offerings in the last two years. The enterprises that flourished during the crisis did so because they altered or enhanced their business processes that were already underway.</p>\r\n\r\n<p>Here, we have to realise that using digital technologies does not relate to building a digitised and autonomous supply chain. It should be corresponding to supply chain technologies across planning, procurement, manufacturing, and logistics. Such innovations were already in process before the pandemic, but have taken off since then.</p>\r\n\r\n<p>As per International Food Policy Research Institute, in lower-income countries like Asia, Africa, and Latin America, SMEs still dominate food retail and services. These businesses diverted to deliver food products and meals using online platforms during the pandemic, as they were severely affected by mobility restrictions and consumer fears. SME retailers in Thailand started to sell food directly to consumers via social media and local SME delivery apps. In India, SME retailers established e-commerce activities using digital payment platforms, and online channels. Even though it started before, it has paved the way for new business opportunities for SMEs during the crisis.</p>\r\n\r\n<p>As per the findings from a 2020 survey by Ernst &amp; Young, during uncertain conditions, companies go slow on their technology investments. However, during Covid-19, 92 percent did not halt technology investments. &ldquo;This speaks to the value of a digital supply chain in helping enterprises navigate disruptive forces and respond faster to volatile supply and demand.&rdquo;</p>\r\n\r\n<p>The survey included 200 senior-level supply chain executives at organisations across many sectors in the United States with over $1 billion in revenues.</p>\r\n\r\n<p>It further stated that a shift from linear supply chains to more integrated networks connecting many players is seen with a need for increased visibility across hundreds or thousands of suppliers. This disruption has been enabled by IoT devices or sensors that provide valuable data on where goods are in the chain and their condition.</p>\r\n\r\n<p>At the same time, in a blog published by the World Bank on digital safeguards and enablers for Covid-19 vaccine delivery in 2021, it states, &ldquo;The historic task of Covid-19 vaccine delivery will require a transformational coordination and integration effort, which, if done correctly can lay the base for the digitisation and modernisation of the trucking and logistics sectors. It has the potential for reshaping the face of freight logistics within the coming years. This would alter the market structure of the logistics sector, moving countries towards integrated supply chain services.&rdquo;</p>\r\n\r\n<p>The pandemic has indeed augmented many pre-existing trends, and the supply chain is no exception. The new constraints led companies in several developing countries to innovate and expand digitalisation across various sectors. The race is on for digitalisation.</p>', 'pandemic-reinventing-trade-digitally', 'post', 'Published', 'Image', 'upload/blog/1774823699835395.jpg', 'MP4', NULL, NULL, 'Mumbai', NULL, 'en', 'Pandemic reinventing trade digitally', 'Pandemic reinventing trade digitally', 'Pandemic reinventing trade digitally', 24, 1, '2022-08-18 04:00:00', 1, '2024-11-30 00:52:13'),
(12, 2, NULL, 'How supply chain behaves from War Cry to French Fry', '<p>Imagine people craving food at a war-hit location like Ukraine and on the other hand another set of people relishing on a mayo-filled juicy McDonalds burger to compliment with French fries at a fun-filled region. Supplying food to tension-driven zones and a 30-minute express delivery prompts for more challenging logistical concerns.</p>\r\n\r\n<p>Challenges around supply chain management increased significantly during the pandemic. Shortages of food and other items continue as the supply chain seeks to recover from disruptions aggravated not only by the pandemic but also during natural disasters across several parts of the world.</p>\r\n\r\n<p>Digitisation has effectively pushed the final pieces of that puzzle into place - and faster than anyone could have ever imagined. Digital transformation is indicating the next era in supply chain management, in which suppliers and customers are blurring the lines between the digital and physical worlds, and expunging traditional organisational boundaries.</p>\r\n\r\n<p>The supply chain has become dependent on technology for warehouse management, tracking inventory and cargo, identifying bottlenecks, and real-time monitoring during transit. Currently, supply chain management software is largely used by major businesses, which deals with multiple departments, locations and products. Nevertheless, small and medium enterprises don&#39;t have the advantage to enhance their businesses on a vast scale due to limited resources and physical reach.</p>\r\n\r\n<p>Our platform Aurobees aims to provide a one-stop cloud platform to help SMEs to step into the next level of digitalizing various touchpoints for customers. If an SME business is na&iuml;ve to the digital world, Aurobees will help SMEs to digitalize, expand and grow their business faster than ever before by creating unique and engaging online shopping webstore/website within minutes.</p>\r\n\r\n<p>Aurobees allows digital transformation of a SME&rsquo;s supply chain whilst improving efficiency and provide financing for optimising working capital. It provides a highly scalable solution for the digitization and fulfilment across industries ranging from manufacturing, trading, distribution, freight forwarding, warehousing, transportation, and e-commerce fulfilment. Additionally, when it comes to financial services, Aurobees will provide a secure payment gateway for conducting transactions.</p>\r\n\r\n<p>SME businesses are considered to be connected more physically to the local regions than larger businesses, so whether it is a war zone or a fun-filled party, these businesses become more relevant to reach on time at the required destination. Thus, armouring them with the right set of digital capabilities must be a future vision for every country.</p>\r\n\r\n<p>As per a PwC report published a few years ago, it stated, &ldquo;The digital supply chain, as we envision it, consists of eight key elements: integrated planning and execution, logistics visibility, Procurement 4.0, smart warehousing, efficient spare parts management, autonomous and B2C logistics, prescriptive supply chain analytics, and digital supply chain enablers. Companies that can put together these pieces into a coherent and fully transparent whole will gain huge advantages in customer service, flexibility, efficiency, and cost reduction; those that delay will be left further and further behind.&rdquo;</p>\r\n\r\n<p>This ecosystem will be based on the full implementation of a wide range of technologies such as the cloud, big data, the internet of things (IoTs), augmented reality, and others. Together, they are enabling new business models, the digitisation of products and services, and the digitisation and integration of every link in a company&rsquo;s value chain: the digital workplace, product development and innovation, engineering and manufacturing, distribution, and digital sales channels and customer relationship management. At the heart of all this activity resides the digital supply chain, and it is key to the operations of every company that manufactures or distributes anything.</p>', 'how-supply-chain-behaves-from-war-cry-to-french-fry', 'post', 'Published', 'Image', 'upload/blog/1774823829296027.jpg', 'MP4', NULL, NULL, 'Mumbai', NULL, 'en', 'How supply chain behaves from War Cry to French Fry', 'How supply chain behaves from War Cry to French Fry', 'How supply chain behaves from War Cry to French Fry', 32, 1, '2022-08-16 04:00:00', 1, '2025-02-15 13:15:49'),
(13, 2, NULL, 'How SMEs can keep at bay logistics costs with digitisation', '<p>As the adage rightly says, &ldquo;In every adversity lies an opportunity&rdquo;, Covid-19 has highly demonstrated it with every sector adopting digital platforms and the story of the logistics sector is no different.</p>\r\n\r\n<p>As per a McKinsey 2020 report, SME management teams don&rsquo;t have the bandwidth that enormous companies have in core functional areas to manage commercial pressures and answer the pandemic. This lack of capacity is evident in an inability to swiftly adapt their supply chain and production processes. Frequently, SMEs source inputs from supply chains that became longer, complex, and more global but the pandemic has disrupted it now. Thus, leaving many SMEs without the materials they have to take care of operations. Additionally, measures meant to slow the spread of coronavirus has also disrupted SME production processes. Factory floors of small enterprises aren&#39;t designed for physical distancing, and therefore the companies typically don&#39;t have the expertise and resources to quickly reconfigure their operations.</p>\r\n\r\n<p>Taking a major stride for MSMEs (micro, small and medium enterprises), Amazon India inked a deal with the government of Gujarat in September 2021, to help drive e-commerce exports from the state. The e-commerce major aims to train and onboard MSMEs from the state on Amazon Global Selling, to sell Made in India products to over 200 countries and territories. While these types of initiatives have been encouraging the prowess of SMEs to find a position in the global marketplace, still the field is vacant for the sector to explore.</p>\r\n\r\n<p>Our subscription based, cloud-native platform Aurobees enables SMEs to move their businesses online seamlessly by facilitating digital presence, webstore and enabling them to run their businesses efficiently to seize growth opportunities in the new digital economy. It provides a highly scalable solution for the digitization and fulfilment across industries ranging from manufacturing, trading, distribution, freight forwarding, warehousing, transportation, and e-commerce fulfilment.</p>\r\n\r\n<p>The platform is designed to reduce complexity for SMEs to effectively manage their working capital with Aurobees Business Payments Platform. Through multiple partners, the platform will facilitate invoice financing and commercial card payments to address credit challenges and help manage the credit risk for the seller and buyer, improving cash flow and helping them to grow businesses sustainably. Aurionpro&rsquo;s payment gateway is also strongly integrated with this platform to enable SMEs to offer digital payment options to their customers.</p>\r\n\r\n<p>Meanwhile, India&rsquo;s e-commerce sector is expected to reach $111.40 billion by 2025 from $46.20 billion in 2020, growing at a 19.24 percent CAGR, with grocery and fashion/apparel likely to be the key drivers of incremental growth, as per Indian Brand Equity Foundation. The crisis has also showcased real disruption and has outlined the gaps in operations and technology investments. Businesses are now thinking strategically about digital capabilities as an imperative rather than an option.</p>\r\n\r\n<p>The resilience of SMEs also depends on their ecosystems, which features a crucial role within the continuity of market activities. Today&rsquo;s economies have thousands of SMEs, which are vital for the economy and growth of the nation as value generators. It is important to make businesses more resilient to shocks and strengthen links between them and the ecosystem to withstand the next storm.</p>', 'how-smes-can-keep-at-bay-logistics-costs-with-digitisation', 'post', 'Published', 'Image', 'upload/blog/1774824072622238.jpg', 'MP4', NULL, NULL, 'Mumbai', NULL, 'en', 'How SMEs can keep at bay logistics costs with digitisation', 'How SMEs can keep at bay logistics costs with digitisation', 'How SMEs can keep at bay logistics costs with digitisation', 96, 1, '2022-08-10 04:00:00', 1, '2024-12-11 16:04:26'),
(14, 2, NULL, 'Eliminating deficiencies in supply chain through collaboration', '<p>You may have expertise in a respective field but integrating various professional skills from different sectors is becoming a game-changer in today&rsquo;s world.</p>\r\n\r\n<p>The so-called Amazon effect has also contributed to supply chain complexity by creating an increased demand for quick fulfilment and deliveries, which requires real-time information on capacity and inventories. The demand for next- and same-day delivery has prompted companies to invest in smaller fulfilment centres nearer to the end-consumer. The complexity in today&rsquo;s supply chain involves real-time collaboration among stakeholders to mitigate risk, avoid potential loss, and advance business goals.</p>\r\n\r\n<p>The extreme events and pandemics have made supply chains unpredictable, companies are outsourcing skills or collaborating with external organisations to manage the challenges efficiently and cost-effectively.</p>\r\n\r\n<p>Of course, several arguments are being raised. Why can&rsquo;t a large-size company build an in-house team for extra skill sets? Isn&rsquo;t it a better option in terms of pricing? Will it not be safe to have an in-house team rather than appoint an external agency to keep your data secure? In response to this, if we consider a new partner, they can add complexity to an already elaborate supply chain with flawless communication. Nevertheless, most businesses continue to follow manual processes and legacy technologies, making real-time collaboration impossible.</p>\r\n\r\n<p>The world is so fast-moving due to the pandemic that we don&rsquo;t have the time to build a solution from scratch. By the time you hire and try to build solutions, you will be out of this competitive world. In this scenario, outsourcing expertise can help you to find the solution in an efficient and customised way. However, data security has been a vital concern but several solution providers have pulled up their socks to ensure transparency with security.</p>\r\n\r\n<p>Research from McKinsey states that the push to digitisation was the major disruptive trend in the post-Covid era. For many suppliers, teams contain a complex entanglement of worldwide and domestic stakeholders, all of whom have their way of observing data. This often results in information that&#39;s siloed, leading to slower reaction and response times. Better technology can cause better visibility and provide quicker insights, increased supply chain transparency, better-informed trade-offs, and deeper collaboration between teams.</p>\r\n\r\n<p>The first step is to spot potential partners that complement and align together with the organisation&rsquo;s priorities in 2022. Then need to identify the type of collaboration to be pursued, like product or service expansions or even vertical integrations, and begin reaching out to those potential partners to begin discussions. It&rsquo;s essential to acknowledge what both parties can contribute and ensure both of them have the clarity around what the collaboration is predicted to realise.</p>\r\n\r\n<p>As once the internet was a charm in the world of computers, today, digital logistics platforms are becoming the competitive edge to keep the supply chains moving. With supply chain issues expected to continue for a couple of more years, suppliers have had to shift from crisis management to crisis recovery, thinking through how best to structure their supply chain teams going into 2022.</p>', 'eliminating-deficiencies-in-supply-chain-through-collaboration', 'post', 'Published', 'Image', 'upload/blog/1774824191304073.jpg', 'MP4', NULL, NULL, 'Mumbai', NULL, 'en', 'Eliminating deficiencies in supply chain through collaboration', 'Eliminating deficiencies in supply chain through collaboration', 'Eliminating deficiencies in supply chain through collaboration', 65, 1, '2022-08-08 04:00:00', 1, '2025-02-10 19:43:47'),
(15, 2, 2, 'कार्यशील पूंजी पहल के साथ आपूर्ति श्रृंखला के व्यवधानों को दूर करना', '<p>आपूर्ति शृंखला में व्यवधान अब कोई अस्थायी समस्या नहीं है, बल्कि एक निरंतर जारी रहने वाली समस्या है। अब, दो साल हो गए हैं जब हम एक वैश्विक महामारी से जूझ रहे हैं जिसने आपूर्ति श्रृंखलाओं को संचालित करने के तरीके को बदल दिया है। जितनी जल्दी हम मानते हैं कि संकट का अंत निकट है, चुनौतियों का एक अलग सेट आपूर्ति श्रृंखला को गड्ढे में धकेल देता है। तथाकथित नया सामान्य अत्यधिक अस्थिर है। हालाँकि, आपूर्ति श्रृंखला पेशेवरों ने महामारी से पहले के युग में दक्षता पर ध्यान केंद्रित किया था और आपूर्तिकर्ता संचालन को सतत बनाए रखने के लिए चपलता और लचीलेपन पर ध्यान केंद्रित किया था।</p>', NULL, 'post', 'Published', 'Image', 'upload/blog/1795943335610683.png', 'MP4', NULL, NULL, 'मुंबई', NULL, 'hi', 'कार्यशील पूंजी पहल के साथ आपूर्ति श्रृंखला के व्यवधानों को दूर करना', 'कार्यशील पूंजी पहल के साथ आपूर्ति श्रृंखला के व्यवधानों को दूर करना', 'कार्यशील पूंजी पहल के साथ आपूर्ति श्रृंखला के व्यवधानों को दूर करना', 33, 1, '2024-04-10 20:00:33', NULL, '2024-04-12 21:36:42');

-- --------------------------------------------------------

--
-- Table structure for table `post_comments`
--

CREATE TABLE `post_comments` (
  `id` bigint UNSIGNED NOT NULL,
  `name` varchar(255) CHARACTER SET utf8mb4 COLLATE utf8mb4_unicode_ci DEFAULT NULL,
  `post_id` int DEFAULT NULL COMMENT 'post id Table(posts)',
  `comment` longtext CHARACTER SET utf8mb4 COLLATE utf8mb4_unicode_ci,
  `status` enum('0','1') CHARACTER SET utf8mb4 COLLATE utf8mb4_unicode_ci NOT NULL DEFAULT '0' COMMENT '\r\n0=not approve, 1=approve',
  `created_at` timestamp NULL DEFAULT NULL,
  `updated_at` timestamp NULL DEFAULT NULL
) ENGINE=InnoDB DEFAULT CHARSET=utf8mb4 COLLATE=utf8mb4_unicode_ci;

-- --------------------------------------------------------

--
-- Table structure for table `post_likes`
--

CREATE TABLE `post_likes` (
  `id` bigint UNSIGNED NOT NULL,
  `user_id` int DEFAULT NULL COMMENT 'user id Table(users)',
  `post_id` int DEFAULT NULL COMMENT 'post id Table(posts)',
  `created_at` timestamp NULL DEFAULT NULL,
  `updated_at` timestamp NULL DEFAULT NULL
) ENGINE=InnoDB DEFAULT CHARSET=utf8mb4 COLLATE=utf8mb4_unicode_ci;

-- --------------------------------------------------------

--
-- Table structure for table `pricings`
--

CREATE TABLE `pricings` (
  `id` bigint UNSIGNED NOT NULL,
  `lob_id` int NOT NULL COMMENT 'Lob Table(industries) id',
  `short_name` varchar(255) CHARACTER SET utf8mb4 COLLATE utf8mb4_unicode_ci NOT NULL,
  `image` varchar(255) CHARACTER SET utf8mb4 COLLATE utf8mb4_unicode_ci DEFAULT NULL,
  `content` longtext CHARACTER SET utf8mb4 COLLATE utf8mb4_unicode_ci,
  `free_trial_text` varchar(255) CHARACTER SET utf8mb4 COLLATE utf8mb4_unicode_ci DEFAULT NULL,
  `free_trial_content` longtext CHARACTER SET utf8mb4 COLLATE utf8mb4_unicode_ci,
  `basic_text` varchar(255) CHARACTER SET utf8mb4 COLLATE utf8mb4_unicode_ci DEFAULT NULL,
  `basic_recommended` varchar(10) CHARACTER SET utf8mb4 COLLATE utf8mb4_unicode_ci DEFAULT NULL,
  `basic_content` longtext CHARACTER SET utf8mb4 COLLATE utf8mb4_unicode_ci,
  `advance_text` varchar(255) CHARACTER SET utf8mb4 COLLATE utf8mb4_unicode_ci DEFAULT NULL,
  `advance_recommended` varchar(10) CHARACTER SET utf8mb4 COLLATE utf8mb4_unicode_ci DEFAULT NULL,
  `advance_content` longtext CHARACTER SET utf8mb4 COLLATE utf8mb4_unicode_ci,
  `ecom_text` varchar(255) CHARACTER SET utf8mb4 COLLATE utf8mb4_unicode_ci DEFAULT NULL,
  `ecom_recommended` varchar(10) CHARACTER SET utf8mb4 COLLATE utf8mb4_unicode_ci DEFAULT NULL,
  `ecom_content` longtext CHARACTER SET utf8mb4 COLLATE utf8mb4_unicode_ci,
  `ecom_minimum_order_text` varchar(255) CHARACTER SET utf8mb4 COLLATE utf8mb4_unicode_ci DEFAULT NULL,
  `language` varchar(255) CHARACTER SET utf8mb4 COLLATE utf8mb4_unicode_ci NOT NULL DEFAULT 'en',
  `meta_title` varchar(255) CHARACTER SET utf8mb4 COLLATE utf8mb4_unicode_ci DEFAULT NULL,
  `meta_description` longtext CHARACTER SET utf8mb4 COLLATE utf8mb4_unicode_ci,
  `meta_keywords` longtext CHARACTER SET utf8mb4 COLLATE utf8mb4_unicode_ci,
  `status` enum('Published','Draft','Trash') CHARACTER SET utf8mb4 COLLATE utf8mb4_unicode_ci NOT NULL DEFAULT 'Published',
  `created_at` timestamp NULL DEFAULT NULL,
  `updated_at` timestamp NULL DEFAULT NULL
) ENGINE=InnoDB DEFAULT CHARSET=utf8mb4 COLLATE=utf8mb4_unicode_ci;

--
-- Dumping data for table `pricings`
--

INSERT INTO `pricings` (`id`, `lob_id`, `short_name`, `image`, `content`, `free_trial_text`, `free_trial_content`, `basic_text`, `basic_recommended`, `basic_content`, `advance_text`, `advance_recommended`, `advance_content`, `ecom_text`, `ecom_recommended`, `ecom_content`, `ecom_minimum_order_text`, `language`, `meta_title`, `meta_description`, `meta_keywords`, `status`, `created_at`, `updated_at`) VALUES
(1, 5, 'MF', 'upload/price/1796747117031578.jpg', '<h2>MANUFACTURING</h2>\r\n\r\n<h1>Track and analyze supplier KPIs</h1>', 'FREE TRIAL', '<h4>Free for 15 Days</h4>', 'BASIC', NULL, '<ul>\r\n	<li>15 days FREE trial</li>\r\n	<li>Online Training</li>\r\n</ul>', 'ADVANCED', 'on', '<ul>\r\n	<li>15 days FREE trial</li>\r\n	<li>Online Training</li>\r\n</ul>', 'Enable E-commerce', NULL, '<ul>\r\n	<li>15 days FREE trial</li>\r\n	<li>Online Training</li>\r\n</ul>', 'Minimum order per month 1000', 'en', 'MANUFACTURING', 'MANUFACTURING', 'MANUFACTURING', 'Published', '2023-04-15 12:03:23', '2025-02-11 05:24:20'),
(2, 1, 'FF', 'upload/price/1797011731225710.jpg', '<h2>FREIGHT FORWARDING</h2>\r\n\r\n<h1>Boost efficiency with data-driven insights</h1>', 'FREE TRIAL', '<h4>Free for&nbsp;15 Days</h4>', 'BASIC', NULL, '<ul>\r\n	<li>15 days FREE trial</li>\r\n	<li>Online training</li>\r\n</ul>', 'ADVANCED', 'on', '<ul>\r\n	<li>15 days FREE trial</li>\r\n	<li>Online training</li>\r\n</ul>', NULL, NULL, NULL, NULL, 'en', 'FREIGHT FORWARDING', 'FREIGHT FORWARDING', 'FREIGHT FORWARDING', 'Published', '2023-05-18 12:36:28', '2025-02-11 05:20:18'),
(3, 2, 'TR', 'upload/price/1796747211539739.jpg', '<h2>TRANSPORTATION</h2>\r\n\r\n<h1>Improve routing &amp; delivery times</h1>', 'FREE TRIAL', NULL, 'BASIC', NULL, '<ul>\r\n	<li>\r\n	<p>15 days FREE trial</p>\r\n	</li>\r\n	<li>Online training</li>\r\n</ul>', 'ADVANCED', 'on', '<ul>\r\n	<li>15 days FREE trial</li>\r\n	<li>Online training</li>\r\n</ul>', NULL, NULL, NULL, NULL, 'en', 'TRANSPORTATION', 'TRANSPORTATION', 'TRANSPORTATION', 'Published', '2023-05-18 13:22:35', '2025-02-11 05:19:21'),
(4, 4, 'Ecom', 'upload/price/1796747236199346.jpg', '<h2>E-COMMERCE FULFILMENT</h2>\r\n\r\n<h1>Unrivaled end-to-end transparency</h1>', 'FREE TRIAL', '<h4>Free for 15 Days</h4>', 'Basic', 'on', '<p>2 years</p>', NULL, NULL, NULL, 'Enable     E-commerce', 'on', '<ul>\r\n	<li>15 days FREE trial</li>\r\n	<li>Online Training</li>\r\n</ul>', 'Minimum order 1000/month', 'en', 'E-COMMERCE FULFILMENT', 'E-COMMERCE FULFILMENT', 'E-COMMERCE FULFILMENT', 'Published', '2023-05-18 13:41:30', '2025-02-11 05:23:03'),
(5, 7, 'TD', 'upload/price/1796747265211787.jpg', '<h2>TRADING</h2>\r\n\r\n<h1>Transparent &amp; collaborative environment for partners</h1>', 'FREE TRIAL', '<h4>Free for 15 Days</h4>', 'BASIC', NULL, '<ul>\r\n	<li>15 days FREE trial</li>\r\n	<li>Online Training</li>\r\n</ul>', 'ADVANCED', 'on', '<ul>\r\n	<li>15 days FREE trial</li>\r\n	<li>Online Training</li>\r\n</ul>', 'Enable E-commerce', NULL, '<ul>\r\n	<li>15 days FREE trial</li>\r\n	<li>Online Training</li>\r\n</ul>', 'Minimum order per month 1000', 'en', 'TRADING', 'TRADING', 'TRADING', 'Published', '2023-05-18 14:03:07', '2025-02-11 05:26:32'),
(6, 3, 'WH', 'upload/price/1796747495442466.jpg', '<h2>WAREHOUSING</h2>\r\n\r\n<h1>Track inventory &amp; eliminate redundant process</h1>', 'FREE TRIAL', '<h4>Free for 15 Days</h4>', 'BASIC', NULL, '<ul>\r\n	<li>15 days FREE trial</li>\r\n	<li>Online training</li>\r\n</ul>', 'ADVANCED', 'on', '<ul>\r\n	<li>15 days FREE trial</li>\r\n	<li>Online training</li>\r\n</ul>', 'GO-Ecommerce', NULL, '<ul>\r\n	<li>Free Online Training</li>\r\n	<li>2 Year of Application Support</li>\r\n</ul>', NULL, 'en', 'WAREHOUSING', 'WAREHOUSING', 'WAREHOUSING', 'Published', '2023-05-19 13:51:48', '2025-02-11 05:21:22'),
(7, 6, 'DR', 'upload/price/1796747339443018.jpg', '<h2>DISTRIBUTION</h2>\r\n\r\n<h1>Optimize process &amp; improve efficiency</h1>', 'FREE TRIAL', '<h4>Free for 15 Days</h4>', 'BASIC', NULL, '<ul>\r\n	<li>15 days FREE trial</li>\r\n	<li>Online Training</li>\r\n</ul>', 'ADVANCED', 'on', '<ul>\r\n	<li>15 days FREE trial</li>\r\n	<li>Online Training</li>\r\n</ul>', 'Enable E-commerce', NULL, '<ul>\r\n	<li>15 days FREE trial</li>\r\n	<li>Online Training</li>\r\n</ul>', 'Minimum order per month 1000', 'en', 'DISTRIBUTION', 'DISTRIBUTION', 'DISTRIBUTION', 'Published', '2023-05-19 13:56:49', '2025-02-11 05:25:37');

-- --------------------------------------------------------

--
-- Table structure for table `pricing_addones_prices`
--

CREATE TABLE `pricing_addones_prices` (
  `id` bigint UNSIGNED NOT NULL,
  `pricing_addon_id` bigint NOT NULL COMMENT 'Addones Price (pricing_addons) Table ID',
  `plan_type` varchar(255) COLLATE utf8mb4_unicode_ci DEFAULT NULL,
  `country_code` varchar(255) COLLATE utf8mb4_unicode_ci DEFAULT NULL,
  `country_name` varchar(255) COLLATE utf8mb4_unicode_ci DEFAULT NULL,
  `currency` varchar(255) COLLATE utf8mb4_unicode_ci DEFAULT NULL,
  `monthly` double(8,2) DEFAULT NULL,
  `quaterly` double(8,2) DEFAULT NULL,
  `yearly` double(8,2) DEFAULT NULL,
  `created_at` timestamp NULL DEFAULT NULL,
  `updated_at` timestamp NULL DEFAULT NULL
) ENGINE=InnoDB DEFAULT CHARSET=utf8mb4 COLLATE=utf8mb4_unicode_ci;

--
-- Dumping data for table `pricing_addones_prices`
--

INSERT INTO `pricing_addones_prices` (`id`, `pricing_addon_id`, `plan_type`, `country_code`, `country_name`, `currency`, `monthly`, `quaterly`, `yearly`, `created_at`, `updated_at`) VALUES
(1, 1, 'Basic', 'IN', 'India', 'INR', 2.00, 6.00, 24.00, '2024-10-22 06:25:02', '2024-10-22 06:25:02'),
(2, 1, 'Basic', 'SG', 'Singapore', 'SGD', 2.00, 6.00, 24.00, '2024-10-22 06:25:02', '2024-10-22 06:25:02'),
(3, 1, 'Basic', 'ID', 'Indonesia', 'IDR', 2.00, 6.00, 24.00, '2024-10-22 06:25:02', '2024-10-22 06:25:02'),
(4, 1, 'Basic', 'AE', 'United Arab Emirates', 'AED', 2.00, 6.00, 24.00, '2024-10-22 06:25:02', '2024-10-22 06:25:02'),
(5, 1, 'Basic', 'Other', 'Other', 'USD', 2.00, 6.00, 24.00, '2024-10-22 06:25:02', '2024-10-22 06:25:02'),
(6, 9, 'Basic', 'IN', 'India', 'INR', 3.00, 9.00, 36.00, '2024-10-22 06:30:04', '2024-10-22 06:30:04'),
(7, 9, 'Basic', 'ID', 'Indonesia', 'IDR', 3.00, 9.00, 36.00, '2024-10-22 06:30:04', '2024-10-22 06:30:04'),
(8, 9, 'Basic', 'SG', 'Singapore', 'SGD', 3.00, 9.00, 36.00, '2024-10-22 06:30:04', '2024-10-22 06:30:04'),
(9, 9, 'Basic', 'AE', 'United Arab Emirates', 'AED', 3.00, 9.00, 36.00, '2024-10-22 06:30:04', '2024-10-22 06:30:04'),
(10, 9, 'Basic', 'Other', 'Other', 'USD', 3.00, 9.00, 36.00, '2024-10-22 06:30:04', '2024-10-22 06:30:04'),
(11, 31, 'Basic', 'IN', 'India', 'INR', 1.00, 3.00, 12.00, '2024-10-22 06:34:19', '2024-10-22 06:34:19'),
(12, 31, 'Basic', 'SG', 'Singapore', 'SGD', 1.00, 3.00, 12.00, '2024-10-22 06:34:19', '2024-10-22 06:34:19'),
(13, 31, 'Basic', 'ID', 'Indonesia', 'IDR', 1.00, 3.00, 12.00, '2024-10-22 06:34:19', '2024-10-22 06:34:19'),
(14, 31, 'Basic', 'AE', 'United Arab Emirates', 'AED', 1.00, 3.00, 12.00, '2024-10-22 06:34:19', '2024-10-22 06:34:19'),
(15, 31, 'Basic', 'Other', 'Other', 'USD', 1.00, 3.00, 12.00, '2024-10-22 06:34:19', '2024-10-22 06:34:19'),
(16, 43, 'Basic', 'IN', 'India', 'INR', 110.00, 110.00, 110.00, '2024-10-28 10:23:04', '2024-10-28 10:23:04'),
(18, 44, 'Basic', 'IN', 'India', 'INR', 100.00, 300.00, 1200.00, '2024-11-05 07:09:24', '2024-11-05 07:09:24'),
(20, 212, 'Basic', 'IN', 'India', 'INR', 100.00, 300.00, 1000.00, '2024-11-14 06:43:58', '2024-11-14 06:43:58'),
(22, 45, 'Basic', 'IN', 'India', 'INR', 110.00, 120.00, 130.00, '2024-11-29 09:59:08', '2024-11-29 09:59:08');

-- --------------------------------------------------------

--
-- Table structure for table `pricing_addons`
--

CREATE TABLE `pricing_addons` (
  `id` bigint UNSIGNED NOT NULL,
  `pricing_id` int NOT NULL COMMENT 'Price Table(pricings) id',
  `pricing_features_id` int NOT NULL COMMENT 'Price Feature Table(pricing_features) id',
  `name` varchar(255) CHARACTER SET utf8mb4 COLLATE utf8mb4_unicode_ci DEFAULT NULL,
  `free_trial` varchar(255) CHARACTER SET utf8mb4 COLLATE utf8mb4_unicode_ci DEFAULT NULL,
  `basic` varchar(255) CHARACTER SET utf8mb4 COLLATE utf8mb4_unicode_ci DEFAULT NULL,
  `advance` varchar(255) CHARACTER SET utf8mb4 COLLATE utf8mb4_unicode_ci DEFAULT NULL,
  `go_ecommerce` varchar(255) CHARACTER SET utf8mb4 COLLATE utf8mb4_unicode_ci DEFAULT NULL,
  `status` enum('Published','Draft','Trash') CHARACTER SET utf8mb4 COLLATE utf8mb4_unicode_ci NOT NULL DEFAULT 'Published',
  `created_by` int DEFAULT NULL,
  `updated_by` int DEFAULT NULL,
  `created_at` timestamp NULL DEFAULT NULL,
  `updated_at` timestamp NULL DEFAULT NULL
) ENGINE=InnoDB DEFAULT CHARSET=utf8mb4 COLLATE=utf8mb4_unicode_ci;

--
-- Dumping data for table `pricing_addons`
--

INSERT INTO `pricing_addons` (`id`, `pricing_id`, `pricing_features_id`, `name`, `free_trial`, `basic`, `advance`, `go_ecommerce`, `status`, `created_by`, `updated_by`, `created_at`, `updated_at`) VALUES
(1, 1, 1, 'Enable Website', 'on', 'on', 'on', 'on', 'Published', 1, 1, '2023-04-18 11:33:23', '2024-10-22 06:25:02'),
(2, 1, 1, 'Online store Portal Enablement', 'on', NULL, NULL, 'on', 'Published', 1, 1, '2023-04-18 11:33:59', '2023-07-03 10:01:36'),
(3, 1, 2, 'Managing Purchase Order', 'on', 'on', 'on', 'on', 'Published', 1, NULL, '2023-04-18 11:34:37', '2023-04-18 11:34:37'),
(4, 1, 2, 'Managing Customer / Sales Order', 'on', 'on', 'on', 'on', 'Published', 1, NULL, '2023-04-18 11:35:04', '2023-04-18 11:35:04'),
(5, 1, 2, 'Vendor Collaboration', 'on', 'on', 'on', 'on', 'Published', 1, NULL, '2023-04-18 11:35:34', '2023-04-18 11:35:34'),
(6, 1, 3, 'Bin Location Management', 'on', 'on', 'on', 'on', 'Published', 1, NULL, '2023-04-18 11:37:21', '2023-04-18 11:37:21'),
(7, 1, 3, 'Product Management', 'on', 'on', 'on', 'on', 'Published', 1, NULL, '2023-04-18 11:37:53', '2023-04-18 11:37:53'),
(8, 1, 3, 'Barcode Label Printing', 'on', 'on', 'on', 'on', 'Published', 1, NULL, '2023-04-18 11:38:48', '2023-04-18 11:38:48'),
(9, 1, 3, 'Configurable advance strategy and workflow', 'on', NULL, 'on', 'on', 'Published', 1, 1, '2023-04-18 11:39:31', '2024-10-22 06:30:04'),
(10, 1, 3, 'Gate Pass Management', 'on', NULL, 'on', 'on', 'Published', 1, NULL, '2023-04-18 11:39:56', '2023-04-18 11:39:56'),
(11, 1, 3, 'Inbound', 'on', 'on', 'on', 'on', 'Published', 1, NULL, '2023-04-18 11:40:17', '2023-04-18 11:40:17'),
(12, 1, 3, 'Outbound', 'on', 'on', 'on', 'on', 'Published', 1, NULL, '2023-04-18 11:40:37', '2023-04-18 11:40:37'),
(13, 1, 3, 'Returns management', 'on', NULL, 'on', 'on', 'Published', 1, NULL, '2023-04-18 11:41:52', '2023-04-18 11:41:52'),
(14, 1, 3, 'Inter warehouse Transfer', 'on', 'on', 'on', 'on', 'Published', 1, NULL, '2023-04-18 11:42:22', '2023-04-18 11:42:22'),
(15, 1, 4, 'Inventory movement', 'on', 'on', 'on', 'on', 'Published', 1, NULL, '2023-04-18 11:43:17', '2023-04-18 11:43:17'),
(16, 1, 4, 'Inventory Status', 'on', 'on', 'on', 'on', 'Published', 1, NULL, '2023-04-18 11:43:51', '2023-04-18 11:43:51'),
(18, 1, 4, 'Cycle count and inventory adjustment', 'on', 'on', 'on', 'on', 'Published', 1, NULL, '2023-04-18 11:44:36', '2023-04-18 11:44:36'),
(19, 1, 4, 'Replenishment', 'on', NULL, 'on', 'on', 'Published', 1, 1, '2023-04-18 11:45:01', '2025-02-05 09:25:46'),
(20, 1, 5, 'Kitting/De-Kitting operations', 'on', NULL, 'on', 'on', 'Published', 1, NULL, '2023-04-18 11:46:13', '2023-04-18 11:46:13'),
(21, 1, 5, 'Standard Packaging', 'on', NULL, 'on', 'on', 'Published', 1, NULL, '2023-04-18 11:46:34', '2023-04-18 11:46:34'),
(22, 1, 5, 'Inventory Ownership Transfer', 'on', 'on', 'on', 'on', 'Published', 1, 1, '2023-04-18 11:46:54', '2023-06-05 07:42:00'),
(23, 1, 6, 'Document Generation', 'on', 'on', 'on', 'on', 'Published', 1, NULL, '2023-04-18 11:47:44', '2023-04-18 11:47:44'),
(24, 1, 6, 'Document Distribution', 'on', NULL, 'on', 'on', 'Published', 1, NULL, '2023-04-18 11:48:06', '2023-04-18 11:48:06'),
(25, 1, 7, 'Job Basic reports', 'on', 'on', 'on', 'on', 'Published', 1, NULL, '2023-04-18 11:49:30', '2023-04-18 11:49:30'),
(26, 1, 7, 'Inventory Basic reports', 'on', 'on', 'on', 'on', 'Published', 1, 1, '2023-04-18 11:49:59', '2023-04-18 11:50:34'),
(27, 1, 7, 'Advance reports', 'on', NULL, 'on', 'on', 'Published', 1, NULL, '2023-04-18 11:50:25', '2023-04-18 11:50:25'),
(28, 1, 8, 'Standard Alerts', 'on', 'on', 'on', 'on', 'Published', 1, NULL, '2023-04-18 11:51:17', '2023-04-18 11:51:17'),
(29, 1, 8, 'Configurable alert console', 'on', NULL, 'on', 'on', 'Published', 1, NULL, '2023-04-18 11:51:42', '2023-04-18 11:51:42'),
(30, 1, 9, 'Inventory Visibility', 'on', 'on', 'on', 'on', 'Published', 1, NULL, '2023-04-18 11:52:21', '2023-04-18 11:52:21'),
(31, 1, 10, 'Busienss Intelligence reporting', 'on', NULL, 'on', 'on', 'Published', 1, 1, '2023-04-18 11:53:19', '2024-10-22 06:34:19'),
(32, 1, 11, 'Office and Warehouse setup', 'on', 'on', 'on', 'on', 'Published', 1, NULL, '2023-04-18 11:54:43', '2023-04-18 11:54:43'),
(33, 1, 11, 'User manamgement', 'on', 'on', 'on', 'on', 'Published', 1, NULL, '2023-04-18 11:55:02', '2023-04-18 11:55:02'),
(34, 1, 11, 'Role Management', 'on', NULL, 'on', 'on', 'Published', 1, NULL, '2023-04-18 11:55:18', '2023-04-18 11:55:18'),
(35, 1, 11, 'Master setup', 'on', 'on', 'on', 'on', 'Published', 1, NULL, '2023-04-18 11:55:35', '2023-04-18 11:55:35'),
(36, 1, 13, 'Real-time integration', 'on', NULL, NULL, NULL, 'Published', 1, 1, '2023-04-18 11:56:29', '2023-06-05 08:07:53'),
(37, 1, 13, 'Order / ASN /delivery Order / Masters', 'on', NULL, 'on', 'on', 'Published', 1, 1, '2023-04-18 11:56:43', '2023-06-05 08:07:20'),
(38, 1, 13, 'GRN / Dispatch / Inventory management / Status Update', 'on', NULL, 'on', 'on', 'Published', 1, 1, '2023-04-18 11:57:22', '2023-07-03 10:08:47'),
(39, 1, 13, 'API interface with marketplace', 'on', NULL, 'on', 'on', 'Published', 1, 1, '2023-04-18 11:57:42', '2023-06-05 08:06:51'),
(40, 2, 14, 'Enable Website', NULL, 'on', 'on', NULL, 'Published', 1, 1, '2023-05-18 12:42:28', '2024-12-10 15:13:42'),
(41, 2, 14, 'Tracking on Website', 'on', 'on', 'on', NULL, 'Published', 1, NULL, '2023-05-18 12:42:53', '2023-05-18 12:42:53'),
(42, 2, 14, 'Get Quote', 'on', 'on', 'on', NULL, 'Published', 1, NULL, '2023-05-18 12:43:16', '2023-05-18 12:43:16'),
(43, 2, 14, 'Customer Portal', 'on', NULL, 'on', NULL, 'Published', 1, 1, '2023-05-18 12:44:12', '2024-10-28 10:23:04'),
(44, 2, 14, 'Advance Tracking', 'on', NULL, 'on', NULL, 'Published', 1, 1, '2023-05-18 12:44:29', '2024-11-05 07:09:24'),
(45, 2, 14, 'Order creation', 'on', NULL, 'on', NULL, 'Published', 1, 1, '2023-05-18 12:44:52', '2024-11-29 09:59:08'),
(46, 2, 14, 'Spot Quote and Contract', 'on', NULL, 'on', NULL, 'Published', 1, NULL, '2023-05-18 12:45:10', '2023-05-18 12:45:10'),
(47, 2, 15, 'Export', 'on', 'on', 'on', NULL, 'Published', 1, NULL, '2023-05-18 12:46:16', '2023-05-18 12:46:16'),
(48, 2, 15, 'Import', 'on', 'on', 'on', NULL, 'Published', 1, NULL, '2023-05-18 12:46:34', '2023-05-18 12:46:34'),
(49, 2, 15, 'Consolidation', 'on', 'on', 'on', NULL, 'Published', 1, 1, '2023-05-18 12:46:49', '2025-02-05 06:21:46'),
(50, 2, 15, 'De-Consolidation', 'on', 'on', 'on', NULL, 'Published', 1, NULL, '2023-05-18 12:47:09', '2023-05-18 12:47:09'),
(51, 2, 15, 'Non Confirmance', 'on', NULL, 'on', NULL, 'Published', 1, NULL, '2023-05-18 12:47:27', '2023-05-18 12:47:27'),
(52, 2, 15, 'Shipping line connectivity', 'on', NULL, 'on', NULL, 'Published', 1, NULL, '2023-05-18 12:47:44', '2023-05-18 12:47:44'),
(53, 2, 16, 'Export', 'on', 'on', 'on', NULL, 'Published', 1, NULL, '2023-05-18 12:48:37', '2023-05-18 12:48:37'),
(54, 2, 16, 'Import', 'on', 'on', 'on', NULL, 'Published', 1, NULL, '2023-05-18 12:48:51', '2023-05-18 12:48:51'),
(55, 2, 16, 'De-Consolidation', 'on', 'on', 'on', NULL, 'Published', 1, NULL, '2023-05-18 12:49:10', '2023-05-18 12:49:10'),
(56, 2, 16, 'Consolidation', 'on', 'on', 'on', NULL, 'Published', 1, 1, '2023-05-18 12:49:26', '2025-02-05 06:23:09'),
(57, 2, 17, 'Direct Shipment', 'on', 'on', 'on', NULL, 'Published', 1, NULL, '2023-05-18 12:50:35', '2023-05-18 12:50:35'),
(58, 2, 17, 'Multi Drop', 'on', 'on', 'on', NULL, 'Published', 1, NULL, '2023-05-18 12:50:51', '2023-05-18 12:50:51'),
(59, 2, 17, 'Consolidation', 'on', 'on', 'on', NULL, 'Published', 1, 1, '2023-05-18 12:51:12', '2025-02-05 08:43:52'),
(60, 2, 17, 'Cross Border', 'on', 'on', 'on', NULL, 'Published', 1, NULL, '2023-05-18 12:51:34', '2023-05-18 12:51:34'),
(61, 2, 18, 'E-POD', 'on', NULL, 'on', NULL, 'Published', 1, NULL, '2023-05-18 12:52:27', '2023-05-18 12:52:27'),
(62, 2, 18, 'E-Status Update', 'on', NULL, 'on', NULL, 'Published', 1, 1, '2023-05-18 12:52:48', '2025-02-05 08:44:59'),
(63, 2, 19, 'Bin Location Management', 'on', 'on', 'on', NULL, 'Published', 1, NULL, '2023-05-18 12:54:06', '2023-05-18 12:54:06'),
(64, 2, 19, 'Product Management', 'on', 'on', 'on', NULL, 'Published', 1, NULL, '2023-05-18 12:54:50', '2023-05-18 12:54:50'),
(65, 2, 19, 'Configurable advance strategy and workflow', 'on', NULL, 'on', NULL, 'Published', 1, NULL, '2023-05-18 12:56:20', '2023-05-18 12:56:20'),
(66, 2, 19, 'Gate Pass Management', 'on', 'on', 'on', NULL, 'Published', 1, NULL, '2023-05-18 12:56:44', '2023-05-18 12:56:44'),
(67, 2, 19, 'Inbound', 'on', 'on', 'on', NULL, 'Published', 1, NULL, '2023-05-18 12:57:06', '2023-05-18 12:57:06'),
(68, 2, 19, 'Outbound', 'on', 'on', 'on', NULL, 'Published', 1, NULL, '2023-05-18 12:57:22', '2023-05-18 12:57:22'),
(69, 2, 19, 'Returns Management', 'on', 'on', 'on', NULL, 'Published', 1, NULL, '2023-05-18 12:57:41', '2023-05-18 12:57:41'),
(70, 2, 19, 'Inter Warehouse Transfer', 'on', 'on', 'on', NULL, 'Published', 1, NULL, '2023-05-18 12:58:00', '2023-05-18 12:58:00'),
(71, 2, 19, 'Cycle Count & Adjustment', 'on', 'on', 'on', NULL, 'Published', 1, NULL, '2023-05-18 12:58:20', '2023-05-18 12:58:20'),
(72, 2, 19, 'Inventory movement & status', 'on', 'on', 'on', NULL, 'Published', 1, NULL, '2023-05-18 12:58:39', '2023-05-18 12:58:39'),
(73, 2, 19, 'Replenishment', 'on', NULL, 'on', NULL, 'Published', 1, 1, '2023-05-18 12:59:02', '2025-02-05 08:47:54'),
(74, 2, 19, 'Barcode Label Printing', 'on', 'on', 'on', NULL, 'Published', 1, 1, '2023-05-18 12:59:16', '2023-07-03 09:27:32'),
(75, 2, 19, 'Kitting/Dekitting', 'on', NULL, 'on', NULL, 'Published', 1, NULL, '2023-05-18 12:59:39', '2023-05-18 12:59:39'),
(76, 2, 19, 'Standard Packaging', 'on', 'on', 'on', NULL, 'Published', 1, NULL, '2023-05-18 13:00:00', '2023-05-18 13:00:00'),
(77, 2, 19, 'Inventory Ownership Transfer', 'on', 'on', 'on', NULL, 'Published', 1, NULL, '2023-05-18 13:00:24', '2023-05-18 13:00:24'),
(78, 2, 20, 'Document Generation', 'on', 'on', 'on', NULL, 'Published', 1, NULL, '2023-05-18 13:01:47', '2023-05-18 13:01:47'),
(79, 2, 20, 'E-Doc', 'on', NULL, 'on', NULL, 'Published', 1, 1, '2023-05-18 13:02:09', '2023-05-18 13:02:40'),
(80, 2, 20, 'Document alerts via Email', 'on', NULL, 'on', NULL, 'Published', 1, NULL, '2023-05-18 13:02:31', '2023-05-18 13:02:31'),
(81, 2, 20, 'Document distribution', 'on', NULL, 'on', NULL, 'Published', 1, NULL, '2023-05-18 13:03:03', '2023-05-18 13:03:03'),
(82, 2, 21, 'Revenue Quotation', 'on', NULL, 'on', NULL, 'Published', 1, NULL, '2023-05-18 13:04:29', '2023-05-18 13:04:29'),
(83, 2, 21, 'Cost Quotation', 'on', NULL, 'on', NULL, 'Published', 1, NULL, '2023-05-18 13:06:33', '2023-05-18 13:06:33'),
(84, 2, 21, 'Spot Contracts', 'on', NULL, 'on', NULL, 'Published', 1, NULL, '2023-05-18 13:06:50', '2023-05-18 13:06:50'),
(85, 2, 21, 'Margin Analysis', 'on', NULL, 'on', NULL, 'Published', 1, NULL, '2023-05-18 13:07:13', '2023-05-18 13:07:13'),
(86, 2, 22, 'Revenue', 'on', 'on', 'on', NULL, 'Published', 1, NULL, '2023-05-18 13:08:03', '2023-05-18 13:08:03'),
(87, 2, 22, 'Cost', 'on', 'on', 'on', NULL, 'Published', 1, NULL, '2023-05-18 13:08:23', '2023-05-18 13:08:23'),
(88, 2, 22, 'Inter office Billing', 'on', NULL, 'on', NULL, 'Published', 1, NULL, '2023-05-18 13:08:45', '2023-05-18 13:08:45'),
(89, 2, 22, 'Advance & settlement', 'on', 'on', 'on', NULL, 'Published', 1, NULL, '2023-05-18 13:09:04', '2023-05-18 13:09:04'),
(90, 2, 23, 'Job Basic reports', 'on', 'on', 'on', NULL, 'Published', 1, NULL, '2023-05-18 13:10:00', '2023-05-18 13:10:00'),
(91, 2, 23, 'Billing Basic reports', 'on', 'on', 'on', NULL, 'Published', 1, NULL, '2023-05-18 13:10:18', '2023-05-18 13:10:18'),
(92, 2, 23, 'Inventory Basic reports', 'on', 'on', 'on', NULL, 'Published', 1, NULL, '2023-05-18 13:10:50', '2023-05-18 13:10:50'),
(93, 2, 23, 'Advance reports', 'on', NULL, 'on', NULL, 'Published', 1, NULL, '2023-05-18 13:11:05', '2023-05-18 13:11:05'),
(94, 2, 24, 'Standard Alerts', NULL, 'on', NULL, NULL, 'Published', 1, 1, '2023-05-18 13:11:55', '2024-05-06 16:08:05'),
(95, 2, 24, 'Configurable alert console', 'on', NULL, 'on', NULL, 'Published', 1, NULL, '2023-05-18 13:12:15', '2023-05-18 13:12:15'),
(96, 2, 25, 'Office and Warehouse setup', 'on', 'on', 'on', NULL, 'Published', 1, 1, '2023-05-18 13:13:01', '2023-05-18 13:13:11'),
(97, 2, 25, 'User Management', 'on', 'on', 'on', NULL, 'Published', 1, 1, '2023-05-18 13:13:30', '2025-02-05 08:48:26'),
(98, 2, 25, 'Role Management', 'on', NULL, 'on', NULL, 'Published', 1, NULL, '2023-05-18 13:13:47', '2023-05-18 13:13:47'),
(99, 2, 25, 'Master setup', 'on', 'on', 'on', NULL, 'Published', 1, NULL, '2023-05-18 13:14:04', '2023-05-18 13:14:04'),
(100, 2, 26, 'Real-time Integration', 'on', NULL, 'on', NULL, 'Published', 1, NULL, '2023-05-18 13:14:45', '2023-05-18 13:14:45'),
(101, 2, 26, 'Accounting Interface (AR/AP/Accrual/WIP/Advances/Settlement)', 'on', NULL, 'on', NULL, 'Published', 1, 1, '2023-05-18 13:15:06', '2025-02-05 08:49:40'),
(102, 2, 26, 'Masters Interface (Debtor, Vendor, Products, Parties)', 'on', NULL, 'on', NULL, 'Published', 1, NULL, '2023-05-18 13:15:20', '2023-05-18 13:15:20'),
(103, 2, 26, 'Order / ASN /delivery Order / Masters', 'on', NULL, 'on', NULL, 'Published', 1, NULL, '2023-05-18 13:15:34', '2023-05-18 13:15:34'),
(104, 2, 26, 'GRN / Dispatch / Inventory management / Status update', 'on', NULL, 'on', NULL, 'Published', 1, NULL, '2023-05-18 13:15:59', '2023-05-18 13:15:59'),
(105, 3, 27, 'Enable Website', 'on', 'on', 'on', NULL, 'Published', 1, NULL, '2023-05-18 13:23:44', '2023-05-18 13:23:44'),
(106, 3, 27, 'Tracking on Website', 'on', 'on', 'on', NULL, 'Published', 1, NULL, '2023-05-18 13:24:06', '2023-05-18 13:24:06'),
(107, 3, 27, 'Get Quote', 'on', 'on', 'on', NULL, 'Published', 1, NULL, '2023-05-18 13:24:20', '2023-05-18 13:24:20'),
(108, 3, 27, 'Customer Portal', 'on', NULL, 'on', NULL, 'Published', 1, NULL, '2023-05-18 13:24:43', '2023-05-18 13:24:43'),
(109, 3, 27, 'Advance Tracking', 'on', NULL, 'on', NULL, 'Published', 1, NULL, '2023-05-18 13:24:58', '2023-05-18 13:24:58'),
(110, 3, 27, 'Order creation', 'on', NULL, 'on', NULL, 'Published', 1, NULL, '2023-05-18 13:25:13', '2023-05-18 13:25:13'),
(111, 3, 27, 'Spot Quote and Contract', 'on', NULL, 'on', NULL, 'Published', 1, NULL, '2023-05-18 13:25:33', '2023-05-18 13:25:33'),
(112, 4, 28, 'Enable Website', 'on', NULL, NULL, 'on', 'Published', 1, NULL, '2023-05-18 13:43:45', '2023-05-18 13:43:45'),
(113, 4, 28, 'Online store Portal Enablement', 'on', NULL, NULL, 'on', 'Published', 1, NULL, '2023-05-18 13:44:02', '2023-05-18 13:44:02'),
(114, 4, 29, 'Product rate management', 'on', NULL, NULL, 'on', 'Published', 1, NULL, '2023-05-18 13:44:59', '2023-05-18 13:44:59'),
(115, 4, 29, 'Warehouse Location management', 'on', NULL, NULL, 'on', 'Published', 1, 1, '2023-05-18 13:45:21', '2023-05-18 13:46:10'),
(116, 4, 29, 'Multi-Brand and Multi-warehouse', 'on', NULL, NULL, 'on', 'Published', 1, 1, '2023-05-18 13:45:38', '2023-05-18 13:46:18'),
(117, 4, 29, 'Paperless Mobility operation', 'on', NULL, NULL, 'on', 'Published', 1, NULL, '2023-05-18 13:46:40', '2023-05-18 13:46:40'),
(118, 4, 29, 'Label configuration and printing', 'on', NULL, NULL, 'on', 'Published', 1, NULL, '2023-05-18 13:46:57', '2023-05-18 13:46:57'),
(119, 4, 29, 'UOM Conversion', 'on', NULL, NULL, 'on', 'Published', 1, NULL, '2023-05-18 13:47:35', '2023-05-18 13:47:35'),
(120, 4, 29, 'Barcode /QR code scanning', 'on', NULL, NULL, 'on', 'Published', 1, NULL, '2023-05-18 13:47:50', '2023-05-18 13:47:50'),
(121, 4, 29, 'Purchase Order for receiving', 'on', NULL, NULL, 'on', 'Published', 1, NULL, '2023-05-18 13:48:08', '2023-05-18 13:48:08'),
(122, 4, 29, 'Dispatch/Sales Order for delivery', 'on', NULL, NULL, 'on', 'Published', 1, NULL, '2023-05-18 13:48:25', '2023-05-18 13:48:25'),
(123, 4, 29, 'Managing Inventory operation', 'on', NULL, NULL, 'on', 'Published', 1, NULL, '2023-05-18 13:48:39', '2023-05-18 13:48:39'),
(124, 4, 29, 'Enabling integrated servcices for Transportation / Export-Import', 'on', NULL, NULL, 'on', 'Published', 1, NULL, '2023-05-18 13:49:22', '2023-05-18 13:49:22'),
(125, 4, 29, 'WMS Task management and allocation console', 'on', NULL, NULL, 'on', 'Published', 1, NULL, '2023-05-18 13:49:38', '2023-05-18 13:49:38'),
(126, 4, 29, 'Standard operating workflow', 'on', NULL, NULL, 'on', 'Published', 1, NULL, '2023-05-18 13:49:55', '2023-05-18 13:49:55'),
(127, 4, 29, 'Configurable advance strategy and workflow', 'on', NULL, NULL, 'on', 'Published', 1, NULL, '2023-05-18 13:50:19', '2023-05-18 13:50:19'),
(128, 4, 29, 'Graphical Rendering of Warehouse Layout', 'on', NULL, NULL, 'on', 'Published', 1, NULL, '2023-05-18 13:50:39', '2023-05-18 13:50:39'),
(129, 4, 29, 'Return management', 'on', NULL, NULL, 'on', 'Published', 1, NULL, '2023-05-18 13:50:52', '2023-05-18 13:50:52'),
(130, 4, 29, 'Interwarehouse Transfer', 'on', NULL, NULL, 'on', 'Published', 1, NULL, '2023-05-18 13:51:10', '2023-05-18 13:51:10'),
(131, 4, 29, 'Last-mile delivery', 'on', NULL, NULL, 'on', 'Published', 1, NULL, '2023-05-18 13:51:24', '2023-05-18 13:51:24'),
(132, 4, 29, 'E-commerce fullfilemnt', 'on', NULL, NULL, 'on', 'Published', 1, 1, '2023-05-18 13:51:37', '2023-07-03 09:55:00'),
(133, 4, 29, 'Shipping labels', 'on', NULL, NULL, 'on', 'Published', 1, NULL, '2023-05-18 13:51:51', '2023-05-18 13:51:51'),
(134, 4, 29, 'Picking plan', 'on', NULL, NULL, 'on', 'Published', 1, NULL, '2023-05-18 13:52:05', '2023-05-18 13:52:05'),
(135, 4, 29, '…………..', 'on', NULL, NULL, 'on', 'Trash', 1, NULL, '2023-05-18 13:52:20', '2025-02-05 09:00:58'),
(136, 4, 30, 'Inventory movement', 'on', NULL, NULL, 'on', 'Published', 1, NULL, '2023-05-18 13:54:14', '2023-05-18 13:54:14'),
(137, 4, 30, 'Inventory Status', 'on', NULL, NULL, 'on', 'Published', 1, NULL, '2023-05-18 13:54:33', '2023-05-18 13:54:33'),
(138, 4, 30, 'Cycle count and inventory adjustment', 'on', NULL, NULL, 'on', 'Published', 1, NULL, '2023-05-18 13:55:03', '2023-05-18 13:55:03'),
(139, 5, 31, 'Enable Website', 'on', 'on', 'on', 'on', 'Published', 1, NULL, '2023-05-18 14:05:07', '2023-05-18 14:05:07'),
(140, 5, 31, 'Online store Portal Enablement', 'on', NULL, NULL, 'on', 'Published', 1, NULL, '2023-05-18 14:05:28', '2023-05-18 14:05:28'),
(141, 5, 32, 'Managing Purchase Order', 'on', 'on', 'on', 'on', 'Published', 1, NULL, '2023-05-18 14:06:25', '2023-05-18 14:06:25'),
(142, 5, 32, 'Managing Customer / Sales Order', 'on', 'on', 'on', 'on', 'Published', 1, NULL, '2023-05-18 14:06:53', '2023-05-18 14:06:53'),
(143, 5, 32, 'Vendor Collaboration', 'on', 'on', 'on', 'on', 'Published', 1, NULL, '2023-05-18 14:07:11', '2023-05-18 14:07:11'),
(144, 5, 33, 'Bin Location Management', 'on', 'on', 'on', 'on', 'Published', 1, NULL, '2023-05-18 14:08:00', '2023-05-18 14:08:00'),
(145, 3, 34, 'Direct', 'on', 'on', 'on', 'on', 'Published', 1, NULL, '2023-05-19 09:32:34', '2023-05-19 09:32:34'),
(146, 3, 34, 'Multi Pickup and Multi Drop', 'on', 'on', 'on', 'on', 'Published', 1, NULL, '2023-05-19 09:32:55', '2023-05-19 09:32:55'),
(147, 3, 34, 'Consolidation', 'on', 'on', 'on', 'on', 'Published', 1, NULL, '2023-05-19 09:33:18', '2023-05-19 09:33:18'),
(148, 3, 34, 'Cross Border', 'on', 'on', 'on', 'on', 'Published', 1, NULL, '2023-05-19 09:33:48', '2023-05-19 09:33:48'),
(149, 3, 34, 'Inter Island', 'on', 'on', 'on', 'on', 'Published', 1, NULL, '2023-05-19 09:34:05', '2023-05-19 09:34:05'),
(150, 3, 34, 'Container Haulage', 'on', 'on', 'on', 'on', 'Published', 1, NULL, '2023-05-19 09:34:25', '2023-05-19 09:34:25'),
(151, 3, 34, 'Gate In/Out Truck yard', 'on', NULL, 'on', NULL, 'Published', 1, 1, '2023-05-19 09:34:55', '2023-06-05 06:39:51'),
(152, 3, 35, 'E-POD', 'on', NULL, 'on', NULL, 'Published', 1, NULL, '2023-05-19 09:35:37', '2023-05-19 09:35:37'),
(153, 3, 35, 'E-Status Update', 'on', NULL, 'on', NULL, 'Published', 1, 1, '2023-05-19 09:35:55', '2025-02-05 08:54:20'),
(154, 3, 35, 'Container & Seal No update', 'on', NULL, 'on', NULL, 'Published', 1, NULL, '2023-05-19 09:36:10', '2023-05-19 09:36:10'),
(155, 3, 36, 'Document Generation', 'on', 'on', 'on', NULL, 'Published', 1, NULL, '2023-05-19 09:37:01', '2023-05-19 09:37:01'),
(156, 3, 36, 'E-Doc', 'on', NULL, 'on', NULL, 'Published', 1, NULL, '2023-05-19 09:37:22', '2023-05-19 09:37:22'),
(157, 3, 36, 'Document alerts via Email', 'on', NULL, 'on', NULL, 'Published', 1, NULL, '2023-05-19 09:37:36', '2023-05-19 09:37:36'),
(158, 3, 36, 'Document Distribution', 'on', NULL, 'on', NULL, 'Published', 1, NULL, '2023-05-19 09:37:54', '2023-05-19 09:37:54'),
(159, 3, 37, 'Margin Analysis', 'on', NULL, 'on', NULL, 'Published', 1, NULL, '2023-05-19 09:39:37', '2023-05-19 09:39:37'),
(160, 3, 37, 'Revenue Quotation', 'on', NULL, 'on', NULL, 'Published', 1, NULL, '2023-05-19 09:39:51', '2023-05-19 09:39:51'),
(161, 3, 37, 'Cost Quotation', 'on', NULL, 'on', NULL, 'Published', 1, NULL, '2023-05-19 09:40:09', '2023-05-19 09:40:09'),
(162, 3, 37, 'Spot Contracts', 'on', NULL, 'on', NULL, 'Published', 1, NULL, '2023-05-19 09:40:27', '2023-05-19 09:40:27'),
(163, 3, 38, 'Revenue', 'on', 'on', 'on', NULL, 'Published', 1, 1, '2023-05-19 09:41:14', '2023-05-19 09:41:26'),
(164, 3, 38, 'Cost', 'on', 'on', 'on', NULL, 'Published', 1, NULL, '2023-05-19 09:41:43', '2023-05-19 09:41:43'),
(165, 3, 38, 'Inter office Billing', 'on', NULL, 'on', NULL, 'Published', 1, NULL, '2023-05-19 09:42:05', '2023-05-19 09:42:05'),
(166, 3, 38, 'Advance & settlement', 'on', 'on', 'on', NULL, 'Published', 1, NULL, '2023-05-19 09:42:26', '2023-05-19 09:42:26'),
(167, 3, 39, 'Job Basic reports', 'on', 'on', 'on', NULL, 'Published', 1, NULL, '2023-05-19 09:44:11', '2023-05-19 09:44:11'),
(168, 3, 39, 'Billing Basic reports', 'on', 'on', 'on', NULL, 'Published', 1, NULL, '2023-05-19 09:44:32', '2023-05-19 09:44:32'),
(169, 3, 39, 'Advance reports', 'on', NULL, 'on', NULL, 'Published', 1, NULL, '2023-05-19 09:45:00', '2023-05-19 09:45:00'),
(170, 3, 40, 'Standard Alerts', 'on', 'on', 'on', NULL, 'Published', 1, NULL, '2023-05-19 09:45:59', '2023-05-19 09:45:59'),
(171, 3, 40, 'Configurable alert console', 'on', NULL, 'on', NULL, 'Published', 1, NULL, '2023-05-19 09:47:06', '2023-05-19 09:47:06'),
(172, 3, 41, 'Busienss Intelligence reporting', 'on', NULL, 'on', NULL, 'Published', 1, NULL, '2023-05-19 09:47:55', '2023-05-19 09:47:55'),
(173, 3, 42, 'Office and Warehouse setup', 'on', 'on', 'on', NULL, 'Published', 1, NULL, '2023-05-19 09:50:11', '2023-05-19 09:50:11'),
(174, 3, 42, 'User Management', 'on', 'on', 'on', NULL, 'Published', 1, 1, '2023-05-19 09:50:27', '2025-02-05 08:55:12'),
(175, 3, 42, 'Role Management', 'on', NULL, 'on', NULL, 'Published', 1, NULL, '2023-05-19 09:50:46', '2023-05-19 09:50:46'),
(176, 3, 42, 'Master setup', 'on', 'on', 'on', NULL, 'Published', 1, NULL, '2023-05-19 09:51:18', '2023-05-19 09:51:18'),
(177, 3, 43, 'Real-time Integration', 'on', NULL, NULL, NULL, 'Published', 1, NULL, '2023-05-19 09:54:52', '2023-05-19 09:54:52'),
(178, 3, 43, 'Accounting Interface (AR/AP/Acrual/WIP/Advances/Settlement)', 'on', NULL, NULL, NULL, 'Published', 1, NULL, '2023-05-19 09:55:21', '2023-05-19 09:55:21'),
(179, 3, 43, 'Masters Interface (Debtor, Vendor, Products, Parties)', 'on', NULL, 'on', NULL, 'Published', 1, NULL, '2023-05-19 09:55:39', '2023-05-19 09:55:39'),
(180, 3, 43, 'Order Interface', 'on', NULL, 'on', NULL, 'Published', 1, NULL, '2023-05-19 09:56:13', '2023-05-19 09:56:13'),
(181, 3, 43, 'GPS Tracking', 'on', NULL, 'on', NULL, 'Published', 1, NULL, '2023-05-19 09:56:33', '2023-05-19 09:56:33'),
(182, 4, 44, 'Kitting/De-Kitting operations', 'on', NULL, NULL, 'on', 'Published', 1, NULL, '2023-05-19 10:00:26', '2023-05-19 10:00:26'),
(183, 4, 44, 'Managing crossdocks (planned & opportunistic)', 'on', NULL, NULL, 'on', 'Published', 1, NULL, '2023-05-19 10:00:41', '2023-05-19 10:00:41'),
(184, 4, 44, 'Manage replenishments', 'on', NULL, NULL, 'on', 'Published', 1, NULL, '2023-05-19 10:00:58', '2023-05-19 10:00:58'),
(185, 4, 44, 'Packaging', 'on', NULL, NULL, 'on', 'Published', 1, NULL, '2023-05-19 10:01:13', '2023-05-19 10:01:13'),
(186, 4, 45, 'Document Generation', 'on', NULL, NULL, 'on', 'Published', 1, NULL, '2023-05-19 10:01:49', '2023-05-19 10:01:49'),
(187, 4, 45, 'Document Distribution', 'on', NULL, NULL, 'on', 'Published', 1, NULL, '2023-05-19 10:02:01', '2023-05-19 10:02:01'),
(188, 4, 46, 'Job Basic reports', 'on', NULL, NULL, 'on', 'Published', 1, NULL, '2023-05-19 10:02:54', '2023-05-19 10:02:54'),
(189, 4, 46, 'Billing Basic reports', 'on', NULL, NULL, 'on', 'Published', 1, NULL, '2023-05-19 10:03:07', '2023-05-19 10:03:07'),
(190, 4, 46, 'Inventory Basic reports', 'on', NULL, NULL, 'on', 'Published', 1, NULL, '2023-05-19 10:03:25', '2023-05-19 10:03:25'),
(191, 4, 46, 'Advance reports', 'on', NULL, NULL, 'on', 'Published', 1, NULL, '2023-05-19 10:03:41', '2023-05-19 10:03:41'),
(192, 4, 47, 'Standard Alerts', 'on', NULL, NULL, NULL, 'Published', 1, 1, '2023-05-19 10:04:12', '2023-07-03 09:57:32'),
(193, 4, 47, 'Configurable alert console', 'on', NULL, NULL, 'on', 'Published', 1, NULL, '2023-05-19 10:04:31', '2023-05-19 10:04:31'),
(194, 4, 48, 'Inventory Visibility', 'on', NULL, NULL, 'on', 'Published', 1, NULL, '2023-05-19 10:05:07', '2023-05-19 10:05:07'),
(195, 4, 49, 'Busienss Intelligence reporting', 'on', NULL, NULL, 'on', 'Published', 1, NULL, '2023-05-19 10:05:38', '2023-05-19 10:05:38'),
(196, 4, 50, 'Office and Warehouse setup', 'on', NULL, NULL, 'on', 'Published', 1, NULL, '2023-05-19 10:06:15', '2023-05-19 10:06:15'),
(197, 4, 50, 'User manamgement', 'on', NULL, NULL, 'on', 'Published', 1, NULL, '2023-05-19 10:06:27', '2023-05-19 10:06:27'),
(198, 4, 50, 'Master setup', 'on', NULL, NULL, 'on', 'Published', 1, NULL, '2023-05-19 10:06:40', '2023-05-19 10:06:40'),
(199, 4, 51, 'Excel upload/download', 'on', NULL, NULL, NULL, 'Published', 1, 1, '2023-05-19 10:07:38', '2023-05-19 10:07:48'),
(200, 4, 51, 'GRN / Dispatch Interface', 'on', NULL, NULL, 'on', 'Published', 1, NULL, '2023-05-19 10:08:03', '2023-05-19 10:08:03'),
(201, 4, 51, 'ASN /delivery Order / Master Interface', 'on', NULL, NULL, 'on', 'Published', 1, NULL, '2023-05-19 10:08:16', '2023-05-19 10:08:16'),
(202, 4, 51, 'Real-time integration', 'on', NULL, NULL, NULL, 'Published', 1, NULL, '2023-05-19 10:08:31', '2023-05-19 10:08:31'),
(203, 4, 51, 'Masters Interface (Debtor, Vendor, Products, Parties)', 'on', NULL, NULL, 'on', 'Published', 1, NULL, '2023-05-19 10:09:01', '2023-05-19 10:09:01'),
(204, 4, 51, 'GRN / Dispatch Interface', 'on', NULL, NULL, 'on', 'Published', 1, NULL, '2023-05-19 10:09:24', '2023-05-19 10:09:24'),
(205, 4, 51, 'Order / ASN /delivery Order / Masters', 'on', NULL, NULL, 'on', 'Published', 1, NULL, '2023-05-19 10:09:37', '2023-05-19 10:09:37'),
(206, 4, 51, 'API interface with marketplace', 'on', NULL, NULL, 'on', 'Published', 1, NULL, '2023-05-19 10:09:53', '2023-05-19 10:09:53'),
(207, 4, 51, 'Connect with Marketplace (Amazon, Lazada)', 'on', NULL, NULL, 'on', 'Published', 1, 1, '2023-05-19 10:10:14', '2025-02-05 09:02:44'),
(208, 6, 53, 'Tracking on Website', 'on', 'on', 'on', NULL, 'Published', 1, 1, '2023-06-05 07:07:03', '2023-07-27 19:03:31'),
(209, 6, 53, 'Get Quote', 'on', 'on', 'on', NULL, 'Published', 1, NULL, '2023-06-05 07:07:26', '2023-06-05 07:07:26'),
(210, 6, 53, 'Customer Portal', 'on', 'on', 'on', NULL, 'Published', 1, 1, '2023-06-05 07:07:44', '2024-05-06 16:21:38'),
(211, 6, 53, 'Advance Tracking', 'on', NULL, 'on', NULL, 'Published', 1, NULL, '2023-06-05 07:08:10', '2023-06-05 07:08:10'),
(212, 6, 53, 'Order creation', 'on', NULL, 'on', NULL, 'Published', 1, 1, '2023-06-05 07:08:25', '2024-11-14 06:43:58'),
(213, 6, 53, 'Spot Quote and Contract', 'on', NULL, 'on', NULL, 'Published', 1, NULL, '2023-06-05 07:08:49', '2023-06-05 07:08:49'),
(214, 6, 53, 'Online store Portal Enablement', 'on', NULL, 'on', NULL, 'Published', 1, NULL, '2023-06-05 07:09:46', '2023-06-05 07:09:46'),
(215, 6, 54, 'Bin Location Management', 'on', 'on', 'on', NULL, 'Published', 1, NULL, '2023-06-05 07:10:17', '2023-06-05 07:10:17'),
(216, 6, 54, 'Product Management', 'on', 'on', 'on', NULL, 'Published', 1, NULL, '2023-06-05 07:10:41', '2023-06-05 07:10:41'),
(217, 6, 54, 'Barcode Label Printing', 'on', 'on', 'on', NULL, 'Published', 1, NULL, '2023-06-05 07:11:02', '2023-06-05 07:11:02'),
(218, 6, 54, 'Configurable advance strategy and workflow', 'on', NULL, 'on', NULL, 'Published', 1, NULL, '2023-06-05 07:11:38', '2023-06-05 07:11:38'),
(219, 6, 54, 'Gate Pass Management', 'on', NULL, 'on', NULL, 'Published', 1, NULL, '2023-06-05 07:12:06', '2023-06-05 07:12:06'),
(220, 6, 54, 'Inbound', 'on', 'on', 'on', NULL, 'Published', 1, NULL, '2023-06-05 07:12:31', '2023-06-05 07:12:31'),
(221, 6, 54, 'Outbound', 'on', 'on', 'on', NULL, 'Published', 1, 1, '2023-06-05 07:12:50', '2023-07-03 09:44:30'),
(222, 6, 54, 'Returns management', 'on', NULL, 'on', NULL, 'Published', 1, NULL, '2023-06-05 07:13:09', '2023-06-05 07:13:09'),
(223, 6, 54, 'Inter warehouse Transfer', 'on', 'on', 'on', NULL, 'Published', 1, NULL, '2023-06-05 07:13:43', '2023-06-05 07:13:43'),
(224, 6, 55, 'Inventory movement', 'on', 'on', 'on', NULL, 'Published', 1, NULL, '2023-06-05 07:14:26', '2023-06-05 07:14:26'),
(225, 6, 55, 'Inventory Status', 'on', 'on', 'on', NULL, 'Published', 1, NULL, '2023-06-05 07:14:39', '2023-06-05 07:14:39'),
(226, 6, 55, 'Cycle count and inventory adjustment', 'on', 'on', 'on', NULL, 'Published', 1, NULL, '2023-06-05 07:14:55', '2023-06-05 07:14:55'),
(227, 6, 55, 'Replenishment', 'on', NULL, 'on', NULL, 'Published', 1, 1, '2023-06-05 07:15:09', '2025-02-05 08:57:12'),
(228, 6, 56, 'Kitting/De-Kitting operations', 'on', NULL, 'on', NULL, 'Published', 1, NULL, '2023-06-05 07:16:21', '2023-06-05 07:16:21'),
(229, 6, 56, 'Standard Packaging', 'on', 'on', 'on', NULL, 'Published', 1, NULL, '2023-06-05 07:16:40', '2023-06-05 07:16:40'),
(230, 6, 56, 'Inventory Ownership Transfer', 'on', 'on', 'on', NULL, 'Published', 1, NULL, '2023-06-05 07:17:01', '2023-06-05 07:17:01'),
(231, 6, 57, 'Document Generation', 'on', 'on', 'on', NULL, 'Published', 1, NULL, '2023-06-05 07:18:23', '2023-06-05 07:18:23'),
(232, 6, 57, 'Document Distribution', 'on', NULL, 'on', NULL, 'Published', 1, NULL, '2023-06-05 07:18:52', '2023-06-05 07:18:52'),
(233, 6, 58, 'Revenue(Storage & Handling) Quotation', 'on', NULL, 'on', NULL, 'Published', 1, NULL, '2023-06-05 07:19:17', '2023-06-05 07:19:17'),
(234, 6, 58, 'Cost Quotation', 'on', NULL, 'on', NULL, 'Published', 1, NULL, '2023-06-05 07:19:36', '2023-06-05 07:19:36'),
(235, 6, 59, 'Revenue', 'on', 'on', 'on', NULL, 'Published', 1, NULL, '2023-06-05 07:20:51', '2023-06-05 07:20:51'),
(236, 6, 59, 'Cost', 'on', 'on', 'on', NULL, 'Published', 1, NULL, '2023-06-05 07:21:06', '2023-06-05 07:21:06'),
(237, 6, 60, 'Job Basic reports', 'on', 'on', 'on', NULL, 'Published', 1, NULL, '2023-06-05 07:22:06', '2023-06-05 07:22:06'),
(238, 6, 60, 'Billing Basic reports', 'on', 'on', 'on', NULL, 'Published', 1, NULL, '2023-06-05 07:22:26', '2023-06-05 07:22:26'),
(239, 6, 60, 'Inventory Basic reports', 'on', 'on', 'on', NULL, 'Published', 1, NULL, '2023-06-05 07:22:46', '2023-06-05 07:22:46'),
(240, 6, 60, 'Advance reports', 'on', NULL, 'on', NULL, 'Published', 1, NULL, '2023-06-05 07:23:05', '2023-06-05 07:23:05'),
(241, 6, 61, 'Standard Alerts', 'on', 'on', 'on', NULL, 'Published', 1, NULL, '2023-06-05 07:23:37', '2023-06-05 07:23:37'),
(242, 6, 61, 'Configurable alert console', 'on', NULL, 'on', NULL, 'Published', 1, NULL, '2023-06-05 07:23:56', '2023-06-05 07:23:56'),
(243, 6, 62, 'Busienss Intelligence reporting', 'on', NULL, 'on', NULL, 'Published', 1, NULL, '2023-06-05 07:24:32', '2023-06-05 07:24:32'),
(244, 6, 63, 'Office and Warehouse setup', 'on', 'on', 'on', NULL, 'Published', 1, NULL, '2023-06-05 07:25:10', '2023-06-05 07:25:10'),
(245, 6, 63, 'User Management', 'on', 'on', 'on', NULL, 'Published', 1, 1, '2023-06-05 07:25:35', '2025-02-05 08:58:15'),
(246, 6, 63, 'Role Management', 'on', NULL, 'on', NULL, 'Published', 1, NULL, '2023-06-05 07:26:10', '2023-06-05 07:26:10'),
(247, 6, 63, 'Master setup', 'on', 'on', 'on', NULL, 'Published', 1, NULL, '2023-06-05 07:26:34', '2023-06-05 07:26:34'),
(248, 6, 64, 'Real-time Integration', 'on', NULL, NULL, NULL, 'Published', 1, NULL, '2023-06-05 07:27:12', '2023-06-05 07:27:12'),
(249, 6, 64, 'Accounting Interface (AR/AP/Accrual/WIP/Advances/Settlement)', 'on', NULL, 'on', NULL, 'Published', 1, 1, '2023-06-05 07:27:30', '2025-02-05 08:58:53'),
(250, 6, 64, 'Masters Interface (Debtor, Vendor, Products, Parties)', 'on', NULL, 'on', NULL, 'Published', 1, NULL, '2023-06-05 07:27:50', '2023-06-05 07:27:50'),
(251, 6, 64, 'Order / ASN /delivery Order / Masters', 'on', NULL, 'on', NULL, 'Published', 1, NULL, '2023-06-05 07:28:05', '2023-06-05 07:28:05'),
(252, 6, 64, 'GRN / Dispatch / Inventory management / Status update', 'on', NULL, 'on', NULL, 'Published', 1, NULL, '2023-06-05 07:28:26', '2023-06-05 07:28:26'),
(253, 6, 64, 'API interface to online store', 'on', NULL, 'on', NULL, 'Published', 1, NULL, '2023-06-05 07:28:45', '2023-06-05 07:28:45'),
(254, 6, 64, 'Connectivity with Marketplace (Amazon, Lazada)', 'on', NULL, 'on', NULL, 'Published', 1, 1, '2023-06-05 07:29:06', '2023-07-03 09:41:27'),
(255, 1, 13, 'Connect with Marketplace (Amazon, Lazada)', 'on', NULL, 'on', 'on', 'Published', 1, NULL, '2023-06-05 08:06:34', '2023-06-05 08:06:34'),
(256, 7, 65, 'Enable Website', 'on', 'on', 'on', 'on', 'Published', 1, NULL, '2023-06-05 08:15:41', '2023-06-05 08:15:41'),
(257, 7, 65, 'Online store Portal Enablement', 'on', NULL, NULL, 'on', 'Published', 1, NULL, '2023-06-05 08:15:58', '2023-06-05 08:15:58'),
(258, 7, 66, 'Managing Purchase Order', 'on', 'on', 'on', 'on', 'Published', 1, NULL, '2023-06-05 08:16:27', '2023-06-05 08:16:27'),
(259, 7, 66, 'Managing Customer / Sales Order', 'on', 'on', 'on', 'on', 'Published', 1, NULL, '2023-06-05 08:16:44', '2023-06-05 08:16:44'),
(260, 7, 66, 'Vendor Collaboration', 'on', 'on', 'on', 'on', 'Published', 1, NULL, '2023-06-05 08:17:03', '2023-06-05 08:17:03'),
(261, 7, 67, 'Bin Location Management', 'on', 'on', 'on', 'on', 'Published', 1, NULL, '2023-06-05 08:17:41', '2023-06-05 08:17:41'),
(262, 7, 67, 'Product Management', 'on', 'on', 'on', 'on', 'Published', 1, NULL, '2023-06-05 08:17:57', '2023-06-05 08:17:57'),
(263, 7, 67, 'Barcode Label Printing', 'on', 'on', 'on', 'on', 'Published', 1, NULL, '2023-06-05 08:18:17', '2023-06-05 08:18:17'),
(264, 7, 67, 'Configurable advance strategy and workflow', 'on', NULL, 'on', 'on', 'Published', 1, NULL, '2023-06-05 08:19:09', '2023-06-05 08:19:09'),
(265, 7, 67, 'Gate Pass Management', 'on', NULL, 'on', 'on', 'Published', 1, NULL, '2023-06-05 08:19:31', '2023-06-05 08:19:31'),
(266, 7, 67, 'Inbound', 'on', 'on', 'on', 'on', 'Published', 1, NULL, '2023-06-05 08:20:02', '2023-06-05 08:20:02'),
(267, 7, 67, 'Outbound', 'on', 'on', 'on', 'on', 'Published', 1, NULL, '2023-06-05 08:20:21', '2023-06-05 08:20:21'),
(268, 7, 67, 'Returns management', 'on', NULL, 'on', 'on', 'Published', 1, NULL, '2023-06-05 08:20:46', '2023-06-05 08:20:46'),
(269, 7, 67, 'Inter warehouse Transfer', 'on', 'on', 'on', 'on', 'Published', 1, NULL, '2023-06-05 08:21:10', '2023-06-05 08:21:10'),
(270, 7, 68, 'Inventory movement', 'on', 'on', 'on', 'on', 'Published', 1, NULL, '2023-06-05 08:22:01', '2023-06-05 08:22:01'),
(271, 7, 68, 'Inventory Status', 'on', 'on', 'on', 'on', 'Published', 1, NULL, '2023-06-05 08:22:22', '2023-06-05 08:22:22'),
(272, 7, 68, 'Cycle count and inventory adjustment', 'on', 'on', 'on', 'on', 'Published', 1, NULL, '2023-06-05 08:22:45', '2023-06-05 08:22:45'),
(273, 7, 68, 'Replenishment', 'on', NULL, 'on', 'on', 'Published', 1, 1, '2023-06-05 08:23:00', '2025-02-05 09:23:27'),
(274, 7, 69, 'Kitting/De-Kitting operations', 'on', NULL, 'on', 'on', 'Published', 1, NULL, '2023-06-05 08:23:44', '2023-06-05 08:23:44'),
(275, 7, 69, 'Standard Packaging', 'on', NULL, 'on', 'on', 'Published', 1, NULL, '2023-06-05 08:24:09', '2023-06-05 08:24:09'),
(276, 7, 69, 'Inventory Ownership Transfer', 'on', 'on', 'on', 'on', 'Published', 1, NULL, '2023-06-05 08:24:34', '2023-06-05 08:24:34'),
(277, 7, 70, 'Document Generation', 'on', 'on', 'on', 'on', 'Published', 1, NULL, '2023-06-05 08:26:48', '2023-06-05 08:26:48'),
(278, 7, 70, 'Document Distribution', 'on', NULL, 'on', 'on', 'Published', 1, NULL, '2023-06-05 08:27:10', '2023-06-05 08:27:10'),
(279, 7, 71, 'Job Basic reports', 'on', 'on', 'on', 'on', 'Published', 1, NULL, '2023-06-05 08:28:41', '2023-06-05 08:28:41'),
(280, 7, 71, 'Inventory Basic reports', 'on', 'on', 'on', 'on', 'Published', 1, NULL, '2023-06-05 08:28:59', '2023-06-05 08:28:59'),
(281, 7, 71, 'Advance reports', 'on', NULL, 'on', 'on', 'Published', 1, NULL, '2023-06-05 08:29:13', '2023-06-05 08:29:13'),
(282, 7, 72, 'Standard Alerts', 'on', 'on', 'on', 'on', 'Published', 1, NULL, '2023-06-05 08:29:46', '2023-06-05 08:29:46'),
(283, 7, 72, 'Configurable alert console', 'on', NULL, 'on', 'on', 'Published', 1, NULL, '2023-06-05 08:30:04', '2023-06-05 08:30:04'),
(284, 7, 73, 'Inventory Visibility', 'on', 'on', 'on', 'on', 'Published', 1, NULL, '2023-06-05 08:30:46', '2023-06-05 08:30:46'),
(285, 7, 74, 'Busienss Intelligence reporting', 'on', NULL, 'on', 'on', 'Published', 1, NULL, '2023-06-05 08:31:44', '2023-06-05 08:31:44'),
(286, 7, 75, 'Office and Warehouse setup', 'on', 'on', 'on', 'on', 'Published', 1, NULL, '2023-06-05 08:32:53', '2023-06-05 08:32:53'),
(287, 7, 75, 'User Management', 'on', 'on', 'on', 'on', 'Published', 1, 1, '2023-06-05 08:33:09', '2025-02-05 09:24:02'),
(288, 7, 75, 'Role Management', 'on', NULL, 'on', 'on', 'Published', 1, NULL, '2023-06-05 08:36:17', '2023-06-05 08:36:17'),
(289, 7, 75, 'Master setup', 'on', 'on', 'on', 'on', 'Published', 1, NULL, '2023-06-05 08:36:34', '2023-06-05 08:36:34'),
(290, 7, 76, 'Real-time integration', 'on', NULL, NULL, NULL, 'Published', 1, NULL, '2023-06-05 08:37:13', '2023-06-05 08:37:13'),
(291, 7, 76, 'Order / ASN /delivery Order / Masters', 'on', NULL, 'on', 'on', 'Published', 1, 1, '2023-06-05 08:37:29', '2023-07-03 10:13:47'),
(292, 7, 76, 'GRN / Dispatch / Inventory management / Status update', 'on', NULL, 'on', 'on', 'Published', 1, NULL, '2023-06-05 08:37:48', '2023-06-05 08:37:48'),
(293, 7, 76, 'API interface with marketplace', 'on', NULL, 'on', 'on', 'Published', 1, NULL, '2023-06-05 08:38:04', '2023-06-05 08:38:04'),
(294, 7, 76, 'Connect with Marketplace (Amazon, Lazada)', 'on', NULL, 'on', 'on', 'Published', 1, 1, '2023-06-05 08:38:35', '2025-02-05 09:24:42'),
(295, 5, 33, 'Product Management', 'on', 'on', 'on', 'on', 'Published', 1, NULL, '2023-06-05 09:22:02', '2023-06-05 09:22:02'),
(296, 5, 33, 'Barcode Label Printing', 'on', 'on', 'on', 'on', 'Published', 1, 1, '2023-06-05 09:22:23', '2023-07-03 10:17:52'),
(297, 5, 33, 'Configurable advance strategy and workflow', 'on', NULL, 'on', 'on', 'Published', 1, NULL, '2023-06-05 09:22:45', '2023-06-05 09:22:45'),
(298, 5, 33, 'Gate Pass Management', 'on', NULL, 'on', 'on', 'Published', 1, NULL, '2023-06-05 09:23:26', '2023-06-05 09:23:26'),
(299, 5, 33, 'Inbound', 'on', 'on', 'on', 'on', 'Published', 1, NULL, '2023-06-05 09:23:54', '2023-06-05 09:23:54'),
(300, 5, 33, 'Outbound', 'on', 'on', 'on', 'on', 'Published', 1, NULL, '2023-06-05 09:24:11', '2023-06-05 09:24:11'),
(301, 5, 33, 'Returns management', 'on', NULL, 'on', 'on', 'Published', 1, NULL, '2023-06-05 09:24:31', '2023-06-05 09:24:31'),
(302, 5, 33, 'Inter warehouse Transfer', 'on', 'on', 'on', 'on', 'Published', 1, NULL, '2023-06-05 09:24:51', '2023-06-05 09:24:51'),
(303, 5, 77, 'Inventory movement', 'on', 'on', 'on', 'on', 'Published', 1, NULL, '2023-06-05 09:28:28', '2023-06-05 09:28:28'),
(304, 5, 77, 'Inventory Status', 'on', 'on', 'on', 'on', 'Published', 1, NULL, '2023-06-05 09:28:43', '2023-06-05 09:28:43'),
(305, 5, 77, 'Cycle count and inventory adjustment', 'on', 'on', 'on', 'on', 'Published', 1, NULL, '2023-06-05 09:29:02', '2023-06-05 09:29:02'),
(306, 5, 77, 'Replineshment', 'on', NULL, 'on', 'on', 'Published', 1, NULL, '2023-06-05 09:29:21', '2023-06-05 09:29:21'),
(307, 5, 78, 'Kitting/De-Kitting operations', 'on', NULL, 'on', 'on', 'Published', 1, 1, '2023-06-05 09:30:13', '2023-06-05 09:30:20'),
(308, 5, 78, 'Standard Packaging', 'on', NULL, 'on', 'on', 'Published', 1, NULL, '2023-06-05 09:30:41', '2023-06-05 09:30:41'),
(309, 5, 78, 'Inventory Ownership Transfer', 'on', 'on', 'on', 'on', 'Published', 1, NULL, '2023-06-05 09:31:01', '2023-06-05 09:31:01'),
(310, 5, 79, 'Document Generation', 'on', 'on', 'on', 'on', 'Published', 1, NULL, '2023-06-05 09:31:35', '2023-06-05 09:31:35'),
(311, 5, 79, 'Document Distribution', 'on', NULL, 'on', 'on', 'Published', 1, NULL, '2023-06-05 09:31:54', '2023-06-05 09:31:54'),
(312, 5, 80, 'Job Basic reports', 'on', 'on', 'on', 'on', 'Published', 1, NULL, '2023-06-05 09:33:02', '2023-06-05 09:33:02'),
(313, 5, 80, 'Inventory Basic reports', 'on', 'on', 'on', 'on', 'Published', 1, NULL, '2023-06-05 09:33:28', '2023-06-05 09:33:28'),
(314, 5, 80, 'Advance reports', 'on', NULL, 'on', 'on', 'Published', 1, NULL, '2023-06-05 09:33:49', '2023-06-05 09:33:49'),
(315, 5, 81, 'Standard Alerts', 'on', 'on', 'on', 'on', 'Published', 1, NULL, '2023-06-05 09:34:21', '2023-06-05 09:34:21'),
(316, 5, 81, 'Configurable alert console', 'on', NULL, 'on', 'on', 'Published', 1, NULL, '2023-06-05 09:34:35', '2023-06-05 09:34:35'),
(317, 5, 82, 'Inventory Visibility', 'on', 'on', 'on', 'on', 'Published', 1, NULL, '2023-06-05 09:35:07', '2023-06-05 09:35:07'),
(318, 5, 83, 'Busienss Intelligence reporting', 'on', NULL, 'on', 'on', 'Published', 1, NULL, '2023-06-05 09:35:34', '2023-06-05 09:35:34'),
(319, 5, 84, 'Office and Warehouse setup', 'on', 'on', 'on', 'on', 'Published', 1, NULL, '2023-06-05 09:36:11', '2023-06-05 09:36:11'),
(320, 5, 84, 'User manamgement', 'on', 'on', 'on', 'on', 'Published', 1, NULL, '2023-06-05 09:36:29', '2023-06-05 09:36:29'),
(321, 5, 84, 'Role Management', 'on', NULL, 'on', 'on', 'Published', 1, NULL, '2023-06-05 09:36:42', '2023-06-05 09:36:42'),
(322, 5, 84, 'Master setup', 'on', 'on', 'on', 'on', 'Published', 1, NULL, '2023-06-05 09:37:17', '2023-06-05 09:37:17'),
(323, 5, 85, 'Real-time integration', 'on', NULL, NULL, NULL, 'Published', 1, NULL, '2023-06-05 09:37:44', '2023-06-05 09:37:44'),
(324, 5, 85, 'Order / ASN /delivery Order / Masters', 'on', NULL, 'on', 'on', 'Published', 1, NULL, '2023-06-05 09:38:04', '2023-06-05 09:38:04'),
(325, 5, 85, 'GRN / Dispatch / Inventory management / Status update', 'on', NULL, 'on', 'on', 'Published', 1, NULL, '2023-06-05 09:38:22', '2023-06-05 09:38:22'),
(326, 5, 85, 'API interface with marketplace', 'on', NULL, 'on', 'on', 'Published', 1, NULL, '2023-06-05 09:42:48', '2023-06-05 09:42:48'),
(327, 5, 85, 'Connect with Marketplace (Amazon, Lazada)', 'on', NULL, 'on', 'on', 'Published', 1, 1, '2023-06-05 09:43:15', '2023-07-03 10:19:49');

-- --------------------------------------------------------

--
-- Table structure for table `pricing_categories`
--

CREATE TABLE `pricing_categories` (
  `id` bigint UNSIGNED NOT NULL,
  `name` varchar(255) CHARACTER SET utf8mb4 COLLATE utf8mb4_unicode_ci DEFAULT NULL,
  `language` varchar(255) CHARACTER SET utf8mb4 COLLATE utf8mb4_unicode_ci NOT NULL DEFAULT 'en',
  `status` enum('Published','Draft','Trash') CHARACTER SET utf8mb4 COLLATE utf8mb4_unicode_ci NOT NULL DEFAULT 'Published',
  `created_by` int DEFAULT NULL,
  `updated_by` int DEFAULT NULL,
  `created_at` timestamp NULL DEFAULT NULL,
  `updated_at` timestamp NULL DEFAULT NULL
) ENGINE=InnoDB DEFAULT CHARSET=utf8mb4 COLLATE=utf8mb4_unicode_ci;

--
-- Dumping data for table `pricing_categories`
--

INSERT INTO `pricing_categories` (`id`, `name`, `language`, `status`, `created_by`, `updated_by`, `created_at`, `updated_at`) VALUES
(1, 'Logistic Services', 'en', 'Published', 1, 1, '2023-04-14 13:31:20', '2023-04-17 12:26:53'),
(2, 'Industry Services', 'en', 'Published', 1, 1, '2023-04-15 05:52:45', '2023-04-15 05:53:09'),
(3, 'Services logistiques', 'fr', 'Published', 1, NULL, '2023-04-15 07:13:46', '2023-04-15 07:13:46');

-- --------------------------------------------------------

--
-- Table structure for table `pricing_features`
--

CREATE TABLE `pricing_features` (
  `id` bigint UNSIGNED NOT NULL,
  `pricing_id` int NOT NULL COMMENT 'Price Table(pricings) id',
  `name` varchar(255) CHARACTER SET utf8mb4 COLLATE utf8mb4_unicode_ci DEFAULT NULL,
  `status` enum('Published','Draft','Trash') CHARACTER SET utf8mb4 COLLATE utf8mb4_unicode_ci NOT NULL DEFAULT 'Published',
  `created_by` int DEFAULT NULL,
  `updated_by` int DEFAULT NULL,
  `created_at` timestamp NULL DEFAULT NULL,
  `updated_at` timestamp NULL DEFAULT NULL
) ENGINE=InnoDB DEFAULT CHARSET=utf8mb4 COLLATE=utf8mb4_unicode_ci;

--
-- Dumping data for table `pricing_features`
--

INSERT INTO `pricing_features` (`id`, `pricing_id`, `name`, `status`, `created_by`, `updated_by`, `created_at`, `updated_at`) VALUES
(1, 1, 'Go Online', 'Published', 1, 1, '2023-04-18 11:25:58', '2023-07-14 14:34:15'),
(2, 1, 'Order Management', 'Published', 1, NULL, '2023-04-18 11:26:12', '2023-04-18 11:26:12'),
(3, 1, 'Operation', 'Published', 1, 1, '2023-04-18 11:26:24', '2023-07-03 10:02:03'),
(4, 1, 'Inventory Mangement', 'Published', 1, NULL, '2023-04-18 11:26:43', '2023-04-18 11:26:43'),
(5, 1, 'Value Added Services', 'Published', 1, NULL, '2023-04-18 11:27:08', '2023-04-18 11:27:08'),
(6, 1, 'Document', 'Published', 1, NULL, '2023-04-18 11:27:20', '2023-04-18 11:27:20'),
(7, 1, 'Reports', 'Published', 1, NULL, '2023-04-18 11:27:30', '2023-04-18 11:27:30'),
(8, 1, 'Alerts', 'Published', 1, NULL, '2023-04-18 11:27:42', '2023-04-18 11:27:42'),
(9, 1, 'Tracking', 'Published', 1, NULL, '2023-04-18 11:27:53', '2023-04-18 11:27:53'),
(10, 1, 'Analytics', 'Published', 1, NULL, '2023-04-18 11:28:10', '2023-04-18 11:28:10'),
(11, 1, 'Administration', 'Published', 1, NULL, '2023-04-18 11:28:24', '2023-04-18 11:28:24'),
(13, 1, 'Standard Interface', 'Published', 1, NULL, '2023-04-18 11:30:34', '2023-04-18 11:30:34'),
(14, 2, 'Go Online', 'Published', 1, NULL, '2023-05-18 12:40:42', '2023-05-18 12:40:42'),
(15, 2, 'Ocean', 'Published', 1, NULL, '2023-05-18 12:45:37', '2023-05-18 12:45:37'),
(16, 2, 'Air', 'Published', 1, NULL, '2023-05-18 12:48:04', '2023-05-18 12:48:04'),
(17, 2, 'Road', 'Published', 1, NULL, '2023-05-18 12:49:51', '2023-05-18 12:49:51'),
(18, 2, 'Mobility', 'Published', 1, NULL, '2023-05-18 12:51:51', '2023-05-18 12:51:51'),
(19, 2, 'Warehouse', 'Published', 1, NULL, '2023-05-18 12:53:37', '2023-05-18 12:53:37'),
(20, 2, 'Document', 'Published', 1, NULL, '2023-05-18 13:01:17', '2023-05-18 13:01:17'),
(21, 2, 'Quotation', 'Published', 1, NULL, '2023-05-18 13:03:34', '2023-05-18 13:03:34'),
(22, 2, 'Billing', 'Published', 1, NULL, '2023-05-18 13:07:27', '2023-05-18 13:07:27'),
(23, 2, 'Reports', 'Published', 1, NULL, '2023-05-18 13:09:23', '2023-05-18 13:09:23'),
(24, 2, 'Alert', 'Published', 1, NULL, '2023-05-18 13:11:28', '2023-05-18 13:11:28'),
(25, 2, 'Administration', 'Published', 1, NULL, '2023-05-18 13:12:34', '2023-05-18 13:12:34'),
(26, 2, 'Standard Interfaces', 'Published', 1, NULL, '2023-05-18 13:14:17', '2023-05-18 13:14:17'),
(27, 3, 'Go Online', 'Published', 1, NULL, '2023-05-18 13:23:18', '2023-05-18 13:23:18'),
(28, 4, 'Go Online', 'Published', 1, NULL, '2023-05-18 13:41:55', '2023-05-18 13:41:55'),
(29, 4, 'Operation', 'Published', 1, NULL, '2023-05-18 13:44:20', '2023-05-18 13:44:20'),
(30, 4, 'Inventory Mangement', 'Published', 1, NULL, '2023-05-18 13:53:25', '2023-05-18 13:53:25'),
(31, 5, 'Go Online', 'Published', 1, NULL, '2023-05-18 14:04:32', '2023-05-18 14:04:32'),
(32, 5, 'Order Management', 'Published', 1, NULL, '2023-05-18 14:05:52', '2023-05-18 14:05:52'),
(33, 5, 'Operation', 'Published', 1, NULL, '2023-05-18 14:07:34', '2023-05-18 14:07:34'),
(34, 3, 'Operations', 'Published', 1, NULL, '2023-05-19 09:31:57', '2023-05-19 09:31:57'),
(35, 3, 'Mobility', 'Published', 1, NULL, '2023-05-19 09:35:16', '2023-05-19 09:35:16'),
(36, 3, 'Document', 'Published', 1, NULL, '2023-05-19 09:36:41', '2023-05-19 09:36:41'),
(37, 3, 'Quotation', 'Published', 1, NULL, '2023-05-19 09:38:36', '2023-05-19 09:38:36'),
(38, 3, 'Billing', 'Published', 1, NULL, '2023-05-19 09:40:52', '2023-05-19 09:40:52'),
(39, 3, 'Reports', 'Published', 1, NULL, '2023-05-19 09:43:02', '2023-05-19 09:43:02'),
(40, 3, 'Alerts', 'Published', 1, 1, '2023-05-19 09:43:20', '2023-05-19 09:45:21'),
(41, 3, 'Analytics', 'Published', 1, NULL, '2023-05-19 09:47:33', '2023-05-19 09:47:33'),
(42, 3, 'Administration', 'Published', 1, NULL, '2023-05-19 09:48:44', '2023-05-19 09:48:44'),
(43, 3, 'Standard Interface', 'Published', 1, NULL, '2023-05-19 09:53:38', '2023-05-19 09:53:38'),
(44, 4, 'Value Added Services', 'Published', 1, NULL, '2023-05-19 09:59:09', '2023-05-19 09:59:09'),
(45, 4, 'Document', 'Published', 1, NULL, '2023-05-19 10:01:29', '2023-05-19 10:01:29'),
(46, 4, 'Reports', 'Published', 1, NULL, '2023-05-19 10:02:25', '2023-05-19 10:02:25'),
(47, 4, 'Alerts', 'Published', 1, NULL, '2023-05-19 10:03:55', '2023-05-19 10:03:55'),
(48, 4, 'Tracking', 'Published', 1, NULL, '2023-05-19 10:04:49', '2023-05-19 10:04:49'),
(49, 4, 'Analytics', 'Published', 1, NULL, '2023-05-19 10:05:21', '2023-05-19 10:05:21'),
(50, 4, 'Administration', 'Published', 1, NULL, '2023-05-19 10:05:57', '2023-05-19 10:05:57'),
(51, 4, 'Standard Interface', 'Published', 1, NULL, '2023-05-19 10:07:01', '2023-05-19 10:07:01'),
(53, 6, 'Go Online', 'Published', 1, NULL, '2023-06-05 07:02:59', '2023-06-05 07:02:59'),
(54, 6, 'Operation', 'Published', 1, NULL, '2023-06-05 07:03:13', '2023-06-05 07:03:13'),
(55, 6, 'Inventory Management', 'Published', 1, NULL, '2023-06-05 07:03:30', '2023-06-05 07:03:30'),
(56, 6, 'Value Added Services', 'Published', 1, NULL, '2023-06-05 07:04:05', '2023-06-05 07:04:05'),
(57, 6, 'Document', 'Published', 1, NULL, '2023-06-05 07:04:21', '2023-06-05 07:04:21'),
(58, 6, 'Quotation', 'Published', 1, NULL, '2023-06-05 07:04:32', '2023-06-05 07:04:32'),
(59, 6, 'Billing', 'Published', 1, NULL, '2023-06-05 07:04:41', '2023-06-05 07:04:41'),
(60, 6, 'Reports', 'Published', 1, NULL, '2023-06-05 07:04:51', '2023-06-05 07:04:51'),
(61, 6, 'Alerts', 'Published', 1, NULL, '2023-06-05 07:05:03', '2023-06-05 07:05:03'),
(62, 6, 'Analytics', 'Published', 1, NULL, '2023-06-05 07:05:13', '2023-06-05 07:05:13'),
(63, 6, 'Administration', 'Published', 1, NULL, '2023-06-05 07:05:24', '2023-06-05 07:05:24'),
(64, 6, 'Standard Interface', 'Published', 1, NULL, '2023-06-05 07:05:35', '2023-06-05 07:05:35'),
(65, 7, 'Go Online', 'Published', 1, 1, '2023-06-05 08:11:58', '2023-06-05 08:12:11'),
(66, 7, 'Order Management', 'Published', 1, NULL, '2023-06-05 08:12:27', '2023-06-05 08:12:27'),
(67, 7, 'Operation', 'Published', 1, NULL, '2023-06-05 08:12:37', '2023-06-05 08:12:37'),
(68, 7, 'Inventory Mangement', 'Published', 1, NULL, '2023-06-05 08:12:50', '2023-06-05 08:12:50'),
(69, 7, 'Value Added Services', 'Published', 1, NULL, '2023-06-05 08:13:03', '2023-06-05 08:13:03'),
(70, 7, 'Document', 'Published', 1, NULL, '2023-06-05 08:13:32', '2023-06-05 08:13:32'),
(71, 7, 'Reports', 'Published', 1, NULL, '2023-06-05 08:13:46', '2023-06-05 08:13:46'),
(72, 7, 'Alerts', 'Published', 1, NULL, '2023-06-05 08:13:57', '2023-06-05 08:13:57'),
(73, 7, 'Tracking', 'Published', 1, NULL, '2023-06-05 08:14:09', '2023-06-05 08:14:09'),
(74, 7, 'Analytics', 'Published', 1, NULL, '2023-06-05 08:14:21', '2023-06-05 08:14:21'),
(75, 7, 'Administration', 'Published', 1, NULL, '2023-06-05 08:14:35', '2023-06-05 08:14:35'),
(76, 7, 'Standard Interface', 'Published', 1, NULL, '2023-06-05 08:14:51', '2023-06-05 08:14:51'),
(77, 5, 'Inventory Mangement', 'Published', 1, NULL, '2023-06-05 09:26:12', '2023-06-05 09:26:12'),
(78, 5, 'Value Added Services', 'Published', 1, NULL, '2023-06-05 09:26:22', '2023-06-05 09:26:22'),
(79, 5, 'Document', 'Published', 1, NULL, '2023-06-05 09:26:32', '2023-06-05 09:26:32'),
(80, 5, 'Reports', 'Published', 1, NULL, '2023-06-05 09:26:45', '2023-06-05 09:26:45'),
(81, 5, 'Alerts', 'Published', 1, NULL, '2023-06-05 09:26:57', '2023-06-05 09:26:57'),
(82, 5, 'Tracking', 'Published', 1, NULL, '2023-06-05 09:27:08', '2023-06-05 09:27:08'),
(83, 5, 'Analytics', 'Published', 1, NULL, '2023-06-05 09:27:22', '2023-06-05 09:27:22'),
(84, 5, 'Administration', 'Published', 1, NULL, '2023-06-05 09:27:31', '2023-06-05 09:27:31'),
(85, 5, 'Standard Interface', 'Published', 1, NULL, '2023-06-05 09:27:42', '2023-06-05 09:27:42'),
(86, 1, 'abc', 'Trash', 1, NULL, '2023-07-27 18:42:40', '2023-07-27 18:44:43');

-- --------------------------------------------------------

--
-- Table structure for table `privacy_policies`
--

CREATE TABLE `privacy_policies` (
  `id` bigint UNSIGNED NOT NULL,
  `title` varchar(255) CHARACTER SET utf8mb4 COLLATE utf8mb4_unicode_ci DEFAULT NULL,
  `image` varchar(255) CHARACTER SET utf8mb4 COLLATE utf8mb4_unicode_ci DEFAULT NULL,
  `description` longtext CHARACTER SET utf8mb4 COLLATE utf8mb4_unicode_ci,
  `language` varchar(255) CHARACTER SET utf8mb4 COLLATE utf8mb4_unicode_ci DEFAULT NULL,
  `meta_title` varchar(255) CHARACTER SET utf8mb4 COLLATE utf8mb4_unicode_ci DEFAULT NULL,
  `meta_key` varchar(255) CHARACTER SET utf8mb4 COLLATE utf8mb4_unicode_ci DEFAULT NULL,
  `meta_description` longtext CHARACTER SET utf8mb4 COLLATE utf8mb4_unicode_ci,
  `created_by` int DEFAULT NULL,
  `updated_by` int DEFAULT NULL,
  `created_at` timestamp NULL DEFAULT NULL,
  `updated_at` timestamp NULL DEFAULT NULL
) ENGINE=InnoDB DEFAULT CHARSET=utf8mb4 COLLATE=utf8mb4_unicode_ci;

-- --------------------------------------------------------

--
-- Table structure for table `sessions`
--

CREATE TABLE `sessions` (
  `id` varchar(255) CHARACTER SET utf8mb4 COLLATE utf8mb4_unicode_ci NOT NULL,
  `user_id` bigint UNSIGNED DEFAULT NULL,
  `ip_address` varchar(45) CHARACTER SET utf8mb4 COLLATE utf8mb4_unicode_ci DEFAULT NULL,
  `user_agent` text CHARACTER SET utf8mb4 COLLATE utf8mb4_unicode_ci,
  `payload` longtext CHARACTER SET utf8mb4 COLLATE utf8mb4_unicode_ci NOT NULL,
  `last_activity` int NOT NULL
) ENGINE=InnoDB DEFAULT CHARSET=utf8mb4 COLLATE=utf8mb4_unicode_ci;

--
-- Dumping data for table `sessions`
--

INSERT INTO `sessions` (`id`, `user_id`, `ip_address`, `user_agent`, `payload`, `last_activity`) VALUES
('282JKUjcUt01Bf85xb85pSUyy2fGg9LVmHPLXvWH', NULL, '178.128.38.117', 'Mozilla/5.0 (compatible)', 'YTozOntzOjY6Il90b2tlbiI7czo0MDoicW4yRmo2c3BkSjZpSldLRzdyUW5ZZDZNY1N3UkhwZnBwazR6b1A3cyI7czo5OiJfcHJldmlvdXMiO2E6MTp7czozOiJ1cmwiO3M6MzY6Imh0dHA6Ly93d3cuYXVyb2JlZXMucHJvamVjdHNkZW1vLmJpeiI7fXM6NjoiX2ZsYXNoIjthOjI6e3M6Mzoib2xkIjthOjA6e31zOjM6Im5ldyI7YTowOnt9fX0=', 1742051271),
('6d7X6Z5th233qrA6htkOHVqyAnXljUbaIcCmKH5O', NULL, '40.77.167.32', 'Mozilla/5.0 AppleWebKit/537.36 (KHTML, like Gecko; compatible; bingbot/2.0; +http://www.bing.com/bingbot.htm) Chrome/116.0.1938.76 Safari/537.36', 'YTozOntzOjY6Il90b2tlbiI7czo0MDoidWRCOWRra1c4endOWjByT0F6Q3RvR0UyRkRvQkk2TXpaVUxHNXpodSI7czo5OiJfcHJldmlvdXMiO2E6MTp7czozOiJ1cmwiO3M6NzA6Imh0dHBzOi8vYXVyb2JlZXMucHJvamVjdHNkZW1vLmJpei9pbmRleC5waHAvcHJpY2luZy9mcmVpZ2h0LWZvcndhcmRpbmciO31zOjY6Il9mbGFzaCI7YToyOntzOjM6Im9sZCI7YTowOnt9czozOiJuZXciO2E6MDp7fX19', 1742044645),
('86MqpI3yjXMGm8dzE0iRDlSNHKd0XS0ZEd1UkHoK', NULL, '192.175.111.249', 'Mozilla/5.0 (Windows NT 10.0; Win64; x64) AppleWebKit/537.36 (KHTML, like Gecko) Chrome/134.0.0.0 Safari/537.36', 'YTozOntzOjY6Il90b2tlbiI7czo0MDoidDFTajZwQ2syR1d6bUQ4MVV1VXl4Rnl1b0dWQXZ3SldGcHNOZWMyRyI7czo5OiJfcHJldmlvdXMiO2E6MTp7czozOiJ1cmwiO3M6MzY6Imh0dHA6Ly93d3cuYXVyb2JlZXMucHJvamVjdHNkZW1vLmJpeiI7fXM6NjoiX2ZsYXNoIjthOjI6e3M6Mzoib2xkIjthOjA6e31zOjM6Im5ldyI7YTowOnt9fX0=', 1742301578),
('A5aElq7AaVU1riut3Uk7J3gRR45mX06eiaNzWK6t', NULL, '178.128.38.117', 'Mozilla/5.0 (compatible)', 'YTozOntzOjY6Il90b2tlbiI7czo0MDoieGNxejNHYnVrcmVwV21aVXlyM0ltbUJ5aFdlWlJ3bGNMYWZjSXltYyI7czo5OiJfcHJldmlvdXMiO2E6MTp7czozOiJ1cmwiO3M6Mzc6Imh0dHBzOi8vd3d3LmF1cm9iZWVzLnByb2plY3RzZGVtby5iaXoiO31zOjY6Il9mbGFzaCI7YToyOntzOjM6Im9sZCI7YTowOnt9czozOiJuZXciO2E6MDp7fX19', 1742051276),
('aC5jPBJu2UxcyPpbXwXbDYGW9r7mPwlurcIiZvrs', NULL, '66.249.66.196', 'Mozilla/5.0 (compatible; Googlebot/2.1; +http://www.google.com/bot.html)', 'YTozOntzOjY6Il90b2tlbiI7czo0MDoib0JDN3ZkT1FjbDVMZEJwR1dMaXdJWlUyUHlUWjdIQmZWRkJvb0daeCI7czo5OiJfcHJldmlvdXMiO2E6MTp7czozOiJ1cmwiO3M6Mzk6Imh0dHBzOi8vYXVyb2JlZXMucHJvamVjdHNkZW1vLmJpei9sb2dpbiI7fXM6NjoiX2ZsYXNoIjthOjI6e3M6Mzoib2xkIjthOjA6e31zOjM6Im5ldyI7YTowOnt9fX0=', 1742295590),
('BF2YrZVqMKrIpW4SH0qOtmhJMdTBPBYtGwYt9oeg', NULL, '52.167.144.159', 'Mozilla/5.0 AppleWebKit/537.36 (KHTML, like Gecko; compatible; bingbot/2.0; +http://www.bing.com/bingbot.htm) Chrome/116.0.1938.76 Safari/537.36', 'YTozOntzOjY6Il90b2tlbiI7czo0MDoiREFXdmVQOHJGSlljZHFKdUJ1aG1Tc1RWNXREZ0pJT05aMkR6amg4NSI7czo5OiJfcHJldmlvdXMiO2E6MTp7czozOiJ1cmwiO3M6NzA6Imh0dHBzOi8vYXVyb2JlZXMucHJvamVjdHNkZW1vLmJpei9pbmRleC5waHAvcHJpY2luZy9mcmVpZ2h0LWZvcndhcmRpbmciO31zOjY6Il9mbGFzaCI7YToyOntzOjM6Im9sZCI7YTowOnt9czozOiJuZXciO2E6MDp7fX19', 1742107108),
('BP1f6nLGfmm5HY5z7J8e8pXxb5rI52wtkW54gbnM', NULL, '40.77.167.143', 'Mozilla/5.0 AppleWebKit/537.36 (KHTML, like Gecko; compatible; bingbot/2.0; +http://www.bing.com/bingbot.htm) Chrome/116.0.1938.76 Safari/537.36', 'YTozOntzOjY6Il90b2tlbiI7czo0MDoiUFNUaXdvaGYxc2h0eVF4Q3hKbVpuNlhSQ3lOMDBmZUxVZ09waHE2QiI7czo5OiJfcHJldmlvdXMiO2E6MTp7czozOiJ1cmwiO3M6NDM6Imh0dHBzOi8vYXVyb2JlZXMucHJvamVjdHNkZW1vLmJpei9pbmRleC5waHAiO31zOjY6Il9mbGFzaCI7YToyOntzOjM6Im9sZCI7YTowOnt9czozOiJuZXciO2E6MDp7fX19', 1742047311),
('CJfTidTDFWIfaZjMloWhTWMwQZfyuDgC6AlKdxs2', NULL, '66.249.66.198', 'Mozilla/5.0 (Linux; Android 6.0.1; Nexus 5X Build/MMB29P) AppleWebKit/537.36 (KHTML, like Gecko) Chrome/99.0.4844.84 Mobile Safari/537.36 (compatible; Googlebot/2.1; +http://www.google.com/bot.html)', 'YTozOntzOjY6Il90b2tlbiI7czo0MDoiQ2h3TnJLdXRYT0hySzB4OVl1OGkxN05XTDRKS3hIcVJrOVJPMlFPaiI7czo5OiJfcHJldmlvdXMiO2E6MTp7czozOiJ1cmwiO3M6Mzk6Imh0dHBzOi8vYXVyb2JlZXMucHJvamVjdHNkZW1vLmJpei9sb2dpbiI7fXM6NjoiX2ZsYXNoIjthOjI6e3M6Mzoib2xkIjthOjA6e31zOjM6Im5ldyI7YTowOnt9fX0=', 1742295593),
('dml02sZWAW7pf0971Vi3ie4SaiRHh3kVY9eJuYci', NULL, '103.190.212.58', 'Mozilla/5.0 (Windows NT 10.0; Win64; x64) AppleWebKit/537.36 (KHTML, like Gecko) Chrome/134.0.0.0 Safari/537.36', 'YTozOntzOjY6Il90b2tlbiI7czo0MDoiSmYyalNyWnB1c1NPUXVtTWlZM1pzcDdqMUNSRFFQR2JxY1RiTmdVTyI7czo5OiJfcHJldmlvdXMiO2E6MTp7czozOiJ1cmwiO3M6MzM6Imh0dHBzOi8vYXVyb2JlZXMucHJvamVjdHNkZW1vLmJpeiI7fXM6NjoiX2ZsYXNoIjthOjI6e3M6Mzoib2xkIjthOjA6e31zOjM6Im5ldyI7YTowOnt9fX0=', 1742375879),
('eaKdtHntYA8k3Dl7AyrslTzLOIB49UApucwmGQRy', NULL, '198.235.24.155', '', 'YTozOntzOjY6Il90b2tlbiI7czo0MDoiV1BKTTBRWkN6UThsZTR2anJ0aVRoVjh4bTl1bWxYZ1FjVVZPOHpsWSI7czo5OiJfcHJldmlvdXMiO2E6MTp7czozOiJ1cmwiO3M6MzM6Imh0dHBzOi8vYXVyb2JlZXMucHJvamVjdHNkZW1vLmJpeiI7fXM6NjoiX2ZsYXNoIjthOjI6e3M6Mzoib2xkIjthOjA6e31zOjM6Im5ldyI7YTowOnt9fX0=', 1742079483),
('EW5HPFiNCVygLX6wI5jA2RR7Qimi4jlzpC3SVK8q', NULL, '52.167.144.18', 'Mozilla/5.0 AppleWebKit/537.36 (KHTML, like Gecko; compatible; bingbot/2.0; +http://www.bing.com/bingbot.htm) Chrome/116.0.1938.76 Safari/537.36', 'YTozOntzOjY6Il90b2tlbiI7czo0MDoiZjFIcndoSzk5ZW80TVBWc1lIQzRkVzhEQkpzYnhjeUc0MnhmYjlwcCI7czo5OiJfcHJldmlvdXMiO2E6MTp7czozOiJ1cmwiO3M6NTU6Imh0dHBzOi8vYXVyb2JlZXMucHJvamVjdHNkZW1vLmJpei9wYWdlL3ByaXZhY3ktcG9saWNpZXMiO31zOjY6Il9mbGFzaCI7YToyOntzOjM6Im9sZCI7YTowOnt9czozOiJuZXciO2E6MDp7fX19', 1742335266),
('gkJbJxAWFh5QK0j2rQ30ifCT3UQ5aUM8iz29iKwf', NULL, '192.175.111.238', 'Mozilla/5.0 (Windows NT 10.0; Win64; x64) AppleWebKit/537.36 (KHTML, like Gecko) Chrome/134.0.0.0 Safari/537.36', 'YTozOntzOjY6Il90b2tlbiI7czo0MDoiV3NmZExJUFhCaHdlZFNzTHVhdGY2cUFDQWhKR2FCSk56RUpRa1hMbSI7czo5OiJfcHJldmlvdXMiO2E6MTp7czozOiJ1cmwiO3M6MzY6Imh0dHA6Ly93d3cuYXVyb2JlZXMucHJvamVjdHNkZW1vLmJpeiI7fXM6NjoiX2ZsYXNoIjthOjI6e3M6Mzoib2xkIjthOjA6e31zOjM6Im5ldyI7YTowOnt9fX0=', 1742301573),
('HJmn0U6UzGUJenGQ20lD7A8nlCqEQ3mytfB9uqiJ', NULL, '64.15.129.118', 'Mozilla/5.0 (Windows NT 10.0; Win64; x64) AppleWebKit/537.36 (KHTML, like Gecko) Chrome/134.0.0.0 Safari/537.36', 'YTozOntzOjY6Il90b2tlbiI7czo0MDoiMlZRZ1gzRGNUVUpHeFFoOTR1cktvSVp1b1p1bjlXWnlMa2JKcmF1biI7czo5OiJfcHJldmlvdXMiO2E6MTp7czozOiJ1cmwiO3M6MzI6Imh0dHA6Ly9hdXJvYmVlcy5wcm9qZWN0c2RlbW8uYml6Ijt9czo2OiJfZmxhc2giO2E6Mjp7czozOiJvbGQiO2E6MDp7fXM6MzoibmV3IjthOjA6e319fQ==', 1742299777),
('HyqNGGTrstaSzWArhSd8W7VgCDjpaO1psarbniTC', NULL, '64.15.129.120', 'Mozilla/5.0 (Windows NT 10.0; Win64; x64) AppleWebKit/537.36 (KHTML, like Gecko) Chrome/134.0.0.0 Safari/537.36', 'YTozOntzOjY6Il90b2tlbiI7czo0MDoiTzNqT0RNQ1paclY4cWRsVnFJZG1zQWZBTXV0MXhJNnZJdEZPRmhQdSI7czo5OiJfcHJldmlvdXMiO2E6MTp7czozOiJ1cmwiO3M6MzY6Imh0dHA6Ly93d3cuYXVyb2JlZXMucHJvamVjdHNkZW1vLmJpeiI7fXM6NjoiX2ZsYXNoIjthOjI6e3M6Mzoib2xkIjthOjA6e31zOjM6Im5ldyI7YTowOnt9fX0=', 1742301585),
('JMTUXq2Waj5fel1mBdCg7ZCGhX1n7ote7DK9jIuw', NULL, '103.13.115.104', 'Mozilla/5.0 (Windows NT 10.0; Win64; x64) AppleWebKit/537.36 (KHTML, like Gecko) Chrome/58.0.3029.110 Safari/537.3', 'YTozOntzOjY6Il90b2tlbiI7czo0MDoiNnM3ZWQzQ2RoMGR1VzlFdmZZemtuSmR5bmtmS1Y0d0FFMGRlSElyTyI7czo5OiJfcHJldmlvdXMiO2E6MTp7czozOiJ1cmwiO3M6MzI6Imh0dHA6Ly9hdXJvYmVlcy5wcm9qZWN0c2RlbW8uYml6Ijt9czo2OiJfZmxhc2giO2E6Mjp7czozOiJvbGQiO2E6MDp7fXM6MzoibmV3IjthOjA6e319fQ==', 1742417582),
('JoMcjxg6hCXhGfP0nyLnD5faMSMNK9MTIIloZdwp', NULL, '64.15.129.114', 'Mozilla/5.0 (Windows NT 10.0; Win64; x64) AppleWebKit/537.36 (KHTML, like Gecko) Chrome/134.0.0.0 Safari/537.36', 'YTozOntzOjY6Il90b2tlbiI7czo0MDoiamthbzNaeUhwVlRtb092Z2d5TEZiZDhFa0dwMGIwQ1VhSVVXUXFQOCI7czo5OiJfcHJldmlvdXMiO2E6MTp7czozOiJ1cmwiO3M6MzI6Imh0dHA6Ly9hdXJvYmVlcy5wcm9qZWN0c2RlbW8uYml6Ijt9czo2OiJfZmxhc2giO2E6Mjp7czozOiJvbGQiO2E6MDp7fXM6MzoibmV3IjthOjA6e319fQ==', 1742299757),
('JSTn7gI9NmAHKQjNDKYSDHqoYjepMGFJ7rApeDLH', NULL, '40.77.167.77', 'Mozilla/5.0 AppleWebKit/537.36 (KHTML, like Gecko; compatible; bingbot/2.0; +http://www.bing.com/bingbot.htm) Chrome/116.0.1938.76 Safari/537.36', 'YTozOntzOjY6Il90b2tlbiI7czo0MDoiWmpUdWVoV3Rubjc5ZDREVW01TlNmRUh6dmNPZnZ4cjhNMHhNcTRHbSI7czo5OiJfcHJldmlvdXMiO2E6MTp7czozOiJ1cmwiO3M6Njg6Imh0dHBzOi8vYXVyb2JlZXMucHJvamVjdHNkZW1vLmJpei9pbmRleC5waHAvZ28tb25saW5lL2NyZWF0ZS13ZWJzaXRlIjt9czo2OiJfZmxhc2giO2E6Mjp7czozOiJvbGQiO2E6MDp7fXM6MzoibmV3IjthOjA6e319fQ==', 1742095581),
('juq7zHnrc9VIHcGxObddoNu5j9idREID7NjnWrEY', NULL, '103.190.212.58', 'Mozilla/5.0 (Windows NT 10.0; Win64; x64) AppleWebKit/537.36 (KHTML, like Gecko) Chrome/133.0.0.0 Safari/537.36', 'YTozOntzOjY6Il90b2tlbiI7czo0MDoiUWxqQTdyTzMwYUVLYmNlTU9GeTFnd25KOXczeThkejFTOVc4VEdBQyI7czo5OiJfcHJldmlvdXMiO2E6MTp7czozOiJ1cmwiO3M6MzM6Imh0dHBzOi8vYXVyb2JlZXMucHJvamVjdHNkZW1vLmJpeiI7fXM6NjoiX2ZsYXNoIjthOjI6e3M6Mzoib2xkIjthOjA6e31zOjM6Im5ldyI7YTowOnt9fX0=', 1742289363),
('jWpLofXKRpeirjXR8zDjtqxkfiDr3W8WgUEfGRFj', NULL, '27.115.124.97', 'Mozilla/5.0 (Macintosh; Intel Mac OS X 10_15_7) AppleWebKit/537.36 (KHTML, like Gecko) Chrome/120.0.0.0 Safari/537.36 Edg/120.0.0.0', 'YTozOntzOjY6Il90b2tlbiI7czo0MDoiT24wdjBaT3RkTnAySDBJVkpsQ0E3cU5rQ1pHQkNGbElBMHRlc1lMRyI7czo5OiJfcHJldmlvdXMiO2E6MTp7czozOiJ1cmwiO3M6Mzc6Imh0dHBzOi8vd3d3LmF1cm9iZWVzLnByb2plY3RzZGVtby5iaXoiO31zOjY6Il9mbGFzaCI7YToyOntzOjM6Im9sZCI7YTowOnt9czozOiJuZXciO2E6MDp7fX19', 1742383466),
('k7wRjMs27mVGzzjHFVdJNYw0VoZQOQsnId1lnuna', NULL, '40.77.167.151', 'Mozilla/5.0 AppleWebKit/537.36 (KHTML, like Gecko; compatible; bingbot/2.0; +http://www.bing.com/bingbot.htm) Chrome/116.0.1938.76 Safari/537.36', 'YTozOntzOjY6Il90b2tlbiI7czo0MDoiNFFjaEtUbDBJaWJpTEc4WnJ1S2JvQzVMWEs4UUhmaGZkNTZvaEs0eCI7czo5OiJfcHJldmlvdXMiO2E6MTp7czozOiJ1cmwiO3M6NTg6Imh0dHBzOi8vYXVyb2JlZXMucHJvamVjdHNkZW1vLmJpei9nby1vbmxpbmUvY3JlYXRlLXdlYnNpdGUiO31zOjY6Il9mbGFzaCI7YToyOntzOjM6Im9sZCI7YTowOnt9czozOiJuZXciO2E6MDp7fX19', 1742136223),
('kSRaJ2D6cKF5znp1lBVNOd3dIxuyJFytKOzrSDp9', NULL, '104.200.150.79', 'Mozilla/5.0 (Windows NT 10.0; Win64; x64) AppleWebKit/537.36 (KHTML, like Gecko) Chrome/58.0.3029.110 Safari/537.3', 'YTozOntzOjY6Il90b2tlbiI7czo0MDoiWEM1UnVYdXpNSWs2RmtHcjdYcGxVN1NWUXMyeDVRVVBKN1dvMW9XdSI7czo5OiJfcHJldmlvdXMiO2E6MTp7czozOiJ1cmwiO3M6MzI6Imh0dHA6Ly9hdXJvYmVlcy5wcm9qZWN0c2RlbW8uYml6Ijt9czo2OiJfZmxhc2giO2E6Mjp7czozOiJvbGQiO2E6MDp7fXM6MzoibmV3IjthOjA6e319fQ==', 1742050084),
('kv8tknWHZcx20nDaueOvRojy2N67PDx18cx6I9qu', NULL, '52.167.144.167', 'Mozilla/5.0 AppleWebKit/537.36 (KHTML, like Gecko; compatible; bingbot/2.0; +http://www.bing.com/bingbot.htm) Chrome/116.0.1938.76 Safari/537.36', 'YTozOntzOjY6Il90b2tlbiI7czo0MDoiOXZBbDJnVzl6Q21GOFh4WlYwMWphOGxGZG1lOVhLU2Eza3cxZndvWiI7czo5OiJfcHJldmlvdXMiO2E6MTp7czozOiJ1cmwiO3M6Mzk6Imh0dHBzOi8vYXVyb2JlZXMucHJvamVjdHNkZW1vLmJpei9sb2dpbiI7fXM6NjoiX2ZsYXNoIjthOjI6e3M6Mzoib2xkIjthOjA6e31zOjM6Im5ldyI7YTowOnt9fX0=', 1742123141),
('MhGYdPkMMLpLUCIFTjLFqDvEwOW7k6FgHtgpoBwJ', NULL, '192.175.111.252', 'Mozilla/5.0 (Windows NT 10.0; Win64; x64) AppleWebKit/537.36 (KHTML, like Gecko) Chrome/134.0.0.0 Safari/537.36', 'YTozOntzOjY6Il90b2tlbiI7czo0MDoiU0Jzd3V3RmprZkN6bHFKd2VyRlNnaFNOU3FjR01vanBNRmhlWlhZRCI7czo5OiJfcHJldmlvdXMiO2E6MTp7czozOiJ1cmwiO3M6MzY6Imh0dHA6Ly93d3cuYXVyb2JlZXMucHJvamVjdHNkZW1vLmJpeiI7fXM6NjoiX2ZsYXNoIjthOjI6e3M6Mzoib2xkIjthOjA6e31zOjM6Im5ldyI7YTowOnt9fX0=', 1742301588),
('MrT3dEZlQNClsuV293YxIs4INF2pmYKxjLA5YHk9', NULL, '40.77.167.23', 'Mozilla/5.0 AppleWebKit/537.36 (KHTML, like Gecko; compatible; bingbot/2.0; +http://www.bing.com/bingbot.htm) Chrome/116.0.1938.76 Safari/537.36', 'YTozOntzOjY6Il90b2tlbiI7czo0MDoiMVg0SHkyUkpMS2U5ZHFoUmYyMXVrdm91N0lZMlZud2RPazFOd1lMbyI7czo5OiJfcHJldmlvdXMiO2E6MTp7czozOiJ1cmwiO3M6NDM6Imh0dHBzOi8vYXVyb2JlZXMucHJvamVjdHNkZW1vLmJpei9pbmRleC5waHAiO31zOjY6Il9mbGFzaCI7YToyOntzOjM6Im9sZCI7YTowOnt9czozOiJuZXciO2E6MDp7fX19', 1742106265),
('Mt8pHnXWE10oOF4fk05Ccpk4mPIvHqBH6BhY46aq', NULL, '206.168.34.221', 'Mozilla/5.0 (compatible; CensysInspect/1.1; +https://about.censys.io/)', 'YTozOntzOjY6Il90b2tlbiI7czo0MDoiUGpDVGhXalpxSzczYko0eXJ3UTlZc0NEYU5OeEdHeElOZTJQazN5aCI7czo5OiJfcHJldmlvdXMiO2E6MTp7czozOiJ1cmwiO3M6MzY6Imh0dHA6Ly93d3cuYXVyb2JlZXMucHJvamVjdHNkZW1vLmJpeiI7fXM6NjoiX2ZsYXNoIjthOjI6e3M6Mzoib2xkIjthOjA6e31zOjM6Im5ldyI7YTowOnt9fX0=', 1742262994),
('P8Y6xkOrpBcQro1cgbOxyurUcVG9GCuPoDLUkCYc', NULL, '205.210.31.38', '', 'YTozOntzOjY6Il90b2tlbiI7czo0MDoiRGdyeEJiQ1dZS1JCU043OG5Pb2NDZjFycE10cTlJWnlHT0l3QVZZaiI7czo5OiJfcHJldmlvdXMiO2E6MTp7czozOiJ1cmwiO3M6MzI6Imh0dHA6Ly9hdXJvYmVlcy5wcm9qZWN0c2RlbW8uYml6Ijt9czo2OiJfZmxhc2giO2E6Mjp7czozOiJvbGQiO2E6MDp7fXM6MzoibmV3IjthOjA6e319fQ==', 1742178477),
('Q1HnV23hy3eTm7FAh8BTOOSXU5eYvsp8XAVVpdqf', NULL, '95.108.213.122', 'Mozilla/5.0 (compatible; YandexBot/3.0; +http://yandex.com/bots)', 'YTozOntzOjY6Il90b2tlbiI7czo0MDoiR3BzOXI5R0djenFmZm05UUM5NjFzcjhnSnVJSHBNOGttTmZFT2wzSyI7czo5OiJfcHJldmlvdXMiO2E6MTp7czozOiJ1cmwiO3M6MzM6Imh0dHBzOi8vYXVyb2JlZXMucHJvamVjdHNkZW1vLmJpeiI7fXM6NjoiX2ZsYXNoIjthOjI6e3M6Mzoib2xkIjthOjA6e31zOjM6Im5ldyI7YTowOnt9fX0=', 1742317083),
('tGMoHWePwDK8zeAlUumkKV1L0Tg8dPjXhWEiGYKU', NULL, '103.13.115.104', 'Mozilla/5.0 (Windows NT 10.0; Win64; x64) AppleWebKit/537.36 (KHTML, like Gecko) Chrome/58.0.3029.110 Safari/537.3', 'YTozOntzOjY6Il90b2tlbiI7czo0MDoiTWFUTE1QSFRkSUpHeUlJclFRR2F0S2lqRDJnUHVnV1NicUVRaTQ4RCI7czo5OiJfcHJldmlvdXMiO2E6MTp7czozOiJ1cmwiO3M6MzY6Imh0dHA6Ly93d3cuYXVyb2JlZXMucHJvamVjdHNkZW1vLmJpeiI7fXM6NjoiX2ZsYXNoIjthOjI6e3M6Mzoib2xkIjthOjA6e31zOjM6Im5ldyI7YTowOnt9fX0=', 1742457371),
('uU1WMYVKlkp5gFyFYe9NuRzSed436CFBLd5GpqYi', NULL, '206.168.34.60', 'Mozilla/5.0 (compatible; CensysInspect/1.1; +https://about.censys.io/)', 'YTozOntzOjY6Il90b2tlbiI7czo0MDoiMzE3VlpldTREQzc3SXByQ2VTSHduaGt0Vm1iUWdyRjdwWFJDcUNqcyI7czo5OiJfcHJldmlvdXMiO2E6MTp7czozOiJ1cmwiO3M6MzY6Imh0dHA6Ly93d3cuYXVyb2JlZXMucHJvamVjdHNkZW1vLmJpeiI7fXM6NjoiX2ZsYXNoIjthOjI6e3M6Mzoib2xkIjthOjA6e31zOjM6Im5ldyI7YTowOnt9fX0=', 1742081636),
('VmIIdink2ZM9pEGaU55bAzRCbdjLNrSX4iC65JPr', NULL, '192.175.111.241', 'Mozilla/5.0 (Windows NT 10.0; Win64; x64) AppleWebKit/537.36 (KHTML, like Gecko) Chrome/134.0.0.0 Safari/537.36', 'YTozOntzOjY6Il90b2tlbiI7czo0MDoiV2NxZjBQVDJtMzJ4VnN6dlA0UEhGNXZwckZTVGdPS2YxN0NXNkRrViI7czo5OiJfcHJldmlvdXMiO2E6MTp7czozOiJ1cmwiO3M6MzI6Imh0dHA6Ly9hdXJvYmVlcy5wcm9qZWN0c2RlbW8uYml6Ijt9czo2OiJfZmxhc2giO2E6Mjp7czozOiJvbGQiO2E6MDp7fXM6MzoibmV3IjthOjA6e319fQ==', 1742299774),
('XxwSrZ0xeCvoD3TEzo5wrndR0tciG7lk7jZWnNVy', NULL, '64.15.129.105', 'Mozilla/5.0 (Windows NT 10.0; Win64; x64) AppleWebKit/537.36 (KHTML, like Gecko) Chrome/134.0.0.0 Safari/537.36', 'YTozOntzOjY6Il90b2tlbiI7czo0MDoiN0t3eVhIdmhidkhSd0ZSRFdhRTdCZnc5UnpDclpkaGtaeHVYZmExWiI7czo5OiJfcHJldmlvdXMiO2E6MTp7czozOiJ1cmwiO3M6MzI6Imh0dHA6Ly9hdXJvYmVlcy5wcm9qZWN0c2RlbW8uYml6Ijt9czo2OiJfZmxhc2giO2E6Mjp7czozOiJvbGQiO2E6MDp7fXM6MzoibmV3IjthOjA6e319fQ==', 1742299761),
('Y0DcSZlyqyV1lLPC77tJLbridcUh2DZzgfEPpxPu', NULL, '40.77.167.78', 'Mozilla/5.0 AppleWebKit/537.36 (KHTML, like Gecko; compatible; bingbot/2.0; +http://www.bing.com/bingbot.htm) Chrome/116.0.1938.76 Safari/537.36', 'YTozOntzOjY6Il90b2tlbiI7czo0MDoiSFZRemhtM1hwYkF1b2FRdnZibzV5eHBVd2hMZFJacWFqb010TVhWQiI7czo5OiJfcHJldmlvdXMiO2E6MTp7czozOiJ1cmwiO3M6Mzk6Imh0dHBzOi8vYXVyb2JlZXMucHJvamVjdHNkZW1vLmJpei9sb2dpbiI7fXM6NjoiX2ZsYXNoIjthOjI6e3M6Mzoib2xkIjthOjA6e31zOjM6Im5ldyI7YTowOnt9fX0=', 1742392698);

-- --------------------------------------------------------

--
-- Table structure for table `state_lists`
--

CREATE TABLE `state_lists` (
  `id` bigint UNSIGNED NOT NULL,
  `code` varchar(255) CHARACTER SET utf8mb4 COLLATE utf8mb4_unicode_ci NOT NULL,
  `name` text CHARACTER SET utf8mb4 COLLATE utf8mb4_unicode_ci,
  `created_at` timestamp NULL DEFAULT NULL,
  `updated_at` timestamp NULL DEFAULT NULL
) ENGINE=InnoDB DEFAULT CHARSET=utf8mb4 COLLATE=utf8mb4_unicode_ci;

--
-- Dumping data for table `state_lists`
--

INSERT INTO `state_lists` (`id`, `code`, `name`, `created_at`, `updated_at`) VALUES
(1, 'AN', 'Andaman and Nicobar Islands', NULL, NULL),
(2, 'AP', 'Andhra Pradesh', NULL, NULL),
(3, 'AR', 'Arunachal Pradesh', NULL, NULL),
(4, 'AS', 'Assam', NULL, NULL),
(5, 'BR', 'Bihar', NULL, NULL),
(6, 'CH', 'Chandigarh', NULL, NULL),
(7, 'CG', 'Chhattisgarh', NULL, NULL),
(8, 'DN', 'Dadra and Nagar Haveli and Daman and Diu', NULL, NULL),
(9, 'DL', 'Delhi', NULL, NULL),
(10, 'GA', 'Goa', NULL, NULL),
(11, 'GJ', 'Gujarat', NULL, NULL),
(12, 'HR', 'Haryana', NULL, NULL),
(13, 'HP', 'Himachal Pradesh', NULL, NULL),
(14, 'JH', 'Jharkhand', NULL, NULL),
(15, 'KA', 'Karnataka', NULL, NULL),
(16, 'KL', 'Kerala', NULL, NULL),
(17, 'LD', 'Lakshadweep', NULL, NULL),
(18, 'MP', 'Madhya Pradesh', NULL, NULL),
(19, 'MH', 'Maharashtra', NULL, NULL),
(20, 'MN', 'Manipur', NULL, NULL),
(21, 'ML', 'Meghalaya', NULL, NULL),
(22, 'MZ', 'Mizoram', NULL, NULL),
(23, 'NL', 'Nagaland', NULL, NULL),
(24, 'OR', 'Odisha', NULL, NULL),
(25, 'PY', 'Puducherry', NULL, NULL),
(26, 'PB', 'Punjab', NULL, NULL),
(27, 'RJ', 'Rajasthan', NULL, NULL),
(28, 'SK', 'Sikkim', NULL, NULL),
(29, 'TN', 'Tamil Nadu', NULL, NULL),
(30, 'TG', 'Telangana', NULL, NULL),
(31, 'TR', 'Tripura', NULL, NULL),
(32, 'UP', 'Uttar Pradesh', NULL, NULL),
(33, 'UK', 'Uttarakhand', NULL, NULL),
(34, 'WB', 'West Bengal', NULL, NULL);

-- --------------------------------------------------------

--
-- Table structure for table `subscriptions`
--

CREATE TABLE `subscriptions` (
  `id` bigint UNSIGNED NOT NULL,
  `sl_no` int NOT NULL,
  `serial_number` varchar(255) CHARACTER SET utf8mb4 COLLATE utf8mb4_unicode_ci NOT NULL,
  `user_id` int NOT NULL COMMENT 'User Table(users) id',
  `plan_id` int NOT NULL COMMENT 'Lob Table(pricings) id',
  `plan_name` enum('Free-Trial','Basic','Advance','Ecommerce') CHARACTER SET utf8mb4 COLLATE utf8mb4_unicode_ci NOT NULL DEFAULT 'Free-Trial',
  `plan_duration` varchar(255) CHARACTER SET utf8mb4 COLLATE utf8mb4_unicode_ci DEFAULT NULL,
  `country_code` varchar(255) CHARACTER SET utf8mb4 COLLATE utf8mb4_unicode_ci DEFAULT NULL,
  `currency_code` varchar(255) CHARACTER SET utf8mb4 COLLATE utf8mb4_unicode_ci DEFAULT NULL,
  `plan_rate` double NOT NULL DEFAULT '0' COMMENT 'per user plan cost',
  `addon_rate` double NOT NULL DEFAULT '0' COMMENT 'per user plan addon cost',
  `rate` double(8,2) NOT NULL DEFAULT '0.00' COMMENT 'per user plan cost',
  `quantity` int NOT NULL DEFAULT '1' COMMENT 'no. of user',
  `plan_total_rate` double NOT NULL DEFAULT '0' COMMENT 'Total amount quantity*plan_rate',
  `addon_total_rate` decimal(10,0) NOT NULL DEFAULT '0' COMMENT 'Total amount quantity*addon_rate',
  `total_rate` double(8,2) NOT NULL DEFAULT '0.00' COMMENT 'Total amount quantity*rate ',
  `tax` double(8,2) NOT NULL DEFAULT '0.00',
  `tax_percentage` varchar(10) CHARACTER SET utf8mb4 COLLATE utf8mb4_unicode_ci DEFAULT NULL,
  `tax_name` varchar(20) CHARACTER SET utf8mb4 COLLATE utf8mb4_unicode_ci DEFAULT NULL,
  `grand_amount` double(8,2) NOT NULL DEFAULT '0.00' COMMENT 'total_rate + tax ',
  `partner_commission_percentage` double NOT NULL DEFAULT '0',
  `partner_commission_amount` double NOT NULL DEFAULT '0',
  `payment_mode` enum('Online','Offline','auropay') CHARACTER SET utf8mb4 COLLATE utf8mb4_unicode_ci NOT NULL DEFAULT 'Offline',
  `remarks` longtext CHARACTER SET utf8mb4 COLLATE utf8mb4_unicode_ci,
  `start_at` datetime DEFAULT NULL COMMENT 'subscription start date',
  `end_at` datetime DEFAULT NULL COMMENT 'subscription end date',
  `status` enum('Active','Canceled','Pending','Processing') CHARACTER SET utf8mb4 COLLATE utf8mb4_unicode_ci NOT NULL COMMENT 'Active=Success, Canceled=Canceled by admin,Pending=Payment Pending',
  `upgrade_status` enum('0','1') CHARACTER SET utf8mb4 COLLATE utf8mb4_unicode_ci NOT NULL DEFAULT '0',
  `created_at` timestamp NULL DEFAULT NULL,
  `updated_at` timestamp NULL DEFAULT NULL
) ENGINE=InnoDB DEFAULT CHARSET=utf8mb4 COLLATE=utf8mb4_unicode_ci;

--
-- Dumping data for table `subscriptions`
--

INSERT INTO `subscriptions` (`id`, `sl_no`, `serial_number`, `user_id`, `plan_id`, `plan_name`, `plan_duration`, `country_code`, `currency_code`, `plan_rate`, `addon_rate`, `rate`, `quantity`, `plan_total_rate`, `addon_total_rate`, `total_rate`, `tax`, `tax_percentage`, `tax_name`, `grand_amount`, `partner_commission_percentage`, `partner_commission_amount`, `payment_mode`, `remarks`, `start_at`, `end_at`, `status`, `upgrade_status`, `created_at`, `updated_at`) VALUES
(1, 1, 'INV/2024/1', 4, 2, 'Basic', 'MTH', 'IN', 'INR', 1199, 110, 1309.00, 1, 1199, 110, 1309.00, 235.62, '18', 'GST', 1544.62, 0, 0, 'auropay', NULL, '2024-11-14 11:36:58', '2024-12-14 11:36:58', 'Active', '0', '2024-11-14 06:05:57', '2024-11-14 06:06:58'),
(2, 2, 'INV/2024/2', 5, 6, 'Basic', 'QTR', 'IN', 'INR', 3597, 300, 3897.00, 1, 3597, 300, 3897.00, 701.46, '18', 'GST', 4598.46, 30, 1379.54, 'auropay', NULL, '2024-11-14 12:16:36', '2025-02-12 12:16:36', 'Active', '0', '2024-11-14 06:45:46', '2024-11-14 06:46:36'),
(3, 3, 'INV/2024/3', 6, 2, 'Basic', 'MTH', 'IN', 'INR', 1199, 110, 1309.00, 2, 1199, 110, 1309.00, 235.62, '18', 'GST', 1544.62, 30, 463.39, 'auropay', NULL, '2024-11-29 15:33:07', '2024-12-29 15:33:07', 'Active', '1', '2024-11-29 10:02:08', '2025-02-11 07:36:34'),
(4, 4, 'INV/2024/4', 7, 2, 'Basic', 'MTH', 'IN', 'INR', 1199, 0, 1199.00, 1, 1199, 0, 1199.00, 215.82, '18', 'GST', 1414.82, 0, 0, 'auropay', NULL, '2024-12-03 16:23:59', '2025-01-02 16:23:59', 'Active', '0', '2024-12-03 10:53:01', '2024-12-03 10:53:59'),
(5, 5, 'INV/2024/5', 8, 1, 'Basic', 'MTH', 'IN', 'INR', 1199, 0, 1199.00, 1, 1199, 0, 1199.00, 215.82, '18', 'GST', 1414.82, 0, 0, 'auropay', NULL, '2024-12-05 10:01:49', '2025-01-04 10:01:49', 'Active', '0', '2024-12-05 04:30:52', '2024-12-05 04:31:49'),
(6, 6, 'INV/2024/6', 10, 2, 'Basic', 'MTH', 'IN', 'INR', 1199, 0, 1199.00, 4, 4796, 0, 4796.00, 863.28, '18', 'GST', 5659.28, 20, 1131.86, 'auropay', NULL, '2024-12-18 11:56:32', '2025-01-17 11:56:32', 'Active', '0', '2024-12-18 06:25:12', '2024-12-18 06:26:32'),
(7, 7, 'INV/2024/7', 11, 2, 'Basic', 'MTH', 'IN', 'INR', 1199, 0, 1199.00, 1, 1199, 0, 1199.00, 215.82, '18', 'GST', 1414.82, 20, 282.96, 'auropay', NULL, '2024-12-18 12:09:58', '2025-01-17 12:09:58', 'Active', '1', '2024-12-18 06:39:09', '2025-01-06 18:37:33'),
(8, 8, 'INV/2024/8', 12, 1, 'Basic', 'MTH', 'IN', 'INR', 1199, 0, 1199.00, 2, 2398, 0, 2398.00, 431.64, '18', 'GST', 2829.64, 20, 565.93, 'auropay', NULL, '2024-12-18 12:17:26', '2025-01-17 12:17:26', 'Active', '1', '2024-12-18 06:46:33', '2025-03-12 10:10:59'),
(9, 1, 'INV/2025/1', 13, 2, 'Basic', 'MTH', 'IN', 'INR', 1199, 210, 1409.00, 2, 2398, 420, 2818.00, 507.24, '18', 'GST', 3325.24, 0, 0, 'auropay', NULL, '2025-01-03 14:28:04', '2025-02-02 14:28:04', 'Active', '0', '2025-01-03 08:57:07', '2025-01-03 08:58:04'),
(10, 2, 'INV/2025/2', 11, 2, 'Basic', 'MTH', 'IN', 'INR', 1199, 0, 1199.00, 1, 1199, 0, 1199.00, 215.82, '18', 'GST', 1414.82, 20, 282.96, 'auropay', NULL, '2025-01-07 00:08:34', '2025-02-06 00:08:34', 'Active', '0', '2025-01-06 18:37:33', '2025-01-06 18:38:34'),
(11, 3, 'INV/2025/3', 6, 4, 'Ecommerce', 'MTH', 'IN', 'INR', 2.5, 0, 2.50, 1000, 2500, 0, 2500.00, 450.00, '18', 'GST', 2950.00, 0, 0, 'Offline', NULL, '2025-01-18 14:03:21', '2025-02-17 14:03:21', 'Active', '0', '2025-01-18 08:20:00', '2025-01-18 08:33:22'),
(12, 4, 'INV/2025/4', 6, 7, 'Basic', 'MTH', 'IN', 'INR', 1199, 0, 1199.00, 1, 1199, 0, 1199.00, 215.82, '18', 'GST', 1414.82, 0, 0, 'Offline', NULL, '2025-01-18 15:12:14', '2025-02-17 15:12:14', 'Active', '1', '2025-01-18 09:31:54', '2025-02-11 07:05:26'),
(13, 5, 'INV/2025/5', 6, 6, 'Advance', 'YLY', 'IN', 'INR', 54000, 0, 54000.00, 2, 108000, 0, 108000.00, 19440.00, '18', 'GST', 127440.00, 0, 0, 'Offline', 'testing', '2025-01-18 15:29:42', '2026-01-18 15:29:42', 'Active', '0', '2025-01-18 09:52:22', '2025-01-22 12:49:36'),
(14, 6, 'INV/2025/6', 6, 2, 'Basic', 'MTH', 'IN', 'INR', 1199, 110, 1309.00, 2, 2398, 220, 2618.00, 471.24, '18', 'GST', 3089.24, 0, 0, 'Offline', NULL, NULL, NULL, 'Pending', '0', '2025-01-28 10:42:39', '2025-01-28 10:42:39'),
(15, 7, 'INV/2025/7', 12, 3, 'Basic', 'MTH', 'IN', 'INR', 1199, 0, 1199.00, 1, 1199, 0, 1199.00, 215.82, '18', 'GST', 1414.82, 20, 282.96, 'Offline', NULL, '2025-02-03 16:18:51', '2025-03-05 16:18:51', 'Active', '1', '2025-02-03 10:35:37', '2025-03-12 05:44:21'),
(16, 8, 'INV/2025/8', 12, 7, 'Basic', 'MTH', 'IN', 'INR', 1199, 0, 1199.00, 1, 1199, 0, 1199.00, 215.82, '18', 'GST', 1414.82, 20, 282.96, 'Offline', NULL, '2025-02-04 11:46:24', '2025-03-06 11:46:24', 'Active', '1', '2025-02-04 06:11:06', '2025-03-07 06:06:13'),
(17, 9, 'INV/2025/9', 12, 4, 'Ecommerce', 'MTH', 'IN', 'INR', 2.5, 0, 2.50, 1000, 2500, 0, 2500.00, 450.00, '18', 'GST', 2950.00, 20, 590, 'Offline', NULL, NULL, NULL, 'Pending', '0', '2025-02-04 06:35:07', '2025-02-04 06:35:07'),
(18, 10, 'INV/2025/10', 6, 1, 'Basic', 'MTH', 'IN', 'INR', 1199, 0, 1199.00, 1, 1199, 0, 1199.00, 215.82, '18', 'GST', 1414.82, 0, 0, 'auropay', NULL, NULL, NULL, 'Pending', '0', '2025-02-11 06:53:55', '2025-02-11 06:53:55'),
(19, 11, 'INV/2025/11', 6, 7, 'Basic', 'MTH', 'IN', 'INR', 1000, 0, 1000.00, 5, 5000, 0, 5000.00, 900.00, '18', 'GST', 5900.00, 0, 0, 'auropay', NULL, NULL, NULL, 'Pending', '0', '2025-02-11 07:05:26', '2025-02-11 07:05:26'),
(20, 12, 'INV/2025/12', 6, 6, 'Advance', 'MTH', 'IN', 'INR', 4500, 0, 4500.00, 1, 4500, 0, 4500.00, 810.00, '18', 'GST', 5310.00, 0, 0, 'auropay', NULL, NULL, NULL, 'Pending', '0', '2025-02-11 07:32:40', '2025-02-11 07:32:40'),
(21, 13, 'INV/2025/13', 6, 2, 'Basic', 'MTH', 'IN', 'INR', 2000, 110, 2110.00, 5, 10000, 550, 10550.00, 1899.00, '18', 'GST', 12449.00, 0, 0, 'auropay', NULL, NULL, NULL, 'Pending', '0', '2025-02-11 07:36:34', '2025-02-11 07:36:34'),
(22, 14, 'INV/2025/14', 6, 1, 'Basic', 'MTH', 'IN', 'INR', 1199, 0, 1199.00, 2, 2398, 0, 2398.00, 431.64, '18', 'GST', 2829.64, 0, 0, 'auropay', NULL, '2025-02-11 16:28:16', '2025-03-13 16:28:16', 'Active', '0', '2025-02-11 09:59:55', '2025-02-11 10:58:16'),
(23, 15, 'INV/2025/15', 12, 5, 'Basic', 'MTH', 'IN', 'INR', 1199, 0, 1199.00, 1, 1199, 0, 1199.00, 215.82, '18', 'GST', 1414.82, 20, 282.96, 'auropay', NULL, '2025-03-12 12:03:15', '2025-04-14 12:03:15', 'Pending', '0', '2025-02-12 06:32:11', '2025-02-19 12:10:10'),
(24, 16, 'INV/2025/16', 12, 7, 'Basic', 'MTH', 'IN', 'INR', 1199, 0, 1199.00, 1, 1199, 0, 1199.00, 215.82, '18', 'GST', 1414.82, 20, 282.96, 'Offline', NULL, '2025-03-07 11:43:15', '2025-04-06 11:43:15', 'Active', '0', '2025-03-07 06:06:13', '2025-03-07 06:13:15'),
(25, 17, 'INV/2025/17', 12, 2, 'Basic', 'QTR', 'IN', 'INR', 2878, 0, 2878.00, 2, 5756, 0, 5756.00, 1036.08, '18', 'GST', 6792.08, 20, 1358.42, 'Offline', 'Payment Done', '2025-03-12 11:06:00', '2025-06-10 11:06:00', 'Active', '0', '2025-03-12 05:21:57', '2025-03-12 05:36:00'),
(26, 18, 'INV/2025/18', 12, 3, 'Basic', 'MTH', 'IN', 'INR', 1199, 0, 1199.00, 1, 1199, 0, 1199.00, 215.82, '18', 'GST', 1414.82, 20, 282.96, 'Offline', 'Payment successful', '2025-03-12 11:15:49', '2025-04-11 11:15:49', 'Active', '0', '2025-03-12 05:44:21', '2025-03-12 05:45:49'),
(27, 19, 'INV/2025/19', 12, 5, 'Basic', 'MTH', 'IN', 'INR', 1199, 0, 1199.00, 1, 1199, 0, 1199.00, 215.82, '18', 'GST', 1414.82, 20, 282.96, 'Offline', NULL, NULL, NULL, 'Pending', '0', '2025-03-12 10:04:36', '2025-03-12 10:04:36'),
(28, 20, 'INV/2025/20', 12, 1, 'Basic', 'MTH', 'IN', 'INR', 1199, 0, 1199.00, 2, 2398, 0, 2398.00, 431.64, '18', 'GST', 2829.64, 20, 565.93, 'Offline', NULL, NULL, NULL, 'Pending', '0', '2025-03-12 10:10:59', '2025-03-12 10:10:59'),
(29, 21, 'INV/2025/21', 6, 5, 'Basic', 'MTH', 'IN', 'INR', 1199, 0, 1199.00, 1, 1199, 0, 1199.00, 215.82, '18', 'GST', 1414.82, 0, 0, 'Offline', NULL, NULL, NULL, 'Pending', '0', '2025-03-12 10:41:45', '2025-03-12 10:41:45'),
(30, 22, 'INV/2025/22', 12, 2, 'Basic', 'MTH', 'IN', 'INR', 1199, 0, 1199.00, 2, 2398, 0, 2398.00, 431.64, '18', 'GST', 2829.64, 20, 565.93, 'Offline', 'Payment successfully Received', '2025-03-13 12:15:19', '2025-04-12 12:15:19', 'Active', '0', '2025-03-13 06:32:24', '2025-03-13 06:45:19');

-- --------------------------------------------------------

--
-- Table structure for table `subscription_addons`
--

CREATE TABLE `subscription_addons` (
  `id` bigint UNSIGNED NOT NULL,
  `subscription_id` bigint NOT NULL COMMENT 'Subscription Table (subscriptions) ID',
  `name` varchar(255) COLLATE utf8mb4_unicode_ci DEFAULT NULL,
  `rate` double(8,2) NOT NULL DEFAULT '0.00',
  `created_at` timestamp NULL DEFAULT NULL,
  `updated_at` timestamp NULL DEFAULT NULL
) ENGINE=InnoDB DEFAULT CHARSET=utf8mb4 COLLATE=utf8mb4_unicode_ci;

--
-- Dumping data for table `subscription_addons`
--

INSERT INTO `subscription_addons` (`id`, `subscription_id`, `name`, `rate`, `created_at`, `updated_at`) VALUES
(1, 1, 'Customer Portal', 110.00, '2024-11-14 06:05:58', '2024-11-14 06:05:58'),
(2, 2, 'Order creation', 300.00, '2024-11-14 06:45:46', '2024-11-14 06:45:46'),
(3, 3, 'Order creation', 110.00, '2024-11-29 10:02:08', '2024-11-29 10:02:08'),
(4, 9, 'Customer Portal', 110.00, '2025-01-03 08:57:07', '2025-01-03 08:57:07'),
(5, 9, 'Advance Tracking', 100.00, '2025-01-03 08:57:07', '2025-01-03 08:57:07');

-- --------------------------------------------------------

--
-- Table structure for table `subscription_next_billings`
--

CREATE TABLE `subscription_next_billings` (
  `id` bigint UNSIGNED NOT NULL,
  `subscription_id` bigint NOT NULL COMMENT 'Subscription Table (subscriptions) ID',
  `quantity` int NOT NULL DEFAULT '0',
  `plan_rate` double(8,2) NOT NULL DEFAULT '0.00',
  `created_at` timestamp NULL DEFAULT NULL,
  `updated_at` timestamp NULL DEFAULT NULL
) ENGINE=InnoDB DEFAULT CHARSET=utf8mb4 COLLATE=utf8mb4_unicode_ci;

--
-- Dumping data for table `subscription_next_billings`
--

INSERT INTO `subscription_next_billings` (`id`, `subscription_id`, `quantity`, `plan_rate`, `created_at`, `updated_at`) VALUES
(2, 12, 5, 1000.00, '2025-01-29 07:15:30', '2025-01-29 07:15:30'),
(3, 3, 5, 2000.00, '2025-01-29 07:20:52', '2025-01-29 07:20:52');

-- --------------------------------------------------------

--
-- Table structure for table `teams`
--

CREATE TABLE `teams` (
  `id` bigint UNSIGNED NOT NULL,
  `user_id` bigint UNSIGNED NOT NULL,
  `name` varchar(255) CHARACTER SET utf8mb4 COLLATE utf8mb4_unicode_ci NOT NULL,
  `personal_team` tinyint(1) NOT NULL,
  `created_at` timestamp NULL DEFAULT NULL,
  `updated_at` timestamp NULL DEFAULT NULL
) ENGINE=InnoDB DEFAULT CHARSET=utf8mb4 COLLATE=utf8mb4_unicode_ci;

-- --------------------------------------------------------

--
-- Table structure for table `team_invitations`
--

CREATE TABLE `team_invitations` (
  `id` bigint UNSIGNED NOT NULL,
  `team_id` bigint UNSIGNED NOT NULL,
  `email` varchar(255) CHARACTER SET utf8mb4 COLLATE utf8mb4_unicode_ci NOT NULL,
  `role` varchar(255) CHARACTER SET utf8mb4 COLLATE utf8mb4_unicode_ci DEFAULT NULL,
  `created_at` timestamp NULL DEFAULT NULL,
  `updated_at` timestamp NULL DEFAULT NULL
) ENGINE=InnoDB DEFAULT CHARSET=utf8mb4 COLLATE=utf8mb4_unicode_ci;

-- --------------------------------------------------------

--
-- Table structure for table `team_user`
--

CREATE TABLE `team_user` (
  `id` bigint UNSIGNED NOT NULL,
  `team_id` bigint UNSIGNED NOT NULL,
  `user_id` bigint UNSIGNED NOT NULL,
  `role` varchar(255) CHARACTER SET utf8mb4 COLLATE utf8mb4_unicode_ci DEFAULT NULL,
  `created_at` timestamp NULL DEFAULT NULL,
  `updated_at` timestamp NULL DEFAULT NULL
) ENGINE=InnoDB DEFAULT CHARSET=utf8mb4 COLLATE=utf8mb4_unicode_ci;

-- --------------------------------------------------------

--
-- Table structure for table `terms_conditions`
--

CREATE TABLE `terms_conditions` (
  `id` bigint UNSIGNED NOT NULL,
  `title` varchar(255) CHARACTER SET utf8mb4 COLLATE utf8mb4_unicode_ci DEFAULT NULL,
  `image` varchar(255) CHARACTER SET utf8mb4 COLLATE utf8mb4_unicode_ci DEFAULT NULL,
  `description` longtext CHARACTER SET utf8mb4 COLLATE utf8mb4_unicode_ci,
  `language` varchar(255) CHARACTER SET utf8mb4 COLLATE utf8mb4_unicode_ci DEFAULT NULL,
  `meta_title` varchar(255) CHARACTER SET utf8mb4 COLLATE utf8mb4_unicode_ci DEFAULT NULL,
  `meta_key` varchar(255) CHARACTER SET utf8mb4 COLLATE utf8mb4_unicode_ci DEFAULT NULL,
  `meta_description` longtext CHARACTER SET utf8mb4 COLLATE utf8mb4_unicode_ci,
  `created_by` int DEFAULT NULL,
  `updated_by` int DEFAULT NULL,
  `created_at` timestamp NULL DEFAULT NULL,
  `updated_at` timestamp NULL DEFAULT NULL
) ENGINE=InnoDB DEFAULT CHARSET=utf8mb4 COLLATE=utf8mb4_unicode_ci;

-- --------------------------------------------------------

--
-- Table structure for table `top_header_menus`
--

CREATE TABLE `top_header_menus` (
  `id` bigint UNSIGNED NOT NULL,
  `title` varchar(255) CHARACTER SET utf8mb4 COLLATE utf8mb4_unicode_ci DEFAULT NULL,
  `link` varchar(255) CHARACTER SET utf8mb4 COLLATE utf8mb4_unicode_ci DEFAULT NULL,
  `icon` varchar(255) CHARACTER SET utf8mb4 COLLATE utf8mb4_unicode_ci DEFAULT NULL,
  `order` int DEFAULT NULL,
  `created_by` int DEFAULT NULL,
  `updated_by` int DEFAULT NULL,
  `created_at` timestamp NULL DEFAULT NULL,
  `updated_at` timestamp NULL DEFAULT NULL
) ENGINE=InnoDB DEFAULT CHARSET=utf8mb4 COLLATE=utf8mb4_unicode_ci;

--
-- Dumping data for table `top_header_menus`
--

INSERT INTO `top_header_menus` (`id`, `title`, `link`, `icon`, `order`, `created_by`, `updated_by`, `created_at`, `updated_at`) VALUES
(1, 'About Us', 'https://aurobees.projectsdemo.biz/page/vision-and-mission', 'upload/header/1795219560536728.png', 1, 1, 1, '2023-12-30 10:21:13', '2024-04-02 20:16:27'),
(2, 'Events', 'https://aurobees.projectsdemo.biz/page/event', 'upload/header/1795219601490246.png', 3, 1, 1, '2023-12-30 10:23:14', '2024-04-02 20:17:06'),
(3, 'News', 'https://aurobees.projectsdemo.biz/news', 'upload/header/1795219585617681.png', 2, 1, 1, '2023-12-30 10:23:54', '2024-04-02 20:16:51'),
(4, 'Blogs', 'https://aurobees.projectsdemo.biz/blog', 'upload/header/1795219614302466.png', 4, 1, 1, '2023-12-30 10:24:51', '2024-04-02 20:17:18'),
(5, 'Contact Us', 'https://aurobees.projectsdemo.biz/page/contact-us', 'upload/header/1795219627995061.png', 5, 1, 1, '2023-12-30 10:25:28', '2024-04-02 20:17:31');

-- --------------------------------------------------------

--
-- Table structure for table `transactions`
--

CREATE TABLE `transactions` (
  `id` bigint UNSIGNED NOT NULL,
  `subscription_id` int NOT NULL COMMENT 'subscription Table(subscriptions) id',
  `transaction_id` varchar(255) CHARACTER SET utf8mb4 COLLATE utf8mb4_unicode_ci DEFAULT NULL,
  `status` varchar(255) CHARACTER SET utf8mb4 COLLATE utf8mb4_unicode_ci DEFAULT NULL,
  `code` varchar(255) CHARACTER SET utf8mb4 COLLATE utf8mb4_unicode_ci DEFAULT NULL,
  `payment_mode` varchar(100) CHARACTER SET utf8mb4 COLLATE utf8mb4_unicode_ci DEFAULT NULL,
  `message` varchar(255) CHARACTER SET utf8mb4 COLLATE utf8mb4_unicode_ci DEFAULT NULL,
  `amount` double(8,2) DEFAULT NULL,
  `currency` varchar(255) CHARACTER SET utf8mb4 COLLATE utf8mb4_unicode_ci DEFAULT NULL,
  `time` varchar(255) CHARACTER SET utf8mb4 COLLATE utf8mb4_unicode_ci DEFAULT NULL,
  `json_response` varchar(255) CHARACTER SET utf8mb4 COLLATE utf8mb4_unicode_ci DEFAULT NULL,
  `payment_date` date DEFAULT NULL,
  `created_at` timestamp NULL DEFAULT NULL,
  `updated_at` timestamp NULL DEFAULT NULL
) ENGINE=InnoDB DEFAULT CHARSET=utf8mb4 COLLATE=utf8mb4_unicode_ci;

--
-- Dumping data for table `transactions`
--

INSERT INTO `transactions` (`id`, `subscription_id`, `transaction_id`, `status`, `code`, `payment_mode`, `message`, `amount`, `currency`, `time`, `json_response`, `payment_date`, `created_at`, `updated_at`) VALUES
(1, 1, 'db0e99f0-64d4-45a1-b16e-1714c76ac41c', 'Success', NULL, 'auropay', 'auropay', 1544.62, 'INR', NULL, NULL, NULL, '2024-11-14 06:05:59', '2024-11-14 06:06:54'),
(2, 2, '4d1d1f2f-11cf-45b6-824d-c4dbe5c42a00', 'Success', NULL, 'auropay', 'auropay', 4598.46, 'INR', NULL, NULL, NULL, '2024-11-14 06:45:47', '2024-11-14 06:46:34'),
(3, 3, '558707bf-a688-4114-80a5-142032a5220e', 'Success', NULL, 'auropay', 'auropay', 1544.62, 'INR', NULL, NULL, NULL, '2024-11-29 10:02:09', '2024-11-29 10:03:01'),
(4, 4, 'e64450ea-0467-454d-a4eb-079b261b1f05', 'Success', NULL, 'auropay', 'auropay', 1414.82, 'INR', NULL, NULL, NULL, '2024-12-03 10:53:02', '2024-12-03 10:53:54'),
(5, 5, 'f4c5caeb-22c8-42e8-b54b-7528d0d319ab', 'Success', NULL, 'auropay', 'auropay', 1414.82, 'INR', NULL, NULL, NULL, '2024-12-05 04:30:53', '2024-12-05 04:31:43'),
(6, 6, 'e1c6b09d-1ba1-464e-bb7e-61c09c82121d', 'Success', NULL, 'auropay', 'auropay', 5659.28, 'INR', NULL, NULL, NULL, '2024-12-18 06:25:14', '2024-12-18 06:26:26'),
(7, 7, '2c9d1759-79ec-452e-9852-db021e8e9dab', 'Success', NULL, 'auropay', 'auropay', 1414.82, 'INR', NULL, NULL, NULL, '2024-12-18 06:39:10', '2024-12-18 06:39:56'),
(8, 8, '3f9313f4-0a25-40ea-a45c-666a3f09c604', 'Success', NULL, 'auropay', 'auropay', 2829.64, 'INR', NULL, NULL, NULL, '2024-12-18 06:46:34', '2024-12-18 06:47:25'),
(9, 9, '74e5f9f0-a20b-4925-aede-aacb0c2494c3', 'Success', NULL, 'auropay', 'auropay', 3325.24, 'INR', NULL, NULL, NULL, '2025-01-03 08:57:08', '2025-01-03 08:57:56'),
(10, 10, '0d77f652-1837-4544-a1df-0f41c10e3ce0', 'Success', NULL, 'auropay', 'auropay', 1414.82, 'INR', NULL, NULL, NULL, '2025-01-06 18:37:33', '2025-01-06 18:38:29'),
(11, 11, '1821574904284327', 'Success', NULL, NULL, 'Offline', 2950.00, 'INR', NULL, NULL, NULL, '2025-01-18 08:33:21', '2025-01-18 08:33:21'),
(12, 12, '1821579237617303', 'Success', NULL, NULL, 'Offline', 1414.82, 'INR', NULL, NULL, NULL, '2025-01-18 09:42:14', '2025-01-18 09:42:14'),
(13, 13, '1821579961723830', 'Pending', NULL, NULL, 'Offline', 127440.76, 'INR', NULL, NULL, NULL, '2025-01-18 09:53:44', '2025-01-22 12:53:50'),
(14, 15, '1823032980478383', 'Success', NULL, NULL, 'Offline', 1414.82, 'INR', NULL, NULL, NULL, '2025-02-03 10:48:51', '2025-02-03 10:48:51'),
(15, 16, '1823106436326024', 'Success', NULL, NULL, 'Offline', 1414.82, 'INR', NULL, NULL, NULL, '2025-02-04 06:16:24', '2025-02-04 06:16:24'),
(73, 22, 'ce4f0241-d077-488c-8206-906c7954d6f8', 'Success', NULL, 'auropay', 'auropay', 2829.64, 'INR', NULL, NULL, NULL, '2025-02-11 10:57:09', '2025-02-11 10:58:10'),
(75, 23, 'fca66566-60f7-4f00-9ebc-4fbdcebb174f', 'Pending', NULL, 'auropay', 'auropay', 1414.82, 'INR', NULL, NULL, NULL, '2025-02-12 06:32:12', '2025-02-19 12:06:09'),
(76, 21, 'test123', 'Success', NULL, NULL, NULL, 12449.00, NULL, NULL, NULL, '2025-02-19', '2025-02-19 12:48:28', '2025-02-19 12:49:50'),
(77, 24, NULL, 'Success', NULL, NULL, NULL, 1414.82, NULL, NULL, NULL, NULL, '2025-03-07 06:12:59', '2025-03-07 06:13:15'),
(78, 25, '10220766184662150818', 'Success', NULL, NULL, NULL, 6792.08, NULL, NULL, NULL, '2025-03-12', '2025-03-12 05:35:08', '2025-03-12 05:36:00'),
(79, 26, '10220766HITESH732173', 'Success', NULL, NULL, NULL, 1414.82, NULL, NULL, NULL, '2025-03-12', '2025-03-12 05:45:10', '2025-03-12 05:45:49'),
(80, 27, NULL, NULL, NULL, NULL, NULL, NULL, NULL, NULL, NULL, NULL, '2025-03-12 10:06:30', '2025-03-12 10:06:30'),
(81, 23, '', 'Pending', NULL, NULL, 'auropay', 1414.82, 'INR', NULL, NULL, NULL, '2025-03-12 10:10:18', '2025-03-12 10:10:18'),
(82, 23, '', 'Pending', NULL, NULL, 'auropay', 1414.82, 'INR', NULL, NULL, NULL, '2025-03-13 06:39:43', '2025-03-13 06:39:43'),
(83, 23, '', 'Pending', NULL, NULL, 'auropay', 1414.82, 'INR', NULL, NULL, NULL, '2025-03-13 06:40:57', '2025-03-13 06:40:57'),
(84, 30, '102207661231241818', 'Success', NULL, NULL, NULL, 2829.64, NULL, NULL, NULL, '2025-03-13', '2025-03-13 06:44:31', '2025-03-13 06:45:19');

-- --------------------------------------------------------

--
-- Table structure for table `users`
--

CREATE TABLE `users` (
  `id` bigint UNSIGNED NOT NULL,
  `code` varchar(255) CHARACTER SET utf8mb4 COLLATE utf8mb4_unicode_ci DEFAULT NULL,
  `partner_code` varchar(255) COLLATE utf8mb4_unicode_ci DEFAULT NULL COMMENT 'only for customer.',
  `f_name` varchar(255) CHARACTER SET utf8mb4 COLLATE utf8mb4_unicode_ci DEFAULT NULL,
  `l_name` varchar(255) CHARACTER SET utf8mb4 COLLATE utf8mb4_unicode_ci DEFAULT NULL,
  `email` varchar(255) CHARACTER SET utf8mb4 COLLATE utf8mb4_unicode_ci NOT NULL,
  `role` varchar(255) CHARACTER SET utf8mb4 COLLATE utf8mb4_unicode_ci DEFAULT NULL,
  `phone` varchar(255) CHARACTER SET utf8mb4 COLLATE utf8mb4_unicode_ci DEFAULT NULL,
  `email_verified_at` timestamp NULL DEFAULT NULL,
  `password` varchar(255) CHARACTER SET utf8mb4 COLLATE utf8mb4_unicode_ci NOT NULL,
  `two_factor_secret` text CHARACTER SET utf8mb4 COLLATE utf8mb4_unicode_ci,
  `two_factor_recovery_codes` text CHARACTER SET utf8mb4 COLLATE utf8mb4_unicode_ci,
  `two_factor_confirmed_at` timestamp NULL DEFAULT NULL,
  `remember_token` varchar(100) CHARACTER SET utf8mb4 COLLATE utf8mb4_unicode_ci DEFAULT NULL,
  `current_team_id` bigint UNSIGNED DEFAULT NULL,
  `profile_photo_path` varchar(2048) CHARACTER SET utf8mb4 COLLATE utf8mb4_unicode_ci DEFAULT NULL,
  `company` varchar(255) CHARACTER SET utf8mb4 COLLATE utf8mb4_unicode_ci DEFAULT NULL,
  `country` varchar(255) CHARACTER SET utf8mb4 COLLATE utf8mb4_unicode_ci DEFAULT NULL,
  `state` varchar(255) CHARACTER SET utf8mb4 COLLATE utf8mb4_unicode_ci DEFAULT NULL,
  `city` varchar(255) CHARACTER SET utf8mb4 COLLATE utf8mb4_unicode_ci DEFAULT NULL,
  `address` longtext CHARACTER SET utf8mb4 COLLATE utf8mb4_unicode_ci,
  `pincode` int DEFAULT NULL,
  `calling_code` varchar(255) CHARACTER SET utf8mb4 COLLATE utf8mb4_unicode_ci DEFAULT NULL,
  `created_by` int DEFAULT NULL,
  `updated_by` int DEFAULT NULL,
  `deleted_by` int DEFAULT NULL,
  `status` enum('Y','N') CHARACTER SET utf8mb4 COLLATE utf8mb4_unicode_ci NOT NULL DEFAULT 'N' COMMENT 'N=Active User, Y=Delete User',
  `deleted_datetime` datetime DEFAULT NULL,
  `created_at` timestamp NULL DEFAULT NULL,
  `updated_at` timestamp NULL DEFAULT NULL,
  `is_email_verified` tinyint(1) NOT NULL DEFAULT '0' COMMENT '0=email not verified, 1=email verified',
  `agreement_from_date` date DEFAULT NULL COMMENT 'only for Partner',
  `agreement_to_date` date DEFAULT NULL COMMENT 'only for Partner',
  `partner_commission_percentage` double NOT NULL DEFAULT '0' COMMENT 'only for Partner'
) ENGINE=InnoDB DEFAULT CHARSET=utf8mb4 COLLATE=utf8mb4_unicode_ci;

--
-- Dumping data for table `users`
--

INSERT INTO `users` (`id`, `code`, `partner_code`, `f_name`, `l_name`, `email`, `role`, `phone`, `email_verified_at`, `password`, `two_factor_secret`, `two_factor_recovery_codes`, `two_factor_confirmed_at`, `remember_token`, `current_team_id`, `profile_photo_path`, `company`, `country`, `state`, `city`, `address`, `pincode`, `calling_code`, `created_by`, `updated_by`, `deleted_by`, `status`, `deleted_datetime`, `created_at`, `updated_at`, `is_email_verified`, `agreement_from_date`, `agreement_to_date`, `partner_commission_percentage`) VALUES
(1, NULL, NULL, 'Admin', 'User', 'admin@gmail.com', 'Administrator', '7719980230', NULL, '$2y$10$/4rFJBT51zeJ/9UNmV4QB.CdVFelcDgvGtM1Gz3AnlxGEQfPofb6q', NULL, NULL, NULL, 'SMALHT98veKAEZDzcnMZDGkraKU4TzkyLgQaHysZlRg7jFwgNRVDB61dmv1H', NULL, NULL, NULL, NULL, NULL, NULL, NULL, NULL, NULL, NULL, 1, NULL, 'N', NULL, '2022-09-05 08:33:49', '2025-03-13 06:22:02', 1, NULL, NULL, 0),
(2, 'TR2024023', NULL, 'Hitesh', 'Chaudahri', 'hitesh.chaudhari@trejhara.com', 'Partner', '7719980230', NULL, '$2y$10$WwbuOfPgwYjMEGTLAhsMr.QHjzxHaQaRDuNE8kPXGiObzpwcqotte', NULL, NULL, NULL, 'fv7Mk4LyGtaIW4X2Xo975ZXQ7LRzq0TG6004VfCskHXmYv0mj0XtOEKn2W9o', NULL, 'upload/user_image/1818076860077604.jpg', 'Trejhara', 'IN', 'MH', 'Mumbai', 'Rabale', 444606, 'in', NULL, 1, NULL, 'N', NULL, '2024-11-14 05:04:24', '2025-01-18 08:13:26', 1, '2024-11-14', '2025-11-13', 30),
(3, 'AU202401', 'TR202401', 'Shubham', 'Chaudhari', 'hitesh.chaudhari27@gmail.com', 'Customer', '9923910152', NULL, '$2y$10$6rD1DUtjs78/HbosuifZI.naa.ugcY.3vNcaY2BqfiM6x7yOQ.z9m', NULL, NULL, NULL, NULL, NULL, NULL, 'Aurionpro', 'IN', 'MH', NULL, NULL, 444606, 'in', NULL, NULL, NULL, 'N', NULL, '2024-11-14 05:50:35', '2024-11-14 05:50:35', 0, NULL, NULL, 0),
(4, 'GO202401', 'TR202401', 'Prasad', 'Chaudhari', 'hiteshschaudhari27@gmail.com', 'Customer', '9923910152', NULL, '$2y$10$RN8gHwnptMm7l8EmVkt51exX6wSgMnMZLwhATpeJufjE5zgb4a/dy', NULL, NULL, NULL, NULL, NULL, NULL, 'Google', 'IN', 'MH', NULL, NULL, 444606, 'in', NULL, NULL, NULL, 'N', NULL, '2024-11-14 05:54:03', '2024-11-14 05:54:28', 1, NULL, NULL, 0),
(5, 'ZO202401', 'TR202401', 'Hemant', 'Chaudhari', 'hiteshprasad123@gmail.com', 'Customer', '7719980230', NULL, '$2y$10$SSbXP8hmQGIadH/msTXw5OfQEPZqaS7QcJWi4HsZAxuqBK/DDMK7S', NULL, NULL, NULL, NULL, NULL, NULL, 'Zomato', 'IN', 'MH', 'kharghar, Navi Mumbai', 'Flat Number 102', 410210, 'in', NULL, NULL, NULL, 'N', NULL, '2024-11-14 06:32:17', '2024-11-14 06:32:44', 1, NULL, NULL, 0),
(6, 'DE202401', 'TR202401', 'Satya', 'Ti', 'sntiwari710@gmail.com', 'Customer', '8989898989', NULL, '$2y$10$fyZwBcWfyI5BvZO6eEYec.VLIB.ZOYhuDWzsWwOOQ5uSToSRWs3tm', NULL, NULL, NULL, 'cl1kiKQT4pOtlQmJBNJafzTVO3hFmeXYFfHTPqhBULMEgn4xWY4uypA5dHto', NULL, NULL, 'Dev', 'IN', 'DL', 'Delhi', 'ASD 133', 110001, 'in', NULL, NULL, NULL, 'N', NULL, '2024-11-29 09:49:35', '2025-03-12 10:13:57', 1, NULL, NULL, 0),
(7, 'AP202401', NULL, 'Vaibhav', 'Pitale', 'vaibhav.pitale@aurionpro.com', 'Customer', '07719980230', NULL, '$2y$10$bcIk/196j9jpxlmuTzuth.5pYF8aRDjTmCXQiROya0kYbdnALlIU2', NULL, NULL, NULL, NULL, NULL, NULL, 'AP', 'IN', 'MH', 'kharghar, Navi Mumbai', 'Flat Number 102', 410210, 'in', NULL, NULL, NULL, 'N', NULL, '2024-12-03 10:48:41', '2024-12-03 10:49:13', 1, NULL, NULL, 0),
(8, 'AP202402', NULL, 'Siddhesh', 'Lad', 'siddhesh.lad@trejhara.com', 'Customer', '7719980230', NULL, '$2y$10$K/b6o3y1OIMi4lyC6Htgr.JMYT4P5PLLP5JnUGWfBrYvA2V86w4yi', NULL, NULL, NULL, NULL, NULL, NULL, 'AP', 'IN', 'MH', NULL, NULL, 676667, 'in', NULL, NULL, NULL, 'N', NULL, '2024-12-05 04:28:45', '2024-12-05 04:29:19', 1, NULL, NULL, 0),
(9, 'TR202402', NULL, 'Saurabh', 'Tiwari', 'saurabh.tiwari@aurionpro.com', 'Partner', '19281831333', NULL, '$2y$10$62/Qxdo0NgI7KwwSdv0oDuS5vrEm8I4PpJdFnds80DwCM..0dh0q2', NULL, NULL, NULL, NULL, NULL, 'upload/user_image/1819847541210977.jpg', 'Trejhara', 'IN', 'MH', 'Mumbai', 'Rabale', 444606, 'in', NULL, 1, NULL, 'N', NULL, '2024-12-18 06:06:38', '2025-02-03 09:10:37', 1, '2024-12-18', '2025-12-17', 20),
(10, 'BA202401', 'TR202402', 'Sanket', 'Pal', 'sanket.pal@aurionpro.com', 'Customer', '7719980230', NULL, '$2y$10$JnvEfXOcTGnv44nkM3ZWWOcgDPcO6twhMnGZaY5BL2qxaD1rJE2KK', NULL, NULL, NULL, NULL, NULL, NULL, 'BA', 'IN', 'MH', 'Navi Mumbai', 'Kharghar', 444606, 'in', NULL, NULL, NULL, 'N', NULL, '2024-12-18 06:22:21', '2024-12-18 06:22:42', 1, NULL, NULL, 0),
(11, 'AU202402', 'TR202402', 'Jatin', 'Kumar', 'jatin.kumar@aurionpro.com', 'Customer', '7719980230', NULL, '$2y$10$bzcsKQP.9/j7CLPn2QkdYeehEk6XzVNhhdTErcPxaVcPjbFe1BU5y', NULL, NULL, NULL, '7EIpBaJ1ms9NZq9gkMfKLNtAC54vu2qnUL2ElxzUfIvEbfgYVnSQLTPff0O1', NULL, NULL, 'Aurionpro', 'IN', 'MH', 'Navi Mumbai', 'Nerul', 444606, 'in', NULL, NULL, NULL, 'N', NULL, '2024-12-18 06:35:40', '2024-12-18 06:36:05', 1, NULL, NULL, 0),
(12, 'GO202402', 'TR202402', 'Sampada', 'Bhadan', 'sampada.bhadane@aurionpro.com', 'Customer', '7719980230', NULL, '$2y$10$OCcgply6gAejvRk3MtZEVei7HeJkUpa5vmAYdOAX9KdW4qydkLQdu', NULL, NULL, NULL, NULL, NULL, NULL, 'Google', 'IN', 'MH', 'Navi Mumbai', 'Panvel', 444606, 'in', NULL, 9, NULL, 'N', NULL, '2024-12-18 06:44:46', '2025-03-13 06:22:44', 1, NULL, NULL, 0),
(13, 'AU202501', NULL, 'Snehal', 'Pandit', 'snehal.pandit@aurionpro.com', 'Customer', '7719980230', NULL, '$2y$10$f5MmJZGlICv6IIRiABgVUeS7PfuXGw.HMOm/MYnLHQkoyvkx30waS', NULL, NULL, NULL, 'fkO5pOthUoYXlVxeayDUbO3UukHXR1dyGI0K9peBrLtfq3qbTSFBj1n5Kh4b', NULL, NULL, 'Aurionpro', 'IN', 'MH', 'Mumbai', NULL, 444606, 'in', NULL, NULL, NULL, 'N', NULL, '2025-01-03 08:49:25', '2025-01-03 08:50:17', 1, NULL, NULL, 0),
(14, NULL, NULL, 'Hitesh', 'Admin', 'sarojkumar.panda@aurionpro.com', 'Administrator', '7719980230', NULL, '$2y$10$PzMEG.RnZycW04r36TpboefSuGUZPSOv.P5rGSt8f9JNoE/on1GV.', NULL, NULL, NULL, NULL, NULL, NULL, NULL, NULL, NULL, NULL, NULL, NULL, NULL, NULL, NULL, NULL, 'N', NULL, '2025-01-13 08:28:07', '2025-03-12 10:01:49', 1, NULL, NULL, 0),
(15, 'AP202501', NULL, 'Hitesh', 'Chaudahri', 'abc@aurionpro.com', 'Customer', '07719980230', NULL, '$2y$10$6L.veTNhqKhyz3ZDkirch.kBCQCjbZimaQ.hLG9jqmuXmiJUaHgHu', NULL, NULL, NULL, NULL, NULL, NULL, 'AP', 'IN', 'MH', 'Navi Mumbai', 'Flat Number 102', 410210, 'in', NULL, 1, NULL, 'N', NULL, '2025-02-03 09:02:42', '2025-02-04 10:26:28', 0, NULL, NULL, 0);

-- --------------------------------------------------------

--
-- Table structure for table `users_verify`
--

CREATE TABLE `users_verify` (
  `user_id` int NOT NULL COMMENT 'user id',
  `token` varchar(255) CHARACTER SET utf8mb4 COLLATE utf8mb4_unicode_ci NOT NULL,
  `otp` int NOT NULL,
  `created_at` timestamp NULL DEFAULT NULL,
  `updated_at` timestamp NULL DEFAULT NULL
) ENGINE=InnoDB DEFAULT CHARSET=utf8mb4 COLLATE=utf8mb4_unicode_ci;

--
-- Dumping data for table `users_verify`
--

INSERT INTO `users_verify` (`user_id`, `token`, `otp`, `created_at`, `updated_at`) VALUES
(2, '2PpzbWnBPRInlQkOqXA3b3zhcT2JX3rYVcvZ8KTfKVx0C95C4VjvylNVDRfodpj9', 64213, '2024-11-14 05:04:24', '2024-11-14 05:04:24'),
(3, 'wQaKbwM9RvIWJ5ncWWuWABRZhEBSWWl8hDRaxpxawpm7xDMYN5cF1rHg1qTjbSnN', 17213, '2024-11-14 05:52:35', '2024-11-14 05:52:35'),
(4, '4dskZL7RevvivvAHEBwT7VLrIYrekpRqmTtgEOvwewRDCs9sqe9S01ENcjENQYg2', 41263, '2024-11-14 05:54:03', '2024-11-14 05:54:03'),
(5, 'HfPSregqkNo0O6pUkiHrUG6KROVoxRd3qdAqxGo3hpWLoSKXwM1zIssbF1qIr1oS', 89199, '2024-11-14 06:32:17', '2024-11-14 06:32:17'),
(6, 'Of7HXPHVN0jXURWswWCb9LOFkpnM2fCiRyvQB6h6eqtwmQpWz8SBzCwhQenQwcHg', 87019, '2024-11-29 09:49:35', '2024-11-29 09:49:35'),
(7, '4Q5tBFuynaruU65wnGTSTrjJy7Tx9KPpeHKtfx2Nv8GVrdlXwbJtehKafMvkY0IW', 41183, '2024-12-03 10:48:41', '2024-12-03 10:48:41'),
(8, 'Nkw0TCmImdP0OWsBvZyl1OZlYPVzr7fBqU4RLlFF7bhktLCugUhQg7hbR22aZ8mF', 23837, '2024-12-05 04:28:45', '2024-12-05 04:28:45'),
(2, '06j2zHb1qhLwHRqTuIrI7LurhZp7NOM3fAFK6S8k9E38LXDCGnpDv9Cyzx1nGm4X', 97803, '2024-12-16 05:53:33', '2024-12-16 05:53:33'),
(9, 'AcER5yMkBeO3u0xwmYzXSb69Xs0CmnjXLDJ09Z3vJV5w3HtpEmtd8i9dbKnBwenk', 85654, '2024-12-18 06:06:38', '2024-12-18 06:06:38'),
(10, '2jSopf7tVTqk7JuYJLmyIiJh7WtRWRXD7pZA1shdfLDHeuXqul1r78mHR3ISA2Qt', 40423, '2024-12-18 06:22:21', '2024-12-18 06:22:21'),
(11, 'TRxPUVb7ThxKoen8kCy6qJcCrvU2GFTcJFq0bEFfKdi7WbA2nAyG3MnkW40veLQX', 85096, '2024-12-18 06:35:40', '2024-12-18 06:35:40'),
(13, 'lgzk5EL0uGhABTPXY2phAI9edKViGftepz8Or2NH75JBTmLczM8QL9qDDuXgaHhG', 35633, '2025-01-03 08:49:25', '2025-01-03 08:49:25'),
(6, 'bbm3XK2VeXIDnNkRiERRnoq1PAOBuxQ7liowVVsRX8VSjh1UuproNwQMNIQ6cLhe', 85210, '2025-01-27 13:01:52', '2025-01-27 13:01:52'),
(15, 'PJxRZ0Y8Km0Nw4GQ6Imh7CzAibY3dy90qrTMGGBHt0zctM8On479OVXnEdVEsUC7', 40460, '2025-02-03 09:02:42', '2025-02-03 09:02:42'),
(12, 'GwjgHYEHoR1G268O9MKqLfGzrANmOIEqW91JXLO2waAHaQoDpX8RWqARk1YxZCYl', 54747, '2025-03-07 05:41:00', '2025-03-07 05:41:00');

-- --------------------------------------------------------

--
-- Table structure for table `vission_and_missions`
--

CREATE TABLE `vission_and_missions` (
  `id` bigint UNSIGNED NOT NULL,
  `title` varchar(255) CHARACTER SET utf8mb4 COLLATE utf8mb4_unicode_ci NOT NULL,
  `slug` varchar(255) CHARACTER SET utf8mb4 COLLATE utf8mb4_unicode_ci NOT NULL,
  `sub_title` varchar(255) CHARACTER SET utf8mb4 COLLATE utf8mb4_unicode_ci DEFAULT NULL,
  `banner_image` varchar(255) CHARACTER SET utf8mb4 COLLATE utf8mb4_unicode_ci DEFAULT NULL,
  `our_core_values_text` varchar(255) CHARACTER SET utf8mb4 COLLATE utf8mb4_unicode_ci DEFAULT NULL,
  `language` varchar(255) CHARACTER SET utf8mb4 COLLATE utf8mb4_unicode_ci NOT NULL DEFAULT 'en',
  `meta_key` varchar(255) CHARACTER SET utf8mb4 COLLATE utf8mb4_unicode_ci DEFAULT NULL,
  `meta_title` varchar(255) CHARACTER SET utf8mb4 COLLATE utf8mb4_unicode_ci DEFAULT NULL,
  `meta_description` longtext CHARACTER SET utf8mb4 COLLATE utf8mb4_unicode_ci,
  `status` enum('Published','Draft','Trash') CHARACTER SET utf8mb4 COLLATE utf8mb4_unicode_ci NOT NULL DEFAULT 'Published',
  `created_by` int DEFAULT NULL,
  `updated_by` int DEFAULT NULL,
  `created_at` timestamp NULL DEFAULT NULL,
  `updated_at` timestamp NULL DEFAULT NULL
) ENGINE=InnoDB DEFAULT CHARSET=utf8mb4 COLLATE=utf8mb4_unicode_ci;

--
-- Dumping data for table `vission_and_missions`
--

INSERT INTO `vission_and_missions` (`id`, `title`, `slug`, `sub_title`, `banner_image`, `our_core_values_text`, `language`, `meta_key`, `meta_title`, `meta_description`, `status`, `created_by`, `updated_by`, `created_at`, `updated_at`) VALUES
(1, 'VISION AND MISSION', 'vision-and-mission', 'Lorem ipsum dolor sit amet, consectetur adipiscing elit <br>sed do eiusmod tempor incididunt ut labore et dolore magna', 'upload/vission-and-mission/1774639007846620.jpg', 'Our Core Values', 'en', 'VISION AND MISSION', 'VISION AND MISSION', 'VISION AND MISSION', 'Published', 1, 1, '2023-05-26 05:56:50', '2023-08-19 16:17:22');

-- --------------------------------------------------------

--
-- Table structure for table `vission_and_mission_features`
--

CREATE TABLE `vission_and_mission_features` (
  `id` bigint UNSIGNED NOT NULL,
  `vission_mission_id` int NOT NULL,
  `title` varchar(255) CHARACTER SET utf8mb4 COLLATE utf8mb4_unicode_ci DEFAULT NULL,
  `image` varchar(255) CHARACTER SET utf8mb4 COLLATE utf8mb4_unicode_ci DEFAULT NULL,
  `description` longtext CHARACTER SET utf8mb4 COLLATE utf8mb4_unicode_ci,
  `created_by` int DEFAULT NULL,
  `updated_by` int DEFAULT NULL,
  `created_at` timestamp NULL DEFAULT NULL,
  `updated_at` timestamp NULL DEFAULT NULL
) ENGINE=InnoDB DEFAULT CHARSET=utf8mb4 COLLATE=utf8mb4_unicode_ci;

--
-- Dumping data for table `vission_and_mission_features`
--

INSERT INTO `vission_and_mission_features` (`id`, `vission_mission_id`, `title`, `image`, `description`, `created_by`, `updated_by`, `created_at`, `updated_at`) VALUES
(1, 1, 'Our Vision', 'upload/vission-and-mission/1774639201134733.jpg', '<p>Lorem ipsum dolor sit amet, consectetur adipiscing elit, sed do eiusmod tempor incididunt ut labore et dolore magna aliqua. Quis ipsum suspendisse ultrices gravida. Risus commodo viverra maecenas accumsan lacus vel facilisis. Lorem ipsum dolor sit amet, consectetur adipiscing elit, sed do eiusmod tempor incididunt ut labore et dolore magna aliqua. Quis ipsum suspendisse ultrices gravida. Risus commodo viverra maecenas accumsan lacus vel facilisis.</p>\r\n\r\n<p>Lorem ipsum dolor sit amet, consectetur adipiscing elit, sed do eiusmod tempor incididunt ut labore et dolore magna aliqua. Quis ipsum suspendisse ultrices gravida. Risus commodo viverra</p>', 1, 1, '2023-05-26 06:34:29', '2023-08-19 16:20:27'),
(2, 1, 'Our Mission', 'upload/vission-and-mission/1774639201170622.jpg', '<p>Lorem ipsum dolor sit amet, consectetur adipiscing elit, sed do eiusmod tempor incididunt ut labore et dolore magna aliqua. Quis ipsum suspendisse ultrices gravida. Risus commodo viverra maecenas accumsan lacus vel facilisis. Lorem ipsum dolor sit amet, consectetur adipiscing elit, sed do eiusmod tempor incididunt ut labore et dolore magna aliqua. Quis ipsum suspendisse ultrices gravida. Risus commodo viverra maecenas accumsan lacus vel facilisis</p>\r\n\r\n<p>Lorem ipsum dolor sit amet, consectetur adipiscing elit, sed do eiusmod tempor incididunt ut labore et dolore magna aliqua. Quis ipsum suspendisse ultrices gravida. Risus commodo viverra maecenas accumsan lacus vel facilisis. Lorem ipsum dolor sit amet, consec</p>', 1, 1, '2023-05-26 06:35:17', '2023-08-19 16:20:27');

-- --------------------------------------------------------

--
-- Table structure for table `vission_and_mission_our_core_values`
--

CREATE TABLE `vission_and_mission_our_core_values` (
  `id` bigint UNSIGNED NOT NULL,
  `vission_mission_id` int NOT NULL,
  `image` varchar(255) CHARACTER SET utf8mb4 COLLATE utf8mb4_unicode_ci DEFAULT NULL,
  `description` longtext CHARACTER SET utf8mb4 COLLATE utf8mb4_unicode_ci,
  `created_by` int DEFAULT NULL,
  `updated_by` int DEFAULT NULL,
  `created_at` timestamp NULL DEFAULT NULL,
  `updated_at` timestamp NULL DEFAULT NULL
) ENGINE=InnoDB DEFAULT CHARSET=utf8mb4 COLLATE=utf8mb4_unicode_ci;

--
-- Dumping data for table `vission_and_mission_our_core_values`
--

INSERT INTO `vission_and_mission_our_core_values` (`id`, `vission_mission_id`, `image`, `description`, `created_by`, `updated_by`, `created_at`, `updated_at`) VALUES
(1, 1, 'upload/vission-and-mission/1774639435147807.jpg', '<p>Lorem ipsum dolor sit amet, consectetur adipiscing elit, sed do eiusmod tempor incididunt ut labore et dolore magna aliqua. Quis ipsum suspendisse ultrices gravida.</p>', 1, 1, '2023-05-26 06:48:19', '2023-08-19 16:24:10'),
(2, 1, 'upload/vission-and-mission/1774639435174706.jpg', '<p>Lorem ipsum dolor sit amet, consectetur adipiscing elit, sed do eiusmod tempor incididunt ut labore et dolore magna aliqua. Quis ipsum suspendisse ultrices gravida.</p>', 1, NULL, '2023-08-19 16:24:10', '2023-08-19 16:24:10'),
(3, 1, 'upload/vission-and-mission/1774639435194017.jpg', '<p>Lorem ipsum dolor sit amet, consectetur adipiscing elit, sed do eiusmod tempor incididunt ut labore et dolore magna aliqua. Quis ipsum suspendisse ultrices gravida.</p>', 1, NULL, '2023-08-19 16:24:10', '2023-08-19 16:24:10'),
(4, 1, 'upload/vission-and-mission/1774639435212655.jpg', '<p>Lorem ipsum dolor sit amet, consectetur adipiscing elit, sed do eiusmod tempor incididunt ut labore et dolore magna aliqua. Quis ipsum suspendisse ultrices gravida.</p>', 1, NULL, '2023-08-19 16:24:10', '2023-08-19 16:24:10');

--
-- Indexes for dumped tables
--

--
-- Indexes for table `blog_categories`
--
ALTER TABLE `blog_categories`
  ADD PRIMARY KEY (`id`);

--
-- Indexes for table `calling_codes`
--
ALTER TABLE `calling_codes`
  ADD PRIMARY KEY (`id`),
  ADD UNIQUE KEY `country_code` (`country_code`);

--
-- Indexes for table `contacts`
--
ALTER TABLE `contacts`
  ADD PRIMARY KEY (`id`);

--
-- Indexes for table `contact_us`
--
ALTER TABLE `contact_us`
  ADD PRIMARY KEY (`id`);

--
-- Indexes for table `contact_us_form_data`
--
ALTER TABLE `contact_us_form_data`
  ADD PRIMARY KEY (`id`);

--
-- Indexes for table `contact_us_global_offices`
--
ALTER TABLE `contact_us_global_offices`
  ADD PRIMARY KEY (`id`);

--
-- Indexes for table `contact_us_global_offices_addresses`
--
ALTER TABLE `contact_us_global_offices_addresses`
  ADD PRIMARY KEY (`id`);

--
-- Indexes for table `country_lists`
--
ALTER TABLE `country_lists`
  ADD PRIMARY KEY (`id`),
  ADD UNIQUE KEY `country_lists_code_unique` (`code`);

--
-- Indexes for table `currencies`
--
ALTER TABLE `currencies`
  ADD PRIMARY KEY (`id`);

--
-- Indexes for table `currency_lists`
--
ALTER TABLE `currency_lists`
  ADD PRIMARY KEY (`id`),
  ADD UNIQUE KEY `currency_lists_code_unique` (`code`);

--
-- Indexes for table `customer_details`
--
ALTER TABLE `customer_details`
  ADD PRIMARY KEY (`id`),
  ADD UNIQUE KEY `customer_details_user_id_unique` (`user_id`);

--
-- Indexes for table `customer_documents`
--
ALTER TABLE `customer_documents`
  ADD PRIMARY KEY (`id`),
  ADD KEY `customer_documents_user_id_index` (`user_id`);

--
-- Indexes for table `customer_notifications`
--
ALTER TABLE `customer_notifications`
  ADD PRIMARY KEY (`id`),
  ADD KEY `customer_notifications_user_id_index` (`user_id`),
  ADD KEY `customer_notifications_subscription_id_index` (`subscription_id`);

--
-- Indexes for table `email_management`
--
ALTER TABLE `email_management`
  ADD PRIMARY KEY (`id`),
  ADD UNIQUE KEY `email_key` (`key`);

--
-- Indexes for table `email_notifications`
--
ALTER TABLE `email_notifications`
  ADD PRIMARY KEY (`id`),
  ADD UNIQUE KEY `email_notifications_slug_unique` (`slug`);

--
-- Indexes for table `events`
--
ALTER TABLE `events`
  ADD PRIMARY KEY (`id`),
  ADD KEY `events_slug_index` (`slug`);

--
-- Indexes for table `event_dates`
--
ALTER TABLE `event_dates`
  ADD PRIMARY KEY (`id`);

--
-- Indexes for table `event_form_data`
--
ALTER TABLE `event_form_data`
  ADD PRIMARY KEY (`id`),
  ADD KEY `event_form_data_event_id_index` (`event_id`),
  ADD KEY `event_form_data_event_child_id_index` (`event_child_id`);

--
-- Indexes for table `failed_jobs`
--
ALTER TABLE `failed_jobs`
  ADD PRIMARY KEY (`id`),
  ADD UNIQUE KEY `failed_jobs_uuid_unique` (`uuid`);

--
-- Indexes for table `financial_services`
--
ALTER TABLE `financial_services`
  ADD PRIMARY KEY (`id`),
  ADD UNIQUE KEY `financial_services_slug_unique` (`slug`);

--
-- Indexes for table `financial_services_cards`
--
ALTER TABLE `financial_services_cards`
  ADD PRIMARY KEY (`id`);

--
-- Indexes for table `financial_services_services`
--
ALTER TABLE `financial_services_services`
  ADD PRIMARY KEY (`id`);

--
-- Indexes for table `financial_service_business_payment_platforms`
--
ALTER TABLE `financial_service_business_payment_platforms`
  ADD PRIMARY KEY (`id`);

--
-- Indexes for table `footer_menus`
--
ALTER TABLE `footer_menus`
  ADD PRIMARY KEY (`id`);

--
-- Indexes for table `footer_menu_children`
--
ALTER TABLE `footer_menu_children`
  ADD PRIMARY KEY (`id`);

--
-- Indexes for table `footer_social_icons`
--
ALTER TABLE `footer_social_icons`
  ADD PRIMARY KEY (`id`);

--
-- Indexes for table `forgot_password_page_management`
--
ALTER TABLE `forgot_password_page_management`
  ADD PRIMARY KEY (`id`),
  ADD UNIQUE KEY `forgot_password_page_management_key_unique` (`key`);

--
-- Indexes for table `general_page_management`
--
ALTER TABLE `general_page_management`
  ADD PRIMARY KEY (`id`);

--
-- Indexes for table `go_online_create_websites`
--
ALTER TABLE `go_online_create_websites`
  ADD PRIMARY KEY (`id`);

--
-- Indexes for table `go_online_create_website_features`
--
ALTER TABLE `go_online_create_website_features`
  ADD PRIMARY KEY (`id`);

--
-- Indexes for table `go_online_create_website_themes`
--
ALTER TABLE `go_online_create_website_themes`
  ADD PRIMARY KEY (`id`);

--
-- Indexes for table `go_online_digital_marketing_services`
--
ALTER TABLE `go_online_digital_marketing_services`
  ADD PRIMARY KEY (`id`);

--
-- Indexes for table `go_online_digital_marketing_services_benefits`
--
ALTER TABLE `go_online_digital_marketing_services_benefits`
  ADD PRIMARY KEY (`id`);

--
-- Indexes for table `go_online_digital_marketing_services_features`
--
ALTER TABLE `go_online_digital_marketing_services_features`
  ADD PRIMARY KEY (`id`);

--
-- Indexes for table `g_s_t_s`
--
ALTER TABLE `g_s_t_s`
  ADD PRIMARY KEY (`id`);

--
-- Indexes for table `header_management`
--
ALTER TABLE `header_management`
  ADD PRIMARY KEY (`id`),
  ADD KEY `header_management_key_index` (`key`);

--
-- Indexes for table `header_menus`
--
ALTER TABLE `header_menus`
  ADD PRIMARY KEY (`id`);

--
-- Indexes for table `header_menu_children`
--
ALTER TABLE `header_menu_children`
  ADD PRIMARY KEY (`id`);

--
-- Indexes for table `header_menu_sub_children`
--
ALTER TABLE `header_menu_sub_children`
  ADD PRIMARY KEY (`id`);

--
-- Indexes for table `home_brands`
--
ALTER TABLE `home_brands`
  ADD PRIMARY KEY (`id`);

--
-- Indexes for table `home_clouds`
--
ALTER TABLE `home_clouds`
  ADD PRIMARY KEY (`id`);

--
-- Indexes for table `home_customers_derives`
--
ALTER TABLE `home_customers_derives`
  ADD PRIMARY KEY (`id`);

--
-- Indexes for table `home_features`
--
ALTER TABLE `home_features`
  ADD PRIMARY KEY (`id`);

--
-- Indexes for table `home_industries`
--
ALTER TABLE `home_industries`
  ADD PRIMARY KEY (`id`);

--
-- Indexes for table `home_integrated_supplies`
--
ALTER TABLE `home_integrated_supplies`
  ADD PRIMARY KEY (`id`);

--
-- Indexes for table `home_our_services`
--
ALTER TABLE `home_our_services`
  ADD PRIMARY KEY (`id`);

--
-- Indexes for table `home_our_services_children`
--
ALTER TABLE `home_our_services_children`
  ADD PRIMARY KEY (`id`);

--
-- Indexes for table `home_sections`
--
ALTER TABLE `home_sections`
  ADD PRIMARY KEY (`id`);

--
-- Indexes for table `home_sliders`
--
ALTER TABLE `home_sliders`
  ADD PRIMARY KEY (`id`);

--
-- Indexes for table `home_slider_autos`
--
ALTER TABLE `home_slider_autos`
  ADD PRIMARY KEY (`id`);

--
-- Indexes for table `home_slider_children`
--
ALTER TABLE `home_slider_children`
  ADD PRIMARY KEY (`id`),
  ADD KEY `home_slider_children_home_slider_id_index` (`home_slider_id`);

--
-- Indexes for table `industries`
--
ALTER TABLE `industries`
  ADD PRIMARY KEY (`id`);

--
-- Indexes for table `industries_categories`
--
ALTER TABLE `industries_categories`
  ADD PRIMARY KEY (`id`);

--
-- Indexes for table `industries_key_offerings`
--
ALTER TABLE `industries_key_offerings`
  ADD PRIMARY KEY (`id`);

--
-- Indexes for table `industries_services`
--
ALTER TABLE `industries_services`
  ADD PRIMARY KEY (`id`);

--
-- Indexes for table `industry_lists`
--
ALTER TABLE `industry_lists`
  ADD PRIMARY KEY (`id`);

--
-- Indexes for table `label_management`
--
ALTER TABLE `label_management`
  ADD PRIMARY KEY (`id`),
  ADD UNIQUE KEY `label_management_key_unique` (`key`);

--
-- Indexes for table `label_management_values`
--
ALTER TABLE `label_management_values`
  ADD PRIMARY KEY (`id`),
  ADD KEY `label_management_values_key_index` (`key`);

--
-- Indexes for table `languages`
--
ALTER TABLE `languages`
  ADD PRIMARY KEY (`id`),
  ADD UNIQUE KEY `code` (`code`);

--
-- Indexes for table `market_sectors_lists`
--
ALTER TABLE `market_sectors_lists`
  ADD PRIMARY KEY (`id`);

--
-- Indexes for table `menu_language_management`
--
ALTER TABLE `menu_language_management`
  ADD PRIMARY KEY (`id`),
  ADD KEY `menu_language_management_table_index` (`table`),
  ADD KEY `menu_language_management_table_id_index` (`table_id`);

--
-- Indexes for table `message_management`
--
ALTER TABLE `message_management`
  ADD PRIMARY KEY (`id`),
  ADD UNIQUE KEY `message_management_key_unique` (`key`);

--
-- Indexes for table `message_management_values`
--
ALTER TABLE `message_management_values`
  ADD PRIMARY KEY (`id`),
  ADD KEY `message_management_values_key_index` (`key`);

--
-- Indexes for table `migrations`
--
ALTER TABLE `migrations`
  ADD PRIMARY KEY (`id`);

--
-- Indexes for table `notifications`
--
ALTER TABLE `notifications`
  ADD PRIMARY KEY (`id`),
  ADD KEY `notifications_status_index` (`status`),
  ADD KEY `notification_from` (`notification_from`);

--
-- Indexes for table `order_metas`
--
ALTER TABLE `order_metas`
  ADD PRIMARY KEY (`id`),
  ADD KEY `order_metas_subscription_id_index` (`subscription_id`);

--
-- Indexes for table `partner_bios`
--
ALTER TABLE `partner_bios`
  ADD PRIMARY KEY (`id`),
  ADD KEY `partner_bios_user_id_index` (`user_id`);

--
-- Indexes for table `partner_detail_meta_data`
--
ALTER TABLE `partner_detail_meta_data`
  ADD PRIMARY KEY (`id`),
  ADD KEY `partner_detail_meta_data_user_id_index` (`user_id`);

--
-- Indexes for table `partner_notifications`
--
ALTER TABLE `partner_notifications`
  ADD PRIMARY KEY (`id`),
  ADD KEY `partner_notifications_user_id_index` (`user_id`),
  ADD KEY `partner_notifications_status_index` (`status`);

--
-- Indexes for table `partner_page_contents`
--
ALTER TABLE `partner_page_contents`
  ADD PRIMARY KEY (`id`);

--
-- Indexes for table `partner_page_contracts`
--
ALTER TABLE `partner_page_contracts`
  ADD PRIMARY KEY (`id`),
  ADD UNIQUE KEY `partner_page_contracts_partner_page_contents_id_unique` (`partner_page_contents_id`);

--
-- Indexes for table `password_resets`
--
ALTER TABLE `password_resets`
  ADD KEY `password_resets_email_index` (`email`);

--
-- Indexes for table `payment_gateway_keys`
--
ALTER TABLE `payment_gateway_keys`
  ADD PRIMARY KEY (`id`);

--
-- Indexes for table `personal_access_tokens`
--
ALTER TABLE `personal_access_tokens`
  ADD PRIMARY KEY (`id`),
  ADD UNIQUE KEY `personal_access_tokens_token_unique` (`token`),
  ADD KEY `personal_access_tokens_tokenable_type_tokenable_id_index` (`tokenable_type`,`tokenable_id`);

--
-- Indexes for table `plan_pricings`
--
ALTER TABLE `plan_pricings`
  ADD PRIMARY KEY (`id`),
  ADD KEY `plan_pricings_price_id_index` (`price_id`);

--
-- Indexes for table `posts`
--
ALTER TABLE `posts`
  ADD PRIMARY KEY (`id`);

--
-- Indexes for table `post_comments`
--
ALTER TABLE `post_comments`
  ADD PRIMARY KEY (`id`);

--
-- Indexes for table `post_likes`
--
ALTER TABLE `post_likes`
  ADD PRIMARY KEY (`id`);

--
-- Indexes for table `pricings`
--
ALTER TABLE `pricings`
  ADD PRIMARY KEY (`id`),
  ADD KEY `lob_id` (`lob_id`);

--
-- Indexes for table `pricing_addones_prices`
--
ALTER TABLE `pricing_addones_prices`
  ADD PRIMARY KEY (`id`),
  ADD KEY `pricing_addones_prices_pricing_addon_id_index` (`pricing_addon_id`);

--
-- Indexes for table `pricing_addons`
--
ALTER TABLE `pricing_addons`
  ADD PRIMARY KEY (`id`);

--
-- Indexes for table `pricing_categories`
--
ALTER TABLE `pricing_categories`
  ADD PRIMARY KEY (`id`);

--
-- Indexes for table `pricing_features`
--
ALTER TABLE `pricing_features`
  ADD PRIMARY KEY (`id`);

--
-- Indexes for table `privacy_policies`
--
ALTER TABLE `privacy_policies`
  ADD PRIMARY KEY (`id`);

--
-- Indexes for table `sessions`
--
ALTER TABLE `sessions`
  ADD PRIMARY KEY (`id`),
  ADD KEY `sessions_user_id_index` (`user_id`),
  ADD KEY `sessions_last_activity_index` (`last_activity`);

--
-- Indexes for table `state_lists`
--
ALTER TABLE `state_lists`
  ADD PRIMARY KEY (`id`),
  ADD UNIQUE KEY `state_lists_code_unique` (`code`);

--
-- Indexes for table `subscriptions`
--
ALTER TABLE `subscriptions`
  ADD PRIMARY KEY (`id`),
  ADD KEY `subscriptions_user_id_index` (`user_id`),
  ADD KEY `subscriptions_plan_id_index` (`plan_id`),
  ADD KEY `subscriptions_status_index` (`status`),
  ADD KEY `upgrade_status` (`upgrade_status`),
  ADD KEY `id` (`id`);

--
-- Indexes for table `subscription_addons`
--
ALTER TABLE `subscription_addons`
  ADD PRIMARY KEY (`id`),
  ADD KEY `subscription_addons_subscription_id_index` (`subscription_id`);

--
-- Indexes for table `subscription_next_billings`
--
ALTER TABLE `subscription_next_billings`
  ADD PRIMARY KEY (`id`),
  ADD KEY `subscription_next_billings_subscription_id_index` (`subscription_id`);

--
-- Indexes for table `teams`
--
ALTER TABLE `teams`
  ADD PRIMARY KEY (`id`),
  ADD KEY `teams_user_id_index` (`user_id`);

--
-- Indexes for table `team_invitations`
--
ALTER TABLE `team_invitations`
  ADD PRIMARY KEY (`id`),
  ADD UNIQUE KEY `team_invitations_team_id_email_unique` (`team_id`,`email`);

--
-- Indexes for table `team_user`
--
ALTER TABLE `team_user`
  ADD PRIMARY KEY (`id`),
  ADD UNIQUE KEY `team_user_team_id_user_id_unique` (`team_id`,`user_id`);

--
-- Indexes for table `terms_conditions`
--
ALTER TABLE `terms_conditions`
  ADD PRIMARY KEY (`id`);

--
-- Indexes for table `top_header_menus`
--
ALTER TABLE `top_header_menus`
  ADD PRIMARY KEY (`id`);

--
-- Indexes for table `transactions`
--
ALTER TABLE `transactions`
  ADD PRIMARY KEY (`id`),
  ADD KEY `transactions_subscription_id_index` (`subscription_id`);

--
-- Indexes for table `users`
--
ALTER TABLE `users`
  ADD PRIMARY KEY (`id`),
  ADD UNIQUE KEY `users_email_unique` (`email`),
  ADD UNIQUE KEY `code` (`code`);

--
-- Indexes for table `vission_and_missions`
--
ALTER TABLE `vission_and_missions`
  ADD PRIMARY KEY (`id`);

--
-- Indexes for table `vission_and_mission_features`
--
ALTER TABLE `vission_and_mission_features`
  ADD PRIMARY KEY (`id`);

--
-- Indexes for table `vission_and_mission_our_core_values`
--
ALTER TABLE `vission_and_mission_our_core_values`
  ADD PRIMARY KEY (`id`);

--
-- AUTO_INCREMENT for dumped tables
--

--
-- AUTO_INCREMENT for table `blog_categories`
--
ALTER TABLE `blog_categories`
  MODIFY `id` bigint UNSIGNED NOT NULL AUTO_INCREMENT, AUTO_INCREMENT=4;

--
-- AUTO_INCREMENT for table `calling_codes`
--
ALTER TABLE `calling_codes`
  MODIFY `id` bigint UNSIGNED NOT NULL AUTO_INCREMENT, AUTO_INCREMENT=247;

--
-- AUTO_INCREMENT for table `contacts`
--
ALTER TABLE `contacts`
  MODIFY `id` bigint UNSIGNED NOT NULL AUTO_INCREMENT;

--
-- AUTO_INCREMENT for table `contact_us`
--
ALTER TABLE `contact_us`
  MODIFY `id` bigint UNSIGNED NOT NULL AUTO_INCREMENT, AUTO_INCREMENT=3;

--
-- AUTO_INCREMENT for table `contact_us_form_data`
--
ALTER TABLE `contact_us_form_data`
  MODIFY `id` bigint UNSIGNED NOT NULL AUTO_INCREMENT, AUTO_INCREMENT=2;

--
-- AUTO_INCREMENT for table `contact_us_global_offices`
--
ALTER TABLE `contact_us_global_offices`
  MODIFY `id` bigint UNSIGNED NOT NULL AUTO_INCREMENT, AUTO_INCREMENT=6;

--
-- AUTO_INCREMENT for table `contact_us_global_offices_addresses`
--
ALTER TABLE `contact_us_global_offices_addresses`
  MODIFY `id` bigint UNSIGNED NOT NULL AUTO_INCREMENT, AUTO_INCREMENT=20;

--
-- AUTO_INCREMENT for table `country_lists`
--
ALTER TABLE `country_lists`
  MODIFY `id` bigint UNSIGNED NOT NULL AUTO_INCREMENT, AUTO_INCREMENT=247;

--
-- AUTO_INCREMENT for table `currencies`
--
ALTER TABLE `currencies`
  MODIFY `id` bigint UNSIGNED NOT NULL AUTO_INCREMENT, AUTO_INCREMENT=4;

--
-- AUTO_INCREMENT for table `currency_lists`
--
ALTER TABLE `currency_lists`
  MODIFY `id` bigint UNSIGNED NOT NULL AUTO_INCREMENT, AUTO_INCREMENT=172;

--
-- AUTO_INCREMENT for table `customer_details`
--
ALTER TABLE `customer_details`
  MODIFY `id` bigint UNSIGNED NOT NULL AUTO_INCREMENT;

--
-- AUTO_INCREMENT for table `customer_documents`
--
ALTER TABLE `customer_documents`
  MODIFY `id` bigint UNSIGNED NOT NULL AUTO_INCREMENT;

--
-- AUTO_INCREMENT for table `customer_notifications`
--
ALTER TABLE `customer_notifications`
  MODIFY `id` bigint UNSIGNED NOT NULL AUTO_INCREMENT, AUTO_INCREMENT=36;

--
-- AUTO_INCREMENT for table `email_management`
--
ALTER TABLE `email_management`
  MODIFY `id` bigint UNSIGNED NOT NULL AUTO_INCREMENT, AUTO_INCREMENT=54;

--
-- AUTO_INCREMENT for table `email_notifications`
--
ALTER TABLE `email_notifications`
  MODIFY `id` bigint UNSIGNED NOT NULL AUTO_INCREMENT, AUTO_INCREMENT=3;

--
-- AUTO_INCREMENT for table `events`
--
ALTER TABLE `events`
  MODIFY `id` bigint UNSIGNED NOT NULL AUTO_INCREMENT, AUTO_INCREMENT=3;

--
-- AUTO_INCREMENT for table `event_dates`
--
ALTER TABLE `event_dates`
  MODIFY `id` bigint UNSIGNED NOT NULL AUTO_INCREMENT, AUTO_INCREMENT=6;

--
-- AUTO_INCREMENT for table `event_form_data`
--
ALTER TABLE `event_form_data`
  MODIFY `id` bigint UNSIGNED NOT NULL AUTO_INCREMENT, AUTO_INCREMENT=3;

--
-- AUTO_INCREMENT for table `failed_jobs`
--
ALTER TABLE `failed_jobs`
  MODIFY `id` bigint UNSIGNED NOT NULL AUTO_INCREMENT;

--
-- AUTO_INCREMENT for table `financial_services`
--
ALTER TABLE `financial_services`
  MODIFY `id` bigint UNSIGNED NOT NULL AUTO_INCREMENT, AUTO_INCREMENT=5;

--
-- AUTO_INCREMENT for table `financial_services_cards`
--
ALTER TABLE `financial_services_cards`
  MODIFY `id` bigint UNSIGNED NOT NULL AUTO_INCREMENT, AUTO_INCREMENT=10;

--
-- AUTO_INCREMENT for table `financial_services_services`
--
ALTER TABLE `financial_services_services`
  MODIFY `id` bigint UNSIGNED NOT NULL AUTO_INCREMENT, AUTO_INCREMENT=7;

--
-- AUTO_INCREMENT for table `financial_service_business_payment_platforms`
--
ALTER TABLE `financial_service_business_payment_platforms`
  MODIFY `id` bigint UNSIGNED NOT NULL AUTO_INCREMENT, AUTO_INCREMENT=5;

--
-- AUTO_INCREMENT for table `footer_menus`
--
ALTER TABLE `footer_menus`
  MODIFY `id` bigint UNSIGNED NOT NULL AUTO_INCREMENT, AUTO_INCREMENT=5;

--
-- AUTO_INCREMENT for table `footer_menu_children`
--
ALTER TABLE `footer_menu_children`
  MODIFY `id` bigint UNSIGNED NOT NULL AUTO_INCREMENT, AUTO_INCREMENT=23;

--
-- AUTO_INCREMENT for table `footer_social_icons`
--
ALTER TABLE `footer_social_icons`
  MODIFY `id` bigint UNSIGNED NOT NULL AUTO_INCREMENT, AUTO_INCREMENT=7;

--
-- AUTO_INCREMENT for table `forgot_password_page_management`
--
ALTER TABLE `forgot_password_page_management`
  MODIFY `id` bigint UNSIGNED NOT NULL AUTO_INCREMENT, AUTO_INCREMENT=7;

--
-- AUTO_INCREMENT for table `general_page_management`
--
ALTER TABLE `general_page_management`
  MODIFY `id` bigint UNSIGNED NOT NULL AUTO_INCREMENT, AUTO_INCREMENT=4;

--
-- AUTO_INCREMENT for table `go_online_create_websites`
--
ALTER TABLE `go_online_create_websites`
  MODIFY `id` bigint UNSIGNED NOT NULL AUTO_INCREMENT, AUTO_INCREMENT=3;

--
-- AUTO_INCREMENT for table `go_online_create_website_features`
--
ALTER TABLE `go_online_create_website_features`
  MODIFY `id` bigint UNSIGNED NOT NULL AUTO_INCREMENT, AUTO_INCREMENT=16;

--
-- AUTO_INCREMENT for table `go_online_create_website_themes`
--
ALTER TABLE `go_online_create_website_themes`
  MODIFY `id` bigint UNSIGNED NOT NULL AUTO_INCREMENT, AUTO_INCREMENT=12;

--
-- AUTO_INCREMENT for table `go_online_digital_marketing_services`
--
ALTER TABLE `go_online_digital_marketing_services`
  MODIFY `id` bigint UNSIGNED NOT NULL AUTO_INCREMENT, AUTO_INCREMENT=2;

--
-- AUTO_INCREMENT for table `go_online_digital_marketing_services_benefits`
--
ALTER TABLE `go_online_digital_marketing_services_benefits`
  MODIFY `id` bigint UNSIGNED NOT NULL AUTO_INCREMENT, AUTO_INCREMENT=25;

--
-- AUTO_INCREMENT for table `go_online_digital_marketing_services_features`
--
ALTER TABLE `go_online_digital_marketing_services_features`
  MODIFY `id` bigint UNSIGNED NOT NULL AUTO_INCREMENT, AUTO_INCREMENT=9;

--
-- AUTO_INCREMENT for table `g_s_t_s`
--
ALTER TABLE `g_s_t_s`
  MODIFY `id` bigint UNSIGNED NOT NULL AUTO_INCREMENT, AUTO_INCREMENT=6;

--
-- AUTO_INCREMENT for table `header_management`
--
ALTER TABLE `header_management`
  MODIFY `id` bigint UNSIGNED NOT NULL AUTO_INCREMENT, AUTO_INCREMENT=83;

--
-- AUTO_INCREMENT for table `header_menus`
--
ALTER TABLE `header_menus`
  MODIFY `id` bigint UNSIGNED NOT NULL AUTO_INCREMENT, AUTO_INCREMENT=6;

--
-- AUTO_INCREMENT for table `header_menu_children`
--
ALTER TABLE `header_menu_children`
  MODIFY `id` bigint UNSIGNED NOT NULL AUTO_INCREMENT, AUTO_INCREMENT=11;

--
-- AUTO_INCREMENT for table `header_menu_sub_children`
--
ALTER TABLE `header_menu_sub_children`
  MODIFY `id` bigint UNSIGNED NOT NULL AUTO_INCREMENT, AUTO_INCREMENT=15;

--
-- AUTO_INCREMENT for table `home_brands`
--
ALTER TABLE `home_brands`
  MODIFY `id` bigint UNSIGNED NOT NULL AUTO_INCREMENT, AUTO_INCREMENT=6;

--
-- AUTO_INCREMENT for table `home_clouds`
--
ALTER TABLE `home_clouds`
  MODIFY `id` bigint UNSIGNED NOT NULL AUTO_INCREMENT, AUTO_INCREMENT=4;

--
-- AUTO_INCREMENT for table `home_customers_derives`
--
ALTER TABLE `home_customers_derives`
  MODIFY `id` bigint UNSIGNED NOT NULL AUTO_INCREMENT, AUTO_INCREMENT=5;

--
-- AUTO_INCREMENT for table `home_features`
--
ALTER TABLE `home_features`
  MODIFY `id` bigint UNSIGNED NOT NULL AUTO_INCREMENT, AUTO_INCREMENT=6;

--
-- AUTO_INCREMENT for table `home_industries`
--
ALTER TABLE `home_industries`
  MODIFY `id` bigint UNSIGNED NOT NULL AUTO_INCREMENT, AUTO_INCREMENT=8;

--
-- AUTO_INCREMENT for table `home_integrated_supplies`
--
ALTER TABLE `home_integrated_supplies`
  MODIFY `id` bigint UNSIGNED NOT NULL AUTO_INCREMENT, AUTO_INCREMENT=2;

--
-- AUTO_INCREMENT for table `home_our_services`
--
ALTER TABLE `home_our_services`
  MODIFY `id` bigint UNSIGNED NOT NULL AUTO_INCREMENT, AUTO_INCREMENT=4;

--
-- AUTO_INCREMENT for table `home_our_services_children`
--
ALTER TABLE `home_our_services_children`
  MODIFY `id` bigint UNSIGNED NOT NULL AUTO_INCREMENT, AUTO_INCREMENT=116;

--
-- AUTO_INCREMENT for table `home_sections`
--
ALTER TABLE `home_sections`
  MODIFY `id` bigint UNSIGNED NOT NULL AUTO_INCREMENT, AUTO_INCREMENT=9;

--
-- AUTO_INCREMENT for table `home_sliders`
--
ALTER TABLE `home_sliders`
  MODIFY `id` bigint UNSIGNED NOT NULL AUTO_INCREMENT, AUTO_INCREMENT=4;

--
-- AUTO_INCREMENT for table `home_slider_autos`
--
ALTER TABLE `home_slider_autos`
  MODIFY `id` bigint UNSIGNED NOT NULL AUTO_INCREMENT, AUTO_INCREMENT=10;

--
-- AUTO_INCREMENT for table `home_slider_children`
--
ALTER TABLE `home_slider_children`
  MODIFY `id` bigint UNSIGNED NOT NULL AUTO_INCREMENT, AUTO_INCREMENT=137;

--
-- AUTO_INCREMENT for table `industries`
--
ALTER TABLE `industries`
  MODIFY `id` bigint UNSIGNED NOT NULL AUTO_INCREMENT, AUTO_INCREMENT=8;

--
-- AUTO_INCREMENT for table `industries_categories`
--
ALTER TABLE `industries_categories`
  MODIFY `id` bigint UNSIGNED NOT NULL AUTO_INCREMENT, AUTO_INCREMENT=3;

--
-- AUTO_INCREMENT for table `industries_key_offerings`
--
ALTER TABLE `industries_key_offerings`
  MODIFY `id` bigint UNSIGNED NOT NULL AUTO_INCREMENT, AUTO_INCREMENT=38;

--
-- AUTO_INCREMENT for table `industries_services`
--
ALTER TABLE `industries_services`
  MODIFY `id` bigint UNSIGNED NOT NULL AUTO_INCREMENT, AUTO_INCREMENT=65;

--
-- AUTO_INCREMENT for table `industry_lists`
--
ALTER TABLE `industry_lists`
  MODIFY `id` bigint UNSIGNED NOT NULL AUTO_INCREMENT, AUTO_INCREMENT=53;

--
-- AUTO_INCREMENT for table `label_management`
--
ALTER TABLE `label_management`
  MODIFY `id` bigint UNSIGNED NOT NULL AUTO_INCREMENT, AUTO_INCREMENT=180;

--
-- AUTO_INCREMENT for table `label_management_values`
--
ALTER TABLE `label_management_values`
  MODIFY `id` bigint UNSIGNED NOT NULL AUTO_INCREMENT, AUTO_INCREMENT=294;

--
-- AUTO_INCREMENT for table `languages`
--
ALTER TABLE `languages`
  MODIFY `id` bigint UNSIGNED NOT NULL AUTO_INCREMENT, AUTO_INCREMENT=8;

--
-- AUTO_INCREMENT for table `market_sectors_lists`
--
ALTER TABLE `market_sectors_lists`
  MODIFY `id` bigint UNSIGNED NOT NULL AUTO_INCREMENT, AUTO_INCREMENT=81;

--
-- AUTO_INCREMENT for table `menu_language_management`
--
ALTER TABLE `menu_language_management`
  MODIFY `id` bigint UNSIGNED NOT NULL AUTO_INCREMENT, AUTO_INCREMENT=41;

--
-- AUTO_INCREMENT for table `message_management`
--
ALTER TABLE `message_management`
  MODIFY `id` bigint UNSIGNED NOT NULL AUTO_INCREMENT, AUTO_INCREMENT=55;

--
-- AUTO_INCREMENT for table `message_management_values`
--
ALTER TABLE `message_management_values`
  MODIFY `id` bigint UNSIGNED NOT NULL AUTO_INCREMENT, AUTO_INCREMENT=53;

--
-- AUTO_INCREMENT for table `migrations`
--
ALTER TABLE `migrations`
  MODIFY `id` int UNSIGNED NOT NULL AUTO_INCREMENT, AUTO_INCREMENT=102;

--
-- AUTO_INCREMENT for table `notifications`
--
ALTER TABLE `notifications`
  MODIFY `id` bigint UNSIGNED NOT NULL AUTO_INCREMENT, AUTO_INCREMENT=56;

--
-- AUTO_INCREMENT for table `order_metas`
--
ALTER TABLE `order_metas`
  MODIFY `id` bigint UNSIGNED NOT NULL AUTO_INCREMENT, AUTO_INCREMENT=785;

--
-- AUTO_INCREMENT for table `partner_bios`
--
ALTER TABLE `partner_bios`
  MODIFY `id` bigint UNSIGNED NOT NULL AUTO_INCREMENT;

--
-- AUTO_INCREMENT for table `partner_detail_meta_data`
--
ALTER TABLE `partner_detail_meta_data`
  MODIFY `id` bigint UNSIGNED NOT NULL AUTO_INCREMENT, AUTO_INCREMENT=74;

--
-- AUTO_INCREMENT for table `partner_notifications`
--
ALTER TABLE `partner_notifications`
  MODIFY `id` bigint UNSIGNED NOT NULL AUTO_INCREMENT, AUTO_INCREMENT=49;

--
-- AUTO_INCREMENT for table `partner_page_contents`
--
ALTER TABLE `partner_page_contents`
  MODIFY `id` bigint UNSIGNED NOT NULL AUTO_INCREMENT, AUTO_INCREMENT=3;

--
-- AUTO_INCREMENT for table `partner_page_contracts`
--
ALTER TABLE `partner_page_contracts`
  MODIFY `id` bigint UNSIGNED NOT NULL AUTO_INCREMENT, AUTO_INCREMENT=3;

--
-- AUTO_INCREMENT for table `payment_gateway_keys`
--
ALTER TABLE `payment_gateway_keys`
  MODIFY `id` bigint UNSIGNED NOT NULL AUTO_INCREMENT, AUTO_INCREMENT=6;

--
-- AUTO_INCREMENT for table `personal_access_tokens`
--
ALTER TABLE `personal_access_tokens`
  MODIFY `id` bigint UNSIGNED NOT NULL AUTO_INCREMENT;

--
-- AUTO_INCREMENT for table `plan_pricings`
--
ALTER TABLE `plan_pricings`
  MODIFY `id` bigint UNSIGNED NOT NULL AUTO_INCREMENT, AUTO_INCREMENT=1599;

--
-- AUTO_INCREMENT for table `posts`
--
ALTER TABLE `posts`
  MODIFY `id` bigint UNSIGNED NOT NULL AUTO_INCREMENT, AUTO_INCREMENT=16;

--
-- AUTO_INCREMENT for table `post_comments`
--
ALTER TABLE `post_comments`
  MODIFY `id` bigint UNSIGNED NOT NULL AUTO_INCREMENT, AUTO_INCREMENT=2;

--
-- AUTO_INCREMENT for table `post_likes`
--
ALTER TABLE `post_likes`
  MODIFY `id` bigint UNSIGNED NOT NULL AUTO_INCREMENT;

--
-- AUTO_INCREMENT for table `pricings`
--
ALTER TABLE `pricings`
  MODIFY `id` bigint UNSIGNED NOT NULL AUTO_INCREMENT, AUTO_INCREMENT=8;

--
-- AUTO_INCREMENT for table `pricing_addones_prices`
--
ALTER TABLE `pricing_addones_prices`
  MODIFY `id` bigint UNSIGNED NOT NULL AUTO_INCREMENT, AUTO_INCREMENT=23;

--
-- AUTO_INCREMENT for table `pricing_addons`
--
ALTER TABLE `pricing_addons`
  MODIFY `id` bigint UNSIGNED NOT NULL AUTO_INCREMENT, AUTO_INCREMENT=328;

--
-- AUTO_INCREMENT for table `pricing_categories`
--
ALTER TABLE `pricing_categories`
  MODIFY `id` bigint UNSIGNED NOT NULL AUTO_INCREMENT, AUTO_INCREMENT=4;

--
-- AUTO_INCREMENT for table `pricing_features`
--
ALTER TABLE `pricing_features`
  MODIFY `id` bigint UNSIGNED NOT NULL AUTO_INCREMENT, AUTO_INCREMENT=87;

--
-- AUTO_INCREMENT for table `privacy_policies`
--
ALTER TABLE `privacy_policies`
  MODIFY `id` bigint UNSIGNED NOT NULL AUTO_INCREMENT;

--
-- AUTO_INCREMENT for table `state_lists`
--
ALTER TABLE `state_lists`
  MODIFY `id` bigint UNSIGNED NOT NULL AUTO_INCREMENT, AUTO_INCREMENT=35;

--
-- AUTO_INCREMENT for table `subscriptions`
--
ALTER TABLE `subscriptions`
  MODIFY `id` bigint UNSIGNED NOT NULL AUTO_INCREMENT, AUTO_INCREMENT=31;

--
-- AUTO_INCREMENT for table `subscription_addons`
--
ALTER TABLE `subscription_addons`
  MODIFY `id` bigint UNSIGNED NOT NULL AUTO_INCREMENT, AUTO_INCREMENT=6;

--
-- AUTO_INCREMENT for table `subscription_next_billings`
--
ALTER TABLE `subscription_next_billings`
  MODIFY `id` bigint UNSIGNED NOT NULL AUTO_INCREMENT, AUTO_INCREMENT=4;

--
-- AUTO_INCREMENT for table `teams`
--
ALTER TABLE `teams`
  MODIFY `id` bigint UNSIGNED NOT NULL AUTO_INCREMENT;

--
-- AUTO_INCREMENT for table `team_invitations`
--
ALTER TABLE `team_invitations`
  MODIFY `id` bigint UNSIGNED NOT NULL AUTO_INCREMENT;

--
-- AUTO_INCREMENT for table `team_user`
--
ALTER TABLE `team_user`
  MODIFY `id` bigint UNSIGNED NOT NULL AUTO_INCREMENT;

--
-- AUTO_INCREMENT for table `terms_conditions`
--
ALTER TABLE `terms_conditions`
  MODIFY `id` bigint UNSIGNED NOT NULL AUTO_INCREMENT;

--
-- AUTO_INCREMENT for table `top_header_menus`
--
ALTER TABLE `top_header_menus`
  MODIFY `id` bigint UNSIGNED NOT NULL AUTO_INCREMENT, AUTO_INCREMENT=6;

--
-- AUTO_INCREMENT for table `transactions`
--
ALTER TABLE `transactions`
  MODIFY `id` bigint UNSIGNED NOT NULL AUTO_INCREMENT, AUTO_INCREMENT=85;

--
-- AUTO_INCREMENT for table `users`
--
ALTER TABLE `users`
  MODIFY `id` bigint UNSIGNED NOT NULL AUTO_INCREMENT, AUTO_INCREMENT=16;

--
-- AUTO_INCREMENT for table `vission_and_missions`
--
ALTER TABLE `vission_and_missions`
  MODIFY `id` bigint UNSIGNED NOT NULL AUTO_INCREMENT, AUTO_INCREMENT=2;

--
-- AUTO_INCREMENT for table `vission_and_mission_features`
--
ALTER TABLE `vission_and_mission_features`
  MODIFY `id` bigint UNSIGNED NOT NULL AUTO_INCREMENT, AUTO_INCREMENT=3;

--
-- AUTO_INCREMENT for table `vission_and_mission_our_core_values`
--
ALTER TABLE `vission_and_mission_our_core_values`
  MODIFY `id` bigint UNSIGNED NOT NULL AUTO_INCREMENT, AUTO_INCREMENT=5;

--
-- Constraints for dumped tables
--

--
-- Constraints for table `team_invitations`
--
ALTER TABLE `team_invitations`
  ADD CONSTRAINT `team_invitations_team_id_foreign` FOREIGN KEY (`team_id`) REFERENCES `teams` (`id`) ON DELETE CASCADE;
COMMIT;

